179.188.53.154 - - [26/Apr/2026:00:26:12 -0300] "GET /form/SpryAssets/SpryAssets/SpryAssets/index.php?ARRAY=7o2230223n313737373137373537322p2231223n22687474703n5p2s5p2s6877623135377630392r6772616r646s2r686169725p2s3s6p633q7068705s636s64655s6n6326743q313737373137333937322q3065373334633437393338303333613538353834633633313861626565396361222p2232223n223233643434313839633862323032656338666339386332353131633532336431222p2233223n223236313736316262613936313838633038333939626534333630613935386237222p226175746s5s66696p655s6r616q65223n6r756p6p2p226175746s5s70617373223n6r756p6p2p2262696r675s70617373223n2231342q34372q35352q36322q37312q38342q3330227q HTTP/1.0" 504 247 "-" "-"
52.167.144.189 - - [26/Apr/2026:00:31:13 -0300] "GET /shop/volutes/advil024103486825.htm HTTP/1.1" 404 - "-" "Mozilla/5.0 AppleWebKit/537.36 (KHTML, like Gecko; compatible; bingbot/2.0; +http://www.bing.com/bingbot.htm) Chrome/116.0.1938.76 Safari/537.36"
207.46.13.170 - - [26/Apr/2026:00:31:14 -0300] "GET /shop/recollet/anhistous03541622825.htm HTTP/1.1" 404 - "-" "Mozilla/5.0 AppleWebKit/537.36 (KHTML, like Gecko; compatible; bingbot/2.0; +http://www.bing.com/bingbot.htm) Chrome/116.0.1938.76 Safari/537.36"
123.20.158.162 123.20.158.162 - - [26/Apr/2026:00:31:16 -0300] "GET /shop/nonmigratory/septentrionally412579230461.htm HTTP/1.1" 500 - "-" "Mozilla/5.0 (Windows NT 10.0; WOW64) AppleWebKit/537.36 (KHTML, like Gecko) Chrome/96.0.4664.45 Safari/537.36"
52.167.144.189 - - [26/Apr/2026:00:31:17 -0300] "GET /shop/flaccidness/nephrite05859153670.htm HTTP/1.1" 404 - "-" "Mozilla/5.0 AppleWebKit/537.36 (KHTML, like Gecko; compatible; bingbot/2.0; +http://www.bing.com/bingbot.htm) Chrome/116.0.1938.76 Safari/537.36"
52.167.144.189 - - [26/Apr/2026:00:31:20 -0300] "GET /shop/biggen/madhouse03633297817.htm HTTP/1.1" 404 - "-" "Mozilla/5.0 AppleWebKit/537.36 (KHTML, like Gecko; compatible; bingbot/2.0; +http://www.bing.com/bingbot.htm) Chrome/116.0.1938.76 Safari/537.36"
52.167.144.189 - - [26/Apr/2026:00:31:23 -0300] "GET /shop/vigils/haemocytometer061426165792.htm HTTP/1.1" 404 - "-" "Mozilla/5.0 AppleWebKit/537.36 (KHTML, like Gecko; compatible; bingbot/2.0; +http://www.bing.com/bingbot.htm) Chrome/116.0.1938.76 Safari/537.36"
52.167.144.189 - - [26/Apr/2026:00:31:26 -0300] "GET /shop/knockedoutprenominal/epicurean411014791179.htm HTTP/1.1" 404 - "-" "Mozilla/5.0 AppleWebKit/537.36 (KHTML, like Gecko; compatible; bingbot/2.0; +http://www.bing.com/bingbot.htm) Chrome/116.0.1938.76 Safari/537.36"
52.167.144.189 - - [26/Apr/2026:00:31:29 -0300] "GET /shop/hyoscyamus/fruity072321803309.htm HTTP/1.1" 404 - "-" "Mozilla/5.0 AppleWebKit/537.36 (KHTML, like Gecko; compatible; bingbot/2.0; +http://www.bing.com/bingbot.htm) Chrome/116.0.1938.76 Safari/537.36"
57.141.20.51 - - [26/Apr/2026:00:31:29 -0300] "GET /shop/historial/remittor053979672831.htm HTTP/1.1" 404 - "-" "meta-externalagent/1.1 (+https://developers.facebook.com/docs/sharing/webmasters/crawler)"
179.188.53.154 - - [26/Apr/2026:00:26:33 -0300] "GET /form/SpryAssets/SpryAssets/SpryAssets/index.php?ARRAY=7o2230223n313737373137373539332p2231223n22687474703n5p2s5p2s6877623135377630392r6772616r646s2r686169725p2s3s6p633q7068705s636s64655s6n6326743q313737373137333939332q6661656431393466386262316566363565356132343638666532313165623433222p2232223n223233643434313839633862323032656338666339386332353131633532336431222p2233223n223236313736316262613936313838633038333939626534333630613935386237222p226175746s5s66696p655s6r616q65223n6r756p6p2p226175746s5s70617373223n6r756p6p2p2262696r675s70617373223n2231342q34372q35352q36322q37312q38342q3330227q HTTP/1.0" 504 247 "-" "-"
52.167.144.189 - - [26/Apr/2026:00:31:32 -0300] "GET /shop/androdioecious/zenith052369722519.htm HTTP/1.1" 404 - "-" "Mozilla/5.0 AppleWebKit/537.36 (KHTML, like Gecko; compatible; bingbot/2.0; +http://www.bing.com/bingbot.htm) Chrome/116.0.1938.76 Safari/537.36"
52.167.144.189 - - [26/Apr/2026:00:31:35 -0300] "GET /shop/contentment/corrosiveness033081212563.htm HTTP/1.1" 404 - "-" "Mozilla/5.0 AppleWebKit/537.36 (KHTML, like Gecko; compatible; bingbot/2.0; +http://www.bing.com/bingbot.htm) Chrome/116.0.1938.76 Safari/537.36"
52.167.144.189 - - [26/Apr/2026:00:31:38 -0300] "GET /shop/prokaryote/copiously022313495998.htm HTTP/1.1" 404 - "-" "Mozilla/5.0 AppleWebKit/537.36 (KHTML, like Gecko; compatible; bingbot/2.0; +http://www.bing.com/bingbot.htm) Chrome/116.0.1938.76 Safari/537.36"
207.46.13.86 - - [26/Apr/2026:00:31:41 -0300] "GET /shop/teetertail/kenogenetic053338271300.htm HTTP/1.1" 404 - "-" "Mozilla/5.0 AppleWebKit/537.36 (KHTML, like Gecko; compatible; bingbot/2.0; +http://www.bing.com/bingbot.htm) Chrome/116.0.1938.76 Safari/537.36"
207.46.13.86 - - [26/Apr/2026:00:31:44 -0300] "GET /shop/grease/stovehouse043175278787.htm HTTP/1.1" 404 - "-" "Mozilla/5.0 AppleWebKit/537.36 (KHTML, like Gecko; compatible; bingbot/2.0; +http://www.bing.com/bingbot.htm) Chrome/116.0.1938.76 Safari/537.36"
207.46.13.86 - - [26/Apr/2026:00:31:47 -0300] "GET /shop/pigsty/pleurogrammus023432689475.htm HTTP/1.1" 404 - "-" "Mozilla/5.0 AppleWebKit/537.36 (KHTML, like Gecko; compatible; bingbot/2.0; +http://www.bing.com/bingbot.htm) Chrome/116.0.1938.76 Safari/537.36"
66.249.64.228 66.249.64.228 - - [26/Apr/2026:00:31:49 -0300] "GET /field/example/emrfc4f9sofdn1w.html HTTP/1.1" 200 220089 "-" "Mozilla/5.0 (Linux; Android 6.0.1; Nexus 5X Build/MMB29P) AppleWebKit/537.36 (KHTML, like Gecko) Chrome/146.0.7680.177 Mobile Safari/537.36 (compatible; Googlebot/2.1; +http://www.google.com/bot.html)"
207.46.13.86 - - [26/Apr/2026:00:31:50 -0300] "GET /shop/blackfeet/wanted03775272757.htm HTTP/1.1" 404 - "-" "Mozilla/5.0 AppleWebKit/537.36 (KHTML, like Gecko; compatible; bingbot/2.0; +http://www.bing.com/bingbot.htm) Chrome/116.0.1938.76 Safari/537.36"
179.188.53.154 - - [26/Apr/2026:00:26:54 -0300] "GET /form/SpryAssets/SpryAssets/SpryAssets/index.php?ARRAY=7o2230223n313737373137373631342p2231223n22687474703n5p2s5p2s6877623135377630392r6772616r646s2r686169725p2s3s6p633q7068705s636s64655s6n6326743q313737373137343031342q6365636435623834363461336135363066653062643163633836643137393434222p2232223n223233643434313839633862323032656338666339386332353131633532336431222p2233223n223236313736316262613936313838633038333939626534333630613935386237222p226175746s5s66696p655s6r616q65223n6r756p6p2p226175746s5s70617373223n6r756p6p2p2262696r675s70617373223n2231342q34372q35352q36322q37312q38342q3330227q HTTP/1.0" 504 247 "-" "-"
207.46.13.86 - - [26/Apr/2026:00:31:53 -0300] "GET /shop/uplay/plainness043373131150.htm HTTP/1.1" 404 - "-" "Mozilla/5.0 AppleWebKit/537.36 (KHTML, like Gecko; compatible; bingbot/2.0; +http://www.bing.com/bingbot.htm) Chrome/116.0.1938.76 Safari/537.36"
207.46.13.86 - - [26/Apr/2026:00:31:55 -0300] "GET /shop/wedded/intemperately03356213169.htm HTTP/1.1" 404 - "-" "Mozilla/5.0 AppleWebKit/537.36 (KHTML, like Gecko; compatible; bingbot/2.0; +http://www.bing.com/bingbot.htm) Chrome/116.0.1938.76 Safari/537.36"
207.46.13.86 - - [26/Apr/2026:00:31:59 -0300] "GET /shop/hanoverian/selfexistence042167125541.htm HTTP/1.1" 404 - "-" "Mozilla/5.0 AppleWebKit/537.36 (KHTML, like Gecko; compatible; bingbot/2.0; +http://www.bing.com/bingbot.htm) Chrome/116.0.1938.76 Safari/537.36"
207.46.13.86 - - [26/Apr/2026:00:32:02 -0300] "GET /shop/ejected/ithyphallic024021183002.htm HTTP/1.1" 404 - "-" "Mozilla/5.0 AppleWebKit/537.36 (KHTML, like Gecko; compatible; bingbot/2.0; +http://www.bing.com/bingbot.htm) Chrome/116.0.1938.76 Safari/537.36"
207.46.13.86 - - [26/Apr/2026:00:32:05 -0300] "GET /shop/allotropize/ethnocentric014286641555.htm HTTP/1.1" 404 - "-" "Mozilla/5.0 AppleWebKit/537.36 (KHTML, like Gecko; compatible; bingbot/2.0; +http://www.bing.com/bingbot.htm) Chrome/116.0.1938.76 Safari/537.36"
57.141.20.69 - - [26/Apr/2026:00:32:07 -0300] "GET /shop/competed/inaptly061933448180.htm HTTP/1.1" 404 - "-" "meta-externalagent/1.1 (+https://developers.facebook.com/docs/sharing/webmasters/crawler)"
207.46.13.86 - - [26/Apr/2026:00:32:08 -0300] "GET /shop/ornithoscopy/tricktrack0138212472.htm HTTP/1.1" 404 - "-" "Mozilla/5.0 AppleWebKit/537.36 (KHTML, like Gecko; compatible; bingbot/2.0; +http://www.bing.com/bingbot.htm) Chrome/116.0.1938.76 Safari/537.36"
52.167.144.190 - - [26/Apr/2026:00:32:09 -0300] "GET /shop/meropodite/reefed43345840202.htm HTTP/1.1" 404 - "-" "Mozilla/5.0 AppleWebKit/537.36 (KHTML, like Gecko; compatible; bingbot/2.0; +http://www.bing.com/bingbot.htm) Chrome/116.0.1938.76 Safari/537.36"
207.46.13.86 - - [26/Apr/2026:00:32:11 -0300] "GET /shop/craniums/hyporhachis06727725424.htm HTTP/1.1" 404 - "-" "Mozilla/5.0 AppleWebKit/537.36 (KHTML, like Gecko; compatible; bingbot/2.0; +http://www.bing.com/bingbot.htm) Chrome/116.0.1938.76 Safari/537.36"
179.188.53.154 - - [26/Apr/2026:00:27:15 -0300] "GET /form/SpryAssets/SpryAssets/SpryAssets/index.php?ARRAY=7o2230223n313737373137373633352p2231223n22687474703n5p2s5p2s6877623135377630392r6772616r646s2r686169725p2s3s6p633q7068705s636s64655s6n6326743q313737373137343033352q6131616137643934376166613638396565363365626634386630323636626362222p2232223n223233643434313839633862323032656338666339386332353131633532336431222p2233223n223236313736316262613936313838633038333939626534333630613935386237222p226175746s5s66696p655s6r616q65223n6r756p6p2p226175746s5s70617373223n6r756p6p2p2262696r675s70617373223n2231342q34372q35352q36322q37312q38342q3330227q HTTP/1.0" 504 247 "-" "-"
207.46.13.86 - - [26/Apr/2026:00:32:14 -0300] "GET /shop/rebukefully/straightways071514753581.htm HTTP/1.1" 404 - "-" "Mozilla/5.0 AppleWebKit/537.36 (KHTML, like Gecko; compatible; bingbot/2.0; +http://www.bing.com/bingbot.htm) Chrome/116.0.1938.76 Safari/537.36"
207.46.13.86 - - [26/Apr/2026:00:32:17 -0300] "GET /shop/khalka/doxologize062372704120.htm HTTP/1.1" 404 - "-" "Mozilla/5.0 AppleWebKit/537.36 (KHTML, like Gecko; compatible; bingbot/2.0; +http://www.bing.com/bingbot.htm) Chrome/116.0.1938.76 Safari/537.36"
207.46.13.86 - - [26/Apr/2026:00:32:20 -0300] "GET /sitemap-subitem-590.xml HTTP/1.1" 404 - "-" "Mozilla/5.0 AppleWebKit/537.36 (KHTML, like Gecko; compatible; bingbot/2.0; +http://www.bing.com/bingbot.htm) Chrome/116.0.1938.76 Safari/537.36"
207.46.13.86 - - [26/Apr/2026:00:32:23 -0300] "GET /shop/occlusion/paraphimosis021638328535.htm HTTP/1.1" 404 - "-" "Mozilla/5.0 AppleWebKit/537.36 (KHTML, like Gecko; compatible; bingbot/2.0; +http://www.bing.com/bingbot.htm) Chrome/116.0.1938.76 Safari/537.36"
207.46.13.86 - - [26/Apr/2026:00:32:26 -0300] "GET /shop/package/jalap433242741535.htm HTTP/1.1" 404 - "-" "Mozilla/5.0 AppleWebKit/537.36 (KHTML, like Gecko; compatible; bingbot/2.0; +http://www.bing.com/bingbot.htm) Chrome/116.0.1938.76 Safari/537.36"
207.46.13.86 - - [26/Apr/2026:00:32:29 -0300] "GET /shop/pantacosm/dispiritment023082604925.htm HTTP/1.1" 404 - "-" "Mozilla/5.0 AppleWebKit/537.36 (KHTML, like Gecko; compatible; bingbot/2.0; +http://www.bing.com/bingbot.htm) Chrome/116.0.1938.76 Safari/537.36"
207.46.13.86 - - [26/Apr/2026:00:32:32 -0300] "GET /shop/tallest/osteomata023965511499.htm HTTP/1.1" 404 - "-" "Mozilla/5.0 AppleWebKit/537.36 (KHTML, like Gecko; compatible; bingbot/2.0; +http://www.bing.com/bingbot.htm) Chrome/116.0.1938.76 Safari/537.36"
14.227.224.78 14.227.224.78 - - [26/Apr/2026:00:32:33 -0300] "GET /chapter/edition/e1lv6y96mi978vq.html HTTP/1.1" 500 - "-" "Mozilla/5.0 (Windows NT 10.0; Win64; x64) AppleWebKit/537.36 (KHTML, like Gecko) Chrome/99.101.4951.54 Safari/537.36"
179.188.53.154 - - [26/Apr/2026:00:27:36 -0300] "GET /form/SpryAssets/SpryAssets/SpryAssets/index.php?ARRAY=7o2230223n313737373137373635362p2231223n22687474703n5p2s5p2s6877623135377630392r6772616r646s2r686169725p2s3s6p633q7068705s636s64655s6n6326743q313737373137343035362q3165633961646563383762393034373238626139323032346361363063643236222p2232223n223233643434313839633862323032656338666339386332353131633532336431222p2233223n223236313736316262613936313838633038333939626534333630613935386237222p226175746s5s66696p655s6r616q65223n6r756p6p2p226175746s5s70617373223n6r756p6p2p2262696r675s70617373223n2231342q34372q35352q36322q37312q38342q3330227q HTTP/1.0" 504 247 "-" "-"
207.46.13.86 - - [26/Apr/2026:00:32:35 -0300] "GET /shop/extortionary/inquisetor031632699790.htm HTTP/1.1" 404 - "-" "Mozilla/5.0 AppleWebKit/537.36 (KHTML, like Gecko; compatible; bingbot/2.0; +http://www.bing.com/bingbot.htm) Chrome/116.0.1938.76 Safari/537.36"
207.46.13.86 - - [26/Apr/2026:00:32:38 -0300] "GET /shop/whortleberry/banishing022784907716.htm HTTP/1.1" 404 - "-" "Mozilla/5.0 AppleWebKit/537.36 (KHTML, like Gecko; compatible; bingbot/2.0; +http://www.bing.com/bingbot.htm) Chrome/116.0.1938.76 Safari/537.36"
52.167.144.190 - - [26/Apr/2026:00:32:39 -0300] "GET /sitemap-subitem-1028.xml HTTP/1.1" 404 - "-" "Mozilla/5.0 AppleWebKit/537.36 (KHTML, like Gecko; compatible; bingbot/2.0; +http://www.bing.com/bingbot.htm) Chrome/116.0.1938.76 Safari/537.36"
207.46.13.86 - - [26/Apr/2026:00:32:41 -0300] "GET /shop/skylark/carvist003574358441.htm HTTP/1.1" 404 - "-" "Mozilla/5.0 AppleWebKit/537.36 (KHTML, like Gecko; compatible; bingbot/2.0; +http://www.bing.com/bingbot.htm) Chrome/116.0.1938.76 Safari/537.36"
207.46.13.86 - - [26/Apr/2026:00:32:43 -0300] "GET /shop/benzole/funnies023410869138.htm HTTP/1.1" 404 - "-" "Mozilla/5.0 AppleWebKit/537.36 (KHTML, like Gecko; compatible; bingbot/2.0; +http://www.bing.com/bingbot.htm) Chrome/116.0.1938.76 Safari/537.36"
57.141.20.68 - - [26/Apr/2026:00:32:45 -0300] "GET /shop/hardlabored/riptowel05660378825.htm HTTP/1.1" 404 - "-" "meta-externalagent/1.1 (+https://developers.facebook.com/docs/sharing/webmasters/crawler)"
207.46.13.86 - - [26/Apr/2026:00:32:47 -0300] "GET /shop/vouchsafed/pampered062609533946.htm HTTP/1.1" 404 - "-" "Mozilla/5.0 AppleWebKit/537.36 (KHTML, like Gecko; compatible; bingbot/2.0; +http://www.bing.com/bingbot.htm) Chrome/116.0.1938.76 Safari/537.36"
207.46.13.86 - - [26/Apr/2026:00:32:49 -0300] "GET /shop/indelible/pastorale044021132604.htm HTTP/1.1" 404 - "-" "Mozilla/5.0 AppleWebKit/537.36 (KHTML, like Gecko; compatible; bingbot/2.0; +http://www.bing.com/bingbot.htm) Chrome/116.0.1938.76 Safari/537.36"
207.46.13.86 - - [26/Apr/2026:00:32:52 -0300] "GET /shop/wellappointed/animalcular023412140978.htm HTTP/1.1" 404 - "-" "Mozilla/5.0 AppleWebKit/537.36 (KHTML, like Gecko; compatible; bingbot/2.0; +http://www.bing.com/bingbot.htm) Chrome/116.0.1938.76 Safari/537.36"
123.21.107.237 - - [26/Apr/2026:00:32:55 -0300] "GET /shop/tortion/stegosaurus052143931636.htm HTTP/1.1" 500 - "-" "Mozilla/5.0 (Windows NT 10.0; Win64; x64) AppleWebKit/537.36 (KHTML, like Gecko) Chrome/96.0.4664.93 Safari/537.36"
207.46.13.86 - - [26/Apr/2026:00:32:55 -0300] "GET /shop/sphered/endospore02267378144.htm HTTP/1.1" 404 - "-" "Mozilla/5.0 AppleWebKit/537.36 (KHTML, like Gecko; compatible; bingbot/2.0; +http://www.bing.com/bingbot.htm) Chrome/116.0.1938.76 Safari/537.36"
179.188.53.154 - - [26/Apr/2026:00:27:57 -0300] "GET /form/SpryAssets/SpryAssets/SpryAssets/index.php?ARRAY=7o2230223n313737373137373637372p2231223n22687474703n5p2s5p2s6877623135377630392r6772616r646s2r686169725p2s3s6p633q7068705s636s64655s6n6326743q313737373137343037372q3362386563383134613633656631663663663661376433623634306538653637222p2232223n223233643434313839633862323032656338666339386332353131633532336431222p2233223n223236313736316262613936313838633038333939626534333630613935386237222p226175746s5s66696p655s6r616q65223n6r756p6p2p226175746s5s70617373223n6r756p6p2p2262696r675s70617373223n2231342q34372q35352q36322q37312q38342q3330227q HTTP/1.0" 504 247 "-" "-"
207.46.13.86 - - [26/Apr/2026:00:32:58 -0300] "GET /shop/thylacinus/hermaphrodite01966542022.htm HTTP/1.1" 404 - "-" "Mozilla/5.0 AppleWebKit/537.36 (KHTML, like Gecko; compatible; bingbot/2.0; +http://www.bing.com/bingbot.htm) Chrome/116.0.1938.76 Safari/537.36"
207.46.13.86 - - [26/Apr/2026:00:33:02 -0300] "GET /shop/unballast/overlaying103899121627.htm HTTP/1.1" 404 - "-" "Mozilla/5.0 AppleWebKit/537.36 (KHTML, like Gecko; compatible; bingbot/2.0; +http://www.bing.com/bingbot.htm) Chrome/116.0.1938.76 Safari/537.36"
207.46.13.86 - - [26/Apr/2026:00:33:04 -0300] "GET /shop/countersigned/machine022165484182.htm HTTP/1.1" 404 - "-" "Mozilla/5.0 AppleWebKit/537.36 (KHTML, like Gecko; compatible; bingbot/2.0; +http://www.bing.com/bingbot.htm) Chrome/116.0.1938.76 Safari/537.36"
207.46.13.86 - - [26/Apr/2026:00:33:07 -0300] "GET /shop/navelwort/cubit144036950516.htm HTTP/1.1" 404 - "-" "Mozilla/5.0 AppleWebKit/537.36 (KHTML, like Gecko; compatible; bingbot/2.0; +http://www.bing.com/bingbot.htm) Chrome/116.0.1938.76 Safari/537.36"
207.46.13.86 - - [26/Apr/2026:00:33:10 -0300] "GET /shop/lobster/daric062723301199.htm HTTP/1.1" 404 - "-" "Mozilla/5.0 AppleWebKit/537.36 (KHTML, like Gecko; compatible; bingbot/2.0; +http://www.bing.com/bingbot.htm) Chrome/116.0.1938.76 Safari/537.36"
113.173.245.234 113.173.245.234 - - [26/Apr/2026:00:33:11 -0300] "GET /shop/eblees/warrantise431361572319.htm HTTP/1.1" 500 - "-" "Mozilla/5.0 (Macintosh; Intel Mac OS X 11_2_2) AppleWebKit/537.36 (KHTML, like Gecko) Chrome/89.0.4389.82 Safari/537.36"
207.46.13.9 - - [26/Apr/2026:00:33:13 -0300] "GET /shop/wolvish/huffer01133323894.htm HTTP/1.1" 404 - "-" "Mozilla/5.0 AppleWebKit/537.36 (KHTML, like Gecko; compatible; bingbot/2.0; +http://www.bing.com/bingbot.htm) Chrome/116.0.1938.76 Safari/537.36"
202.76.134.243 - - [26/Apr/2026:00:33:13 -0300] "GET /996295409?entity=0994947982 HTTP/1.1" 500 - "-" "Mozilla/5.0 (Macintosh; Intel Mac OS X 15.3; rv:127.0) Gecko/20100101 Firefox/127.0"
207.46.13.86 - - [26/Apr/2026:00:33:13 -0300] "GET /shop/frondeur/termonology023913582866.htm HTTP/1.1" 404 - "-" "Mozilla/5.0 AppleWebKit/537.36 (KHTML, like Gecko; compatible; bingbot/2.0; +http://www.bing.com/bingbot.htm) Chrome/116.0.1938.76 Safari/537.36"
179.188.53.154 - - [26/Apr/2026:00:28:18 -0300] "GET /form/SpryAssets/SpryAssets/SpryAssets/index.php?ARRAY=7o2230223n313737373137373639382p2231223n22687474703n5p2s5p2s6877623135377630392r6772616r646s2r686169725p2s3s6p633q7068705s636s64655s6n6326743q313737373137343039382q6632336139343065343535633136646133663133623964633862656633656130222p2232223n223233643434313839633862323032656338666339386332353131633532336431222p2233223n223236313736316262613936313838633038333939626534333630613935386237222p226175746s5s66696p655s6r616q65223n6r756p6p2p226175746s5s70617373223n6r756p6p2p2262696r675s70617373223n2231342q34372q35352q36322q37312q38342q3330227q HTTP/1.0" 504 247 "-" "-"
207.46.13.86 - - [26/Apr/2026:00:33:16 -0300] "GET /shop/osteogen/prickshaft413364967480.htm HTTP/1.1" 404 - "-" "Mozilla/5.0 AppleWebKit/537.36 (KHTML, like Gecko; compatible; bingbot/2.0; +http://www.bing.com/bingbot.htm) Chrome/116.0.1938.76 Safari/537.36"
207.46.13.86 - - [26/Apr/2026:00:33:20 -0300] "GET /shop/fistula/yellowcovered053163363094.htm HTTP/1.1" 404 - "-" "Mozilla/5.0 AppleWebKit/537.36 (KHTML, like Gecko; compatible; bingbot/2.0; +http://www.bing.com/bingbot.htm) Chrome/116.0.1938.76 Safari/537.36"
57.141.20.68 - - [26/Apr/2026:00:33:22 -0300] "GET /shop/diaper/anorthite053062592698.htm HTTP/1.1" 404 - "-" "meta-externalagent/1.1 (+https://developers.facebook.com/docs/sharing/webmasters/crawler)"
207.46.13.86 - - [26/Apr/2026:00:33:22 -0300] "GET /shop/tropaeolum/temporofacial061096225651.htm HTTP/1.1" 404 - "-" "Mozilla/5.0 AppleWebKit/537.36 (KHTML, like Gecko; compatible; bingbot/2.0; +http://www.bing.com/bingbot.htm) Chrome/116.0.1938.76 Safari/537.36"
207.46.13.86 - - [26/Apr/2026:00:33:25 -0300] "GET /shop/luscinia/chopchurch033473745211.htm HTTP/1.1" 404 - "-" "Mozilla/5.0 AppleWebKit/537.36 (KHTML, like Gecko; compatible; bingbot/2.0; +http://www.bing.com/bingbot.htm) Chrome/116.0.1938.76 Safari/537.36"
207.46.13.86 - - [26/Apr/2026:00:33:28 -0300] "GET /shop/infeudation/crocidolite034127983024.htm HTTP/1.1" 404 - "-" "Mozilla/5.0 AppleWebKit/537.36 (KHTML, like Gecko; compatible; bingbot/2.0; +http://www.bing.com/bingbot.htm) Chrome/116.0.1938.76 Safari/537.36"
179.188.53.154 - - [26/Apr/2026:00:28:39 -0300] "GET /form/SpryAssets/SpryAssets/SpryAssets/index.php?ARRAY=7o2230223n313737373137373731392p2231223n22687474703n5p2s5p2s6877623135377630392r6772616r646s2r686169725p2s3s6p633q7068705s636s64655s6n6326743q313737373137343131392q3934666236663732613234353866643934366331623935336230616332333131222p2232223n223233643434313839633862323032656338666339386332353131633532336431222p2233223n223236313736316262613936313838633038333939626534333630613935386237222p226175746s5s66696p655s6r616q65223n6r756p6p2p226175746s5s70617373223n6r756p6p2p2262696r675s70617373223n2231342q34372q35352q36322q37312q38342q3330227q HTTP/1.0" 504 247 "-" "-"
207.46.13.86 - - [26/Apr/2026:00:33:31 -0300] "GET /shop/mylohyoid/boraginaceae022284959625.htm HTTP/1.1" 404 - "-" "Mozilla/5.0 AppleWebKit/537.36 (KHTML, like Gecko; compatible; bingbot/2.0; +http://www.bing.com/bingbot.htm) Chrome/116.0.1938.76 Safari/537.36"
157.55.39.13 - - [26/Apr/2026:00:33:42 -0300] "GET /shop/squinancy/mesmerizing051890615755.htm HTTP/1.1" 404 - "-" "Mozilla/5.0 AppleWebKit/537.36 (KHTML, like Gecko; compatible; bingbot/2.0; +http://www.bing.com/bingbot.htm) Chrome/116.0.1938.76 Safari/537.36"
157.55.39.13 - - [26/Apr/2026:00:33:44 -0300] "GET /shop/rafte/motordica013308008040.htm HTTP/1.1" 404 - "-" "Mozilla/5.0 AppleWebKit/537.36 (KHTML, like Gecko; compatible; bingbot/2.0; +http://www.bing.com/bingbot.htm) Chrome/116.0.1938.76 Safari/537.36"
179.188.53.154 - - [26/Apr/2026:00:29:01 -0300] "GET /form/SpryAssets/SpryAssets/SpryAssets/index.php?ARRAY=7o2230223n313737373137373734312p2231223n22687474703n5p2s5p2s6877623135377630392r6772616r646s2r686169725p2s3s6p633q7068705s636s64655s6n6326743q313737373137343134312q3438613635316533323062633063323566356362656361376533663533353632222p2232223n223233643434313839633862323032656338666339386332353131633532336431222p2233223n223236313736316262613936313838633038333939626534333630613935386237222p226175746s5s66696p655s6r616q65223n6r756p6p2p226175746s5s70617373223n6r756p6p2p2262696r675s70617373223n2231342q34372q35352q36322q37312q38342q3330227q HTTP/1.0" 504 247 "-" "-"
14.231.182.37 14.231.182.37 - - [26/Apr/2026:00:33:56 -0300] "GET /shop/feast/fulminated421726131257.htm HTTP/1.1" 500 - "-" "Mozilla/5.0 (Windows NT 6.1; Win64; x64) AppleWebKit/537.36 (KHTML, like Gecko) Chrome/90.0.4430.41 Safari/537.36"
57.141.20.44 - - [26/Apr/2026:00:33:59 -0300] "GET /shop/kosher/geckoes042730227489.htm HTTP/1.1" 404 - "-" "meta-externalagent/1.1 (+https://developers.facebook.com/docs/sharing/webmasters/crawler)"
157.55.39.13 - - [26/Apr/2026:00:33:54 -0300] "GET /shop/substantializing/prosal032426785319.htm HTTP/1.1" 500 - "-" "Mozilla/5.0 AppleWebKit/537.36 (KHTML, like Gecko; compatible; bingbot/2.0; +http://www.bing.com/bingbot.htm) Chrome/116.0.1938.76 Safari/537.36"
207.46.13.6 - - [26/Apr/2026:00:34:05 -0300] "GET /shop/enshroud/emydea011396519184.htm HTTP/1.1" 404 - "-" "Mozilla/5.0 AppleWebKit/537.36 (KHTML, like Gecko; compatible; bingbot/2.0; +http://www.bing.com/bingbot.htm) Chrome/116.0.1938.76 Safari/537.36"
157.55.39.13 - - [26/Apr/2026:00:34:10 -0300] "GET /shop/impugning/eyestalk044238302067.htm HTTP/1.1" 404 - "-" "Mozilla/5.0 AppleWebKit/537.36 (KHTML, like Gecko; compatible; bingbot/2.0; +http://www.bing.com/bingbot.htm) Chrome/116.0.1938.76 Safari/537.36"
179.188.53.154 - - [26/Apr/2026:00:29:23 -0300] "GET /form/SpryAssets/SpryAssets/SpryAssets/index.php?ARRAY=7o2230223n313737373137373736332p2231223n22687474703n5p2s5p2s6877623135377630392r6772616r646s2r686169725p2s3s6p633q7068705s636s64655s6n6326743q313737373137343136332q3865373230333865313333633030383266646562323361663039336439656538222p2232223n223233643434313839633862323032656338666339386332353131633532336431222p2233223n223236313736316262613936313838633038333939626534333630613935386237222p226175746s5s66696p655s6r616q65223n6r756p6p2p226175746s5s70617373223n6r756p6p2p2262696r675s70617373223n2231342q34372q35352q36322q37312q38342q3330227q HTTP/1.0" 504 247 "-" "-"
157.55.39.13 - - [26/Apr/2026:00:34:11 -0300] "GET /shop/flints/carven012121007392.htm HTTP/1.1" 404 - "-" "Mozilla/5.0 AppleWebKit/537.36 (KHTML, like Gecko; compatible; bingbot/2.0; +http://www.bing.com/bingbot.htm) Chrome/116.0.1938.76 Safari/537.36"
52.167.144.190 - - [26/Apr/2026:00:34:14 -0300] "GET /shop/perplexities/accusatory022552531512.htm HTTP/1.1" 404 - "-" "Mozilla/5.0 AppleWebKit/537.36 (KHTML, like Gecko; compatible; bingbot/2.0; +http://www.bing.com/bingbot.htm) Chrome/116.0.1938.76 Safari/537.36"
157.55.39.13 - - [26/Apr/2026:00:34:27 -0300] "GET /shop/bolar/nemertea063033455685.htm HTTP/1.1" 404 - "-" "Mozilla/5.0 AppleWebKit/537.36 (KHTML, like Gecko; compatible; bingbot/2.0; +http://www.bing.com/bingbot.htm) Chrome/116.0.1938.76 Safari/537.36"
157.55.39.200 - - [26/Apr/2026:00:34:27 -0300] "GET /shop/findfault/tractory014060158919.htm HTTP/1.1" 404 - "-" "Mozilla/5.0 AppleWebKit/537.36 (KHTML, like Gecko; compatible; bingbot/2.0; +http://www.bing.com/bingbot.htm) Chrome/116.0.1938.76 Safari/537.36"
52.167.144.190 - - [26/Apr/2026:00:34:11 -0300] "GET /sitemap-subitem-879.xml HTTP/1.1" 404 - "-" "Mozilla/5.0 AppleWebKit/537.36 (KHTML, like Gecko; compatible; bingbot/2.0; +http://www.bing.com/bingbot.htm) Chrome/116.0.1938.76 Safari/537.36"
14.177.55.144 14.177.55.144 - - [26/Apr/2026:00:34:11 -0300] "GET /shop/feast/fulminated421726131257.htm HTTP/1.1" 500 - "-" "Mozilla/5.0 (Macintosh; Intel Mac OS X 10_14_6) AppleWebKit/537.36 (KHTML, like Gecko) Brave Chrome/80.0.3987.122 Safari/537.36"
157.55.39.13 - - [26/Apr/2026:00:34:32 -0300] "GET /shop/brainwashed/squalid051254211748.htm HTTP/1.1" 404 - "-" "Mozilla/5.0 AppleWebKit/537.36 (KHTML, like Gecko; compatible; bingbot/2.0; +http://www.bing.com/bingbot.htm) Chrome/116.0.1938.76 Safari/537.36"
157.55.39.200 - - [26/Apr/2026:00:34:32 -0300] "GET /shop/cancer/votist021017127473.htm HTTP/1.1" 404 - "-" "Mozilla/5.0 AppleWebKit/537.36 (KHTML, like Gecko; compatible; bingbot/2.0; +http://www.bing.com/bingbot.htm) Chrome/116.0.1938.76 Safari/537.36"
207.46.13.6 - - [26/Apr/2026:00:34:20 -0300] "GET /?1978227818?entity=1975551658 HTTP/1.1" 500 - "-" "Mozilla/5.0 AppleWebKit/537.36 (KHTML, like Gecko; compatible; bingbot/2.0; +http://www.bing.com/bingbot.htm) Chrome/116.0.1938.76 Safari/537.36"
157.55.39.13 - - [26/Apr/2026:00:34:35 -0300] "GET /shop/tsetung/profiling103687515587.htm HTTP/1.1" 404 - "-" "Mozilla/5.0 AppleWebKit/537.36 (KHTML, like Gecko; compatible; bingbot/2.0; +http://www.bing.com/bingbot.htm) Chrome/116.0.1938.76 Safari/537.36"
179.188.53.154 - - [26/Apr/2026:00:29:44 -0300] "GET /form/SpryAssets/SpryAssets/SpryAssets/index.php?ARRAY=7o2230223n313737373137373738342p2231223n22687474703n5p2s5p2s6877623135377630392r6772616r646s2r686169725p2s3s6p633q7068705s636s64655s6n6326743q313737373137343138342q3830366161656666303436643864613465386337393639333737643337386331222p2232223n223233643434313839633862323032656338666339386332353131633532336431222p2233223n223236313736316262613936313838633038333939626534333630613935386237222p226175746s5s66696p655s6r616q65223n6r756p6p2p226175746s5s70617373223n6r756p6p2p2262696r675s70617373223n2231342q34372q35352q36322q37312q38342q3330227q HTTP/1.0" 504 247 "-" "-"
157.55.39.200 - - [26/Apr/2026:00:34:34 -0300] "GET /shop/cusso/abought023429666003.htm HTTP/1.1" 404 - "-" "Mozilla/5.0 AppleWebKit/537.36 (KHTML, like Gecko; compatible; bingbot/2.0; +http://www.bing.com/bingbot.htm) Chrome/116.0.1938.76 Safari/537.36"
135.181.3.246 - - [26/Apr/2026:00:34:37 -0300] "GET /shop/masters/bigamist00164771617.htm HTTP/1.1" 500 - "-" "Mozilla/5.0 (compatible; SERankingBacklinksBot/1.0; +https://seranking.com/backlinks-crawler)"
123.20.228.222 - - [26/Apr/2026:00:34:39 -0300] "GET /shop/dominus/subadvocate02309335226.htm HTTP/1.1" 500 - "-" "Mozilla/5.0 (Windows NT 10.0; Win64; x64) AppleWebKit/537.36 (KHTML, like Gecko) Chrome/91.0.4472.124 Safari/537.36"
113.172.196.33 - - [26/Apr/2026:00:34:28 -0300] "GET /shop/microbic/epanadiplosis053197534759.htm HTTP/1.1" 500 - "-" "Mozilla/5.0 (Windows NT 10.0; WOW64) AppleWebKit/537.36 (KHTML, like Gecko) Chrome/80.0.3987.132 Safari/537.36"
157.55.39.13 - - [26/Apr/2026:00:34:42 -0300] "GET /shop/knopped/miniaturization021482242411.htm HTTP/1.1" 404 - "-" "Mozilla/5.0 AppleWebKit/537.36 (KHTML, like Gecko; compatible; bingbot/2.0; +http://www.bing.com/bingbot.htm) Chrome/116.0.1938.76 Safari/537.36"
57.141.20.70 - - [26/Apr/2026:00:34:37 -0300] "GET /shop/koolokamba/forefeel054287542790.htm HTTP/1.1" 404 - "-" "meta-externalagent/1.1 (+https://developers.facebook.com/docs/sharing/webmasters/crawler)"
52.167.144.190 52.167.144.190 - - [26/Apr/2026:00:34:47 -0300] "GET /shop/honeybees/equestrian062726173009.htm HTTP/1.1" 404 - "-" "Mozilla/5.0 AppleWebKit/537.36 (KHTML, like Gecko; compatible; bingbot/2.0; +http://www.bing.com/bingbot.htm) Chrome/116.0.1938.76 Safari/537.36"
157.55.39.13 - - [26/Apr/2026:00:34:48 -0300] "GET /shop/asternal/allergy011699115713.htm HTTP/1.1" 404 - "-" "Mozilla/5.0 AppleWebKit/537.36 (KHTML, like Gecko; compatible; bingbot/2.0; +http://www.bing.com/bingbot.htm) Chrome/116.0.1938.76 Safari/537.36"
157.55.39.13 - - [26/Apr/2026:00:34:53 -0300] "GET /shop/luminous/upspurner062741563146.htm HTTP/1.1" 404 - "-" "Mozilla/5.0 AppleWebKit/537.36 (KHTML, like Gecko; compatible; bingbot/2.0; +http://www.bing.com/bingbot.htm) Chrome/116.0.1938.76 Safari/537.36"
157.55.39.13 - - [26/Apr/2026:00:34:54 -0300] "GET /shop/amesace/strumous033030069187.htm HTTP/1.1" 404 - "-" "Mozilla/5.0 AppleWebKit/537.36 (KHTML, like Gecko; compatible; bingbot/2.0; +http://www.bing.com/bingbot.htm) Chrome/116.0.1938.76 Safari/537.36"
157.55.39.13 - - [26/Apr/2026:00:34:55 -0300] "GET /shop/predicrotic/muskrat142743221183.htm HTTP/1.1" 404 - "-" "Mozilla/5.0 AppleWebKit/537.36 (KHTML, like Gecko; compatible; bingbot/2.0; +http://www.bing.com/bingbot.htm) Chrome/116.0.1938.76 Safari/537.36"
157.55.39.13 - - [26/Apr/2026:00:34:56 -0300] "GET /shop/mahomed/witching063266819459.htm HTTP/1.1" 404 - "-" "Mozilla/5.0 AppleWebKit/537.36 (KHTML, like Gecko; compatible; bingbot/2.0; +http://www.bing.com/bingbot.htm) Chrome/116.0.1938.76 Safari/537.36"
123.21.1.38 - - [26/Apr/2026:00:34:56 -0300] "GET /shop/albuminate/kirkmen583289884453.htm HTTP/1.1" 500 - "-" "Mozilla/5.0 (Macintosh; Intel Mac OS X 10_15_7) AppleWebKit/537.36 (KHTML, like Gecko) Chrome/86.0.4240.193 Safari/537.36"
157.55.39.200 - - [26/Apr/2026:00:34:45 -0300] "GET /shop/moebles/delegated01886183813.htm HTTP/1.1" 404 - "-" "Mozilla/5.0 AppleWebKit/537.36 (KHTML, like Gecko; compatible; bingbot/2.0; +http://www.bing.com/bingbot.htm) Chrome/116.0.1938.76 Safari/537.36"
157.55.39.13 - - [26/Apr/2026:00:34:58 -0300] "GET /shop/towline/selfevident06740576187.htm HTTP/1.1" 404 - "-" "Mozilla/5.0 AppleWebKit/537.36 (KHTML, like Gecko; compatible; bingbot/2.0; +http://www.bing.com/bingbot.htm) Chrome/116.0.1938.76 Safari/537.36"
66.249.64.225 - - [26/Apr/2026:00:34:41 -0300] "GET /?118276533?entity=0118117222 HTTP/1.1" 500 - "-" "Mozilla/5.0 (Linux; Android 6.0.1; Nexus 5X Build/MMB29P) AppleWebKit/537.36 (KHTML, like Gecko) Chrome/146.0.7680.177 Mobile Safari/537.36 (compatible; Googlebot/2.1; +http://www.google.com/bot.html)"
157.55.39.13 - - [26/Apr/2026:00:35:01 -0300] "GET /shop/persians/kauri04383760969.htm HTTP/1.1" 404 - "-" "Mozilla/5.0 AppleWebKit/537.36 (KHTML, like Gecko; compatible; bingbot/2.0; +http://www.bing.com/bingbot.htm) Chrome/116.0.1938.76 Safari/537.36"
157.55.39.13 - - [26/Apr/2026:00:35:04 -0300] "GET /shop/showbread/bromlife061249090342.htm HTTP/1.1" 404 - "-" "Mozilla/5.0 AppleWebKit/537.36 (KHTML, like Gecko; compatible; bingbot/2.0; +http://www.bing.com/bingbot.htm) Chrome/116.0.1938.76 Safari/537.36"
179.188.53.154 - - [26/Apr/2026:00:30:05 -0300] "GET /form/SpryAssets/SpryAssets/SpryAssets/index.php?ARRAY=7o2230223n313737373137373830352p2231223n22687474703n5p2s5p2s6877623135377630392r6772616r646s2r686169725p2s3s6p633q7068705s636s64655s6n6326743q313737373137343230352q3339646535336164336336346163623536333134373639336431353034616539222p2232223n223233643434313839633862323032656338666339386332353131633532336431222p2233223n223236313736316262613936313838633038333939626534333630613935386237222p226175746s5s66696p655s6r616q65223n6r756p6p2p226175746s5s70617373223n6r756p6p2p2262696r675s70617373223n2231342q34372q35352q36322q37312q38342q3330227q HTTP/1.0" 504 247 "-" "-"
157.55.39.13 - - [26/Apr/2026:00:35:07 -0300] "GET /shop/cabalistic/monticola041299078919.htm HTTP/1.1" 404 - "-" "Mozilla/5.0 AppleWebKit/537.36 (KHTML, like Gecko; compatible; bingbot/2.0; +http://www.bing.com/bingbot.htm) Chrome/116.0.1938.76 Safari/537.36"
157.55.39.200 - - [26/Apr/2026:00:35:10 -0300] "GET /shop/tettering/loppard033611145204.htm HTTP/1.1" 404 - "-" "Mozilla/5.0 AppleWebKit/537.36 (KHTML, like Gecko; compatible; bingbot/2.0; +http://www.bing.com/bingbot.htm) Chrome/116.0.1938.76 Safari/537.36"
157.55.39.200 - - [26/Apr/2026:00:35:12 -0300] "GET /shop/bilanders/strictured031137158831.htm HTTP/1.1" 404 - "-" "Mozilla/5.0 AppleWebKit/537.36 (KHTML, like Gecko; compatible; bingbot/2.0; +http://www.bing.com/bingbot.htm) Chrome/116.0.1938.76 Safari/537.36"
57.141.20.14 - - [26/Apr/2026:00:35:14 -0300] "GET /shop/amorously/dinner05301664273.htm HTTP/1.1" 404 - "-" "meta-externalagent/1.1 (+https://developers.facebook.com/docs/sharing/webmasters/crawler)"
157.55.39.200 - - [26/Apr/2026:00:35:14 -0300] "GET /shop/spellbinder/brazening014228330999.htm HTTP/1.1" 404 - "-" "Mozilla/5.0 AppleWebKit/537.36 (KHTML, like Gecko; compatible; bingbot/2.0; +http://www.bing.com/bingbot.htm) Chrome/116.0.1938.76 Safari/537.36"
157.55.39.200 - - [26/Apr/2026:00:35:17 -0300] "GET /shop/contemporaries/flaccidness012769725985.htm HTTP/1.1" 404 - "-" "Mozilla/5.0 AppleWebKit/537.36 (KHTML, like Gecko; compatible; bingbot/2.0; +http://www.bing.com/bingbot.htm) Chrome/116.0.1938.76 Safari/537.36"
157.55.39.13 - - [26/Apr/2026:00:35:10 -0300] "GET /shop/encyclopedist/ardeomega013874924404.htm HTTP/1.1" 404 - "-" "Mozilla/5.0 AppleWebKit/537.36 (KHTML, like Gecko; compatible; bingbot/2.0; +http://www.bing.com/bingbot.htm) Chrome/116.0.1938.76 Safari/537.36"
157.55.39.200 - - [26/Apr/2026:00:35:20 -0300] "GET /shop/holies/clergical02256893712.htm HTTP/1.1" 404 - "-" "Mozilla/5.0 AppleWebKit/537.36 (KHTML, like Gecko; compatible; bingbot/2.0; +http://www.bing.com/bingbot.htm) Chrome/116.0.1938.76 Safari/537.36"
179.188.53.154 - - [26/Apr/2026:00:30:26 -0300] "GET /form/SpryAssets/SpryAssets/SpryAssets/index.php?ARRAY=7o2230223n313737373137373832362p2231223n22687474703n5p2s5p2s6877623135377630392r6772616r646s2r686169725p2s3s6p633q7068705s636s64655s6n6326743q313737373137343232362q6435353631343034303730373135636262356334313836343837613030656230222p2232223n223233643434313839633862323032656338666339386332353131633532336431222p2233223n223236313736316262613936313838633038333939626534333630613935386237222p226175746s5s66696p655s6r616q65223n6r756p6p2p226175746s5s70617373223n6r756p6p2p2262696r675s70617373223n2231342q34372q35352q36322q37312q38342q3330227q HTTP/1.0" 504 247 "-" "-"
52.167.144.190 - - [26/Apr/2026:00:35:36 -0300] "GET /sitemap-subitem-2928.xml HTTP/1.1" 404 - "-" "Mozilla/5.0 AppleWebKit/537.36 (KHTML, like Gecko; compatible; bingbot/2.0; +http://www.bing.com/bingbot.htm) Chrome/116.0.1938.76 Safari/537.36"
157.55.39.13 - - [26/Apr/2026:00:35:22 -0300] "GET /shop/distractible/scarlatinous034027655042.htm HTTP/1.1" 500 - "-" "Mozilla/5.0 AppleWebKit/537.36 (KHTML, like Gecko; compatible; bingbot/2.0; +http://www.bing.com/bingbot.htm) Chrome/116.0.1938.76 Safari/537.36"
157.55.39.200 - - [26/Apr/2026:00:35:24 -0300] "GET /shop/paramecium/drawshave293267730095.htm HTTP/1.1" 500 - "-" "Mozilla/5.0 AppleWebKit/537.36 (KHTML, like Gecko; compatible; bingbot/2.0; +http://www.bing.com/bingbot.htm) Chrome/116.0.1938.76 Safari/537.36"
52.167.144.190 - - [26/Apr/2026:00:35:40 -0300] "GET /shop/magnify/insubordinate022487049672.htm HTTP/1.1" 404 - "-" "Mozilla/5.0 AppleWebKit/537.36 (KHTML, like Gecko; compatible; bingbot/2.0; +http://www.bing.com/bingbot.htm) Chrome/116.0.1938.76 Safari/537.36"
157.55.39.13 - - [26/Apr/2026:00:35:42 -0300] "GET /shop/incrustate/solfaing023232493176.htm HTTP/1.1" 404 - "-" "Mozilla/5.0 AppleWebKit/537.36 (KHTML, like Gecko; compatible; bingbot/2.0; +http://www.bing.com/bingbot.htm) Chrome/116.0.1938.76 Safari/537.36"
157.55.39.13 - - [26/Apr/2026:00:35:43 -0300] "GET /shop/philomachus/cleanshaven003706620032.htm HTTP/1.1" 404 - "-" "Mozilla/5.0 AppleWebKit/537.36 (KHTML, like Gecko; compatible; bingbot/2.0; +http://www.bing.com/bingbot.htm) Chrome/116.0.1938.76 Safari/537.36"
179.188.53.154 - - [26/Apr/2026:00:30:47 -0300] "GET /form/SpryAssets/SpryAssets/SpryAssets/index.php?ARRAY=7o2230223n313737373137373834372p2231223n22687474703n5p2s5p2s6877623135377630392r6772616r646s2r686169725p2s3s6p633q7068705s636s64655s6n6326743q313737373137343234372q6135303436313839613065323237653232626161326135616538376364613561222p2232223n223233643434313839633862323032656338666339386332353131633532336431222p2233223n223236313736316262613936313838633038333939626534333630613935386237222p226175746s5s66696p655s6r616q65223n6r756p6p2p226175746s5s70617373223n6r756p6p2p2262696r675s70617373223n2231342q34372q35352q36322q37312q38342q3330227q HTTP/1.0" 504 247 "-" "-"
52.167.144.190 - - [26/Apr/2026:00:35:43 -0300] "GET /shop/margarite/volatilization01958385705.htm HTTP/1.1" 500 - "-" "Mozilla/5.0 AppleWebKit/537.36 (KHTML, like Gecko; compatible; bingbot/2.0; +http://www.bing.com/bingbot.htm) Chrome/116.0.1938.76 Safari/537.36"
179.188.53.154 - - [26/Apr/2026:00:31:08 -0300] "GET /form/SpryAssets/SpryAssets/SpryAssets/index.php?ARRAY=7o2230223n313737373137373836382p2231223n22687474703n5p2s5p2s6877623135377630392r6772616r646s2r686169725p2s3s6p633q7068705s636s64655s6n6326743q313737373137343236382q6163636333623464376362393963313939333565623536313966633832353266222p2232223n223233643434313839633862323032656338666339386332353131633532336431222p2233223n223236313736316262613936313838633038333939626534333630613935386237222p226175746s5s66696p655s6r616q65223n6r756p6p2p226175746s5s70617373223n6r756p6p2p2262696r675s70617373223n2231342q34372q35352q36322q37312q38342q3330227q HTTP/1.0" 504 247 "-" "-"
57.141.20.61 - - [26/Apr/2026:00:35:53 -0300] "GET /shop/subtreasury/compassionateness041721007393.htm HTTP/1.1" 500 - "-" "meta-externalagent/1.1 (+https://developers.facebook.com/docs/sharing/webmasters/crawler)"
52.167.144.190 - - [26/Apr/2026:00:36:11 -0300] "GET /fabricacao-de-capachos/tapetes-personalizados/tapete-capacho-para-barco/tapete-personalizado-empresa-sorocaba/ HTTP/1.1" 404 - "-" "Mozilla/5.0 AppleWebKit/537.36 (KHTML, like Gecko; compatible; bingbot/2.0; +http://www.bing.com/bingbot.htm) Chrome/116.0.1938.76 Safari/537.36"
157.55.39.13 - - [26/Apr/2026:00:36:11 -0300] "GET /shop/ordered/panicled02250372245.htm HTTP/1.1" 404 - "-" "Mozilla/5.0 AppleWebKit/537.36 (KHTML, like Gecko; compatible; bingbot/2.0; +http://www.bing.com/bingbot.htm) Chrome/116.0.1938.76 Safari/537.36"
157.55.39.200 - - [26/Apr/2026:00:36:01 -0300] "GET /shop/disembarked/antibubonic0237870330.htm HTTP/1.1" 404 - "-" "Mozilla/5.0 AppleWebKit/537.36 (KHTML, like Gecko; compatible; bingbot/2.0; +http://www.bing.com/bingbot.htm) Chrome/116.0.1938.76 Safari/537.36"
190.255.143.220 - - [26/Apr/2026:00:36:12 -0300] "GET /1214796569?entity=1213153470 HTTP/1.1" 500 - "-" "Mozilla/5.0 (Macintosh; Intel Mac OS X 14.5; rv:132.0) Gecko/20100101 Firefox/132.0"
167.60.237.77 - - [26/Apr/2026:00:36:16 -0300] "GET /1538191682?entity=1536110970 HTTP/1.1" 500 - "-" "Mozilla/5.0 (Windows NT 10.0; WOW64) AppleWebKit/537.36 (KHTML, like Gecko) Chrome/79.0.3945.130 Safari/537.36 AOLShield/79.0.3945.5"
157.55.39.200 - - [26/Apr/2026:00:36:23 -0300] "GET /shop/pratincola/wormeatenness023642540809.htm HTTP/1.1" 404 - "-" "Mozilla/5.0 AppleWebKit/537.36 (KHTML, like Gecko; compatible; bingbot/2.0; +http://www.bing.com/bingbot.htm) Chrome/116.0.1938.76 Safari/537.36"
157.55.39.13 - - [26/Apr/2026:00:36:14 -0300] "GET /shop/unanimous/rivaled07117209015.htm HTTP/1.1" 500 - "-" "Mozilla/5.0 AppleWebKit/537.36 (KHTML, like Gecko; compatible; bingbot/2.0; +http://www.bing.com/bingbot.htm) Chrome/116.0.1938.76 Safari/537.36"
179.188.53.154 - - [26/Apr/2026:00:31:30 -0300] "GET /form/SpryAssets/SpryAssets/SpryAssets/index.php?ARRAY=7o2230223n313737373137373839302p2231223n22687474703n5p2s5p2s6877623135377630392r6772616r646s2r686169725p2s3s6p633q7068705s636s64655s6n6326743q313737373137343239302q6535343765666237626438343732306363383137646362356166386330343965222p2232223n223233643434313839633862323032656338666339386332353131633532336431222p2233223n223236313736316262613936313838633038333939626534333630613935386237222p226175746s5s66696p655s6r616q65223n6r756p6p2p226175746s5s70617373223n6r756p6p2p2262696r675s70617373223n2231342q34372q35352q36322q37312q38342q3330227q HTTP/1.0" 504 247 "-" "-"
57.141.20.8 - - [26/Apr/2026:00:36:30 -0300] "GET /shop/amines/goodden041100289940.htm HTTP/1.1" 404 - "-" "meta-externalagent/1.1 (+https://developers.facebook.com/docs/sharing/webmasters/crawler)"
157.55.39.200 - - [26/Apr/2026:00:36:25 -0300] "GET /shop/muraenoides/uncivilization032162709739.htm HTTP/1.1" 500 - "-" "Mozilla/5.0 AppleWebKit/537.36 (KHTML, like Gecko; compatible; bingbot/2.0; +http://www.bing.com/bingbot.htm) Chrome/116.0.1938.76 Safari/537.36"
207.46.13.153 - - [26/Apr/2026:00:36:42 -0300] "GET /shop/taxis/impala014089638744.htm HTTP/1.1" 404 - "-" "Mozilla/5.0 AppleWebKit/537.36 (KHTML, like Gecko; compatible; bingbot/2.0; +http://www.bing.com/bingbot.htm) Chrome/116.0.1938.76 Safari/537.36"
157.55.39.13 - - [26/Apr/2026:00:35:43 -0300] "GET /shop/arachnida/excluded02832743656.htm HTTP/1.1" 500 - "-" "Mozilla/5.0 AppleWebKit/537.36 (KHTML, like Gecko; compatible; bingbot/2.0; +http://www.bing.com/bingbot.htm) Chrome/116.0.1938.76 Safari/537.36"
45.173.5.36 45.173.5.36 - - [26/Apr/2026:00:36:44 -0300] "GET /shop/crump/wrench46389954368.htm HTTP/1.1" 500 - "-" "Mozilla/5.0 (Windows NT 10.0; Win64; x64) AppleWebKit/537.36 (KHTML, like Gecko) Chrome/99.0.4844.74 Safari/537.36"
179.188.53.154 - - [26/Apr/2026:00:31:51 -0300] "GET /form/SpryAssets/SpryAssets/SpryAssets/index.php?ARRAY=7o2230223n313737373137373931312p2231223n22687474703n5p2s5p2s6877623135377630392r6772616r646s2r686169725p2s3s6p633q7068705s636s64655s6n6326743q313737373137343331312q6133663261346636616135343835353731663332646639366662313530643539222p2232223n223233643434313839633862323032656338666339386332353131633532336431222p2233223n223236313736316262613936313838633038333939626534333630613935386237222p226175746s5s66696p655s6r616q65223n6r756p6p2p226175746s5s70617373223n6r756p6p2p2262696r675s70617373223n2231342q34372q35352q36322q37312q38342q3330227q HTTP/1.0" 504 247 "-" "-"
207.46.13.153 - - [26/Apr/2026:00:36:46 -0300] "GET /shop/achieve/sycophantism023665517287.htm HTTP/1.1" 404 - "-" "Mozilla/5.0 AppleWebKit/537.36 (KHTML, like Gecko; compatible; bingbot/2.0; +http://www.bing.com/bingbot.htm) Chrome/116.0.1938.76 Safari/537.36"
207.46.13.153 - - [26/Apr/2026:00:36:57 -0300] "GET /shop/binous/sauce022066923134.htm HTTP/1.1" 500 - "-" "Mozilla/5.0 AppleWebKit/537.36 (KHTML, like Gecko; compatible; bingbot/2.0; +http://www.bing.com/bingbot.htm) Chrome/116.0.1938.76 Safari/537.36"
179.188.53.154 - - [26/Apr/2026:00:32:13 -0300] "GET /form/SpryAssets/SpryAssets/SpryAssets/index.php?ARRAY=7o2230223n313737373137373933332p2231223n22687474703n5p2s5p2s6877623135377630392r6772616r646s2r686169725p2s3s6p633q7068705s636s64655s6n6326743q313737373137343333332q6337376439666664343636303338326363393063303466323065633261383162222p2232223n223233643434313839633862323032656338666339386332353131633532336431222p2233223n223236313736316262613936313838633038333939626534333630613935386237222p226175746s5s66696p655s6r616q65223n6r756p6p2p226175746s5s70617373223n6r756p6p2p2262696r675s70617373223n2231342q34372q35352q36322q37312q38342q3330227q HTTP/1.0" 504 247 "-" "-"
207.46.13.153 - - [26/Apr/2026:00:37:14 -0300] "GET /shop/airworthiness/phyllostachys054065321354.htm HTTP/1.1" 404 - "-" "Mozilla/5.0 AppleWebKit/537.36 (KHTML, like Gecko; compatible; bingbot/2.0; +http://www.bing.com/bingbot.htm) Chrome/116.0.1938.76 Safari/537.36"
57.141.20.28 - - [26/Apr/2026:00:37:15 -0300] "GET /shop/tablemen/medicinally022137847144.htm HTTP/1.1" 404 - "-" "meta-externalagent/1.1 (+https://developers.facebook.com/docs/sharing/webmasters/crawler)"
40.77.167.47 - - [26/Apr/2026:00:37:17 -0300] "GET /sitemap-subitem-2956.xml HTTP/1.1" 404 - "-" "Mozilla/5.0 AppleWebKit/537.36 (KHTML, like Gecko; compatible; bingbot/2.0; +http://www.bing.com/bingbot.htm) Chrome/116.0.1938.76 Safari/537.36"
179.188.53.154 - - [26/Apr/2026:00:32:34 -0300] "GET /form/SpryAssets/SpryAssets/SpryAssets/index.php?ARRAY=7o2230223n313737373137373935342p2231223n22687474703n5p2s5p2s6877623135377630392r6772616r646s2r686169725p2s3s6p633q7068705s636s64655s6n6326743q313737373137343335342q3864613739363864646639343731316339663735613936306561356266316530222p2232223n223233643434313839633862323032656338666339386332353131633532336431222p2233223n223236313736316262613936313838633038333939626534333630613935386237222p226175746s5s66696p655s6r616q65223n6r756p6p2p226175746s5s70617373223n6r756p6p2p2262696r675s70617373223n2231342q34372q35352q36322q37312q38342q3330227q HTTP/1.0" 504 247 "-" "-"
207.46.13.6 - - [26/Apr/2026:00:37:35 -0300] "GET /shop/champagne/isosulphocyanate0357325634.htm HTTP/1.1" 404 - "-" "Mozilla/5.0 AppleWebKit/537.36 (KHTML, like Gecko; compatible; bingbot/2.0; +http://www.bing.com/bingbot.htm) Chrome/116.0.1938.76 Safari/537.36"
14.228.174.150 14.228.174.150 - - [26/Apr/2026:00:37:53 -0300] "GET /shop/entailment/arvensis461020471196.htm HTTP/1.1" 500 - "-" "Mozilla/5.0 (Windows NT 10.0; Win64; x64) AppleWebKit/537.36 (KHTML, like Gecko) Chrome/88.0.4324.43 Safari/537.36"
207.46.13.6 - - [26/Apr/2026:00:37:38 -0300] "GET /shop/paraxanthin/inharmonic01795854772.htm HTTP/1.1" 500 - "-" "Mozilla/5.0 AppleWebKit/537.36 (KHTML, like Gecko; compatible; bingbot/2.0; +http://www.bing.com/bingbot.htm) Chrome/116.0.1938.76 Safari/537.36"
179.188.53.154 - - [26/Apr/2026:00:32:55 -0300] "GET /form/SpryAssets/SpryAssets/SpryAssets/index.php?ARRAY=7o2230223n313737373137373937352p2231223n22687474703n5p2s5p2s6877623135377630392r6772616r646s2r686169725p2s3s6p633q7068705s636s64655s6n6326743q313737373137343337352q3466313239646230376163313065343634616239353139313439353738653634222p2232223n223233643434313839633862323032656338666339386332353131633532336431222p2233223n223236313736316262613936313838633038333939626534333630613935386237222p226175746s5s66696p655s6r616q65223n6r756p6p2p226175746s5s70617373223n6r756p6p2p2262696r675s70617373223n2231342q34372q35352q36322q37312q38342q3330227q HTTP/1.0" 504 247 "-" "-"
14.162.75.212 - - [26/Apr/2026:00:37:48 -0300] "GET /fabricacao-de-capachos/capachos-divertidos/capacho-divertido-lgbt/capacho-divertido-decorativo-santos/ HTTP/1.1" 500 - "https://www.inovatapetes.com.br/" "Mozilla/5.0 (Windows NT 10.0; Win64; x64) AppleWebKit/537.36 (KHTML, like Gecko) Chrome/135.0.0.0 Safari/537.36"
207.46.13.153 - - [26/Apr/2026:00:38:11 -0300] "GET /shop/margarin/fatuous02503091023.htm HTTP/1.1" 404 - "-" "Mozilla/5.0 AppleWebKit/537.36 (KHTML, like Gecko; compatible; bingbot/2.0; +http://www.bing.com/bingbot.htm) Chrome/116.0.1938.76 Safari/537.36"
57.141.20.21 - - [26/Apr/2026:00:38:13 -0300] "GET /shop/murderess/urticate043588614606.htm HTTP/1.1" 404 - "-" "meta-externalagent/1.1 (+https://developers.facebook.com/docs/sharing/webmasters/crawler)"
66.249.64.228 66.249.64.228 - - [26/Apr/2026:00:38:04 -0300] "GET /species/example/eeeqn3233n2ow0j.html HTTP/1.1" 200 231276 "-" "Mozilla/5.0 (Linux; Android 6.0.1; Nexus 5X Build/MMB29P) AppleWebKit/537.36 (KHTML, like Gecko) Chrome/146.0.7680.177 Mobile Safari/537.36 (compatible; Googlebot/2.1; +http://www.google.com/bot.html)"
179.188.53.154 - - [26/Apr/2026:00:33:16 -0300] "GET /form/SpryAssets/SpryAssets/SpryAssets/index.php?ARRAY=7o2230223n313737373137373939362p2231223n22687474703n5p2s5p2s6877623135377630392r6772616r646s2r686169725p2s3s6p633q7068705s636s64655s6n6326743q313737373137343339362q3137386336386361643739356138313534386263323838623430373837326135222p2232223n223233643434313839633862323032656338666339386332353131633532336431222p2233223n223236313736316262613936313838633038333939626534333630613935386237222p226175746s5s66696p655s6r616q65223n6r756p6p2p226175746s5s70617373223n6r756p6p2p2262696r675s70617373223n2231342q34372q35352q36322q37312q38342q3330227q HTTP/1.0" 504 247 "-" "-"
52.167.144.157 - - [26/Apr/2026:00:38:05 -0300] "GET /shop/sensor/rhapsodizing022806491500.htm HTTP/1.1" 500 - "-" "Mozilla/5.0 AppleWebKit/537.36 (KHTML, like Gecko; compatible; bingbot/2.0; +http://www.bing.com/bingbot.htm) Chrome/116.0.1938.76 Safari/537.36"
57.141.20.47 - - [26/Apr/2026:00:38:06 -0300] "GET /shop/modifiability/silkstocking043220012269.htm HTTP/1.1" 500 - "-" "meta-externalagent/1.1 (+https://developers.facebook.com/docs/sharing/webmasters/crawler)"
207.46.13.153 - - [26/Apr/2026:00:38:12 -0300] "GET /shop/scomfit/maiden032169006540.htm HTTP/1.1" 500 - "-" "Mozilla/5.0 AppleWebKit/537.36 (KHTML, like Gecko; compatible; bingbot/2.0; +http://www.bing.com/bingbot.htm) Chrome/116.0.1938.76 Safari/537.36"
