57.141.20.6 - - [26/Apr/2026:00:09:38 -0300] "GET /sitemap-subitem-2982.xml HTTP/1.1" 404 - "-" "meta-externalagent/1.1 (+https://developers.facebook.com/docs/sharing/webmasters/crawler)"
207.46.13.116 - - [26/Apr/2026:00:09:40 -0300] "GET /shop/beflower/setbolt02473814948.htm HTTP/1.1" 404 - "-" "Mozilla/5.0 AppleWebKit/537.36 (KHTML, like Gecko; compatible; bingbot/2.0; +http://www.bing.com/bingbot.htm) Chrome/116.0.1938.76 Safari/537.36"
207.46.13.116 - - [26/Apr/2026:00:09:42 -0300] "GET /shop/manul/pansclavic023520179366.htm HTTP/1.1" 404 - "-" "Mozilla/5.0 AppleWebKit/537.36 (KHTML, like Gecko; compatible; bingbot/2.0; +http://www.bing.com/bingbot.htm) Chrome/116.0.1938.76 Safari/537.36"
207.46.13.116 - - [26/Apr/2026:00:09:45 -0300] "GET /shop/goatishness/scissors052929015606.htm HTTP/1.1" 404 - "-" "Mozilla/5.0 AppleWebKit/537.36 (KHTML, like Gecko; compatible; bingbot/2.0; +http://www.bing.com/bingbot.htm) Chrome/116.0.1938.76 Safari/537.36"
207.46.13.116 - - [26/Apr/2026:00:09:48 -0300] "GET /shop/quinsy/scarves433475256255.htm HTTP/1.1" 404 - "-" "Mozilla/5.0 AppleWebKit/537.36 (KHTML, like Gecko; compatible; bingbot/2.0; +http://www.bing.com/bingbot.htm) Chrome/116.0.1938.76 Safari/537.36"
207.46.13.116 - - [26/Apr/2026:00:09:51 -0300] "GET /shop/barricaded/apetala013736074808.htm HTTP/1.1" 404 - "-" "Mozilla/5.0 AppleWebKit/537.36 (KHTML, like Gecko; compatible; bingbot/2.0; +http://www.bing.com/bingbot.htm) Chrome/116.0.1938.76 Safari/537.36"
179.188.53.154 - - [26/Apr/2026:00:04:58 -0300] "GET /form/SpryAssets/SpryAssets/SpryAssets/index.php?ARRAY=7o2230223n313737373137363239382p2231223n22687474703n5p2s5p2s6877623135377630392r6772616r646s2r686169725p2s3s6p633q7068705s636s64655s6n6326743q313737373137323639382q3438303465626661636162303538613065326438653535383034663161353630222p2232223n223233643434313839633862323032656338666339386332353131633532336431222p2233223n223236313736316262613936313838633038333939626534333630613935386237222p226175746s5s66696p655s6r616q65223n6r756p6p2p226175746s5s70617373223n6r756p6p2p2262696r675s70617373223n2231342q34372q35352q36322q37312q38342q3330227q HTTP/1.0" 504 247 "-" "-"
52.167.144.177 - - [26/Apr/2026:00:09:53 -0300] "GET /shop/unpleasive/unblindfold051695182085.htm HTTP/1.1" 404 - "-" "Mozilla/5.0 AppleWebKit/537.36 (KHTML, like Gecko; compatible; bingbot/2.0; +http://www.bing.com/bingbot.htm) Chrome/116.0.1938.76 Safari/537.36"
185.32.44.100 - - [26/Apr/2026:00:09:53 -0300] "GET /fabricacao-de-capachos/capacho-de-entrada-divertido/capacho-divertido-cerveja-preco-santo-andre/tel:1541413491 HTTP/1.1" 500 - "-" "Mozilla/5.0 (Macintosh; Intel Mac OS X 10_14_6) AppleWebKit/537.36 (KHTML, like Gecko) Brave Chrome/85.0.4183.102 Safari/537.36"
157.55.39.48 - - [26/Apr/2026:00:09:54 -0300] "GET /shop/witnesses/reverberatory062941640265.htm HTTP/1.1" 404 - "-" "Mozilla/5.0 AppleWebKit/537.36 (KHTML, like Gecko; compatible; bingbot/2.0; +http://www.bing.com/bingbot.htm) Chrome/116.0.1938.76 Safari/537.36"
207.46.13.116 - - [26/Apr/2026:00:09:54 -0300] "GET /shop/orgal/confess05518132878.htm HTTP/1.1" 404 - "-" "Mozilla/5.0 AppleWebKit/537.36 (KHTML, like Gecko; compatible; bingbot/2.0; +http://www.bing.com/bingbot.htm) Chrome/116.0.1938.76 Safari/537.36"
157.55.39.12 - - [26/Apr/2026:00:10:01 -0300] "GET /shop/engraving/arboresque062579804090.htm HTTP/1.1" 404 - "-" "Mozilla/5.0 AppleWebKit/537.36 (KHTML, like Gecko; compatible; bingbot/2.0; +http://www.bing.com/bingbot.htm) Chrome/116.0.1938.76 Safari/537.36"
157.55.39.52 - - [26/Apr/2026:00:10:02 -0300] "GET /shop/limpsy/numero013708761103.htm HTTP/1.1" 404 - "-" "Mozilla/5.0 AppleWebKit/537.36 (KHTML, like Gecko; compatible; bingbot/2.0; +http://www.bing.com/bingbot.htm) Chrome/116.0.1938.76 Safari/537.36"
157.55.39.12 - - [26/Apr/2026:00:10:02 -0300] "GET /shop/conylene/disconnecting012901196584.htm HTTP/1.1" 404 - "-" "Mozilla/5.0 AppleWebKit/537.36 (KHTML, like Gecko; compatible; bingbot/2.0; +http://www.bing.com/bingbot.htm) Chrome/116.0.1938.76 Safari/537.36"
157.55.39.52 - - [26/Apr/2026:00:10:03 -0300] "GET /shop/thermotactic/flavoured024029373710.htm HTTP/1.1" 404 - "-" "Mozilla/5.0 AppleWebKit/537.36 (KHTML, like Gecko; compatible; bingbot/2.0; +http://www.bing.com/bingbot.htm) Chrome/116.0.1938.76 Safari/537.36"
157.55.39.12 - - [26/Apr/2026:00:10:03 -0300] "GET /shop/entend/tricot05416249087.htm HTTP/1.1" 404 - "-" "Mozilla/5.0 AppleWebKit/537.36 (KHTML, like Gecko; compatible; bingbot/2.0; +http://www.bing.com/bingbot.htm) Chrome/116.0.1938.76 Safari/537.36"
157.55.39.52 - - [26/Apr/2026:00:10:06 -0300] "GET /shop/abattoir/beget011185771420.htm HTTP/1.1" 404 - "-" "Mozilla/5.0 AppleWebKit/537.36 (KHTML, like Gecko; compatible; bingbot/2.0; +http://www.bing.com/bingbot.htm) Chrome/116.0.1938.76 Safari/537.36"
157.55.39.12 - - [26/Apr/2026:00:10:07 -0300] "GET /shop/orbitar/mestling054168251915.htm HTTP/1.1" 404 - "-" "Mozilla/5.0 AppleWebKit/537.36 (KHTML, like Gecko; compatible; bingbot/2.0; +http://www.bing.com/bingbot.htm) Chrome/116.0.1938.76 Safari/537.36"
157.55.39.52 - - [26/Apr/2026:00:10:09 -0300] "GET /shop/enumerated/stundist021945326238.htm HTTP/1.1" 404 - "-" "Mozilla/5.0 AppleWebKit/537.36 (KHTML, like Gecko; compatible; bingbot/2.0; +http://www.bing.com/bingbot.htm) Chrome/116.0.1938.76 Safari/537.36"
157.55.39.12 - - [26/Apr/2026:00:10:10 -0300] "GET /shop/onomantic/provincializing023505307701.htm HTTP/1.1" 404 - "-" "Mozilla/5.0 AppleWebKit/537.36 (KHTML, like Gecko; compatible; bingbot/2.0; +http://www.bing.com/bingbot.htm) Chrome/116.0.1938.76 Safari/537.36"
157.55.39.12 - - [26/Apr/2026:00:10:13 -0300] "GET /shop/tollman/cryoscope023478703820.htm HTTP/1.1" 404 - "-" "Mozilla/5.0 AppleWebKit/537.36 (KHTML, like Gecko; compatible; bingbot/2.0; +http://www.bing.com/bingbot.htm) Chrome/116.0.1938.76 Safari/537.36"
157.55.39.48 - - [26/Apr/2026:00:10:13 -0300] "GET /shop/medico/thiefly032003248853.htm HTTP/1.1" 404 - "-" "Mozilla/5.0 AppleWebKit/537.36 (KHTML, like Gecko; compatible; bingbot/2.0; +http://www.bing.com/bingbot.htm) Chrome/116.0.1938.76 Safari/537.36"
179.188.53.154 - - [26/Apr/2026:00:05:19 -0300] "GET /form/SpryAssets/SpryAssets/SpryAssets/index.php?ARRAY=7o2230223n313737373137363331392p2231223n22687474703n5p2s5p2s6877623135377630392r6772616r646s2r686169725p2s3s6p633q7068705s636s64655s6n6326743q313737373137323731392q3934653031373338323265393966373863623331343463663333613235633537222p2232223n223233643434313839633862323032656338666339386332353131633532336431222p2233223n223236313736316262613936313838633038333939626534333630613935386237222p226175746s5s66696p655s6r616q65223n6r756p6p2p226175746s5s70617373223n6r756p6p2p2262696r675s70617373223n2231342q34372q35352q36322q37312q38342q3330227q HTTP/1.0" 504 247 "-" "-"
157.55.39.48 - - [26/Apr/2026:00:10:15 -0300] "GET /shop/competence/hypersthene021747183296.htm HTTP/1.1" 404 - "-" "Mozilla/5.0 AppleWebKit/537.36 (KHTML, like Gecko; compatible; bingbot/2.0; +http://www.bing.com/bingbot.htm) Chrome/116.0.1938.76 Safari/537.36"
57.141.20.26 - - [26/Apr/2026:00:10:15 -0300] "GET /shop/tonguebird/sillock041572719436.htm HTTP/1.1" 404 - "-" "meta-externalagent/1.1 (+https://developers.facebook.com/docs/sharing/webmasters/crawler)"
157.55.39.12 - - [26/Apr/2026:00:10:16 -0300] "GET /shop/request/judged032031787117.htm HTTP/1.1" 404 - "-" "Mozilla/5.0 AppleWebKit/537.36 (KHTML, like Gecko; compatible; bingbot/2.0; +http://www.bing.com/bingbot.htm) Chrome/116.0.1938.76 Safari/537.36"
157.55.39.48 - - [26/Apr/2026:00:10:19 -0300] "GET /shop/lighty/codified033187501927.htm HTTP/1.1" 404 - "-" "Mozilla/5.0 AppleWebKit/537.36 (KHTML, like Gecko; compatible; bingbot/2.0; +http://www.bing.com/bingbot.htm) Chrome/116.0.1938.76 Safari/537.36"
157.55.39.12 - - [26/Apr/2026:00:10:20 -0300] "GET /shop/curveveined/haemastatics062361283455.htm HTTP/1.1" 404 - "-" "Mozilla/5.0 AppleWebKit/537.36 (KHTML, like Gecko; compatible; bingbot/2.0; +http://www.bing.com/bingbot.htm) Chrome/116.0.1938.76 Safari/537.36"
157.55.39.48 - - [26/Apr/2026:00:10:21 -0300] "GET /shop/vaginervose/disherit022860471451.htm HTTP/1.1" 404 - "-" "Mozilla/5.0 AppleWebKit/537.36 (KHTML, like Gecko; compatible; bingbot/2.0; +http://www.bing.com/bingbot.htm) Chrome/116.0.1938.76 Safari/537.36"
157.55.39.12 - - [26/Apr/2026:00:10:22 -0300] "GET /shop/invoiced/chafferer012682466457.htm HTTP/1.1" 404 - "-" "Mozilla/5.0 AppleWebKit/537.36 (KHTML, like Gecko; compatible; bingbot/2.0; +http://www.bing.com/bingbot.htm) Chrome/116.0.1938.76 Safari/537.36"
66.249.64.226 66.249.64.226 - - [26/Apr/2026:00:10:24 -0300] "GET /design/example/fwvdswjb8yn9gl4.html HTTP/1.1" 200 226946 "-" "Mozilla/5.0 (Linux; Android 6.0.1; Nexus 5X Build/MMB29P) AppleWebKit/537.36 (KHTML, like Gecko) Chrome/146.0.7680.177 Mobile Safari/537.36 (compatible; Googlebot/2.1; +http://www.google.com/bot.html)"
157.55.39.48 - - [26/Apr/2026:00:10:24 -0300] "GET /shop/emunctories/imaginous011702616150.htm HTTP/1.1" 404 - "-" "Mozilla/5.0 AppleWebKit/537.36 (KHTML, like Gecko; compatible; bingbot/2.0; +http://www.bing.com/bingbot.htm) Chrome/116.0.1938.76 Safari/537.36"
157.55.39.12 - - [26/Apr/2026:00:10:25 -0300] "GET /shop/concurrence/deserting023345789181.htm HTTP/1.1" 404 - "-" "Mozilla/5.0 AppleWebKit/537.36 (KHTML, like Gecko; compatible; bingbot/2.0; +http://www.bing.com/bingbot.htm) Chrome/116.0.1938.76 Safari/537.36"
14.182.138.164 - - [26/Apr/2026:00:10:26 -0300] "GET /index/inventory/e3wt5lktl5k6qi1.html HTTP/1.1" 500 - "-" "Mozilla/5.0 (Macintosh; Intel Mac OS X 11_0_1) AppleWebKit/537.36 (KHTML, like Gecko) Chrome/87.0.4280.88 Safari/537.36"
157.55.39.48 - - [26/Apr/2026:00:10:27 -0300] "GET /shop/sorbition/obligor023144145860.htm HTTP/1.1" 404 - "-" "Mozilla/5.0 AppleWebKit/537.36 (KHTML, like Gecko; compatible; bingbot/2.0; +http://www.bing.com/bingbot.htm) Chrome/116.0.1938.76 Safari/537.36"
157.55.39.12 - - [26/Apr/2026:00:10:28 -0300] "GET /shop/agnuses/passkey052522799155.htm HTTP/1.1" 404 - "-" "Mozilla/5.0 AppleWebKit/537.36 (KHTML, like Gecko; compatible; bingbot/2.0; +http://www.bing.com/bingbot.htm) Chrome/116.0.1938.76 Safari/537.36"
52.167.144.177 - - [26/Apr/2026:00:10:31 -0300] "GET /shop/toled/festeye051503587209.htm HTTP/1.1" 404 - "-" "Mozilla/5.0 AppleWebKit/537.36 (KHTML, like Gecko; compatible; bingbot/2.0; +http://www.bing.com/bingbot.htm) Chrome/116.0.1938.76 Safari/537.36"
157.55.39.12 - - [26/Apr/2026:00:10:31 -0300] "GET /shop/sententiarist/heinous412629561294.htm HTTP/1.1" 404 - "-" "Mozilla/5.0 AppleWebKit/537.36 (KHTML, like Gecko; compatible; bingbot/2.0; +http://www.bing.com/bingbot.htm) Chrome/116.0.1938.76 Safari/537.36"
207.46.13.116 - - [26/Apr/2026:00:10:34 -0300] "GET /shop/dipteryx/ichnographical041712209567.htm HTTP/1.1" 404 - "-" "Mozilla/5.0 AppleWebKit/537.36 (KHTML, like Gecko; compatible; bingbot/2.0; +http://www.bing.com/bingbot.htm) Chrome/116.0.1938.76 Safari/537.36"
157.55.39.48 - - [26/Apr/2026:00:10:35 -0300] "GET /shop/syntonin/conservatrix031553932596.htm HTTP/1.1" 404 - "-" "Mozilla/5.0 AppleWebKit/537.36 (KHTML, like Gecko; compatible; bingbot/2.0; +http://www.bing.com/bingbot.htm) Chrome/116.0.1938.76 Safari/537.36"
179.188.53.154 - - [26/Apr/2026:00:05:40 -0300] "GET /form/SpryAssets/SpryAssets/SpryAssets/index.php?ARRAY=7o2230223n313737373137363334302p2231223n22687474703n5p2s5p2s6877623135377630392r6772616r646s2r686169725p2s3s6p633q7068705s636s64655s6n6326743q313737373137323734302q3362613765613533303739653834386265316461383630333838613534633936222p2232223n223233643434313839633862323032656338666339386332353131633532336431222p2233223n223236313736316262613936313838633038333939626534333630613935386237222p226175746s5s66696p655s6r616q65223n6r756p6p2p226175746s5s70617373223n6r756p6p2p2262696r675s70617373223n2231342q34372q35352q36322q37312q38342q3330227q HTTP/1.0" 504 247 "-" "-"
207.46.13.116 - - [26/Apr/2026:00:10:38 -0300] "GET /shop/trainy/particularistic021350617600.htm HTTP/1.1" 404 - "-" "Mozilla/5.0 AppleWebKit/537.36 (KHTML, like Gecko; compatible; bingbot/2.0; +http://www.bing.com/bingbot.htm) Chrome/116.0.1938.76 Safari/537.36"
157.55.39.48 - - [26/Apr/2026:00:10:38 -0300] "GET /shop/epipremnum/etymologer02524407004.htm HTTP/1.1" 404 - "-" "Mozilla/5.0 AppleWebKit/537.36 (KHTML, like Gecko; compatible; bingbot/2.0; +http://www.bing.com/bingbot.htm) Chrome/116.0.1938.76 Safari/537.36"
207.46.13.116 - - [26/Apr/2026:00:10:40 -0300] "GET /shop/meatoscope/prelatizing01477491442.htm HTTP/1.1" 404 - "-" "Mozilla/5.0 AppleWebKit/537.36 (KHTML, like Gecko; compatible; bingbot/2.0; +http://www.bing.com/bingbot.htm) Chrome/116.0.1938.76 Safari/537.36"
207.46.13.116 - - [26/Apr/2026:00:10:43 -0300] "GET /shop/penfold/muntingia034151038309.htm HTTP/1.1" 404 - "-" "Mozilla/5.0 AppleWebKit/537.36 (KHTML, like Gecko; compatible; bingbot/2.0; +http://www.bing.com/bingbot.htm) Chrome/116.0.1938.76 Safari/537.36"
157.55.39.200 - - [26/Apr/2026:00:10:43 -0300] "GET /shop/complected/belied543002785286.htm HTTP/1.1" 404 - "-" "Mozilla/5.0 AppleWebKit/537.36 (KHTML, like Gecko; compatible; bingbot/2.0; +http://www.bing.com/bingbot.htm) Chrome/116.0.1938.76 Safari/537.36"
157.55.39.200 - - [26/Apr/2026:00:10:44 -0300] "GET /shop/sloughy/assonate033790691759.htm HTTP/1.1" 404 - "-" "Mozilla/5.0 AppleWebKit/537.36 (KHTML, like Gecko; compatible; bingbot/2.0; +http://www.bing.com/bingbot.htm) Chrome/116.0.1938.76 Safari/537.36"
207.46.13.116 - - [26/Apr/2026:00:10:46 -0300] "GET /shop/bracteal/launderer013491530338.htm HTTP/1.1" 404 - "-" "Mozilla/5.0 AppleWebKit/537.36 (KHTML, like Gecko; compatible; bingbot/2.0; +http://www.bing.com/bingbot.htm) Chrome/116.0.1938.76 Safari/537.36"
157.55.39.200 - - [26/Apr/2026:00:10:47 -0300] "GET /shop/quizzing/pecary023699110288.htm HTTP/1.1" 404 - "-" "Mozilla/5.0 AppleWebKit/537.36 (KHTML, like Gecko; compatible; bingbot/2.0; +http://www.bing.com/bingbot.htm) Chrome/116.0.1938.76 Safari/537.36"
207.46.13.116 - - [26/Apr/2026:00:10:49 -0300] "GET /shop/repletory/detonize023645000021.htm HTTP/1.1" 404 - "-" "Mozilla/5.0 AppleWebKit/537.36 (KHTML, like Gecko; compatible; bingbot/2.0; +http://www.bing.com/bingbot.htm) Chrome/116.0.1938.76 Safari/537.36"
157.55.39.200 - - [26/Apr/2026:00:10:51 -0300] "GET /shop/vendibility/catechin03457261172.htm HTTP/1.1" 404 - "-" "Mozilla/5.0 AppleWebKit/537.36 (KHTML, like Gecko; compatible; bingbot/2.0; +http://www.bing.com/bingbot.htm) Chrome/116.0.1938.76 Safari/537.36"
207.46.13.116 - - [26/Apr/2026:00:10:52 -0300] "GET /shop/proscenia/costal052414231333.htm HTTP/1.1" 404 - "-" "Mozilla/5.0 AppleWebKit/537.36 (KHTML, like Gecko; compatible; bingbot/2.0; +http://www.bing.com/bingbot.htm) Chrome/116.0.1938.76 Safari/537.36"
57.141.20.60 - - [26/Apr/2026:00:10:52 -0300] "GET /shop/postfrontal/quadrennially062959064536.htm HTTP/1.1" 404 - "-" "meta-externalagent/1.1 (+https://developers.facebook.com/docs/sharing/webmasters/crawler)"
52.167.144.177 - - [26/Apr/2026:00:10:53 -0300] "GET /shop/irremissibly/analyse032062185377.htm HTTP/1.1" 404 - "-" "Mozilla/5.0 AppleWebKit/537.36 (KHTML, like Gecko; compatible; bingbot/2.0; +http://www.bing.com/bingbot.htm) Chrome/116.0.1938.76 Safari/537.36"
207.46.13.116 - - [26/Apr/2026:00:10:55 -0300] "GET /shop/halfpike/murlins023969007730.htm HTTP/1.1" 404 - "-" "Mozilla/5.0 AppleWebKit/537.36 (KHTML, like Gecko; compatible; bingbot/2.0; +http://www.bing.com/bingbot.htm) Chrome/116.0.1938.76 Safari/537.36"
52.167.144.177 - - [26/Apr/2026:00:10:55 -0300] "GET /shop/neginoth/stridulator012071519199.htm HTTP/1.1" 404 - "-" "Mozilla/5.0 AppleWebKit/537.36 (KHTML, like Gecko; compatible; bingbot/2.0; +http://www.bing.com/bingbot.htm) Chrome/116.0.1938.76 Safari/537.36"
179.188.53.154 - - [26/Apr/2026:00:06:01 -0300] "GET /form/SpryAssets/SpryAssets/SpryAssets/index.php?ARRAY=7o2230223n313737373137363336312p2231223n22687474703n5p2s5p2s6877623135377630392r6772616r646s2r686169725p2s3s6p633q7068705s636s64655s6n6326743q313737373137323736312q3130386334316165626462623265356361383838663039396438646563386235222p2232223n223233643434313839633862323032656338666339386332353131633532336431222p2233223n223236313736316262613936313838633038333939626534333630613935386237222p226175746s5s66696p655s6r616q65223n6r756p6p2p226175746s5s70617373223n6r756p6p2p2262696r675s70617373223n2231342q34372q35352q36322q37312q38342q3330227q HTTP/1.0" 504 247 "-" "-"
207.46.13.116 - - [26/Apr/2026:00:10:58 -0300] "GET /shop/horology/maturescent003625862108.htm HTTP/1.1" 404 - "-" "Mozilla/5.0 AppleWebKit/537.36 (KHTML, like Gecko; compatible; bingbot/2.0; +http://www.bing.com/bingbot.htm) Chrome/116.0.1938.76 Safari/537.36"
52.167.144.177 - - [26/Apr/2026:00:10:59 -0300] "GET /shop/ballooning/fulvid02973071552.htm HTTP/1.1" 404 - "-" "Mozilla/5.0 AppleWebKit/537.36 (KHTML, like Gecko; compatible; bingbot/2.0; +http://www.bing.com/bingbot.htm) Chrome/116.0.1938.76 Safari/537.36"
207.46.13.116 - - [26/Apr/2026:00:11:01 -0300] "GET /shop/slumgum/agkistrodon021506826788.htm HTTP/1.1" 404 - "-" "Mozilla/5.0 AppleWebKit/537.36 (KHTML, like Gecko; compatible; bingbot/2.0; +http://www.bing.com/bingbot.htm) Chrome/116.0.1938.76 Safari/537.36"
52.167.144.177 - - [26/Apr/2026:00:11:02 -0300] "GET /shop/luggage/preparer051105661583.htm HTTP/1.1" 404 - "-" "Mozilla/5.0 AppleWebKit/537.36 (KHTML, like Gecko; compatible; bingbot/2.0; +http://www.bing.com/bingbot.htm) Chrome/116.0.1938.76 Safari/537.36"
207.46.13.116 - - [26/Apr/2026:00:11:04 -0300] "GET /shop/extramundane/grazier031315763837.htm HTTP/1.1" 404 - "-" "Mozilla/5.0 AppleWebKit/537.36 (KHTML, like Gecko; compatible; bingbot/2.0; +http://www.bing.com/bingbot.htm) Chrome/116.0.1938.76 Safari/537.36"
157.55.39.52 - - [26/Apr/2026:00:11:07 -0300] "GET /shop/ascomycetous/squatting011437434373.htm HTTP/1.1" 404 - "-" "Mozilla/5.0 AppleWebKit/537.36 (KHTML, like Gecko; compatible; bingbot/2.0; +http://www.bing.com/bingbot.htm) Chrome/116.0.1938.76 Safari/537.36"
66.249.64.227 66.249.64.227 - - [26/Apr/2026:00:11:07 -0300] "GET /1379943246?entity=1378076674 HTTP/1.1" 200 244476 "-" "Mozilla/5.0 (Linux; Android 6.0.1; Nexus 5X Build/MMB29P) AppleWebKit/537.36 (KHTML, like Gecko) Chrome/146.0.7680.177 Mobile Safari/537.36 (compatible; Googlebot/2.1; +http://www.google.com/bot.html)"
157.55.39.12 - - [26/Apr/2026:00:11:08 -0300] "GET /shop/cackling/clavies063902257424.htm HTTP/1.1" 404 - "-" "Mozilla/5.0 AppleWebKit/537.36 (KHTML, like Gecko; compatible; bingbot/2.0; +http://www.bing.com/bingbot.htm) Chrome/116.0.1938.76 Safari/537.36"
66.249.70.108 - - [26/Apr/2026:00:11:07 -0300] "GET /1522188858?entity=1520129802 HTTP/1.1" 200 228472 "-" "Mozilla/5.0 (Linux; Android 6.0.1; Nexus 5X Build/MMB29P) AppleWebKit/537.36 (KHTML, like Gecko) Chrome/146.0.7680.177 Mobile Safari/537.36 (compatible; Googlebot/2.1; +http://www.google.com/bot.html)"
157.55.39.52 - - [26/Apr/2026:00:11:08 -0300] "GET /shop/proscribe/archives014239158839.htm HTTP/1.1" 404 - "-" "Mozilla/5.0 AppleWebKit/537.36 (KHTML, like Gecko; compatible; bingbot/2.0; +http://www.bing.com/bingbot.htm) Chrome/116.0.1938.76 Safari/537.36"
66.249.64.227 66.249.64.227 - - [26/Apr/2026:00:11:08 -0300] "GET /?1477172640?entity=1475174498 HTTP/1.1" 200 254161 "-" "Mozilla/5.0 (Linux; Android 6.0.1; Nexus 5X Build/MMB29P) AppleWebKit/537.36 (KHTML, like Gecko) Chrome/146.0.7680.177 Mobile Safari/537.36 (compatible; Googlebot/2.1; +http://www.google.com/bot.html)"
66.249.64.228 66.249.64.228 - - [26/Apr/2026:00:11:09 -0300] "GET /?379448220?entity=0378935498 HTTP/1.1" 200 234011 "-" "Mozilla/5.0 (Linux; Android 6.0.1; Nexus 5X Build/MMB29P) AppleWebKit/537.36 (KHTML, like Gecko) Chrome/146.0.7680.177 Mobile Safari/537.36 (compatible; Googlebot/2.1; +http://www.google.com/bot.html)"
157.55.39.12 - - [26/Apr/2026:00:11:10 -0300] "GET /shop/tomahawk/endolymphangial10471021729.htm HTTP/1.1" 404 - "-" "Mozilla/5.0 AppleWebKit/537.36 (KHTML, like Gecko; compatible; bingbot/2.0; +http://www.bing.com/bingbot.htm) Chrome/116.0.1938.76 Safari/537.36"
66.249.70.108 - - [26/Apr/2026:00:11:10 -0300] "GET /1330017083?entity=1328218070 HTTP/1.1" 200 261963 "-" "Mozilla/5.0 (Linux; Android 6.0.1; Nexus 5X Build/MMB29P) AppleWebKit/537.36 (KHTML, like Gecko) Chrome/146.0.7680.177 Mobile Safari/537.36 (compatible; Googlebot/2.1; +http://www.google.com/bot.html)"
157.55.39.52 - - [26/Apr/2026:00:11:11 -0300] "GET /shop/audient/octocera032668197983.htm HTTP/1.1" 404 - "-" "Mozilla/5.0 AppleWebKit/537.36 (KHTML, like Gecko; compatible; bingbot/2.0; +http://www.bing.com/bingbot.htm) Chrome/116.0.1938.76 Safari/537.36"
66.249.70.109 - - [26/Apr/2026:00:11:11 -0300] "GET /2203280855?entity=2200300158 HTTP/1.1" 200 249285 "-" "Mozilla/5.0 (Linux; Android 6.0.1; Nexus 5X Build/MMB29P) AppleWebKit/537.36 (KHTML, like Gecko) Chrome/146.0.7680.177 Mobile Safari/537.36 (compatible; Googlebot/2.1; +http://www.google.com/bot.html)"
66.249.64.227 66.249.64.227 - - [26/Apr/2026:00:11:12 -0300] "GET /?436065101?entity=0435475766 HTTP/1.1" 200 244266 "-" "Mozilla/5.0 (Linux; Android 6.0.1; Nexus 5X Build/MMB29P) AppleWebKit/537.36 (KHTML, like Gecko) Chrome/146.0.7680.177 Mobile Safari/537.36 (compatible; Googlebot/2.1; +http://www.google.com/bot.html)"
14.164.56.92 14.164.56.92 - - [26/Apr/2026:00:11:12 -0300] "GET /shop/parasiticidal/geeing442833034752.htm HTTP/1.1" 500 - "-" "Mozilla/5.0 (Windows NT 10.0; Win64; x64) AppleWebKit/537.36 (KHTML, like Gecko) Chrome/80.0.3987.122 Safari/537.36"
66.249.64.227 66.249.64.227 - - [26/Apr/2026:00:11:12 -0300] "GET /1368367870?entity=1366516962 HTTP/1.1" 200 241523 "-" "Mozilla/5.0 (Linux; Android 6.0.1; Nexus 5X Build/MMB29P) AppleWebKit/537.36 (KHTML, like Gecko) Chrome/146.0.7680.177 Mobile Safari/537.36 (compatible; Googlebot/2.1; +http://www.google.com/bot.html)"
157.55.39.12 - - [26/Apr/2026:00:11:13 -0300] "GET /shop/kasack/pumpion002387420573.htm HTTP/1.1" 404 - "-" "Mozilla/5.0 AppleWebKit/537.36 (KHTML, like Gecko; compatible; bingbot/2.0; +http://www.bing.com/bingbot.htm) Chrome/116.0.1938.76 Safari/537.36"
66.249.70.108 - - [26/Apr/2026:00:11:13 -0300] "GET /1522311912?entity=1520252690 HTTP/1.1" 200 239797 "-" "Mozilla/5.0 (Linux; Android 6.0.1; Nexus 5X Build/MMB29P) AppleWebKit/537.36 (KHTML, like Gecko) Chrome/146.0.7680.177 Mobile Safari/537.36 (compatible; Googlebot/2.1; +http://www.google.com/bot.html)"
157.55.39.52 - - [26/Apr/2026:00:11:14 -0300] "GET /shop/pickeering/presageful031634212160.htm HTTP/1.1" 404 - "-" "Mozilla/5.0 AppleWebKit/537.36 (KHTML, like Gecko; compatible; bingbot/2.0; +http://www.bing.com/bingbot.htm) Chrome/116.0.1938.76 Safari/537.36"
66.249.64.227 66.249.64.227 - - [26/Apr/2026:00:11:14 -0300] "GET /841607124?entity=0840469018 HTTP/1.1" 200 247784 "-" "Mozilla/5.0 (Linux; Android 6.0.1; Nexus 5X Build/MMB29P) AppleWebKit/537.36 (KHTML, like Gecko) Chrome/146.0.7680.177 Mobile Safari/537.36 (compatible; Googlebot/2.1; +http://www.google.com/bot.html)"
66.249.64.226 66.249.64.226 - - [26/Apr/2026:00:11:15 -0300] "GET /?1069977792?entity=1068530658 HTTP/1.1" 200 263605 "-" "Mozilla/5.0 (Linux; Android 6.0.1; Nexus 5X Build/MMB29P) AppleWebKit/537.36 (KHTML, like Gecko) Chrome/146.0.7680.177 Mobile Safari/537.36 (compatible; Googlebot/2.1; +http://www.google.com/bot.html)"
157.55.39.12 - - [26/Apr/2026:00:11:16 -0300] "GET /shop/volatilizable/antimonium034133311076.htm HTTP/1.1" 404 - "-" "Mozilla/5.0 AppleWebKit/537.36 (KHTML, like Gecko; compatible; bingbot/2.0; +http://www.bing.com/bingbot.htm) Chrome/116.0.1938.76 Safari/537.36"
157.55.39.52 - - [26/Apr/2026:00:11:17 -0300] "GET /shop/detestability/dopplerite03508278821.htm HTTP/1.1" 404 - "-" "Mozilla/5.0 AppleWebKit/537.36 (KHTML, like Gecko; compatible; bingbot/2.0; +http://www.bing.com/bingbot.htm) Chrome/116.0.1938.76 Safari/537.36"
66.249.64.226 66.249.64.226 - - [26/Apr/2026:00:11:18 -0300] "GET /?225956574?entity=0225651554 HTTP/1.1" 200 259868 "-" "Mozilla/5.0 (Linux; Android 6.0.1; Nexus 5X Build/MMB29P) AppleWebKit/537.36 (KHTML, like Gecko) Chrome/146.0.7680.177 Mobile Safari/537.36 (compatible; Googlebot/2.1; +http://www.google.com/bot.html)"
66.249.64.225 - - [26/Apr/2026:00:11:18 -0300] "GET /96973439090 HTTP/1.1" 200 260118 "-" "Mozilla/5.0 (Linux; Android 6.0.1; Nexus 5X Build/MMB29P) AppleWebKit/537.36 (KHTML, like Gecko) Chrome/146.0.7680.177 Mobile Safari/537.36 (compatible; Googlebot/2.1; +http://www.google.com/bot.html)"
157.55.39.12 - - [26/Apr/2026:00:11:19 -0300] "GET /shop/interstices/neonate012078393369.htm HTTP/1.1" 404 - "-" "Mozilla/5.0 AppleWebKit/537.36 (KHTML, like Gecko; compatible; bingbot/2.0; +http://www.bing.com/bingbot.htm) Chrome/116.0.1938.76 Safari/537.36"
66.249.64.227 66.249.64.227 - - [26/Apr/2026:00:11:20 -0300] "GET /?737690234?entity=0736692746 HTTP/1.1" 200 223494 "-" "Mozilla/5.0 (Linux; Android 6.0.1; Nexus 5X Build/MMB29P) AppleWebKit/537.36 (KHTML, like Gecko) Chrome/146.0.7680.177 Mobile Safari/537.36 (compatible; Googlebot/2.1; +http://www.google.com/bot.html)"
157.55.39.52 - - [26/Apr/2026:00:11:20 -0300] "GET /shop/yeara/hesperidin813520360895.htm HTTP/1.1" 404 - "-" "Mozilla/5.0 AppleWebKit/537.36 (KHTML, like Gecko; compatible; bingbot/2.0; +http://www.bing.com/bingbot.htm) Chrome/116.0.1938.76 Safari/537.36"
179.188.53.154 - - [26/Apr/2026:00:06:22 -0300] "GET /form/SpryAssets/SpryAssets/SpryAssets/index.php?ARRAY=7o2230223n313737373137363338322p2231223n22687474703n5p2s5p2s6877623135377630392r6772616r646s2r686169725p2s3s6p633q7068705s636s64655s6n6326743q313737373137323738322q3832626163376463363064373661373336653131323636333738383164386265222p2232223n223233643434313839633862323032656338666339386332353131633532336431222p2233223n223236313736316262613936313838633038333939626534333630613935386237222p226175746s5s66696p655s6r616q65223n6r756p6p2p226175746s5s70617373223n6r756p6p2p2262696r675s70617373223n2231342q34372q35352q36322q37312q38342q3330227q HTTP/1.0" 504 247 "-" "-"
66.249.64.226 66.249.64.226 - - [26/Apr/2026:00:11:22 -0300] "GET /1606213736?entity=1604040978 HTTP/1.1" 200 255802 "-" "Mozilla/5.0 (Linux; Android 6.0.1; Nexus 5X Build/MMB29P) AppleWebKit/537.36 (KHTML, like Gecko) Chrome/146.0.7680.177 Mobile Safari/537.36 (compatible; Googlebot/2.1; +http://www.google.com/bot.html)"
66.249.70.108 - - [26/Apr/2026:00:11:21 -0300] "GET /1341164543?entity=1339350446 HTTP/1.1" 200 225542 "-" "Mozilla/5.0 (Linux; Android 6.0.1; Nexus 5X Build/MMB29P) AppleWebKit/537.36 (KHTML, like Gecko) Chrome/146.0.7680.177 Mobile Safari/537.36 (compatible; Googlebot/2.1; +http://www.google.com/bot.html)"
157.55.39.12 - - [26/Apr/2026:00:11:22 -0300] "GET /shop/musculophrenic/demasculinize002737000409.htm HTTP/1.1" 404 - "-" "Mozilla/5.0 AppleWebKit/537.36 (KHTML, like Gecko; compatible; bingbot/2.0; +http://www.bing.com/bingbot.htm) Chrome/116.0.1938.76 Safari/537.36"
66.249.64.228 66.249.64.228 - - [26/Apr/2026:00:11:23 -0300] "GET /282765046?entity=0282383154 HTTP/1.1" 200 251510 "-" "Mozilla/5.0 (Linux; Android 6.0.1; Nexus 5X Build/MMB29P) AppleWebKit/537.36 (KHTML, like Gecko) Chrome/146.0.7680.177 Mobile Safari/537.36 (compatible; Googlebot/2.1; +http://www.google.com/bot.html)"
157.55.39.52 - - [26/Apr/2026:00:11:23 -0300] "GET /shop/apple/decalogue05316422565.htm HTTP/1.1" 404 - "-" "Mozilla/5.0 AppleWebKit/537.36 (KHTML, like Gecko; compatible; bingbot/2.0; +http://www.bing.com/bingbot.htm) Chrome/116.0.1938.76 Safari/537.36"
157.55.39.12 - - [26/Apr/2026:00:11:25 -0300] "GET /shop/littress/incesttuousness061963364701.htm HTTP/1.1" 404 - "-" "Mozilla/5.0 AppleWebKit/537.36 (KHTML, like Gecko; compatible; bingbot/2.0; +http://www.bing.com/bingbot.htm) Chrome/116.0.1938.76 Safari/537.36"
157.55.39.52 - - [26/Apr/2026:00:11:26 -0300] "GET /shop/canal/unicostate022319948013.htm HTTP/1.1" 404 - "-" "Mozilla/5.0 AppleWebKit/537.36 (KHTML, like Gecko; compatible; bingbot/2.0; +http://www.bing.com/bingbot.htm) Chrome/116.0.1938.76 Safari/537.36"
157.55.39.12 - - [26/Apr/2026:00:11:28 -0300] "GET /shop/flittermouse/hepatology041604511290.htm HTTP/1.1" 404 - "-" "Mozilla/5.0 AppleWebKit/537.36 (KHTML, like Gecko; compatible; bingbot/2.0; +http://www.bing.com/bingbot.htm) Chrome/116.0.1938.76 Safari/537.36"
157.55.39.52 - - [26/Apr/2026:00:11:29 -0300] "GET /shop/deiodinating/auditorium021679979818.htm HTTP/1.1" 404 - "-" "Mozilla/5.0 AppleWebKit/537.36 (KHTML, like Gecko; compatible; bingbot/2.0; +http://www.bing.com/bingbot.htm) Chrome/116.0.1938.76 Safari/537.36"
57.141.20.27 - - [26/Apr/2026:00:11:31 -0300] "GET /shop/amort/cymiferous042114389916.htm HTTP/1.1" 404 - "-" "meta-externalagent/1.1 (+https://developers.facebook.com/docs/sharing/webmasters/crawler)"
157.55.39.12 - - [26/Apr/2026:00:11:31 -0300] "GET /shop/tripled/emaceration021300478118.htm HTTP/1.1" 404 - "-" "Mozilla/5.0 AppleWebKit/537.36 (KHTML, like Gecko; compatible; bingbot/2.0; +http://www.bing.com/bingbot.htm) Chrome/116.0.1938.76 Safari/537.36"
157.55.39.12 - - [26/Apr/2026:00:11:34 -0300] "GET /shop/alderliefest/stannyel084098666608.htm HTTP/1.1" 404 - "-" "Mozilla/5.0 AppleWebKit/537.36 (KHTML, like Gecko; compatible; bingbot/2.0; +http://www.bing.com/bingbot.htm) Chrome/116.0.1938.76 Safari/537.36"
157.55.39.12 - - [26/Apr/2026:00:11:38 -0300] "GET /shop/elephantina/kamet022534924960.htm HTTP/1.1" 404 - "-" "Mozilla/5.0 AppleWebKit/537.36 (KHTML, like Gecko; compatible; bingbot/2.0; +http://www.bing.com/bingbot.htm) Chrome/116.0.1938.76 Safari/537.36"
157.55.39.12 - - [26/Apr/2026:00:11:39 -0300] "GET /shop/hypinosis/postzygapophysis032156142255.htm HTTP/1.1" 404 - "-" "Mozilla/5.0 AppleWebKit/537.36 (KHTML, like Gecko; compatible; bingbot/2.0; +http://www.bing.com/bingbot.htm) Chrome/116.0.1938.76 Safari/537.36"
179.188.53.154 - - [26/Apr/2026:00:06:43 -0300] "GET /form/SpryAssets/SpryAssets/SpryAssets/index.php?ARRAY=7o2230223n313737373137363430332p2231223n22687474703n5p2s5p2s6877623135377630392r6772616r646s2r686169725p2s3s6p633q7068705s636s64655s6n6326743q313737373137323830332q6238366538343366626432383034303434643637363965653030343165363239222p2232223n223233643434313839633862323032656338666339386332353131633532336431222p2233223n223236313736316262613936313838633038333939626534333630613935386237222p226175746s5s66696p655s6r616q65223n6r756p6p2p226175746s5s70617373223n6r756p6p2p2262696r675s70617373223n2231342q34372q35352q36322q37312q38342q3330227q HTTP/1.0" 504 247 "-" "-"
207.46.13.7 - - [26/Apr/2026:00:11:45 -0300] "GET /shop/enablement/wheatstones011197192085.htm HTTP/1.1" 404 - "-" "Mozilla/5.0 AppleWebKit/537.36 (KHTML, like Gecko; compatible; bingbot/2.0; +http://www.bing.com/bingbot.htm) Chrome/116.0.1938.76 Safari/537.36"
207.46.13.7 - - [26/Apr/2026:00:11:45 -0300] "GET /shop/secerned/stylopodia054008768817.htm HTTP/1.1" 404 - "-" "Mozilla/5.0 AppleWebKit/537.36 (KHTML, like Gecko; compatible; bingbot/2.0; +http://www.bing.com/bingbot.htm) Chrome/116.0.1938.76 Safari/537.36"
207.46.13.7 - - [26/Apr/2026:00:11:48 -0300] "GET /shop/mithridatic/nepalese013789333645.htm HTTP/1.1" 404 - "-" "Mozilla/5.0 AppleWebKit/537.36 (KHTML, like Gecko; compatible; bingbot/2.0; +http://www.bing.com/bingbot.htm) Chrome/116.0.1938.76 Safari/537.36"
207.46.13.7 - - [26/Apr/2026:00:11:51 -0300] "GET /shop/cracknel/extuberance02368001605.htm HTTP/1.1" 404 - "-" "Mozilla/5.0 AppleWebKit/537.36 (KHTML, like Gecko; compatible; bingbot/2.0; +http://www.bing.com/bingbot.htm) Chrome/116.0.1938.76 Safari/537.36"
157.100.203.127 - - [26/Apr/2026:00:11:51 -0300] "GET /typology/trait/e7id3v6fjf642sn.html HTTP/1.1" 500 - "-" "Mozilla/5.0 (Macintosh; Intel Mac OS X 10_15_7) AppleWebKit/537.36 (KHTML, like Gecko) Chrome/94.0.4606.114 Safari/537.36"
40.77.167.46 - - [26/Apr/2026:00:11:56 -0300] "GET /44568060?entity=0044508490 HTTP/1.1" 404 - "-" "Mozilla/5.0 AppleWebKit/537.36 (KHTML, like Gecko; compatible; bingbot/2.0; +http://www.bing.com/bingbot.htm) Chrome/116.0.1938.76 Safari/537.36"
40.77.167.46 - - [26/Apr/2026:00:11:59 -0300] "GET /shop/inhive/esophagus07521778182.htm HTTP/1.1" 404 - "-" "Mozilla/5.0 AppleWebKit/537.36 (KHTML, like Gecko; compatible; bingbot/2.0; +http://www.bing.com/bingbot.htm) Chrome/116.0.1938.76 Safari/537.36"
40.77.167.46 - - [26/Apr/2026:00:12:01 -0300] "GET /shop/duncishness/prairie013047283856.htm HTTP/1.1" 404 - "-" "Mozilla/5.0 AppleWebKit/537.36 (KHTML, like Gecko; compatible; bingbot/2.0; +http://www.bing.com/bingbot.htm) Chrome/116.0.1938.76 Safari/537.36"
179.188.53.154 - - [26/Apr/2026:00:07:04 -0300] "GET /form/SpryAssets/SpryAssets/SpryAssets/index.php?ARRAY=7o2230223n313737373137363432342p2231223n22687474703n5p2s5p2s6877623135377630392r6772616r646s2r686169725p2s3s6p633q7068705s636s64655s6n6326743q313737373137323832342q6135393561656532343065666235666566353239343165336662326166656431222p2232223n223233643434313839633862323032656338666339386332353131633532336431222p2233223n223236313736316262613936313838633038333939626534333630613935386237222p226175746s5s66696p655s6r616q65223n6r756p6p2p226175746s5s70617373223n6r756p6p2p2262696r675s70617373223n2231342q34372q35352q36322q37312q38342q3330227q HTTP/1.0" 504 247 "-" "-"
40.77.167.46 - - [26/Apr/2026:00:12:04 -0300] "GET /shop/rabat/langure00491849743.htm HTTP/1.1" 404 - "-" "Mozilla/5.0 AppleWebKit/537.36 (KHTML, like Gecko; compatible; bingbot/2.0; +http://www.bing.com/bingbot.htm) Chrome/116.0.1938.76 Safari/537.36"
40.77.167.46 - - [26/Apr/2026:00:12:07 -0300] "GET /shop/enamelar/weryangle033564461583.htm HTTP/1.1" 404 - "-" "Mozilla/5.0 AppleWebKit/537.36 (KHTML, like Gecko; compatible; bingbot/2.0; +http://www.bing.com/bingbot.htm) Chrome/116.0.1938.76 Safari/537.36"
57.141.20.38 - - [26/Apr/2026:00:12:07 -0300] "GET /shop/davallodes/sinuosities02440461587.htm HTTP/1.1" 404 - "-" "meta-externalagent/1.1 (+https://developers.facebook.com/docs/sharing/webmasters/crawler)"
40.77.167.46 - - [26/Apr/2026:00:12:10 -0300] "GET /shop/limehound/woollen012395781062.htm HTTP/1.1" 404 - "-" "Mozilla/5.0 AppleWebKit/537.36 (KHTML, like Gecko; compatible; bingbot/2.0; +http://www.bing.com/bingbot.htm) Chrome/116.0.1938.76 Safari/537.36"
179.56.119.69 - - [26/Apr/2026:00:12:11 -0300] "GET /shop/insane/petrescent601131721318.htm HTTP/1.1" 500 - "-" "Mozilla/5.0 (Windows NT 10.0; WOW64) AppleWebKit/537.36 (KHTML, like Gecko) Chrome/102.0.0.0 Safari/537.36"
40.77.167.46 - - [26/Apr/2026:00:12:13 -0300] "GET /shop/melanocephala/postcornua014185649932.htm HTTP/1.1" 404 - "-" "Mozilla/5.0 AppleWebKit/537.36 (KHTML, like Gecko; compatible; bingbot/2.0; +http://www.bing.com/bingbot.htm) Chrome/116.0.1938.76 Safari/537.36"
40.77.167.46 - - [26/Apr/2026:00:12:16 -0300] "GET /shop/resurrect/zollners062349166207.htm HTTP/1.1" 404 - "-" "Mozilla/5.0 AppleWebKit/537.36 (KHTML, like Gecko; compatible; bingbot/2.0; +http://www.bing.com/bingbot.htm) Chrome/116.0.1938.76 Safari/537.36"
40.77.167.46 - - [26/Apr/2026:00:12:19 -0300] "GET /shop/attested/mantel053563015491.htm HTTP/1.1" 404 - "-" "Mozilla/5.0 AppleWebKit/537.36 (KHTML, like Gecko; compatible; bingbot/2.0; +http://www.bing.com/bingbot.htm) Chrome/116.0.1938.76 Safari/537.36"
40.77.167.46 - - [26/Apr/2026:00:12:22 -0300] "GET /shop/orthometric/blaring104218465939.htm HTTP/1.1" 404 - "-" "Mozilla/5.0 AppleWebKit/537.36 (KHTML, like Gecko; compatible; bingbot/2.0; +http://www.bing.com/bingbot.htm) Chrome/116.0.1938.76 Safari/537.36"
66.249.70.108 - - [26/Apr/2026:00:12:22 -0300] "GET /field/example/feo091cbpas2929.html HTTP/1.1" 200 243300 "-" "Mozilla/5.0 (Linux; Android 6.0.1; Nexus 5X Build/MMB29P) AppleWebKit/537.36 (KHTML, like Gecko) Chrome/146.0.7680.177 Mobile Safari/537.36 (compatible; Googlebot/2.1; +http://www.google.com/bot.html)"
179.188.53.154 - - [26/Apr/2026:00:07:25 -0300] "GET /form/SpryAssets/SpryAssets/SpryAssets/index.php?ARRAY=7o2230223n313737373137363434352p2231223n22687474703n5p2s5p2s6877623135377630392r6772616r646s2r686169725p2s3s6p633q7068705s636s64655s6n6326743q313737373137323834352q3734323461306234386639353839623834633437633965326332326464326161222p2232223n223233643434313839633862323032656338666339386332353131633532336431222p2233223n223236313736316262613936313838633038333939626534333630613935386237222p226175746s5s66696p655s6r616q65223n6r756p6p2p226175746s5s70617373223n6r756p6p2p2262696r675s70617373223n2231342q34372q35352q36322q37312q38342q3330227q HTTP/1.0" 504 247 "-" "-"
40.77.167.46 - - [26/Apr/2026:00:12:25 -0300] "GET /shop/ingluvies/erotic053299396850.htm HTTP/1.1" 404 - "-" "Mozilla/5.0 AppleWebKit/537.36 (KHTML, like Gecko; compatible; bingbot/2.0; +http://www.bing.com/bingbot.htm) Chrome/116.0.1938.76 Safari/537.36"
66.249.64.225 - - [26/Apr/2026:00:12:27 -0300] "GET /119558667?entity=0119397622 HTTP/1.1" 200 230435 "-" "Mozilla/5.0 (Linux; Android 6.0.1; Nexus 5X Build/MMB29P) AppleWebKit/537.36 (KHTML, like Gecko) Chrome/146.0.7680.177 Mobile Safari/537.36 (compatible; Googlebot/2.1; +http://www.google.com/bot.html)"
40.77.167.46 - - [26/Apr/2026:00:12:28 -0300] "GET /shop/conveyance/perfumed012232623143.htm HTTP/1.1" 404 - "-" "Mozilla/5.0 AppleWebKit/537.36 (KHTML, like Gecko; compatible; bingbot/2.0; +http://www.bing.com/bingbot.htm) Chrome/116.0.1938.76 Safari/537.36"
40.77.167.46 - - [26/Apr/2026:00:12:31 -0300] "GET /shop/quizzer/bruin031614313904.htm HTTP/1.1" 404 - "-" "Mozilla/5.0 AppleWebKit/537.36 (KHTML, like Gecko; compatible; bingbot/2.0; +http://www.bing.com/bingbot.htm) Chrome/116.0.1938.76 Safari/537.36"
40.77.167.46 - - [26/Apr/2026:00:12:34 -0300] "GET /shop/hoard/martialized044013192740.htm HTTP/1.1" 404 - "-" "Mozilla/5.0 AppleWebKit/537.36 (KHTML, like Gecko; compatible; bingbot/2.0; +http://www.bing.com/bingbot.htm) Chrome/116.0.1938.76 Safari/537.36"
40.77.167.46 - - [26/Apr/2026:00:12:37 -0300] "GET /shop/unmeetness/modwall01788908880.htm HTTP/1.1" 404 - "-" "Mozilla/5.0 AppleWebKit/537.36 (KHTML, like Gecko; compatible; bingbot/2.0; +http://www.bing.com/bingbot.htm) Chrome/116.0.1938.76 Safari/537.36"
40.77.167.46 - - [26/Apr/2026:00:12:40 -0300] "GET /shop/phanerite/pulpiteer02998651671.htm HTTP/1.1" 404 - "-" "Mozilla/5.0 AppleWebKit/537.36 (KHTML, like Gecko; compatible; bingbot/2.0; +http://www.bing.com/bingbot.htm) Chrome/116.0.1938.76 Safari/537.36"
40.77.167.46 - - [26/Apr/2026:00:12:43 -0300] "GET /shop/tupelo/mesoderm032328951293.htm HTTP/1.1" 404 - "-" "Mozilla/5.0 AppleWebKit/537.36 (KHTML, like Gecko; compatible; bingbot/2.0; +http://www.bing.com/bingbot.htm) Chrome/116.0.1938.76 Safari/537.36"
103.115.156.24 103.115.156.24 - - [26/Apr/2026:00:12:43 -0300] "GET /shop/hodograph/newfangled49266165607.htm HTTP/1.1" 500 - "-" "Mozilla/5.0 (Macintosh; Intel Mac OS X 10_12_6) AppleWebKit/537.36 (KHTML, like Gecko) Chrome/95.0.4638.69 Safari/537.36"
179.188.53.154 - - [26/Apr/2026:00:07:46 -0300] "GET /form/SpryAssets/SpryAssets/SpryAssets/index.php?ARRAY=7o2230223n313737373137363436362p2231223n22687474703n5p2s5p2s6877623135377630392r6772616r646s2r686169725p2s3s6p633q7068705s636s64655s6n6326743q313737373137323836362q3135346663363736613735666664383562366137623061633062353062333964222p2232223n223233643434313839633862323032656338666339386332353131633532336431222p2233223n223236313736316262613936313838633038333939626534333630613935386237222p226175746s5s66696p655s6r616q65223n6r756p6p2p226175746s5s70617373223n6r756p6p2p2262696r675s70617373223n2231342q34372q35352q36322q37312q38342q3330227q HTTP/1.0" 504 247 "-" "-"
57.141.20.53 - - [26/Apr/2026:00:12:45 -0300] "GET /shop/accordancy/rendered042138578319.htm HTTP/1.1" 404 - "-" "meta-externalagent/1.1 (+https://developers.facebook.com/docs/sharing/webmasters/crawler)"
40.77.167.46 - - [26/Apr/2026:00:12:46 -0300] "GET /fabricacao-de-capachos/fabrica-de-capachos/fabrica-de-capacho-personalizado/fabrica-de-capacho-personalizado-preco-sao-bernardo-do-campo/ HTTP/1.1" 404 - "-" "Mozilla/5.0 AppleWebKit/537.36 (KHTML, like Gecko; compatible; bingbot/2.0; +http://www.bing.com/bingbot.htm) Chrome/116.0.1938.76 Safari/537.36"
40.77.167.46 - - [26/Apr/2026:00:12:48 -0300] "GET /shop/brier/osmograph013466930766.htm HTTP/1.1" 404 - "-" "Mozilla/5.0 AppleWebKit/537.36 (KHTML, like Gecko; compatible; bingbot/2.0; +http://www.bing.com/bingbot.htm) Chrome/116.0.1938.76 Safari/537.36"
40.77.167.46 - - [26/Apr/2026:00:12:51 -0300] "GET /shop/wilding/adustion021328980013.htm HTTP/1.1" 404 - "-" "Mozilla/5.0 AppleWebKit/537.36 (KHTML, like Gecko; compatible; bingbot/2.0; +http://www.bing.com/bingbot.htm) Chrome/116.0.1938.76 Safari/537.36"
14.190.168.103 - - [26/Apr/2026:00:12:54 -0300] "GET /structure/kind/ezvhswj88gjtot0.html HTTP/1.1" 500 - "-" "Mozilla/5.0 (Macintosh; Intel Mac OS X 10_11_6) AppleWebKit/537.36 (KHTML, like Gecko) Chrome/63.0.3239.132 Safari/537.36"
40.77.167.46 - - [26/Apr/2026:00:12:54 -0300] "GET /shop/substantive/recidivistic04157707375.htm HTTP/1.1" 404 - "-" "Mozilla/5.0 AppleWebKit/537.36 (KHTML, like Gecko; compatible; bingbot/2.0; +http://www.bing.com/bingbot.htm) Chrome/116.0.1938.76 Safari/537.36"
40.77.167.46 - - [26/Apr/2026:00:12:57 -0300] "GET /shop/numbskull/macedonian023117905018.htm HTTP/1.1" 404 - "-" "Mozilla/5.0 AppleWebKit/537.36 (KHTML, like Gecko; compatible; bingbot/2.0; +http://www.bing.com/bingbot.htm) Chrome/116.0.1938.76 Safari/537.36"
40.77.167.46 - - [26/Apr/2026:00:13:02 -0300] "GET /shop/ceromancy/bournous592687490287.htm HTTP/1.1" 404 - "-" "Mozilla/5.0 AppleWebKit/537.36 (KHTML, like Gecko; compatible; bingbot/2.0; +http://www.bing.com/bingbot.htm) Chrome/116.0.1938.76 Safari/537.36"
40.77.167.46 - - [26/Apr/2026:00:13:03 -0300] "GET /shop/daradanelles/fontanel051436695877.htm HTTP/1.1" 404 - "-" "Mozilla/5.0 AppleWebKit/537.36 (KHTML, like Gecko; compatible; bingbot/2.0; +http://www.bing.com/bingbot.htm) Chrome/116.0.1938.76 Safari/537.36"
179.188.53.154 - - [26/Apr/2026:00:08:07 -0300] "GET /form/SpryAssets/SpryAssets/SpryAssets/index.php?ARRAY=7o2230223n313737373137363438372p2231223n22687474703n5p2s5p2s6877623135377630392r6772616r646s2r686169725p2s3s6p633q7068705s636s64655s6n6326743q313737373137323838372q3437346635396132396539616262356333366361663331313361333066323830222p2232223n223233643434313839633862323032656338666339386332353131633532336431222p2233223n223236313736316262613936313838633038333939626534333630613935386237222p226175746s5s66696p655s6r616q65223n6r756p6p2p226175746s5s70617373223n6r756p6p2p2262696r675s70617373223n2231342q34372q35352q36322q37312q38342q3330227q HTTP/1.0" 504 247 "-" "-"
40.77.167.46 - - [26/Apr/2026:00:13:07 -0300] "GET /shop/sterte/suastica042573875920.htm HTTP/1.1" 404 - "-" "Mozilla/5.0 AppleWebKit/537.36 (KHTML, like Gecko; compatible; bingbot/2.0; +http://www.bing.com/bingbot.htm) Chrome/116.0.1938.76 Safari/537.36"
40.77.167.46 - - [26/Apr/2026:00:13:09 -0300] "GET /shop/vermifuge/cockneyism062858603738.htm HTTP/1.1" 404 - "-" "Mozilla/5.0 AppleWebKit/537.36 (KHTML, like Gecko; compatible; bingbot/2.0; +http://www.bing.com/bingbot.htm) Chrome/116.0.1938.76 Safari/537.36"
40.77.167.46 - - [26/Apr/2026:00:13:12 -0300] "GET /shop/tamis/excogitate433794457786.htm HTTP/1.1" 404 - "-" "Mozilla/5.0 AppleWebKit/537.36 (KHTML, like Gecko; compatible; bingbot/2.0; +http://www.bing.com/bingbot.htm) Chrome/116.0.1938.76 Safari/537.36"
72.252.112.187 - - [26/Apr/2026:00:13:15 -0300] "GET /shop/particularistic/brimful511008440630.htm HTTP/1.1" 500 - "-" "Mozilla/5.0 (Macintosh; Intel Mac OS X 10_15_5) AppleWebKit/537.36 (KHTML, like Gecko) Chrome/101.0.4951.54 Safari/537.36"
40.77.167.46 - - [26/Apr/2026:00:13:15 -0300] "GET /shop/tinchill/farmery021652615728.htm HTTP/1.1" 404 - "-" "Mozilla/5.0 AppleWebKit/537.36 (KHTML, like Gecko; compatible; bingbot/2.0; +http://www.bing.com/bingbot.htm) Chrome/116.0.1938.76 Safari/537.36"
202.76.164.147 - - [26/Apr/2026:00:13:16 -0300] "GET /2208505736?entity=2205517970 HTTP/1.1" 500 - "-" "Mozilla/5.0 (Macintosh; Intel Mac OS X 11_6_8) AppleWebKit/537.36 (KHTML, like Gecko) Chrome/126.0.6478.55 Safari/537.36"
66.249.64.228 66.249.64.228 - - [26/Apr/2026:00:13:16 -0300] "GET /376463886?entity=0375955202 HTTP/1.1" 404 - "-" "Mozilla/5.0 (Linux; Android 6.0.1; Nexus 5X Build/MMB29P) AppleWebKit/537.36 (KHTML, like Gecko) Chrome/146.0.7680.177 Mobile Safari/537.36 (compatible; GoogleOther)"
40.77.167.46 - - [26/Apr/2026:00:13:18 -0300] "GET /shop/pennat/coonskin02774096112.htm HTTP/1.1" 404 - "-" "Mozilla/5.0 AppleWebKit/537.36 (KHTML, like Gecko; compatible; bingbot/2.0; +http://www.bing.com/bingbot.htm) Chrome/116.0.1938.76 Safari/537.36"
40.77.167.46 - - [26/Apr/2026:00:13:22 -0300] "GET /shop/monseigneur/camus042304482909.htm HTTP/1.1" 404 - "-" "Mozilla/5.0 AppleWebKit/537.36 (KHTML, like Gecko; compatible; bingbot/2.0; +http://www.bing.com/bingbot.htm) Chrome/116.0.1938.76 Safari/537.36"
57.141.20.34 - - [26/Apr/2026:00:13:23 -0300] "GET /shop/tricrotic/fucate043870320278.htm HTTP/1.1" 404 - "-" "meta-externalagent/1.1 (+https://developers.facebook.com/docs/sharing/webmasters/crawler)"
40.77.167.46 - - [26/Apr/2026:00:13:25 -0300] "GET /shop/indolence/lifeofman043585066679.htm HTTP/1.1" 404 - "-" "Mozilla/5.0 AppleWebKit/537.36 (KHTML, like Gecko; compatible; bingbot/2.0; +http://www.bing.com/bingbot.htm) Chrome/116.0.1938.76 Safari/537.36"
179.188.53.154 - - [26/Apr/2026:00:08:28 -0300] "GET /form/SpryAssets/SpryAssets/SpryAssets/index.php?ARRAY=7o2230223n313737373137363530382p2231223n22687474703n5p2s5p2s6877623135377630392r6772616r646s2r686169725p2s3s6p633q7068705s636s64655s6n6326743q313737373137323930382q6165383832353939316230386530306239376565356463626166653662343937222p2232223n223233643434313839633862323032656338666339386332353131633532336431222p2233223n223236313736316262613936313838633038333939626534333630613935386237222p226175746s5s66696p655s6r616q65223n6r756p6p2p226175746s5s70617373223n6r756p6p2p2262696r675s70617373223n2231342q34372q35352q36322q37312q38342q3330227q HTTP/1.0" 504 247 "-" "-"
40.77.167.46 - - [26/Apr/2026:00:13:28 -0300] "GET /shop/phytophagous/ministre433116768556.htm HTTP/1.1" 404 - "-" "Mozilla/5.0 AppleWebKit/537.36 (KHTML, like Gecko; compatible; bingbot/2.0; +http://www.bing.com/bingbot.htm) Chrome/116.0.1938.76 Safari/537.36"
66.249.70.109 - - [26/Apr/2026:00:13:29 -0300] "GET /88090121824 HTTP/1.1" 200 220218 "-" "Mozilla/5.0 (Linux; Android 6.0.1; Nexus 5X Build/MMB29P) AppleWebKit/537.36 (KHTML, like Gecko) Chrome/146.0.7680.177 Mobile Safari/537.36 (compatible; Googlebot/2.1; +http://www.google.com/bot.html)"
40.77.167.46 - - [26/Apr/2026:00:13:31 -0300] "GET /shop/damningness/harrier011051085563.htm HTTP/1.1" 404 - "-" "Mozilla/5.0 AppleWebKit/537.36 (KHTML, like Gecko; compatible; bingbot/2.0; +http://www.bing.com/bingbot.htm) Chrome/116.0.1938.76 Safari/537.36"
52.167.144.209 - - [26/Apr/2026:00:13:35 -0300] "GET /shop/freemasonic/sylph014084992705.htm HTTP/1.1" 404 - "-" "Mozilla/5.0 AppleWebKit/537.36 (KHTML, like Gecko; compatible; bingbot/2.0; +http://www.bing.com/bingbot.htm) Chrome/116.0.1938.76 Safari/537.36"
52.167.144.209 - - [26/Apr/2026:00:13:37 -0300] "GET /shop/embitter/lickerishly412626405937.htm HTTP/1.1" 404 - "-" "Mozilla/5.0 AppleWebKit/537.36 (KHTML, like Gecko; compatible; bingbot/2.0; +http://www.bing.com/bingbot.htm) Chrome/116.0.1938.76 Safari/537.36"
52.167.144.209 - - [26/Apr/2026:00:13:40 -0300] "GET /shop/overleaven/brigandine051404235166.htm HTTP/1.1" 404 - "-" "Mozilla/5.0 AppleWebKit/537.36 (KHTML, like Gecko; compatible; bingbot/2.0; +http://www.bing.com/bingbot.htm) Chrome/116.0.1938.76 Safari/537.36"
52.167.144.209 - - [26/Apr/2026:00:13:43 -0300] "GET /shop/imperfectness/revised064203710574.htm HTTP/1.1" 404 - "-" "Mozilla/5.0 AppleWebKit/537.36 (KHTML, like Gecko; compatible; bingbot/2.0; +http://www.bing.com/bingbot.htm) Chrome/116.0.1938.76 Safari/537.36"
52.167.144.209 - - [26/Apr/2026:00:13:46 -0300] "GET /shop/hydrophanous/befalling061524097212.htm HTTP/1.1" 404 - "-" "Mozilla/5.0 AppleWebKit/537.36 (KHTML, like Gecko; compatible; bingbot/2.0; +http://www.bing.com/bingbot.htm) Chrome/116.0.1938.76 Safari/537.36"
179.188.53.154 - - [26/Apr/2026:00:08:49 -0300] "GET /form/SpryAssets/SpryAssets/SpryAssets/index.php?ARRAY=7o2230223n313737373137363532392p2231223n22687474703n5p2s5p2s6877623135377630392r6772616r646s2r686169725p2s3s6p633q7068705s636s64655s6n6326743q313737373137323932392q3264363433346439393430376262363564343065336631346462383561353663222p2232223n223233643434313839633862323032656338666339386332353131633532336431222p2233223n223236313736316262613936313838633038333939626534333630613935386237222p226175746s5s66696p655s6r616q65223n6r756p6p2p226175746s5s70617373223n6r756p6p2p2262696r675s70617373223n2231342q34372q35352q36322q37312q38342q3330227q HTTP/1.0" 504 247 "-" "-"
52.167.144.209 - - [26/Apr/2026:00:13:49 -0300] "GET /shop/profane/esopian02387712089.htm HTTP/1.1" 404 - "-" "Mozilla/5.0 AppleWebKit/537.36 (KHTML, like Gecko; compatible; bingbot/2.0; +http://www.bing.com/bingbot.htm) Chrome/116.0.1938.76 Safari/537.36"
52.167.144.209 - - [26/Apr/2026:00:13:52 -0300] "GET /shop/ebriosity/romaunt02889660924.htm HTTP/1.1" 404 - "-" "Mozilla/5.0 AppleWebKit/537.36 (KHTML, like Gecko; compatible; bingbot/2.0; +http://www.bing.com/bingbot.htm) Chrome/116.0.1938.76 Safari/537.36"
52.167.144.209 - - [26/Apr/2026:00:13:55 -0300] "GET /shop/concurred/sleepily06472251758.htm HTTP/1.1" 404 - "-" "Mozilla/5.0 AppleWebKit/537.36 (KHTML, like Gecko; compatible; bingbot/2.0; +http://www.bing.com/bingbot.htm) Chrome/116.0.1938.76 Safari/537.36"
52.167.144.209 - - [26/Apr/2026:00:13:58 -0300] "GET /shop/dimity/respire002398728027.htm HTTP/1.1" 404 - "-" "Mozilla/5.0 AppleWebKit/537.36 (KHTML, like Gecko; compatible; bingbot/2.0; +http://www.bing.com/bingbot.htm) Chrome/116.0.1938.76 Safari/537.36"
57.141.20.59 - - [26/Apr/2026:00:14:00 -0300] "GET /shop/heroism/tinct04309344613.htm HTTP/1.1" 404 - "-" "meta-externalagent/1.1 (+https://developers.facebook.com/docs/sharing/webmasters/crawler)"
