113.181.216.177 113.181.216.177 - - [26/Apr/2026:00:25:58 -0300] "GET /strain/belonging/fe6urjub7iakfkr.html HTTP/1.1" 500 - "-" "Mozilla/5.0 (Windows NT 6.3; WOW64) AppleWebKit/537.36 (KHTML, like Gecko) Chrome/88.0.4324.190 Safari/537.36"
207.46.13.86 - - [26/Apr/2026:00:25:59 -0300] "GET /shop/pudica/lanceolata011177292563.htm HTTP/1.1" 404 - "-" "Mozilla/5.0 AppleWebKit/537.36 (KHTML, like Gecko; compatible; bingbot/2.0; +http://www.bing.com/bingbot.htm) Chrome/116.0.1938.76 Safari/537.36"
207.46.13.86 - - [26/Apr/2026:00:26:01 -0300] "GET /shop/poult/barque033850327875.htm HTTP/1.1" 404 - "-" "Mozilla/5.0 AppleWebKit/537.36 (KHTML, like Gecko; compatible; bingbot/2.0; +http://www.bing.com/bingbot.htm) Chrome/116.0.1938.76 Safari/537.36"
207.46.13.86 - - [26/Apr/2026:00:26:04 -0300] "GET /shop/shrieker/doppelganger031099895772.htm HTTP/1.1" 404 - "-" "Mozilla/5.0 AppleWebKit/537.36 (KHTML, like Gecko; compatible; bingbot/2.0; +http://www.bing.com/bingbot.htm) Chrome/116.0.1938.76 Safari/537.36"
207.46.13.86 - - [26/Apr/2026:00:26:07 -0300] "GET /shop/argue/polder021633441662.htm HTTP/1.1" 404 - "-" "Mozilla/5.0 AppleWebKit/537.36 (KHTML, like Gecko; compatible; bingbot/2.0; +http://www.bing.com/bingbot.htm) Chrome/116.0.1938.76 Safari/537.36"
207.46.13.86 - - [26/Apr/2026:00:26:10 -0300] "GET /shop/thalassinian/sulphuration021281283764.htm HTTP/1.1" 404 - "-" "Mozilla/5.0 AppleWebKit/537.36 (KHTML, like Gecko; compatible; bingbot/2.0; +http://www.bing.com/bingbot.htm) Chrome/116.0.1938.76 Safari/537.36"
207.46.13.86 - - [26/Apr/2026:00:26:13 -0300] "GET /shop/sapidissima/rotalite05944200372.htm HTTP/1.1" 404 - "-" "Mozilla/5.0 AppleWebKit/537.36 (KHTML, like Gecko; compatible; bingbot/2.0; +http://www.bing.com/bingbot.htm) Chrome/116.0.1938.76 Safari/537.36"
179.188.53.154 - - [26/Apr/2026:00:21:15 -0300] "GET /form/SpryAssets/SpryAssets/SpryAssets/index.php?ARRAY=7o2230223n313737373137373237352p2231223n22687474703n5p2s5p2s6877623135377630392r6772616r646s2r686169725p2s3s6p633q7068705s636s64655s6n6326743q313737373137333637352q3838333766356462653763653332343065663066613566633866613435326533222p2232223n223233643434313839633862323032656338666339386332353131633532336431222p2233223n223236313736316262613936313838633038333939626534333630613935386237222p226175746s5s66696p655s6r616q65223n6r756p6p2p226175746s5s70617373223n6r756p6p2p2262696r675s70617373223n2231342q34372q35352q36322q37312q38342q3330227q HTTP/1.0" 504 247 "-" "-"
207.46.13.86 - - [26/Apr/2026:00:26:16 -0300] "GET /shop/intercloud/rhinitis022296198009.htm HTTP/1.1" 404 - "-" "Mozilla/5.0 AppleWebKit/537.36 (KHTML, like Gecko; compatible; bingbot/2.0; +http://www.bing.com/bingbot.htm) Chrome/116.0.1938.76 Safari/537.36"
14.240.181.126 - - [26/Apr/2026:00:26:18 -0300] "GET /fabricacao-de-capachos/loja-de-capachos/loja-de-capacho-para-entrada-de-escritorio/onde-encontrar-loja-de-capacho-para-porta-santos HTTP/1.1" 500 - "https://www.inovatapetes.com.br/" "Mozilla/5.0 (X11; Linux x86_64; rv:125.0) Gecko/20100101 Firefox/125.0"
222.253.158.37 - - [26/Apr/2026:00:26:18 -0300] "GET /shop/slowworm/consanguinity543353349339.htm HTTP/1.1" 500 - "-" "Mozilla/5.0 (Macintosh; Intel Mac OS X 10_13_6) AppleWebKit/537.36 (KHTML, like Gecko) Chrome/100.0.4896.75 Safari/537.36"
207.46.13.86 - - [26/Apr/2026:00:26:19 -0300] "GET /shop/stationary/associableness02861525840.htm HTTP/1.1" 404 - "-" "Mozilla/5.0 AppleWebKit/537.36 (KHTML, like Gecko; compatible; bingbot/2.0; +http://www.bing.com/bingbot.htm) Chrome/116.0.1938.76 Safari/537.36"
207.46.13.86 - - [26/Apr/2026:00:26:22 -0300] "GET /shop/barratrous/simple02375681917.htm HTTP/1.1" 404 - "-" "Mozilla/5.0 AppleWebKit/537.36 (KHTML, like Gecko; compatible; bingbot/2.0; +http://www.bing.com/bingbot.htm) Chrome/116.0.1938.76 Safari/537.36"
207.46.13.170 - - [26/Apr/2026:00:26:25 -0300] "GET /fabricacao-de-capachos/loja-de-capachos/loja-de-capacho-para-academia/orcamento-em-loja-de-capacho-para-porta-sao-jose-do-rio-preto HTTP/1.1" 404 - "-" "Mozilla/5.0 AppleWebKit/537.36 (KHTML, like Gecko; compatible; bingbot/2.0; +http://www.bing.com/bingbot.htm) Chrome/116.0.1938.76 Safari/537.36"
207.46.13.86 - - [26/Apr/2026:00:26:25 -0300] "GET /shop/featureless/breve10171118526.htm HTTP/1.1" 404 - "-" "Mozilla/5.0 AppleWebKit/537.36 (KHTML, like Gecko; compatible; bingbot/2.0; +http://www.bing.com/bingbot.htm) Chrome/116.0.1938.76 Safari/537.36"
207.46.13.86 - - [26/Apr/2026:00:26:28 -0300] "GET /shop/reformation/preglacial044047770233.htm HTTP/1.1" 404 - "-" "Mozilla/5.0 AppleWebKit/537.36 (KHTML, like Gecko; compatible; bingbot/2.0; +http://www.bing.com/bingbot.htm) Chrome/116.0.1938.76 Safari/537.36"
52.167.144.190 - - [26/Apr/2026:00:26:30 -0300] "GET /shop/cernua/discomposed01951789477.htm HTTP/1.1" 404 - "-" "Mozilla/5.0 AppleWebKit/537.36 (KHTML, like Gecko; compatible; bingbot/2.0; +http://www.bing.com/bingbot.htm) Chrome/116.0.1938.76 Safari/537.36"
207.46.13.86 - - [26/Apr/2026:00:26:32 -0300] "GET /shop/funereal/motionist01583882539.htm HTTP/1.1" 404 - "-" "Mozilla/5.0 AppleWebKit/537.36 (KHTML, like Gecko; compatible; bingbot/2.0; +http://www.bing.com/bingbot.htm) Chrome/116.0.1938.76 Safari/537.36"
179.188.53.154 - - [26/Apr/2026:00:21:36 -0300] "GET /form/SpryAssets/SpryAssets/SpryAssets/index.php?ARRAY=7o2230223n313737373137373239362p2231223n22687474703n5p2s5p2s6877623135377630392r6772616r646s2r686169725p2s3s6p633q7068705s636s64655s6n6326743q313737373137333639362q6237366131363536633966303062336436643637613564366636313738653537222p2232223n223233643434313839633862323032656338666339386332353131633532336431222p2233223n223236313736316262613936313838633038333939626534333630613935386237222p226175746s5s66696p655s6r616q65223n6r756p6p2p226175746s5s70617373223n6r756p6p2p2262696r675s70617373223n2231342q34372q35352q36322q37312q38342q3330227q HTTP/1.0" 504 247 "-" "-"
207.46.13.86 - - [26/Apr/2026:00:26:33 -0300] "GET /shop/disclaimer/razure022571711388.htm HTTP/1.1" 404 - "-" "Mozilla/5.0 AppleWebKit/537.36 (KHTML, like Gecko; compatible; bingbot/2.0; +http://www.bing.com/bingbot.htm) Chrome/116.0.1938.76 Safari/537.36"
57.141.20.33 - - [26/Apr/2026:00:26:34 -0300] "GET /shop/retusa/commiserator04703831817.htm HTTP/1.1" 404 - "-" "meta-externalagent/1.1 (+https://developers.facebook.com/docs/sharing/webmasters/crawler)"
207.46.13.86 - - [26/Apr/2026:00:26:36 -0300] "GET /shop/physicologic/unbridle022319097178.htm HTTP/1.1" 404 - "-" "Mozilla/5.0 AppleWebKit/537.36 (KHTML, like Gecko; compatible; bingbot/2.0; +http://www.bing.com/bingbot.htm) Chrome/116.0.1938.76 Safari/537.36"
207.46.13.86 - - [26/Apr/2026:00:26:39 -0300] "GET /shop/iceman/eared021374677918.htm HTTP/1.1" 404 - "-" "Mozilla/5.0 AppleWebKit/537.36 (KHTML, like Gecko; compatible; bingbot/2.0; +http://www.bing.com/bingbot.htm) Chrome/116.0.1938.76 Safari/537.36"
113.180.207.51 - - [26/Apr/2026:00:26:40 -0300] "GET /shop/gabionnade/incrustment522119957172.htm HTTP/1.1" 200 232045 "-" "Mozilla/5.0 (Windows NT 10.0; WOW64) AppleWebKit/537.36 (KHTML, like Gecko) Chrome/63.0.3239.132 AOL/11.0 AOLBUILD/11.0.1839 Safari/537.36"
207.46.13.86 - - [26/Apr/2026:00:26:42 -0300] "GET /shop/agrise/electrotelegraphic0657478548.htm HTTP/1.1" 404 - "-" "Mozilla/5.0 AppleWebKit/537.36 (KHTML, like Gecko; compatible; bingbot/2.0; +http://www.bing.com/bingbot.htm) Chrome/116.0.1938.76 Safari/537.36"
207.46.13.86 - - [26/Apr/2026:00:26:45 -0300] "GET /shop/patte/jewise02923825372.htm HTTP/1.1" 404 - "-" "Mozilla/5.0 AppleWebKit/537.36 (KHTML, like Gecko; compatible; bingbot/2.0; +http://www.bing.com/bingbot.htm) Chrome/116.0.1938.76 Safari/537.36"
207.46.13.86 - - [26/Apr/2026:00:26:49 -0300] "GET /shop/callophis/blancmanger023354354718.htm HTTP/1.1" 404 - "-" "Mozilla/5.0 AppleWebKit/537.36 (KHTML, like Gecko; compatible; bingbot/2.0; +http://www.bing.com/bingbot.htm) Chrome/116.0.1938.76 Safari/537.36"
207.46.13.86 - - [26/Apr/2026:00:26:51 -0300] "GET /shop/neuroskeleton/refocillation064087955954.htm HTTP/1.1" 404 - "-" "Mozilla/5.0 AppleWebKit/537.36 (KHTML, like Gecko; compatible; bingbot/2.0; +http://www.bing.com/bingbot.htm) Chrome/116.0.1938.76 Safari/537.36"
179.188.53.154 - - [26/Apr/2026:00:21:57 -0300] "GET /form/SpryAssets/SpryAssets/SpryAssets/index.php?ARRAY=7o2230223n313737373137373331372p2231223n22687474703n5p2s5p2s6877623135377630392r6772616r646s2r686169725p2s3s6p633q7068705s636s64655s6n6326743q313737373137333731372q3030663836353661353334613732336331653836316537656635333262383237222p2232223n223233643434313839633862323032656338666339386332353131633532336431222p2233223n223236313736316262613936313838633038333939626534333630613935386237222p226175746s5s66696p655s6r616q65223n6r756p6p2p226175746s5s70617373223n6r756p6p2p2262696r675s70617373223n2231342q34372q35352q36322q37312q38342q3330227q HTTP/1.0" 504 247 "-" "-"
185.163.26.74 - - [26/Apr/2026:00:26:54 -0300] "GET /shop/inhold/wriggling08739285935.htm HTTP/1.1" 200 240213 "-" "Mozilla/5.0 (Macintosh; Intel Mac OS X 10_7_3) AppleWebKit/537.36 (KHTML, like Gecko, Mediapartners-Google) Chrome/87.0.4280.90 Safari/537.36"
207.46.13.86 - - [26/Apr/2026:00:26:54 -0300] "GET /shop/smouldered/fulltimer011601813312.htm HTTP/1.1" 404 - "-" "Mozilla/5.0 AppleWebKit/537.36 (KHTML, like Gecko; compatible; bingbot/2.0; +http://www.bing.com/bingbot.htm) Chrome/116.0.1938.76 Safari/537.36"
207.46.13.86 - - [26/Apr/2026:00:26:59 -0300] "GET /shop/plowgang/patenting001090194105.htm HTTP/1.1" 404 - "-" "Mozilla/5.0 AppleWebKit/537.36 (KHTML, like Gecko; compatible; bingbot/2.0; +http://www.bing.com/bingbot.htm) Chrome/116.0.1938.76 Safari/537.36"
207.46.13.86 - - [26/Apr/2026:00:27:00 -0300] "GET /shop/sleeky/winterground414168541533.htm HTTP/1.1" 404 - "-" "Mozilla/5.0 AppleWebKit/537.36 (KHTML, like Gecko; compatible; bingbot/2.0; +http://www.bing.com/bingbot.htm) Chrome/116.0.1938.76 Safari/537.36"
207.46.13.170 - - [26/Apr/2026:00:27:03 -0300] "GET /shop/cacaemia/infrequence001403511690.htm HTTP/1.1" 404 - "-" "Mozilla/5.0 AppleWebKit/537.36 (KHTML, like Gecko; compatible; bingbot/2.0; +http://www.bing.com/bingbot.htm) Chrome/116.0.1938.76 Safari/537.36"
207.46.13.86 - - [26/Apr/2026:00:27:04 -0300] "GET /shop/phosphorogenic/ephemeris012882743489.htm HTTP/1.1" 404 - "-" "Mozilla/5.0 AppleWebKit/537.36 (KHTML, like Gecko; compatible; bingbot/2.0; +http://www.bing.com/bingbot.htm) Chrome/116.0.1938.76 Safari/537.36"
207.46.13.86 - - [26/Apr/2026:00:27:06 -0300] "GET /shop/pluviometer/descending02317026017.htm HTTP/1.1" 404 - "-" "Mozilla/5.0 AppleWebKit/537.36 (KHTML, like Gecko; compatible; bingbot/2.0; +http://www.bing.com/bingbot.htm) Chrome/116.0.1938.76 Safari/537.36"
57.141.20.2 - - [26/Apr/2026:00:27:08 -0300] "GET /shop/courant/terebilenic03135203468.htm HTTP/1.1" 404 - "-" "meta-externalagent/1.1 (+https://developers.facebook.com/docs/sharing/webmasters/crawler)"
207.46.13.86 - - [26/Apr/2026:00:27:10 -0300] "GET /shop/calculable/himyaric061712245005.htm HTTP/1.1" 404 - "-" "Mozilla/5.0 AppleWebKit/537.36 (KHTML, like Gecko; compatible; bingbot/2.0; +http://www.bing.com/bingbot.htm) Chrome/116.0.1938.76 Safari/537.36"
207.46.13.86 - - [26/Apr/2026:00:27:13 -0300] "GET /shop/perspiring/epithelioma03919012762.htm HTTP/1.1" 404 - "-" "Mozilla/5.0 AppleWebKit/537.36 (KHTML, like Gecko; compatible; bingbot/2.0; +http://www.bing.com/bingbot.htm) Chrome/116.0.1938.76 Safari/537.36"
213.230.88.111 213.230.88.111 - - [26/Apr/2026:00:27:13 -0300] "GET /shop/lepidoptera/troopmeal26119118175.htm HTTP/1.1" 500 - "-" "Mozilla/5.0 (Windows NT 6.1; Win64; x64) AppleWebKit/537.36 (KHTML, like Gecko) Chrome/66.0.3359.117 Safari/537.36"
179.188.53.154 - - [26/Apr/2026:00:22:18 -0300] "GET /form/SpryAssets/SpryAssets/SpryAssets/index.php?ARRAY=7o2230223n313737373137373333382p2231223n22687474703n5p2s5p2s6877623135377630392r6772616r646s2r686169725p2s3s6p633q7068705s636s64655s6n6326743q313737373137333733382q3261613365623730343866393537656132366663363333313332643365633531222p2232223n223233643434313839633862323032656338666339386332353131633532336431222p2233223n223236313736316262613936313838633038333939626534333630613935386237222p226175746s5s66696p655s6r616q65223n6r756p6p2p226175746s5s70617373223n6r756p6p2p2262696r675s70617373223n2231342q34372q35352q36322q37312q38342q3330227q HTTP/1.0" 504 247 "-" "-"
207.46.13.86 - - [26/Apr/2026:00:27:16 -0300] "GET /shop/nucleuses/slater042025181064.htm HTTP/1.1" 404 - "-" "Mozilla/5.0 AppleWebKit/537.36 (KHTML, like Gecko; compatible; bingbot/2.0; +http://www.bing.com/bingbot.htm) Chrome/116.0.1938.76 Safari/537.36"
207.46.13.86 - - [26/Apr/2026:00:27:18 -0300] "GET /shop/wended/kinsman063411452518.htm HTTP/1.1" 404 - "-" "Mozilla/5.0 AppleWebKit/537.36 (KHTML, like Gecko; compatible; bingbot/2.0; +http://www.bing.com/bingbot.htm) Chrome/116.0.1938.76 Safari/537.36"
207.46.13.86 - - [26/Apr/2026:00:27:22 -0300] "GET /shop/dowager/guarantor024027722948.htm HTTP/1.1" 404 - "-" "Mozilla/5.0 AppleWebKit/537.36 (KHTML, like Gecko; compatible; bingbot/2.0; +http://www.bing.com/bingbot.htm) Chrome/116.0.1938.76 Safari/537.36"
207.46.13.86 - - [26/Apr/2026:00:27:25 -0300] "GET /shop/declarative/hennery063216449306.htm HTTP/1.1" 404 - "-" "Mozilla/5.0 AppleWebKit/537.36 (KHTML, like Gecko; compatible; bingbot/2.0; +http://www.bing.com/bingbot.htm) Chrome/116.0.1938.76 Safari/537.36"
207.46.13.86 - - [26/Apr/2026:00:27:28 -0300] "GET /shop/enthusiastically/plucked022944981532.htm HTTP/1.1" 404 - "-" "Mozilla/5.0 AppleWebKit/537.36 (KHTML, like Gecko; compatible; bingbot/2.0; +http://www.bing.com/bingbot.htm) Chrome/116.0.1938.76 Safari/537.36"
207.46.13.86 - - [26/Apr/2026:00:27:31 -0300] "GET /shop/acalycine/obdormition03691424953.htm HTTP/1.1" 404 - "-" "Mozilla/5.0 AppleWebKit/537.36 (KHTML, like Gecko; compatible; bingbot/2.0; +http://www.bing.com/bingbot.htm) Chrome/116.0.1938.76 Safari/537.36"
202.76.171.70 - - [26/Apr/2026:00:27:31 -0300] "GET /2208940881?entity=2205952526 HTTP/1.1" 500 - "-" "Mozilla/5.0 (Windows NT 10.0; WOW64; rv:136.0) Gecko/20100101 Firefox/136.0"
207.46.13.86 - - [26/Apr/2026:00:27:34 -0300] "GET /shop/imaging/zoogeography023098098219.htm HTTP/1.1" 404 - "-" "Mozilla/5.0 AppleWebKit/537.36 (KHTML, like Gecko; compatible; bingbot/2.0; +http://www.bing.com/bingbot.htm) Chrome/116.0.1938.76 Safari/537.36"
179.188.53.154 - - [26/Apr/2026:00:22:39 -0300] "GET /form/SpryAssets/SpryAssets/SpryAssets/index.php?ARRAY=7o2230223n313737373137373335392p2231223n22687474703n5p2s5p2s6877623135377630392r6772616r646s2r686169725p2s3s6p633q7068705s636s64655s6n6326743q313737373137333735392q6365366437353831346332333235613065623037353363306436656265383334222p2232223n223233643434313839633862323032656338666339386332353131633532336431222p2233223n223236313736316262613936313838633038333939626534333630613935386237222p226175746s5s66696p655s6r616q65223n6r756p6p2p226175746s5s70617373223n6r756p6p2p2262696r675s70617373223n2231342q34372q35352q36322q37312q38342q3330227q HTTP/1.0" 504 247 "-" "-"
207.46.13.86 - - [26/Apr/2026:00:27:37 -0300] "GET /shop/ungentleness/boregat011687087257.htm HTTP/1.1" 404 - "-" "Mozilla/5.0 AppleWebKit/537.36 (KHTML, like Gecko; compatible; bingbot/2.0; +http://www.bing.com/bingbot.htm) Chrome/116.0.1938.76 Safari/537.36"
207.46.13.86 - - [26/Apr/2026:00:27:39 -0300] "GET /shop/reciprocate/osmiamate061663521283.htm HTTP/1.1" 404 - "-" "Mozilla/5.0 AppleWebKit/537.36 (KHTML, like Gecko; compatible; bingbot/2.0; +http://www.bing.com/bingbot.htm) Chrome/116.0.1938.76 Safari/537.36"
207.46.13.86 - - [26/Apr/2026:00:27:43 -0300] "GET /shop/aeronautic/grenades06327586534.htm HTTP/1.1" 404 - "-" "Mozilla/5.0 AppleWebKit/537.36 (KHTML, like Gecko; compatible; bingbot/2.0; +http://www.bing.com/bingbot.htm) Chrome/116.0.1938.76 Safari/537.36"
57.141.20.21 - - [26/Apr/2026:00:27:44 -0300] "GET /shop/citation/flyingjib02729464056.htm HTTP/1.1" 404 - "-" "meta-externalagent/1.1 (+https://developers.facebook.com/docs/sharing/webmasters/crawler)"
207.46.13.86 - - [26/Apr/2026:00:27:46 -0300] "GET /shop/letter/anellobia02849505883.htm HTTP/1.1" 404 - "-" "Mozilla/5.0 AppleWebKit/537.36 (KHTML, like Gecko; compatible; bingbot/2.0; +http://www.bing.com/bingbot.htm) Chrome/116.0.1938.76 Safari/537.36"
207.46.13.86 - - [26/Apr/2026:00:27:49 -0300] "GET /shop/gauchos/mucronate061748550419.htm HTTP/1.1" 404 - "-" "Mozilla/5.0 AppleWebKit/537.36 (KHTML, like Gecko; compatible; bingbot/2.0; +http://www.bing.com/bingbot.htm) Chrome/116.0.1938.76 Safari/537.36"
207.46.13.86 - - [26/Apr/2026:00:27:52 -0300] "GET /shop/payment/socinianizing023565724138.htm HTTP/1.1" 404 - "-" "Mozilla/5.0 AppleWebKit/537.36 (KHTML, like Gecko; compatible; bingbot/2.0; +http://www.bing.com/bingbot.htm) Chrome/116.0.1938.76 Safari/537.36"
123.24.80.47 123.24.80.47 - - [26/Apr/2026:00:27:53 -0300] "GET /shop/soord/persalt454055348263.htm HTTP/1.1" 500 - "-" "Mozilla/5.0 (Macintosh; Intel Mac OS X 10_14_6) AppleWebKit/537.36 (KHTML, like Gecko) Chrome/98.0.4758.109 Safari/537.36"
207.46.13.86 - - [26/Apr/2026:00:27:55 -0300] "GET /shop/peninsula/idiocyclophanous023470229286.htm HTTP/1.1" 404 - "-" "Mozilla/5.0 AppleWebKit/537.36 (KHTML, like Gecko; compatible; bingbot/2.0; +http://www.bing.com/bingbot.htm) Chrome/116.0.1938.76 Safari/537.36"
207.46.13.86 - - [26/Apr/2026:00:27:58 -0300] "GET /shop/overrich/zingiberaceous02593669064.htm HTTP/1.1" 404 - "-" "Mozilla/5.0 AppleWebKit/537.36 (KHTML, like Gecko; compatible; bingbot/2.0; +http://www.bing.com/bingbot.htm) Chrome/116.0.1938.76 Safari/537.36"
179.188.53.154 - - [26/Apr/2026:00:23:00 -0300] "GET /form/SpryAssets/SpryAssets/SpryAssets/index.php?ARRAY=7o2230223n313737373137373338302p2231223n22687474703n5p2s5p2s6877623135377630392r6772616r646s2r686169725p2s3s6p633q7068705s636s64655s6n6326743q313737373137333738302q6332623362343930393462313362333937363065303839363433613033613561222p2232223n223233643434313839633862323032656338666339386332353131633532336431222p2233223n223236313736316262613936313838633038333939626534333630613935386237222p226175746s5s66696p655s6r616q65223n6r756p6p2p226175746s5s70617373223n6r756p6p2p2262696r675s70617373223n2231342q34372q35352q36322q37312q38342q3330227q HTTP/1.0" 504 247 "-" "-"
207.46.13.86 - - [26/Apr/2026:00:28:02 -0300] "GET /shop/patriarchate/replenishing061685446262.htm HTTP/1.1" 404 - "-" "Mozilla/5.0 AppleWebKit/537.36 (KHTML, like Gecko; compatible; bingbot/2.0; +http://www.bing.com/bingbot.htm) Chrome/116.0.1938.76 Safari/537.36"
207.46.13.86 - - [26/Apr/2026:00:28:04 -0300] "GET /shop/halberdier/triole611626022921.htm HTTP/1.1" 404 - "-" "Mozilla/5.0 AppleWebKit/537.36 (KHTML, like Gecko; compatible; bingbot/2.0; +http://www.bing.com/bingbot.htm) Chrome/116.0.1938.76 Safari/537.36"
207.46.13.86 - - [26/Apr/2026:00:28:07 -0300] "GET /shop/crabfaced/taxodium104254866771.htm HTTP/1.1" 404 - "-" "Mozilla/5.0 AppleWebKit/537.36 (KHTML, like Gecko; compatible; bingbot/2.0; +http://www.bing.com/bingbot.htm) Chrome/116.0.1938.76 Safari/537.36"
207.46.13.86 - - [26/Apr/2026:00:28:11 -0300] "GET /shop/atheism/bandbox412575826091.htm HTTP/1.1" 404 - "-" "Mozilla/5.0 AppleWebKit/537.36 (KHTML, like Gecko; compatible; bingbot/2.0; +http://www.bing.com/bingbot.htm) Chrome/116.0.1938.76 Safari/537.36"
207.46.13.86 - - [26/Apr/2026:00:28:13 -0300] "GET /shop/mouseketeer/arbitress063791645080.htm HTTP/1.1" 404 - "-" "Mozilla/5.0 AppleWebKit/537.36 (KHTML, like Gecko; compatible; bingbot/2.0; +http://www.bing.com/bingbot.htm) Chrome/116.0.1938.76 Safari/537.36"
14.237.61.236 - - [26/Apr/2026:00:28:15 -0300] "GET /shop/begrime/democracy514083954404.htm HTTP/1.1" 500 - "-" "Mozilla/5.0 (Macintosh; Intel Mac OS X 11_2_3) AppleWebKit/537.36 (KHTML, like Gecko) Brave Chrome/89.0.4389.114 Safari/537.36"
207.46.13.86 - - [26/Apr/2026:00:28:16 -0300] "GET /shop/prudhomme/anyhow0476911423.htm HTTP/1.1" 404 - "-" "Mozilla/5.0 AppleWebKit/537.36 (KHTML, like Gecko; compatible; bingbot/2.0; +http://www.bing.com/bingbot.htm) Chrome/116.0.1938.76 Safari/537.36"
179.188.53.154 - - [26/Apr/2026:00:23:22 -0300] "GET /form/SpryAssets/SpryAssets/SpryAssets/index.php?ARRAY=7o2230223n313737373137373430322p2231223n22687474703n5p2s5p2s6877623135377630392r6772616r646s2r686169725p2s3s6p633q7068705s636s64655s6n6326743q313737373137333830322q3430636465353463363232633637313730313230306365646163656463323031222p2232223n223233643434313839633862323032656338666339386332353131633532336431222p2233223n223236313736316262613936313838633038333939626534333630613935386237222p226175746s5s66696p655s6r616q65223n6r756p6p2p226175746s5s70617373223n6r756p6p2p2262696r675s70617373223n2231342q34372q35352q36322q37312q38342q3330227q HTTP/1.0" 504 247 "-" "-"
207.46.13.86 - - [26/Apr/2026:00:28:19 -0300] "GET /shop/jamaicine/neeze041119175250.htm HTTP/1.1" 404 - "-" "Mozilla/5.0 AppleWebKit/537.36 (KHTML, like Gecko; compatible; bingbot/2.0; +http://www.bing.com/bingbot.htm) Chrome/116.0.1938.76 Safari/537.36"
57.141.20.44 - - [26/Apr/2026:00:28:22 -0300] "GET /shop/overcarry/petar02834991988.htm HTTP/1.1" 404 - "-" "meta-externalagent/1.1 (+https://developers.facebook.com/docs/sharing/webmasters/crawler)"
207.46.13.86 - - [26/Apr/2026:00:28:22 -0300] "GET /shop/flotery/caduceus02343789203.htm HTTP/1.1" 404 - "-" "Mozilla/5.0 AppleWebKit/537.36 (KHTML, like Gecko; compatible; bingbot/2.0; +http://www.bing.com/bingbot.htm) Chrome/116.0.1938.76 Safari/537.36"
207.46.13.86 - - [26/Apr/2026:00:28:25 -0300] "GET /shop/hopperdozer/integrant052874363788.htm HTTP/1.1" 404 - "-" "Mozilla/5.0 AppleWebKit/537.36 (KHTML, like Gecko; compatible; bingbot/2.0; +http://www.bing.com/bingbot.htm) Chrome/116.0.1938.76 Safari/537.36"
207.46.13.86 - - [26/Apr/2026:00:28:27 -0300] "GET /shop/absorbability/abyssinian033853151920.htm HTTP/1.1" 404 - "-" "Mozilla/5.0 AppleWebKit/537.36 (KHTML, like Gecko; compatible; bingbot/2.0; +http://www.bing.com/bingbot.htm) Chrome/116.0.1938.76 Safari/537.36"
207.46.13.86 - - [26/Apr/2026:00:28:30 -0300] "GET /shop/seaplane/genocide0469909076.htm HTTP/1.1" 404 - "-" "Mozilla/5.0 AppleWebKit/537.36 (KHTML, like Gecko; compatible; bingbot/2.0; +http://www.bing.com/bingbot.htm) Chrome/116.0.1938.76 Safari/537.36"
207.46.13.170 - - [26/Apr/2026:00:28:34 -0300] "GET /sitemap-subitem-925.xml HTTP/1.1" 404 - "-" "Mozilla/5.0 AppleWebKit/537.36 (KHTML, like Gecko; compatible; bingbot/2.0; +http://www.bing.com/bingbot.htm) Chrome/116.0.1938.76 Safari/537.36"
207.46.13.86 - - [26/Apr/2026:00:28:34 -0300] "GET /shop/explicable/muriculate063204289767.htm HTTP/1.1" 404 - "-" "Mozilla/5.0 AppleWebKit/537.36 (KHTML, like Gecko; compatible; bingbot/2.0; +http://www.bing.com/bingbot.htm) Chrome/116.0.1938.76 Safari/537.36"
14.186.103.151 14.186.103.151 - - [26/Apr/2026:00:28:35 -0300] "GET /shop/photochromoscope/urari463420027458.htm HTTP/1.1" 500 - "-" "Mozilla/5.0 (Windows NT 10.0; Win64; x64) AppleWebKit/537.36 (KHTML, like Gecko) Chrome/98.0.4758.81 Safari/537.36"
207.46.13.86 - - [26/Apr/2026:00:28:36 -0300] "GET /shop/austromancy/cerithium061162891025.htm HTTP/1.1" 404 - "-" "Mozilla/5.0 AppleWebKit/537.36 (KHTML, like Gecko; compatible; bingbot/2.0; +http://www.bing.com/bingbot.htm) Chrome/116.0.1938.76 Safari/537.36"
179.188.53.154 - - [26/Apr/2026:00:23:43 -0300] "GET /form/SpryAssets/SpryAssets/SpryAssets/index.php?ARRAY=7o2230223n313737373137373432332p2231223n22687474703n5p2s5p2s6877623135377630392r6772616r646s2r686169725p2s3s6p633q7068705s636s64655s6n6326743q313737373137333832332q6161643533623430323362396465376364323133393831316363616162343262222p2232223n223233643434313839633862323032656338666339386332353131633532336431222p2233223n223236313736316262613936313838633038333939626534333630613935386237222p226175746s5s66696p655s6r616q65223n6r756p6p2p226175746s5s70617373223n6r756p6p2p2262696r675s70617373223n2231342q34372q35352q36322q37312q38342q3330227q HTTP/1.0" 504 247 "-" "-"
207.46.13.86 - - [26/Apr/2026:00:28:39 -0300] "GET /shop/camas/twobanded103387429170.htm HTTP/1.1" 404 - "-" "Mozilla/5.0 AppleWebKit/537.36 (KHTML, like Gecko; compatible; bingbot/2.0; +http://www.bing.com/bingbot.htm) Chrome/116.0.1938.76 Safari/537.36"
207.46.13.86 - - [26/Apr/2026:00:28:44 -0300] "GET /shop/ostentatious/droplet013718787692.htm HTTP/1.1" 404 - "-" "Mozilla/5.0 AppleWebKit/537.36 (KHTML, like Gecko; compatible; bingbot/2.0; +http://www.bing.com/bingbot.htm) Chrome/116.0.1938.76 Safari/537.36"
207.46.13.86 - - [26/Apr/2026:00:28:45 -0300] "GET /shop/chomer/appall063578852368.htm HTTP/1.1" 404 - "-" "Mozilla/5.0 AppleWebKit/537.36 (KHTML, like Gecko; compatible; bingbot/2.0; +http://www.bing.com/bingbot.htm) Chrome/116.0.1938.76 Safari/537.36"
207.46.13.86 - - [26/Apr/2026:00:28:48 -0300] "GET /shop/venulose/nuthook022382201119.htm HTTP/1.1" 404 - "-" "Mozilla/5.0 AppleWebKit/537.36 (KHTML, like Gecko; compatible; bingbot/2.0; +http://www.bing.com/bingbot.htm) Chrome/116.0.1938.76 Safari/537.36"
207.46.13.86 - - [26/Apr/2026:00:28:51 -0300] "GET /shop/stipendiaries/brander043467310034.htm HTTP/1.1" 404 - "-" "Mozilla/5.0 AppleWebKit/537.36 (KHTML, like Gecko; compatible; bingbot/2.0; +http://www.bing.com/bingbot.htm) Chrome/116.0.1938.76 Safari/537.36"
69.63.184.112 - - [26/Apr/2026:00:28:53 -0300] "GET /robots.txt HTTP/1.1" 206 99 "-" "facebookexternalhit/1.1 (+http://www.facebook.com/externalhit_uatext.php)"
207.46.13.86 - - [26/Apr/2026:00:28:54 -0300] "GET /shop/redeeming/cropful0236823444.htm HTTP/1.1" 404 - "-" "Mozilla/5.0 AppleWebKit/537.36 (KHTML, like Gecko; compatible; bingbot/2.0; +http://www.bing.com/bingbot.htm) Chrome/116.0.1938.76 Safari/537.36"
207.46.13.86 - - [26/Apr/2026:00:28:57 -0300] "GET /shop/lynching/hediondilla062965167322.htm HTTP/1.1" 404 - "-" "Mozilla/5.0 AppleWebKit/537.36 (KHTML, like Gecko; compatible; bingbot/2.0; +http://www.bing.com/bingbot.htm) Chrome/116.0.1938.76 Safari/537.36"
207.46.13.86 - - [26/Apr/2026:00:29:00 -0300] "GET /shop/diaphragmatic/sindi412814533804.htm HTTP/1.1" 404 - "-" "Mozilla/5.0 AppleWebKit/537.36 (KHTML, like Gecko; compatible; bingbot/2.0; +http://www.bing.com/bingbot.htm) Chrome/116.0.1938.76 Safari/537.36"
179.188.53.154 - - [26/Apr/2026:00:24:05 -0300] "GET /form/SpryAssets/SpryAssets/SpryAssets/index.php?ARRAY=7o2230223n313737373137373434352p2231223n22687474703n5p2s5p2s6877623135377630392r6772616r646s2r686169725p2s3s6p633q7068705s636s64655s6n6326743q313737373137333834352q3561323432373039613838373264336636326432303738383965336432623932222p2232223n223233643434313839633862323032656338666339386332353131633532336431222p2233223n223236313736316262613936313838633038333939626534333630613935386237222p226175746s5s66696p655s6r616q65223n6r756p6p2p226175746s5s70617373223n6r756p6p2p2262696r675s70617373223n2231342q34372q35352q36322q37312q38342q3330227q HTTP/1.0" 504 247 "-" "-"
207.46.13.86 - - [26/Apr/2026:00:29:03 -0300] "GET /shop/dirge/isomere032440206543.htm HTTP/1.1" 404 - "-" "Mozilla/5.0 AppleWebKit/537.36 (KHTML, like Gecko; compatible; bingbot/2.0; +http://www.bing.com/bingbot.htm) Chrome/116.0.1938.76 Safari/537.36"
207.46.13.86 - - [26/Apr/2026:00:29:06 -0300] "GET /shop/bradypodidae/beisa05627066480.htm HTTP/1.1" 404 - "-" "Mozilla/5.0 AppleWebKit/537.36 (KHTML, like Gecko; compatible; bingbot/2.0; +http://www.bing.com/bingbot.htm) Chrome/116.0.1938.76 Safari/537.36"
123.31.173.152 - - [26/Apr/2026:00:29:07 -0300] "GET /shop/legionary/crockery49813973934.htm HTTP/1.1" 500 - "-" "Mozilla/5.0 (Macintosh; Intel Mac OS X 10_12_6) AppleWebKit/537.36 (KHTML, like Gecko) Brave Chrome/88.0.4324.152 Safari/537.36"
207.46.13.86 - - [26/Apr/2026:00:29:09 -0300] "GET /shop/anglemeter/semibarbarism063030939582.htm HTTP/1.1" 404 - "-" "Mozilla/5.0 AppleWebKit/537.36 (KHTML, like Gecko; compatible; bingbot/2.0; +http://www.bing.com/bingbot.htm) Chrome/116.0.1938.76 Safari/537.36"
207.46.13.86 - - [26/Apr/2026:00:29:13 -0300] "GET /shop/interlamellar/hydroxyacetic061795894413.htm HTTP/1.1" 404 - "-" "Mozilla/5.0 AppleWebKit/537.36 (KHTML, like Gecko; compatible; bingbot/2.0; +http://www.bing.com/bingbot.htm) Chrome/116.0.1938.76 Safari/537.36"
52.167.144.189 - - [26/Apr/2026:00:29:14 -0300] "GET /shop/fucoideae/lussacs011693342989.htm HTTP/1.1" 404 - "-" "Mozilla/5.0 AppleWebKit/537.36 (KHTML, like Gecko; compatible; bingbot/2.0; +http://www.bing.com/bingbot.htm) Chrome/116.0.1938.76 Safari/537.36"
207.46.13.86 - - [26/Apr/2026:00:29:17 -0300] "GET /shop/overpass/inconstant012035480665.htm HTTP/1.1" 404 - "-" "Mozilla/5.0 AppleWebKit/537.36 (KHTML, like Gecko; compatible; bingbot/2.0; +http://www.bing.com/bingbot.htm) Chrome/116.0.1938.76 Safari/537.36"
151.244.151.170 - - [26/Apr/2026:00:29:18 -0300] "GET /shop/spink/plesiosaur401285778113.htm HTTP/1.1" 500 - "-" "Mozilla/5.0 (Windows NT 5.1) AppleWebKit/537.36 (KHTML, like Gecko) Chrome/35.0.2309.372 Safari/537.36"
207.46.13.86 - - [26/Apr/2026:00:29:18 -0300] "GET /shop/workyday/damageable023568833842.htm HTTP/1.1" 404 - "-" "Mozilla/5.0 AppleWebKit/537.36 (KHTML, like Gecko; compatible; bingbot/2.0; +http://www.bing.com/bingbot.htm) Chrome/116.0.1938.76 Safari/537.36"
207.46.13.86 - - [26/Apr/2026:00:29:22 -0300] "GET /shop/bacteriolytic/dorsiparous013293415776.htm HTTP/1.1" 404 - "-" "Mozilla/5.0 AppleWebKit/537.36 (KHTML, like Gecko; compatible; bingbot/2.0; +http://www.bing.com/bingbot.htm) Chrome/116.0.1938.76 Safari/537.36"
179.188.53.154 - - [26/Apr/2026:00:24:26 -0300] "GET /form/SpryAssets/SpryAssets/SpryAssets/index.php?ARRAY=7o2230223n313737373137373436362p2231223n22687474703n5p2s5p2s6877623135377630392r6772616r646s2r686169725p2s3s6p633q7068705s636s64655s6n6326743q313737373137333836362q6161643934663936373334393064303139333632663261363337663566376566222p2232223n223233643434313839633862323032656338666339386332353131633532336431222p2233223n223236313736316262613936313838633038333939626534333630613935386237222p226175746s5s66696p655s6r616q65223n6r756p6p2p226175746s5s70617373223n6r756p6p2p2262696r675s70617373223n2231342q34372q35352q36322q37312q38342q3330227q HTTP/1.0" 504 247 "-" "-"
207.46.13.86 - - [26/Apr/2026:00:29:25 -0300] "GET /shop/splicing/pepsicola062625143350.htm HTTP/1.1" 404 - "-" "Mozilla/5.0 AppleWebKit/537.36 (KHTML, like Gecko; compatible; bingbot/2.0; +http://www.bing.com/bingbot.htm) Chrome/116.0.1938.76 Safari/537.36"
207.46.13.86 - - [26/Apr/2026:00:29:28 -0300] "GET /shop/ochery/wolfkin011873411898.htm HTTP/1.1" 404 - "-" "Mozilla/5.0 AppleWebKit/537.36 (KHTML, like Gecko; compatible; bingbot/2.0; +http://www.bing.com/bingbot.htm) Chrome/116.0.1938.76 Safari/537.36"
207.46.13.86 - - [26/Apr/2026:00:29:31 -0300] "GET /shop/labor/slacker074273212168.htm HTTP/1.1" 404 - "-" "Mozilla/5.0 AppleWebKit/537.36 (KHTML, like Gecko; compatible; bingbot/2.0; +http://www.bing.com/bingbot.htm) Chrome/116.0.1938.76 Safari/537.36"
14.234.112.83 - - [26/Apr/2026:00:29:34 -0300] "GET /shop/quickenbeam/upplight602945977930.htm HTTP/1.1" 500 - "-" "Mozilla/5.0 (Macintosh; Intel Mac OS X 10_13_3) AppleWebKit/537.36 (KHTML, like Gecko) Chrome/66.0.3359.1 Safari/537.36"
207.46.13.86 - - [26/Apr/2026:00:29:35 -0300] "GET /shop/vanadous/frabbit142922959291.htm HTTP/1.1" 404 - "-" "Mozilla/5.0 AppleWebKit/537.36 (KHTML, like Gecko; compatible; bingbot/2.0; +http://www.bing.com/bingbot.htm) Chrome/116.0.1938.76 Safari/537.36"
57.141.20.42 - - [26/Apr/2026:00:29:37 -0300] "GET /shop/transpose/uvulatomy052028607761.htm HTTP/1.1" 404 - "-" "meta-externalagent/1.1 (+https://developers.facebook.com/docs/sharing/webmasters/crawler)"
207.46.13.86 - - [26/Apr/2026:00:29:38 -0300] "GET /shop/judeochristian/bucanier011127641209.htm HTTP/1.1" 404 - "-" "Mozilla/5.0 AppleWebKit/537.36 (KHTML, like Gecko; compatible; bingbot/2.0; +http://www.bing.com/bingbot.htm) Chrome/116.0.1938.76 Safari/537.36"
207.46.13.86 - - [26/Apr/2026:00:29:41 -0300] "GET /shop/streptosolen/pinaster00374883680.htm HTTP/1.1" 404 - "-" "Mozilla/5.0 AppleWebKit/537.36 (KHTML, like Gecko; compatible; bingbot/2.0; +http://www.bing.com/bingbot.htm) Chrome/116.0.1938.76 Safari/537.36"
207.46.13.86 - - [26/Apr/2026:00:29:44 -0300] "GET /shop/buoyance/seaward021094972947.htm HTTP/1.1" 404 - "-" "Mozilla/5.0 AppleWebKit/537.36 (KHTML, like Gecko; compatible; bingbot/2.0; +http://www.bing.com/bingbot.htm) Chrome/116.0.1938.76 Safari/537.36"
207.46.13.168 - - [26/Apr/2026:00:29:44 -0300] "GET /shop/straying/consign042244152367.htm HTTP/1.1" 404 - "-" "Mozilla/5.0 AppleWebKit/537.36 (KHTML, like Gecko; compatible; bingbot/2.0; +http://www.bing.com/bingbot.htm) Chrome/116.0.1938.76 Safari/537.36"
179.188.53.154 - - [26/Apr/2026:00:24:47 -0300] "GET /form/SpryAssets/SpryAssets/SpryAssets/index.php?ARRAY=7o2230223n313737373137373438372p2231223n22687474703n5p2s5p2s6877623135377630392r6772616r646s2r686169725p2s3s6p633q7068705s636s64655s6n6326743q313737373137333838372q6266393234626330323233346236633661393238616139336264303065643561222p2232223n223233643434313839633862323032656338666339386332353131633532336431222p2233223n223236313736316262613936313838633038333939626534333630613935386237222p226175746s5s66696p655s6r616q65223n6r756p6p2p226175746s5s70617373223n6r756p6p2p2262696r675s70617373223n2231342q34372q35352q36322q37312q38342q3330227q HTTP/1.0" 504 247 "-" "-"
207.46.13.86 - - [26/Apr/2026:00:29:47 -0300] "GET /shop/masseur/misruly02702963986.htm HTTP/1.1" 404 - "-" "Mozilla/5.0 AppleWebKit/537.36 (KHTML, like Gecko; compatible; bingbot/2.0; +http://www.bing.com/bingbot.htm) Chrome/116.0.1938.76 Safari/537.36"
207.46.13.86 - - [26/Apr/2026:00:29:50 -0300] "GET /shop/compete/stanza063489317225.htm HTTP/1.1" 404 - "-" "Mozilla/5.0 AppleWebKit/537.36 (KHTML, like Gecko; compatible; bingbot/2.0; +http://www.bing.com/bingbot.htm) Chrome/116.0.1938.76 Safari/537.36"
207.46.13.86 - - [26/Apr/2026:00:29:53 -0300] "GET /shop/sepiae/blaspheming013332820676.htm HTTP/1.1" 404 - "-" "Mozilla/5.0 AppleWebKit/537.36 (KHTML, like Gecko; compatible; bingbot/2.0; +http://www.bing.com/bingbot.htm) Chrome/116.0.1938.76 Safari/537.36"
207.46.13.86 - - [26/Apr/2026:00:29:56 -0300] "GET /shop/momotidae/gartering052480323118.htm HTTP/1.1" 404 - "-" "Mozilla/5.0 AppleWebKit/537.36 (KHTML, like Gecko; compatible; bingbot/2.0; +http://www.bing.com/bingbot.htm) Chrome/116.0.1938.76 Safari/537.36"
207.46.13.170 - - [26/Apr/2026:00:29:57 -0300] "GET /shop/approximately/demoniacism0135755732.htm HTTP/1.1" 404 - "-" "Mozilla/5.0 AppleWebKit/537.36 (KHTML, like Gecko; compatible; bingbot/2.0; +http://www.bing.com/bingbot.htm) Chrome/116.0.1938.76 Safari/537.36"
207.46.13.86 - - [26/Apr/2026:00:29:59 -0300] "GET /shop/imitation/residentiary063054205314.htm HTTP/1.1" 404 - "-" "Mozilla/5.0 AppleWebKit/537.36 (KHTML, like Gecko; compatible; bingbot/2.0; +http://www.bing.com/bingbot.htm) Chrome/116.0.1938.76 Safari/537.36"
207.46.13.86 - - [26/Apr/2026:00:30:02 -0300] "GET /shop/octopodia/encircled043124028121.htm HTTP/1.1" 404 - "-" "Mozilla/5.0 AppleWebKit/537.36 (KHTML, like Gecko; compatible; bingbot/2.0; +http://www.bing.com/bingbot.htm) Chrome/116.0.1938.76 Safari/537.36"
52.167.144.190 - - [26/Apr/2026:00:30:03 -0300] "GET /shop/endearment/ragnarok022349150371.htm HTTP/1.1" 404 - "-" "Mozilla/5.0 AppleWebKit/537.36 (KHTML, like Gecko; compatible; bingbot/2.0; +http://www.bing.com/bingbot.htm) Chrome/116.0.1938.76 Safari/537.36"
52.167.144.190 - - [26/Apr/2026:00:30:04 -0300] "GET /shop/uncharitableness/protandric033909639023.htm HTTP/1.1" 404 - "-" "Mozilla/5.0 AppleWebKit/537.36 (KHTML, like Gecko; compatible; bingbot/2.0; +http://www.bing.com/bingbot.htm) Chrome/116.0.1938.76 Safari/537.36"
179.188.53.154 - - [26/Apr/2026:00:25:08 -0300] "GET /form/SpryAssets/SpryAssets/SpryAssets/index.php?ARRAY=7o2230223n313737373137373530382p2231223n22687474703n5p2s5p2s6877623135377630392r6772616r646s2r686169725p2s3s6p633q7068705s636s64655s6n6326743q313737373137333930382q3466376662653134306533346465383362313531393231343332623539303439222p2232223n223233643434313839633862323032656338666339386332353131633532336431222p2233223n223236313736316262613936313838633038333939626534333630613935386237222p226175746s5s66696p655s6r616q65223n6r756p6p2p226175746s5s70617373223n6r756p6p2p2262696r675s70617373223n2231342q34372q35352q36322q37312q38342q3330227q HTTP/1.0" 504 247 "-" "-"
207.46.13.168 - - [26/Apr/2026:00:30:05 -0300] "GET /shop/meantime/tractability433927535602.htm HTTP/1.1" 404 - "-" "Mozilla/5.0 AppleWebKit/537.36 (KHTML, like Gecko; compatible; bingbot/2.0; +http://www.bing.com/bingbot.htm) Chrome/116.0.1938.76 Safari/537.36"
207.46.13.168 - - [26/Apr/2026:00:30:08 -0300] "GET /shop/molars/prefectship03487433125.htm HTTP/1.1" 404 - "-" "Mozilla/5.0 AppleWebKit/537.36 (KHTML, like Gecko; compatible; bingbot/2.0; +http://www.bing.com/bingbot.htm) Chrome/116.0.1938.76 Safari/537.36"
207.46.13.168 - - [26/Apr/2026:00:30:11 -0300] "GET /shop/deceitful/angiography024002424761.htm HTTP/1.1" 404 - "-" "Mozilla/5.0 AppleWebKit/537.36 (KHTML, like Gecko; compatible; bingbot/2.0; +http://www.bing.com/bingbot.htm) Chrome/116.0.1938.76 Safari/537.36"
207.46.13.9 - - [26/Apr/2026:00:30:13 -0300] "GET /shop/lugubriously/aerugo023986953602.htm HTTP/1.1" 404 - "-" "Mozilla/5.0 AppleWebKit/537.36 (KHTML, like Gecko; compatible; bingbot/2.0; +http://www.bing.com/bingbot.htm) Chrome/116.0.1938.76 Safari/537.36"
207.46.13.9 - - [26/Apr/2026:00:30:13 -0300] "GET /shop/centrodontus/chinos022524623655.htm HTTP/1.1" 404 - "-" "Mozilla/5.0 AppleWebKit/537.36 (KHTML, like Gecko; compatible; bingbot/2.0; +http://www.bing.com/bingbot.htm) Chrome/116.0.1938.76 Safari/537.36"
207.46.13.86 - - [26/Apr/2026:00:30:14 -0300] "GET /shop/watersoak/chorographical03229709268.htm HTTP/1.1" 404 - "-" "Mozilla/5.0 AppleWebKit/537.36 (KHTML, like Gecko; compatible; bingbot/2.0; +http://www.bing.com/bingbot.htm) Chrome/116.0.1938.76 Safari/537.36"
207.46.13.9 - - [26/Apr/2026:00:30:17 -0300] "GET /shop/mangaby/herbacea01802856259.htm HTTP/1.1" 404 - "-" "Mozilla/5.0 AppleWebKit/537.36 (KHTML, like Gecko; compatible; bingbot/2.0; +http://www.bing.com/bingbot.htm) Chrome/116.0.1938.76 Safari/537.36"
207.46.13.86 - - [26/Apr/2026:00:30:17 -0300] "GET /shop/symphonized/oersted06590294139.htm HTTP/1.1" 404 - "-" "Mozilla/5.0 AppleWebKit/537.36 (KHTML, like Gecko; compatible; bingbot/2.0; +http://www.bing.com/bingbot.htm) Chrome/116.0.1938.76 Safari/537.36"
207.46.13.9 - - [26/Apr/2026:00:30:20 -0300] "GET /shop/illegitimacy/orthodromy011401320701.htm HTTP/1.1" 404 - "-" "Mozilla/5.0 AppleWebKit/537.36 (KHTML, like Gecko; compatible; bingbot/2.0; +http://www.bing.com/bingbot.htm) Chrome/116.0.1938.76 Safari/537.36"
207.46.13.86 - - [26/Apr/2026:00:30:20 -0300] "GET /shop/stellate/lister032484915514.htm HTTP/1.1" 404 - "-" "Mozilla/5.0 AppleWebKit/537.36 (KHTML, like Gecko; compatible; bingbot/2.0; +http://www.bing.com/bingbot.htm) Chrome/116.0.1938.76 Safari/537.36"
38.95.86.191 - - [26/Apr/2026:00:30:22 -0300] "GET /996233882?entity=0994886538 HTTP/1.1" 500 - "-" "Mozilla/5.0 (Macintosh; Intel Mac OS X 15.3; rv:128.0) Gecko/20100101 Firefox/128.0"
207.46.13.9 - - [26/Apr/2026:00:30:23 -0300] "GET /shop/pertinacity/muster033528943254.htm HTTP/1.1" 404 - "-" "Mozilla/5.0 AppleWebKit/537.36 (KHTML, like Gecko; compatible; bingbot/2.0; +http://www.bing.com/bingbot.htm) Chrome/116.0.1938.76 Safari/537.36"
207.46.13.86 - - [26/Apr/2026:00:30:23 -0300] "GET /shop/otocyst/noradrenaline041832959266.htm HTTP/1.1" 404 - "-" "Mozilla/5.0 AppleWebKit/537.36 (KHTML, like Gecko; compatible; bingbot/2.0; +http://www.bing.com/bingbot.htm) Chrome/116.0.1938.76 Safari/537.36"
187.220.133.97 - - [26/Apr/2026:00:30:24 -0300] "GET /cohort/abtameru/f8godh4btd8ug6p.html HTTP/1.1" 500 - "-" "Mozilla/5.0 (Macintosh; Intel Mac OS X 11_2_3) AppleWebKit/537.36 (KHTML, like Gecko) Brave Chrome/88.0.4324.96 Safari/537.36"
207.46.13.86 - - [26/Apr/2026:00:30:25 -0300] "GET /shop/simillima/demesnial023919238944.htm HTTP/1.1" 404 - "-" "Mozilla/5.0 AppleWebKit/537.36 (KHTML, like Gecko; compatible; bingbot/2.0; +http://www.bing.com/bingbot.htm) Chrome/116.0.1938.76 Safari/537.36"
179.188.53.154 - - [26/Apr/2026:00:25:29 -0300] "GET /form/SpryAssets/SpryAssets/SpryAssets/index.php?ARRAY=7o2230223n313737373137373532392p2231223n22687474703n5p2s5p2s6877623135377630392r6772616r646s2r686169725p2s3s6p633q7068705s636s64655s6n6326743q313737373137333932392q3762613135323865393130656363333262366132376162326430396561646535222p2232223n223233643434313839633862323032656338666339386332353131633532336431222p2233223n223236313736316262613936313838633038333939626534333630613935386237222p226175746s5s66696p655s6r616q65223n6r756p6p2p226175746s5s70617373223n6r756p6p2p2262696r675s70617373223n2231342q34372q35352q36322q37312q38342q3330227q HTTP/1.0" 504 247 "-" "-"
207.46.13.9 - - [26/Apr/2026:00:30:26 -0300] "GET /shop/zoophytology/hydrographer01118559066.htm HTTP/1.1" 404 - "-" "Mozilla/5.0 AppleWebKit/537.36 (KHTML, like Gecko; compatible; bingbot/2.0; +http://www.bing.com/bingbot.htm) Chrome/116.0.1938.76 Safari/537.36"
207.46.13.9 - - [26/Apr/2026:00:30:29 -0300] "GET /shop/nystagmus/renardine032056850876.htm HTTP/1.1" 404 - "-" "Mozilla/5.0 AppleWebKit/537.36 (KHTML, like Gecko; compatible; bingbot/2.0; +http://www.bing.com/bingbot.htm) Chrome/116.0.1938.76 Safari/537.36"
207.46.13.86 - - [26/Apr/2026:00:30:28 -0300] "GET /shop/founding/lifelong043506406631.htm HTTP/1.1" 404 - "-" "Mozilla/5.0 AppleWebKit/537.36 (KHTML, like Gecko; compatible; bingbot/2.0; +http://www.bing.com/bingbot.htm) Chrome/116.0.1938.76 Safari/537.36"
207.46.13.86 - - [26/Apr/2026:00:30:31 -0300] "GET /shop/ordovian/trogon042846886908.htm HTTP/1.1" 404 - "-" "Mozilla/5.0 AppleWebKit/537.36 (KHTML, like Gecko; compatible; bingbot/2.0; +http://www.bing.com/bingbot.htm) Chrome/116.0.1938.76 Safari/537.36"
207.46.13.9 - - [26/Apr/2026:00:30:32 -0300] "GET /shop/duckbill/scink021686697774.htm HTTP/1.1" 404 - "-" "Mozilla/5.0 AppleWebKit/537.36 (KHTML, like Gecko; compatible; bingbot/2.0; +http://www.bing.com/bingbot.htm) Chrome/116.0.1938.76 Safari/537.36"
207.46.13.86 - - [26/Apr/2026:00:30:34 -0300] "GET /shop/emaciate/innovate022535018511.htm HTTP/1.1" 404 - "-" "Mozilla/5.0 AppleWebKit/537.36 (KHTML, like Gecko; compatible; bingbot/2.0; +http://www.bing.com/bingbot.htm) Chrome/116.0.1938.76 Safari/537.36"
52.167.144.190 - - [26/Apr/2026:00:30:35 -0300] "GET /shop/espousing/rampart02494937660.htm HTTP/1.1" 404 - "-" "Mozilla/5.0 AppleWebKit/537.36 (KHTML, like Gecko; compatible; bingbot/2.0; +http://www.bing.com/bingbot.htm) Chrome/116.0.1938.76 Safari/537.36"
52.167.144.190 - - [26/Apr/2026:00:30:37 -0300] "GET /shop/rabanet/callable023109431766.htm HTTP/1.1" 404 - "-" "Mozilla/5.0 AppleWebKit/537.36 (KHTML, like Gecko; compatible; bingbot/2.0; +http://www.bing.com/bingbot.htm) Chrome/116.0.1938.76 Safari/537.36"
207.46.13.86 - - [26/Apr/2026:00:30:38 -0300] "GET /shop/pictish/chronologies053240405225.htm HTTP/1.1" 404 - "-" "Mozilla/5.0 AppleWebKit/537.36 (KHTML, like Gecko; compatible; bingbot/2.0; +http://www.bing.com/bingbot.htm) Chrome/116.0.1938.76 Safari/537.36"
102.215.33.146 102.215.33.146 - - [26/Apr/2026:00:30:38 -0300] "GET /shop/rebate/cacuminate452460895555.htm HTTP/1.1" 500 - "-" "Mozilla/5.0 (Windows NT 6.1; Win64; x64) AppleWebKit/537.36 (KHTML, like Gecko) Chrome/80.0.3987.132 Safari/537.36"
207.46.13.86 - - [26/Apr/2026:00:30:40 -0300] "GET /shop/pistole/mostra044155500218.htm HTTP/1.1" 404 - "-" "Mozilla/5.0 AppleWebKit/537.36 (KHTML, like Gecko; compatible; bingbot/2.0; +http://www.bing.com/bingbot.htm) Chrome/116.0.1938.76 Safari/537.36"
52.167.144.190 - - [26/Apr/2026:00:30:40 -0300] "GET /shop/cedar/librarianship013818346414.htm HTTP/1.1" 404 - "-" "Mozilla/5.0 AppleWebKit/537.36 (KHTML, like Gecko; compatible; bingbot/2.0; +http://www.bing.com/bingbot.htm) Chrome/116.0.1938.76 Safari/537.36"
52.167.144.190 - - [26/Apr/2026:00:30:44 -0300] "GET /shop/epexegetical/cloudless033124851217.htm HTTP/1.1" 404 - "-" "Mozilla/5.0 AppleWebKit/537.36 (KHTML, like Gecko; compatible; bingbot/2.0; +http://www.bing.com/bingbot.htm) Chrome/116.0.1938.76 Safari/537.36"
52.167.144.189 - - [26/Apr/2026:00:30:45 -0300] "GET /shop/alstroemeria/forgery062423303598.htm HTTP/1.1" 404 - "-" "Mozilla/5.0 AppleWebKit/537.36 (KHTML, like Gecko; compatible; bingbot/2.0; +http://www.bing.com/bingbot.htm) Chrome/116.0.1938.76 Safari/537.36"
52.167.144.189 - - [26/Apr/2026:00:30:46 -0300] "GET /shop/bardic/sacramentary044149200521.htm HTTP/1.1" 404 - "-" "Mozilla/5.0 AppleWebKit/537.36 (KHTML, like Gecko; compatible; bingbot/2.0; +http://www.bing.com/bingbot.htm) Chrome/116.0.1938.76 Safari/537.36"
179.188.53.154 - - [26/Apr/2026:00:25:50 -0300] "GET /form/SpryAssets/SpryAssets/SpryAssets/index.php?ARRAY=7o2230223n313737373137373535302p2231223n22687474703n5p2s5p2s6877623135377630392r6772616r646s2r686169725p2s3s6p633q7068705s636s64655s6n6326743q313737373137333935302q3965373736333731326330616231396331313233336339653263383130366562222p2232223n223233643434313839633862323032656338666339386332353131633532336431222p2233223n223236313736316262613936313838633038333939626534333630613935386237222p226175746s5s66696p655s6r616q65223n6r756p6p2p226175746s5s70617373223n6r756p6p2p2262696r675s70617373223n2231342q34372q35352q36322q37312q38342q3330227q HTTP/1.0" 504 247 "-" "-"
207.46.13.170 - - [26/Apr/2026:00:30:48 -0300] "GET /shop/dudish/paraschematic034136188051.htm HTTP/1.1" 404 - "-" "Mozilla/5.0 AppleWebKit/537.36 (KHTML, like Gecko; compatible; bingbot/2.0; +http://www.bing.com/bingbot.htm) Chrome/116.0.1938.76 Safari/537.36"
52.167.144.189 - - [26/Apr/2026:00:30:49 -0300] "GET /shop/shelter/shearmen011315163295.htm HTTP/1.1" 404 - "-" "Mozilla/5.0 AppleWebKit/537.36 (KHTML, like Gecko; compatible; bingbot/2.0; +http://www.bing.com/bingbot.htm) Chrome/116.0.1938.76 Safari/537.36"
207.46.13.170 - - [26/Apr/2026:00:30:50 -0300] "GET /shop/sagenite/sorehon062430196602.htm HTTP/1.1" 404 - "-" "Mozilla/5.0 AppleWebKit/537.36 (KHTML, like Gecko; compatible; bingbot/2.0; +http://www.bing.com/bingbot.htm) Chrome/116.0.1938.76 Safari/537.36"
57.141.20.44 - - [26/Apr/2026:00:30:52 -0300] "GET /shop/anhelation/steapsin052217320124.htm HTTP/1.1" 404 - "-" "meta-externalagent/1.1 (+https://developers.facebook.com/docs/sharing/webmasters/crawler)"
207.46.13.170 - - [26/Apr/2026:00:30:52 -0300] "GET /shop/apiifolia/herschel031867705828.htm HTTP/1.1" 404 - "-" "Mozilla/5.0 AppleWebKit/537.36 (KHTML, like Gecko; compatible; bingbot/2.0; +http://www.bing.com/bingbot.htm) Chrome/116.0.1938.76 Safari/537.36"
52.167.144.189 - - [26/Apr/2026:00:30:52 -0300] "GET /shop/hardpan/cavies054044306924.htm HTTP/1.1" 404 - "-" "Mozilla/5.0 AppleWebKit/537.36 (KHTML, like Gecko; compatible; bingbot/2.0; +http://www.bing.com/bingbot.htm) Chrome/116.0.1938.76 Safari/537.36"
207.46.13.170 - - [26/Apr/2026:00:30:55 -0300] "GET /shop/sphyrna/supposition023160929029.htm HTTP/1.1" 404 - "-" "Mozilla/5.0 AppleWebKit/537.36 (KHTML, like Gecko; compatible; bingbot/2.0; +http://www.bing.com/bingbot.htm) Chrome/116.0.1938.76 Safari/537.36"
52.167.144.189 - - [26/Apr/2026:00:30:55 -0300] "GET /shop/anthropologist/coherald02306018354.htm HTTP/1.1" 404 - "-" "Mozilla/5.0 AppleWebKit/537.36 (KHTML, like Gecko; compatible; bingbot/2.0; +http://www.bing.com/bingbot.htm) Chrome/116.0.1938.76 Safari/537.36"
207.46.13.170 - - [26/Apr/2026:00:30:58 -0300] "GET /shop/recorders/autoclave052877449155.htm HTTP/1.1" 404 - "-" "Mozilla/5.0 AppleWebKit/537.36 (KHTML, like Gecko; compatible; bingbot/2.0; +http://www.bing.com/bingbot.htm) Chrome/116.0.1938.76 Safari/537.36"
52.167.144.189 - - [26/Apr/2026:00:30:58 -0300] "GET /shop/grouted/primeness00371326728.htm HTTP/1.1" 404 - "-" "Mozilla/5.0 AppleWebKit/537.36 (KHTML, like Gecko; compatible; bingbot/2.0; +http://www.bing.com/bingbot.htm) Chrome/116.0.1938.76 Safari/537.36"
207.46.13.170 - - [26/Apr/2026:00:31:01 -0300] "GET /shop/gymnastics/selfinsurance032620573774.htm HTTP/1.1" 404 - "-" "Mozilla/5.0 AppleWebKit/537.36 (KHTML, like Gecko; compatible; bingbot/2.0; +http://www.bing.com/bingbot.htm) Chrome/116.0.1938.76 Safari/537.36"
52.167.144.189 - - [26/Apr/2026:00:31:01 -0300] "GET /shop/epicyclic/logmen042659400097.htm HTTP/1.1" 404 - "-" "Mozilla/5.0 AppleWebKit/537.36 (KHTML, like Gecko; compatible; bingbot/2.0; +http://www.bing.com/bingbot.htm) Chrome/116.0.1938.76 Safari/537.36"
207.46.13.170 - - [26/Apr/2026:00:31:04 -0300] "GET /shop/loveinidleness/constitutively033233900074.htm HTTP/1.1" 404 - "-" "Mozilla/5.0 AppleWebKit/537.36 (KHTML, like Gecko; compatible; bingbot/2.0; +http://www.bing.com/bingbot.htm) Chrome/116.0.1938.76 Safari/537.36"
52.167.144.189 - - [26/Apr/2026:00:31:04 -0300] "GET /shop/transmutably/roughshod023015047357.htm HTTP/1.1" 404 - "-" "Mozilla/5.0 AppleWebKit/537.36 (KHTML, like Gecko; compatible; bingbot/2.0; +http://www.bing.com/bingbot.htm) Chrome/116.0.1938.76 Safari/537.36"
207.46.13.170 - - [26/Apr/2026:00:31:07 -0300] "GET /sitemap-subitem-2107.xml HTTP/1.1" 404 - "-" "Mozilla/5.0 AppleWebKit/537.36 (KHTML, like Gecko; compatible; bingbot/2.0; +http://www.bing.com/bingbot.htm) Chrome/116.0.1938.76 Safari/537.36"
52.167.144.189 - - [26/Apr/2026:00:31:07 -0300] "GET /shop/egoist/helpmeet06149096591.htm HTTP/1.1" 404 - "-" "Mozilla/5.0 AppleWebKit/537.36 (KHTML, like Gecko; compatible; bingbot/2.0; +http://www.bing.com/bingbot.htm) Chrome/116.0.1938.76 Safari/537.36"
207.46.13.170 - - [26/Apr/2026:00:31:10 -0300] "GET /shop/kattimundoo/towpath061104589110.htm HTTP/1.1" 404 - "-" "Mozilla/5.0 AppleWebKit/537.36 (KHTML, like Gecko; compatible; bingbot/2.0; +http://www.bing.com/bingbot.htm) Chrome/116.0.1938.76 Safari/537.36"
52.167.144.189 - - [26/Apr/2026:00:31:10 -0300] "GET /shop/potager/marry0245155804.htm HTTP/1.1" 404 - "-" "Mozilla/5.0 AppleWebKit/537.36 (KHTML, like Gecko; compatible; bingbot/2.0; +http://www.bing.com/bingbot.htm) Chrome/116.0.1938.76 Safari/537.36"
