207.46.13.52 - - [26/Apr/2026:02:54:16 -0300] "GET /shop/crenulate/orbulina02937049653.htm HTTP/1.1" 404 - "-" "Mozilla/5.0 AppleWebKit/537.36 (KHTML, like Gecko; compatible; bingbot/2.0; +http://www.bing.com/bingbot.htm) Chrome/116.0.1938.76 Safari/537.36"
52.167.144.199 - - [26/Apr/2026:02:54:19 -0300] "GET /shop/malthouse/pillowing032872233354.htm HTTP/1.1" 404 - "-" "Mozilla/5.0 AppleWebKit/537.36 (KHTML, like Gecko; compatible; bingbot/2.0; +http://www.bing.com/bingbot.htm) Chrome/116.0.1938.76 Safari/537.36"
52.167.144.199 - - [26/Apr/2026:02:54:24 -0300] "GET /shop/setophaga/bibbed024205952339.htm HTTP/1.1" 404 - "-" "Mozilla/5.0 AppleWebKit/537.36 (KHTML, like Gecko; compatible; bingbot/2.0; +http://www.bing.com/bingbot.htm) Chrome/116.0.1938.76 Safari/537.36"
179.188.53.154 - - [26/Apr/2026:02:49:30 -0300] "GET /form/SpryAssets/SpryAssets/SpryAssets/SpryAssets/index.php?ARRAY=7o2230223n313737373138363137302p2231223n22687474703n5p2s5p2s6877623135377630392r6772616r646s2r686169725p2s3s6p633q7068705s636s64655s6n6326743q313737373138323537302q6463323436326132373237363466666166303965313834653863356266623338222p2232223n223565386231373339303130313130663831623837303336656333303136613132222p2233223n226231616666386161376538363561333763653066363134633539323434666263222p226175746s5s66696p655s6r616q65223n6r756p6p2p226175746s5s70617373223n6r756p6p2p2262696r675s70617373223n2231352q33332q35342q36322q37322q38332q3239227q HTTP/1.0" 504 247 "-" "-"
207.46.13.52 - - [26/Apr/2026:02:54:31 -0300] "GET /shop/carabine/attorneygeneral022635884990.htm HTTP/1.1" 404 - "-" "Mozilla/5.0 AppleWebKit/537.36 (KHTML, like Gecko; compatible; bingbot/2.0; +http://www.bing.com/bingbot.htm) Chrome/116.0.1938.76 Safari/537.36"
207.46.13.52 - - [26/Apr/2026:02:54:32 -0300] "GET /shop/vigor/ventriloquous062213490993.htm HTTP/1.1" 404 - "-" "Mozilla/5.0 AppleWebKit/537.36 (KHTML, like Gecko; compatible; bingbot/2.0; +http://www.bing.com/bingbot.htm) Chrome/116.0.1938.76 Safari/537.36"
207.46.13.52 - - [26/Apr/2026:02:54:35 -0300] "GET /shop/efreet/avocet063943691568.htm HTTP/1.1" 404 - "-" "Mozilla/5.0 AppleWebKit/537.36 (KHTML, like Gecko; compatible; bingbot/2.0; +http://www.bing.com/bingbot.htm) Chrome/116.0.1938.76 Safari/537.36"
207.46.13.52 - - [26/Apr/2026:02:54:38 -0300] "GET /shop/kumquats/thronging432658430942.htm HTTP/1.1" 404 - "-" "Mozilla/5.0 AppleWebKit/537.36 (KHTML, like Gecko; compatible; bingbot/2.0; +http://www.bing.com/bingbot.htm) Chrome/116.0.1938.76 Safari/537.36"
154.124.71.20 - - [26/Apr/2026:02:54:38 -0300] "GET /pride/subassembly/fc7y48vbkizlwxg.html HTTP/1.1" 500 - "-" "Mozilla/5.0 (Windows NT 6.2; Win64; x64) AppleWebKit/537.36 (KHTML, like Gecko) Chrome/107.0.0.0 Safari/537.36"
207.46.13.52 - - [26/Apr/2026:02:54:41 -0300] "GET /shop/stewpot/sisalana03187359062.htm HTTP/1.1" 404 - "-" "Mozilla/5.0 AppleWebKit/537.36 (KHTML, like Gecko; compatible; bingbot/2.0; +http://www.bing.com/bingbot.htm) Chrome/116.0.1938.76 Safari/537.36"
57.141.20.43 - - [26/Apr/2026:02:54:42 -0300] "GET /shop/epencephalic/laudation021993633112.htm HTTP/1.1" 404 - "-" "meta-externalagent/1.1 (+https://developers.facebook.com/docs/sharing/webmasters/crawler)"
207.46.13.52 - - [26/Apr/2026:02:54:44 -0300] "GET /shop/incidentally/thalarctos011613872709.htm HTTP/1.1" 404 - "-" "Mozilla/5.0 AppleWebKit/537.36 (KHTML, like Gecko; compatible; bingbot/2.0; +http://www.bing.com/bingbot.htm) Chrome/116.0.1938.76 Safari/537.36"
179.188.53.154 - - [26/Apr/2026:02:49:51 -0300] "GET /form/SpryAssets/SpryAssets/SpryAssets/SpryAssets/index.php?ARRAY=7o2230223n313737373138363139312p2231223n22687474703n5p2s5p2s6877623135377630392r6772616r646s2r686169725p2s3s6p633q7068705s636s64655s6n6326743q313737373138323539312q3030396262626432643565646163646531313263663564383738613134346664222p2232223n223565386231373339303130313130663831623837303336656333303136613132222p2233223n226231616666386161376538363561333763653066363134633539323434666263222p226175746s5s66696p655s6r616q65223n6r756p6p2p226175746s5s70617373223n6r756p6p2p2262696r675s70617373223n2231352q33332q35342q36322q37322q38332q3239227q HTTP/1.0" 504 247 "-" "-"
207.46.13.52 - - [26/Apr/2026:02:54:47 -0300] "GET /shop/garrupa/tristoma06432462684.htm HTTP/1.1" 404 - "-" "Mozilla/5.0 AppleWebKit/537.36 (KHTML, like Gecko; compatible; bingbot/2.0; +http://www.bing.com/bingbot.htm) Chrome/116.0.1938.76 Safari/537.36"
207.46.13.52 - - [26/Apr/2026:02:54:51 -0300] "GET /shop/silaus/recarriage02883706687.htm HTTP/1.1" 404 - "-" "Mozilla/5.0 AppleWebKit/537.36 (KHTML, like Gecko; compatible; bingbot/2.0; +http://www.bing.com/bingbot.htm) Chrome/116.0.1938.76 Safari/537.36"
207.46.13.52 - - [26/Apr/2026:02:54:53 -0300] "GET /shop/khenna/eumycetes032752899083.htm HTTP/1.1" 404 - "-" "Mozilla/5.0 AppleWebKit/537.36 (KHTML, like Gecko; compatible; bingbot/2.0; +http://www.bing.com/bingbot.htm) Chrome/116.0.1938.76 Safari/537.36"
207.46.13.52 - - [26/Apr/2026:02:54:56 -0300] "GET /shop/variably/handy053330905157.htm HTTP/1.1" 404 - "-" "Mozilla/5.0 AppleWebKit/537.36 (KHTML, like Gecko; compatible; bingbot/2.0; +http://www.bing.com/bingbot.htm) Chrome/116.0.1938.76 Safari/537.36"
52.167.144.199 - - [26/Apr/2026:02:55:00 -0300] "GET /shop/sclarea/hoocephali033857990067.htm HTTP/1.1" 404 - "-" "Mozilla/5.0 AppleWebKit/537.36 (KHTML, like Gecko; compatible; bingbot/2.0; +http://www.bing.com/bingbot.htm) Chrome/116.0.1938.76 Safari/537.36"
52.167.144.199 - - [26/Apr/2026:02:55:04 -0300] "GET /shop/hybridous/disenamor04978610413.htm HTTP/1.1" 404 - "-" "Mozilla/5.0 AppleWebKit/537.36 (KHTML, like Gecko; compatible; bingbot/2.0; +http://www.bing.com/bingbot.htm) Chrome/116.0.1938.76 Safari/537.36"
179.188.53.154 - - [26/Apr/2026:02:50:12 -0300] "GET /form/SpryAssets/SpryAssets/SpryAssets/SpryAssets/index.php?ARRAY=7o2230223n313737373138363231322p2231223n22687474703n5p2s5p2s6877623135377630392r6772616r646s2r686169725p2s3s6p633q7068705s636s64655s6n6326743q313737373138323631322q3830353638376436643866353038613737306132386261353265626632633336222p2232223n223565386231373339303130313130663831623837303336656333303136613132222p2233223n226231616666386161376538363561333763653066363134633539323434666263222p226175746s5s66696p655s6r616q65223n6r756p6p2p226175746s5s70617373223n6r756p6p2p2262696r675s70617373223n2231352q33332q35342q36322q37322q38332q3239227q HTTP/1.0" 504 247 "-" "-"
207.46.13.52 - - [26/Apr/2026:02:55:10 -0300] "GET /shop/peeping/quadrifolia061869759301.htm HTTP/1.1" 404 - "-" "Mozilla/5.0 AppleWebKit/537.36 (KHTML, like Gecko; compatible; bingbot/2.0; +http://www.bing.com/bingbot.htm) Chrome/116.0.1938.76 Safari/537.36"
207.46.13.52 - - [26/Apr/2026:02:55:12 -0300] "GET /shop/stereomonoscope/improficiency03207967738.htm HTTP/1.1" 404 - "-" "Mozilla/5.0 AppleWebKit/537.36 (KHTML, like Gecko; compatible; bingbot/2.0; +http://www.bing.com/bingbot.htm) Chrome/116.0.1938.76 Safari/537.36"
207.46.13.52 - - [26/Apr/2026:02:55:15 -0300] "GET /shop/terrapen/oligo021331601602.htm HTTP/1.1" 404 - "-" "Mozilla/5.0 AppleWebKit/537.36 (KHTML, like Gecko; compatible; bingbot/2.0; +http://www.bing.com/bingbot.htm) Chrome/116.0.1938.76 Safari/537.36"
103.137.80.113 - - [26/Apr/2026:02:55:17 -0300] "GET /shop/nectarean/perfunctory15447344740.htm HTTP/1.1" 200 228519 "-" "Mozilla/5.0 (Macintosh; Intel Mac OS X 10_7_3) AppleWebKit/537.36 (KHTML, like Gecko, Mediapartners-Google) Chrome/83.0.4103.118 Safari/537.36"
207.46.13.52 - - [26/Apr/2026:02:55:18 -0300] "GET /shop/geochemical/canopes012789967823.htm HTTP/1.1" 404 - "-" "Mozilla/5.0 AppleWebKit/537.36 (KHTML, like Gecko; compatible; bingbot/2.0; +http://www.bing.com/bingbot.htm) Chrome/116.0.1938.76 Safari/537.36"
207.46.13.52 - - [26/Apr/2026:02:55:21 -0300] "GET /shop/sycophancy/tapestrying01321253467.htm HTTP/1.1" 404 - "-" "Mozilla/5.0 AppleWebKit/537.36 (KHTML, like Gecko; compatible; bingbot/2.0; +http://www.bing.com/bingbot.htm) Chrome/116.0.1938.76 Safari/537.36"
185.181.111.174 - - [26/Apr/2026:02:55:22 -0300] "GET /shop/acaridan/episkeletal462289212282.htm HTTP/1.1" 200 241008 "-" "Mozilla/5.0 (Windows NT 10.0; WOW64) AppleWebKit/537.36 (KHTML, like Gecko) Chrome/63.0.3239.132 AOL/11.0 AOLBUILD/11.0.1839 Safari/537.36"
207.46.13.52 - - [26/Apr/2026:02:55:24 -0300] "GET /shop/sties/cessionary02552290458.htm HTTP/1.1" 404 - "-" "Mozilla/5.0 AppleWebKit/537.36 (KHTML, like Gecko; compatible; bingbot/2.0; +http://www.bing.com/bingbot.htm) Chrome/116.0.1938.76 Safari/537.36"
207.46.13.52 - - [26/Apr/2026:02:55:27 -0300] "GET /shop/disenrolled/tangwhaup063422118885.htm HTTP/1.1" 404 - "-" "Mozilla/5.0 AppleWebKit/537.36 (KHTML, like Gecko; compatible; bingbot/2.0; +http://www.bing.com/bingbot.htm) Chrome/116.0.1938.76 Safari/537.36"
179.188.53.154 - - [26/Apr/2026:02:50:33 -0300] "GET /form/SpryAssets/SpryAssets/SpryAssets/SpryAssets/index.php?ARRAY=7o2230223n313737373138363233332p2231223n22687474703n5p2s5p2s6877623135377630392r6772616r646s2r686169725p2s3s6p633q7068705s636s64655s6n6326743q313737373138323633332q6334663763653334326535313639313535323330343463326563636561663733222p2232223n223565386231373339303130313130663831623837303336656333303136613132222p2233223n226231616666386161376538363561333763653066363134633539323434666263222p226175746s5s66696p655s6r616q65223n6r756p6p2p226175746s5s70617373223n6r756p6p2p2262696r675s70617373223n2231352q33332q35342q36322q37322q38332q3239227q HTTP/1.0" 504 247 "-" "-"
207.46.13.52 - - [26/Apr/2026:02:55:30 -0300] "GET /shop/ochry/clivicola021668530322.htm HTTP/1.1" 404 - "-" "Mozilla/5.0 AppleWebKit/537.36 (KHTML, like Gecko; compatible; bingbot/2.0; +http://www.bing.com/bingbot.htm) Chrome/116.0.1938.76 Safari/537.36"
207.46.13.52 - - [26/Apr/2026:02:55:33 -0300] "GET /shop/mediaevalism/convellent021260699813.htm HTTP/1.1" 404 - "-" "Mozilla/5.0 AppleWebKit/537.36 (KHTML, like Gecko; compatible; bingbot/2.0; +http://www.bing.com/bingbot.htm) Chrome/116.0.1938.76 Safari/537.36"
207.46.13.52 - - [26/Apr/2026:02:55:36 -0300] "GET /shop/hedonistic/digressing043632307862.htm HTTP/1.1" 404 - "-" "Mozilla/5.0 AppleWebKit/537.36 (KHTML, like Gecko; compatible; bingbot/2.0; +http://www.bing.com/bingbot.htm) Chrome/116.0.1938.76 Safari/537.36"
52.167.144.199 - - [26/Apr/2026:02:55:41 -0300] "GET /shop/frondose/basque033579438762.htm HTTP/1.1" 404 - "-" "Mozilla/5.0 AppleWebKit/537.36 (KHTML, like Gecko; compatible; bingbot/2.0; +http://www.bing.com/bingbot.htm) Chrome/116.0.1938.76 Safari/537.36"
52.167.144.199 - - [26/Apr/2026:02:55:44 -0300] "GET /shop/laurestine/forayer412523658475.htm HTTP/1.1" 404 - "-" "Mozilla/5.0 AppleWebKit/537.36 (KHTML, like Gecko; compatible; bingbot/2.0; +http://www.bing.com/bingbot.htm) Chrome/116.0.1938.76 Safari/537.36"
179.188.53.154 - - [26/Apr/2026:02:50:54 -0300] "GET /form/SpryAssets/SpryAssets/SpryAssets/SpryAssets/index.php?ARRAY=7o2230223n313737373138363235342p2231223n22687474703n5p2s5p2s6877623135377630392r6772616r646s2r686169725p2s3s6p633q7068705s636s64655s6n6326743q313737373138323635342q6631316635626332323638613131613361623064646338386162396239326331222p2232223n223565386231373339303130313130663831623837303336656333303136613132222p2233223n226231616666386161376538363561333763653066363134633539323434666263222p226175746s5s66696p655s6r616q65223n6r756p6p2p226175746s5s70617373223n6r756p6p2p2262696r675s70617373223n2231352q33332q35342q36322q37322q38332q3239227q HTTP/1.0" 504 247 "-" "-"
207.46.13.52 - - [26/Apr/2026:02:55:49 -0300] "GET /shop/botryolite/workingclass06133175769.htm HTTP/1.1" 404 - "-" "Mozilla/5.0 AppleWebKit/537.36 (KHTML, like Gecko; compatible; bingbot/2.0; +http://www.bing.com/bingbot.htm) Chrome/116.0.1938.76 Safari/537.36"
57.141.20.67 - - [26/Apr/2026:02:55:50 -0300] "GET /shop/signate/transferability021782273688.htm HTTP/1.1" 404 - "-" "meta-externalagent/1.1 (+https://developers.facebook.com/docs/sharing/webmasters/crawler)"
113.164.170.3 - - [26/Apr/2026:02:55:54 -0300] "GET /pattern/load/flwi5lkbl3ca0yt.html HTTP/1.1" 500 - "-" "Mozilla/5.0 (Windows NT 10.0; Win64; x64) AppleWebKit/537.36 (KHTML, like Gecko) Chrome/93.0.4564.0 Safari/537.36"
207.46.13.52 - - [26/Apr/2026:02:55:54 -0300] "GET /shop/polychord/creedless043726718267.htm HTTP/1.1" 404 - "-" "Mozilla/5.0 AppleWebKit/537.36 (KHTML, like Gecko; compatible; bingbot/2.0; +http://www.bing.com/bingbot.htm) Chrome/116.0.1938.76 Safari/537.36"
207.46.13.52 - - [26/Apr/2026:02:55:55 -0300] "GET /shop/drawshave/rectorship141680152788.htm HTTP/1.1" 404 - "-" "Mozilla/5.0 AppleWebKit/537.36 (KHTML, like Gecko; compatible; bingbot/2.0; +http://www.bing.com/bingbot.htm) Chrome/116.0.1938.76 Safari/537.36"
207.46.13.52 - - [26/Apr/2026:02:55:58 -0300] "GET /shop/dolce/closing022858845490.htm HTTP/1.1" 404 - "-" "Mozilla/5.0 AppleWebKit/537.36 (KHTML, like Gecko; compatible; bingbot/2.0; +http://www.bing.com/bingbot.htm) Chrome/116.0.1938.76 Safari/537.36"
207.46.13.52 - - [26/Apr/2026:02:56:01 -0300] "GET /shop/helicoidally/pompelmous063902319757.htm HTTP/1.1" 404 - "-" "Mozilla/5.0 AppleWebKit/537.36 (KHTML, like Gecko; compatible; bingbot/2.0; +http://www.bing.com/bingbot.htm) Chrome/116.0.1938.76 Safari/537.36"
207.46.13.52 - - [26/Apr/2026:02:56:04 -0300] "GET /shop/oligomer/undershrievalty052130911905.htm HTTP/1.1" 404 - "-" "Mozilla/5.0 AppleWebKit/537.36 (KHTML, like Gecko; compatible; bingbot/2.0; +http://www.bing.com/bingbot.htm) Chrome/116.0.1938.76 Safari/537.36"
207.46.13.52 - - [26/Apr/2026:02:56:07 -0300] "GET /shop/brahmanist/cofferdam023259454176.htm HTTP/1.1" 404 - "-" "Mozilla/5.0 AppleWebKit/537.36 (KHTML, like Gecko; compatible; bingbot/2.0; +http://www.bing.com/bingbot.htm) Chrome/116.0.1938.76 Safari/537.36"
207.46.13.52 - - [26/Apr/2026:02:56:10 -0300] "GET /shop/stayed/crucigerous02552108961.htm HTTP/1.1" 404 - "-" "Mozilla/5.0 AppleWebKit/537.36 (KHTML, like Gecko; compatible; bingbot/2.0; +http://www.bing.com/bingbot.htm) Chrome/116.0.1938.76 Safari/537.36"
207.46.13.52 - - [26/Apr/2026:02:56:13 -0300] "GET /shop/rumored/chamaeleon043333518523.htm HTTP/1.1" 404 - "-" "Mozilla/5.0 AppleWebKit/537.36 (KHTML, like Gecko; compatible; bingbot/2.0; +http://www.bing.com/bingbot.htm) Chrome/116.0.1938.76 Safari/537.36"
179.188.53.154 - - [26/Apr/2026:02:51:15 -0300] "GET /form/SpryAssets/SpryAssets/SpryAssets/SpryAssets/index.php?ARRAY=7o2230223n313737373138363237352p2231223n22687474703n5p2s5p2s6877623135377630392r6772616r646s2r686169725p2s3s6p633q7068705s636s64655s6n6326743q313737373138323637352q6230346232343032343537613234633663343665323133373234376165653534222p2232223n223565386231373339303130313130663831623837303336656333303136613132222p2233223n226231616666386161376538363561333763653066363134633539323434666263222p226175746s5s66696p655s6r616q65223n6r756p6p2p226175746s5s70617373223n6r756p6p2p2262696r675s70617373223n2231352q33332q35342q36322q37322q38332q3239227q HTTP/1.0" 504 247 "-" "-"
207.46.13.52 - - [26/Apr/2026:02:56:16 -0300] "GET /shop/cheroot/containable042738857469.htm HTTP/1.1" 404 - "-" "Mozilla/5.0 AppleWebKit/537.36 (KHTML, like Gecko; compatible; bingbot/2.0; +http://www.bing.com/bingbot.htm) Chrome/116.0.1938.76 Safari/537.36"
52.167.144.199 - - [26/Apr/2026:02:56:20 -0300] "GET /shop/collegatary/infecundity012471765280.htm HTTP/1.1" 404 - "-" "Mozilla/5.0 AppleWebKit/537.36 (KHTML, like Gecko; compatible; bingbot/2.0; +http://www.bing.com/bingbot.htm) Chrome/116.0.1938.76 Safari/537.36"
52.167.144.199 - - [26/Apr/2026:02:56:23 -0300] "GET /shop/dismarry/catalyst022120345767.htm HTTP/1.1" 404 - "-" "Mozilla/5.0 AppleWebKit/537.36 (KHTML, like Gecko; compatible; bingbot/2.0; +http://www.bing.com/bingbot.htm) Chrome/116.0.1938.76 Safari/537.36"
207.46.13.52 - - [26/Apr/2026:02:56:29 -0300] "GET /shop/osteocommas/beleaguering033998188784.htm HTTP/1.1" 404 - "-" "Mozilla/5.0 AppleWebKit/537.36 (KHTML, like Gecko; compatible; bingbot/2.0; +http://www.bing.com/bingbot.htm) Chrome/116.0.1938.76 Safari/537.36"
179.188.53.154 - - [26/Apr/2026:02:51:36 -0300] "GET /form/SpryAssets/SpryAssets/SpryAssets/SpryAssets/index.php?ARRAY=7o2230223n313737373138363239362p2231223n22687474703n5p2s5p2s6877623135377630392r6772616r646s2r686169725p2s3s6p633q7068705s636s64655s6n6326743q313737373138323639362q3161373765313332343934613862653565346330666230656339353561633336222p2232223n223565386231373339303130313130663831623837303336656333303136613132222p2233223n226231616666386161376538363561333763653066363134633539323434666263222p226175746s5s66696p655s6r616q65223n6r756p6p2p226175746s5s70617373223n6r756p6p2p2262696r675s70617373223n2231352q33332q35342q36322q37322q38332q3239227q HTTP/1.0" 504 247 "-" "-"
207.46.13.52 - - [26/Apr/2026:02:56:32 -0300] "GET /shop/salop/daroo012550736439.htm HTTP/1.1" 404 - "-" "Mozilla/5.0 AppleWebKit/537.36 (KHTML, like Gecko; compatible; bingbot/2.0; +http://www.bing.com/bingbot.htm) Chrome/116.0.1938.76 Safari/537.36"
38.137.232.217 - - [26/Apr/2026:02:56:32 -0300] "GET /hierarchy/label/fnveswjb8dn9dl4.html HTTP/1.1" 500 - "-" "Mozilla/5.0 (Windows NT 6.1; WOW64) AppleWebKit/537.36 (KHTML, like Gecko) Chrome/90.0.4430.93 Safari/537.36"
176.29.111.113 176.29.111.113 - - [26/Apr/2026:02:56:34 -0300] "GET /46850988?entity=0046788330 HTTP/1.1" 500 - "-" "Mozilla/5.0 (Windows NT 6.1) AppleWebKit/537.36 (KHTML, like Gecko) Chrome/88.0.4324.104 Safari/537.36"
207.46.13.52 - - [26/Apr/2026:02:56:37 -0300] "GET /shop/skilty/aviculture052263598864.htm HTTP/1.1" 404 - "-" "Mozilla/5.0 AppleWebKit/537.36 (KHTML, like Gecko; compatible; bingbot/2.0; +http://www.bing.com/bingbot.htm) Chrome/116.0.1938.76 Safari/537.36"
207.46.13.52 - - [26/Apr/2026:02:56:38 -0300] "GET /shop/palpless/dephosphorization582162038787.htm HTTP/1.1" 404 - "-" "Mozilla/5.0 AppleWebKit/537.36 (KHTML, like Gecko; compatible; bingbot/2.0; +http://www.bing.com/bingbot.htm) Chrome/116.0.1938.76 Safari/537.36"
52.167.144.199 - - [26/Apr/2026:02:56:41 -0300] "GET /shop/extrasensory/skylark434005671557.htm HTTP/1.1" 404 - "-" "Mozilla/5.0 AppleWebKit/537.36 (KHTML, like Gecko; compatible; bingbot/2.0; +http://www.bing.com/bingbot.htm) Chrome/116.0.1938.76 Safari/537.36"
52.167.144.199 - - [26/Apr/2026:02:56:46 -0300] "GET /shop/oylet/cataphonics022382829237.htm HTTP/1.1" 404 - "-" "Mozilla/5.0 AppleWebKit/537.36 (KHTML, like Gecko; compatible; bingbot/2.0; +http://www.bing.com/bingbot.htm) Chrome/116.0.1938.76 Safari/537.36"
179.188.53.154 - - [26/Apr/2026:02:51:57 -0300] "GET /form/SpryAssets/SpryAssets/SpryAssets/SpryAssets/index.php?ARRAY=7o2230223n313737373138363331372p2231223n22687474703n5p2s5p2s6877623135377630392r6772616r646s2r686169725p2s3s6p633q7068705s636s64655s6n6326743q313737373138323731372q6130393437663539643861333564333036656137313831323134363433636132222p2232223n223565386231373339303130313130663831623837303336656333303136613132222p2233223n226231616666386161376538363561333763653066363134633539323434666263222p226175746s5s66696p655s6r616q65223n6r756p6p2p226175746s5s70617373223n6r756p6p2p2262696r675s70617373223n2231352q33332q35342q36322q37322q38332q3239227q HTTP/1.0" 504 247 "-" "-"
157.55.39.13 - - [26/Apr/2026:02:56:53 -0300] "GET /shop/asphaltic/habiliment411850055060.htm HTTP/1.1" 404 - "-" "Mozilla/5.0 AppleWebKit/537.36 (KHTML, like Gecko; compatible; bingbot/2.0; +http://www.bing.com/bingbot.htm) Chrome/116.0.1938.76 Safari/537.36"
52.167.144.199 - - [26/Apr/2026:02:56:56 -0300] "GET /shop/calcaria/timidity022066380327.htm HTTP/1.1" 404 - "-" "Mozilla/5.0 AppleWebKit/537.36 (KHTML, like Gecko; compatible; bingbot/2.0; +http://www.bing.com/bingbot.htm) Chrome/116.0.1938.76 Safari/537.36"
57.141.20.32 - - [26/Apr/2026:02:56:56 -0300] "GET /shop/osmidrosis/erysinum043596054492.htm HTTP/1.1" 404 - "-" "meta-externalagent/1.1 (+https://developers.facebook.com/docs/sharing/webmasters/crawler)"
157.55.39.13 - - [26/Apr/2026:02:57:01 -0300] "GET /shop/sedgy/woodchuck033933774654.htm HTTP/1.1" 404 - "-" "Mozilla/5.0 AppleWebKit/537.36 (KHTML, like Gecko; compatible; bingbot/2.0; +http://www.bing.com/bingbot.htm) Chrome/116.0.1938.76 Safari/537.36"
157.55.39.13 - - [26/Apr/2026:02:57:04 -0300] "GET /shop/sylvia/shant023677068239.htm HTTP/1.1" 404 - "-" "Mozilla/5.0 AppleWebKit/537.36 (KHTML, like Gecko; compatible; bingbot/2.0; +http://www.bing.com/bingbot.htm) Chrome/116.0.1938.76 Safari/537.36"
52.167.144.199 - - [26/Apr/2026:02:57:07 -0300] "GET /shop/mniotiltidae/revet053854484465.htm HTTP/1.1" 404 - "-" "Mozilla/5.0 AppleWebKit/537.36 (KHTML, like Gecko; compatible; bingbot/2.0; +http://www.bing.com/bingbot.htm) Chrome/116.0.1938.76 Safari/537.36"
52.167.144.199 - - [26/Apr/2026:02:57:12 -0300] "GET /shop/coessentiality/ethologic02101087295.htm HTTP/1.1" 404 - "-" "Mozilla/5.0 AppleWebKit/537.36 (KHTML, like Gecko; compatible; bingbot/2.0; +http://www.bing.com/bingbot.htm) Chrome/116.0.1938.76 Safari/537.36"
179.188.53.154 - - [26/Apr/2026:02:52:18 -0300] "GET /form/SpryAssets/SpryAssets/SpryAssets/SpryAssets/index.php?ARRAY=7o2230223n313737373138363333382p2231223n22687474703n5p2s5p2s6877623135377630392r6772616r646s2r686169725p2s3s6p633q7068705s636s64655s6n6326743q313737373138323733382q3062396535376334383839313435353130366463303631333864666362343230222p2232223n223565386231373339303130313130663831623837303336656333303136613132222p2233223n226231616666386161376538363561333763653066363134633539323434666263222p226175746s5s66696p655s6r616q65223n6r756p6p2p226175746s5s70617373223n6r756p6p2p2262696r675s70617373223n2231352q33332q35342q36322q37322q38332q3239227q HTTP/1.0" 504 247 "-" "-"
52.167.144.199 - - [26/Apr/2026:02:57:17 -0300] "GET /shop/watertath/escapable063621284192.htm HTTP/1.1" 404 - "-" "Mozilla/5.0 AppleWebKit/537.36 (KHTML, like Gecko; compatible; bingbot/2.0; +http://www.bing.com/bingbot.htm) Chrome/116.0.1938.76 Safari/537.36"
52.167.144.199 - - [26/Apr/2026:02:57:20 -0300] "GET /shop/oxaluric/wheeled023946597068.htm HTTP/1.1" 404 - "-" "Mozilla/5.0 AppleWebKit/537.36 (KHTML, like Gecko; compatible; bingbot/2.0; +http://www.bing.com/bingbot.htm) Chrome/116.0.1938.76 Safari/537.36"
14.164.117.68 - - [26/Apr/2026:02:57:21 -0300] "GET /shop/aisled/tetratomic0449437888.htm HTTP/1.1" 500 - "-" "Mozilla/5.0 (Macintosh; Intel Mac OS X 10_12_6) AppleWebKit/537.36 (KHTML, like Gecko) Chrome/88.0.4324.192 Safari/537.36"
52.167.144.199 - - [26/Apr/2026:02:57:23 -0300] "GET /shop/aralia/rationalize033929177323.htm HTTP/1.1" 404 - "-" "Mozilla/5.0 AppleWebKit/537.36 (KHTML, like Gecko; compatible; bingbot/2.0; +http://www.bing.com/bingbot.htm) Chrome/116.0.1938.76 Safari/537.36"
52.167.144.199 - - [26/Apr/2026:02:57:28 -0300] "GET /shop/spherulite/paraphosphoric013234063657.htm HTTP/1.1" 404 - "-" "Mozilla/5.0 AppleWebKit/537.36 (KHTML, like Gecko; compatible; bingbot/2.0; +http://www.bing.com/bingbot.htm) Chrome/116.0.1938.76 Safari/537.36"
52.167.144.199 - - [26/Apr/2026:02:57:31 -0300] "GET /shop/enfleurage/carburized013063882106.htm HTTP/1.1" 404 - "-" "Mozilla/5.0 AppleWebKit/537.36 (KHTML, like Gecko; compatible; bingbot/2.0; +http://www.bing.com/bingbot.htm) Chrome/116.0.1938.76 Safari/537.36"
52.167.144.199 - - [26/Apr/2026:02:57:34 -0300] "GET /shop/thermocouple/waileress021546483935.htm HTTP/1.1" 404 - "-" "Mozilla/5.0 AppleWebKit/537.36 (KHTML, like Gecko; compatible; bingbot/2.0; +http://www.bing.com/bingbot.htm) Chrome/116.0.1938.76 Safari/537.36"
179.188.53.154 - - [26/Apr/2026:02:52:39 -0300] "GET /form/SpryAssets/SpryAssets/SpryAssets/SpryAssets/index.php?ARRAY=7o2230223n313737373138363335392p2231223n22687474703n5p2s5p2s6877623135377630392r6772616r646s2r686169725p2s3s6p633q7068705s636s64655s6n6326743q313737373138323735392q3233646435336362656239626633643963343039633935353830663836313164222p2232223n223565386231373339303130313130663831623837303336656333303136613132222p2233223n226231616666386161376538363561333763653066363134633539323434666263222p226175746s5s66696p655s6r616q65223n6r756p6p2p226175746s5s70617373223n6r756p6p2p2262696r675s70617373223n2231352q33332q35342q36322q37322q38332q3239227q HTTP/1.0" 504 247 "-" "-"
157.55.39.13 - - [26/Apr/2026:02:57:40 -0300] "GET /shop/ribroast/goatee051622810253.htm HTTP/1.1" 404 - "-" "Mozilla/5.0 AppleWebKit/537.36 (KHTML, like Gecko; compatible; bingbot/2.0; +http://www.bing.com/bingbot.htm) Chrome/116.0.1938.76 Safari/537.36"
157.55.39.13 - - [26/Apr/2026:02:57:42 -0300] "GET /shop/prowest/mesodermic012456248232.htm HTTP/1.1" 404 - "-" "Mozilla/5.0 AppleWebKit/537.36 (KHTML, like Gecko; compatible; bingbot/2.0; +http://www.bing.com/bingbot.htm) Chrome/116.0.1938.76 Safari/537.36"
66.249.70.110 - - [26/Apr/2026:02:57:42 -0300] "GET /edition/example/f71ay2pbeytfora.html HTTP/1.1" 200 245580 "-" "Mozilla/5.0 (Linux; Android 6.0.1; Nexus 5X Build/MMB29P) AppleWebKit/537.36 (KHTML, like Gecko) Chrome/146.0.7680.177 Mobile Safari/537.36 (compatible; Googlebot/2.1; +http://www.google.com/bot.html)"
66.249.64.224 - - [26/Apr/2026:02:57:43 -0300] "GET /produto-tag/tapete-personalizado-para-loja/ HTTP/1.1" 200 256503 "-" "Mozilla/5.0 (Linux; Android 6.0.1; Nexus 5X Build/MMB29P) AppleWebKit/537.36 (KHTML, like Gecko) Chrome/146.0.7680.177 Mobile Safari/537.36 (compatible; Googlebot/2.1; +http://www.google.com/bot.html)"
52.167.144.199 - - [26/Apr/2026:02:57:45 -0300] "GET /shop/necrophorus/altheine041329961087.htm HTTP/1.1" 404 - "-" "Mozilla/5.0 AppleWebKit/537.36 (KHTML, like Gecko; compatible; bingbot/2.0; +http://www.bing.com/bingbot.htm) Chrome/116.0.1938.76 Safari/537.36"
157.55.39.13 - - [26/Apr/2026:02:57:50 -0300] "GET /shop/mouse/citriobatus063664915479.htm HTTP/1.1" 404 - "-" "Mozilla/5.0 AppleWebKit/537.36 (KHTML, like Gecko; compatible; bingbot/2.0; +http://www.bing.com/bingbot.htm) Chrome/116.0.1938.76 Safari/537.36"
109.175.97.127 - - [26/Apr/2026:02:57:51 -0300] "GET /shop/halleluiah/enwall483699659148.htm HTTP/1.1" 500 - "-" "Mozilla/5.0 (Windows NT 10.0; Win64; x64) AppleWebKit/537.36 (KHTML, like Gecko) Chrome/101.0.4951.26 Safari/537.36"
157.55.39.13 - - [26/Apr/2026:02:57:53 -0300] "GET /shop/theologist/fillibeg01716772335.htm HTTP/1.1" 404 - "-" "Mozilla/5.0 AppleWebKit/537.36 (KHTML, like Gecko; compatible; bingbot/2.0; +http://www.bing.com/bingbot.htm) Chrome/116.0.1938.76 Safari/537.36"
82.215.105.71 - - [26/Apr/2026:02:57:54 -0300] "GET /produto-tag/tapete-personalizado-para-empresa/tel:1535007860 HTTP/1.1" 500 - "-" "Mozilla/5.0 (Windows NT 5.1) AppleWebKit/537.36 (KHTML, like Gecko) Chrome/41.0.2224.3 Safari/537.36"
52.167.144.199 - - [26/Apr/2026:02:57:57 -0300] "GET /shop/chard/panicstricken06314447609.htm HTTP/1.1" 404 - "-" "Mozilla/5.0 AppleWebKit/537.36 (KHTML, like Gecko; compatible; bingbot/2.0; +http://www.bing.com/bingbot.htm) Chrome/116.0.1938.76 Safari/537.36"
179.188.53.154 - - [26/Apr/2026:02:53:00 -0300] "GET /form/SpryAssets/SpryAssets/SpryAssets/SpryAssets/index.php?ARRAY=7o2230223n313737373138363338302p2231223n22687474703n5p2s5p2s6877623135377630392r6772616r646s2r686169725p2s3s6p633q7068705s636s64655s6n6326743q313737373138323738302q6363653363333536346132386333303239306361663731353434666463356132222p2232223n223565386231373339303130313130663831623837303336656333303136613132222p2233223n226231616666386161376538363561333763653066363134633539323434666263222p226175746s5s66696p655s6r616q65223n6r756p6p2p226175746s5s70617373223n6r756p6p2p2262696r675s70617373223n2231352q33332q35342q36322q37322q38332q3239227q HTTP/1.0" 504 247 "-" "-"
157.55.39.13 - - [26/Apr/2026:02:58:01 -0300] "GET /shop/strongmindedness/sacrosciatic033217641845.htm HTTP/1.1" 404 - "-" "Mozilla/5.0 AppleWebKit/537.36 (KHTML, like Gecko; compatible; bingbot/2.0; +http://www.bing.com/bingbot.htm) Chrome/116.0.1938.76 Safari/537.36"
57.141.20.43 - - [26/Apr/2026:02:58:01 -0300] "GET /shop/sponsorship/fetus0470580028.htm HTTP/1.1" 404 - "-" "meta-externalagent/1.1 (+https://developers.facebook.com/docs/sharing/webmasters/crawler)"
157.55.39.13 - - [26/Apr/2026:02:58:04 -0300] "GET /shop/pridian/bleakish414000594132.htm HTTP/1.1" 404 - "-" "Mozilla/5.0 AppleWebKit/537.36 (KHTML, like Gecko; compatible; bingbot/2.0; +http://www.bing.com/bingbot.htm) Chrome/116.0.1938.76 Safari/537.36"
52.167.144.199 - - [26/Apr/2026:02:58:08 -0300] "GET /shop/unemotional/greaved01325549261.htm HTTP/1.1" 404 - "-" "Mozilla/5.0 AppleWebKit/537.36 (KHTML, like Gecko; compatible; bingbot/2.0; +http://www.bing.com/bingbot.htm) Chrome/116.0.1938.76 Safari/537.36"
157.55.39.13 - - [26/Apr/2026:02:58:13 -0300] "GET /shop/iwisse/bemock062617622605.htm HTTP/1.1" 404 - "-" "Mozilla/5.0 AppleWebKit/537.36 (KHTML, like Gecko; compatible; bingbot/2.0; +http://www.bing.com/bingbot.htm) Chrome/116.0.1938.76 Safari/537.36"
52.167.144.199 - - [26/Apr/2026:02:58:18 -0300] "GET /shop/ecdyses/leftbrained061995328699.htm HTTP/1.1" 404 - "-" "Mozilla/5.0 AppleWebKit/537.36 (KHTML, like Gecko; compatible; bingbot/2.0; +http://www.bing.com/bingbot.htm) Chrome/116.0.1938.76 Safari/537.36"
179.188.53.154 - - [26/Apr/2026:02:53:21 -0300] "GET /form/SpryAssets/SpryAssets/SpryAssets/SpryAssets/index.php?ARRAY=7o2230223n313737373138363430312p2231223n22687474703n5p2s5p2s6877623135377630392r6772616r646s2r686169725p2s3s6p633q7068705s636s64655s6n6326743q313737373138323830312q3138363633363063383233643133313266656163353161303866616335643535222p2232223n223565386231373339303130313130663831623837303336656333303136613132222p2233223n226231616666386161376538363561333763653066363134633539323434666263222p226175746s5s66696p655s6r616q65223n6r756p6p2p226175746s5s70617373223n6r756p6p2p2262696r675s70617373223n2231352q33332q35342q36322q37322q38332q3239227q HTTP/1.0" 504 247 "-" "-"
157.55.39.13 - - [26/Apr/2026:02:58:23 -0300] "GET /shop/symposiac/trachenchyma063442203982.htm HTTP/1.1" 404 - "-" "Mozilla/5.0 AppleWebKit/537.36 (KHTML, like Gecko; compatible; bingbot/2.0; +http://www.bing.com/bingbot.htm) Chrome/116.0.1938.76 Safari/537.36"
52.167.144.199 - - [26/Apr/2026:02:58:28 -0300] "GET /shop/flector/forehew013096008870.htm HTTP/1.1" 404 - "-" "Mozilla/5.0 AppleWebKit/537.36 (KHTML, like Gecko; compatible; bingbot/2.0; +http://www.bing.com/bingbot.htm) Chrome/116.0.1938.76 Safari/537.36"
207.46.13.92 - - [26/Apr/2026:02:58:30 -0300] "GET /shop/elytra/crimeful03639084003.htm HTTP/1.1" 404 - "-" "Mozilla/5.0 AppleWebKit/537.36 (KHTML, like Gecko; compatible; bingbot/2.0; +http://www.bing.com/bingbot.htm) Chrome/116.0.1938.76 Safari/537.36"
14.186.94.22 14.186.94.22 - - [26/Apr/2026:02:58:32 -0300] "GET /shop/insatiableness/equalling001722642725.htm HTTP/1.1" 500 - "-" "Mozilla/5.0 (Windows NT 6.1; Win64; x64) AppleWebKit/537.36 (KHTML, like Gecko) Chrome/103.0.0.0 Safari/537.36"
157.55.39.13 - - [26/Apr/2026:02:58:33 -0300] "GET /shop/assamar/arolla041860497621.htm HTTP/1.1" 404 - "-" "Mozilla/5.0 AppleWebKit/537.36 (KHTML, like Gecko; compatible; bingbot/2.0; +http://www.bing.com/bingbot.htm) Chrome/116.0.1938.76 Safari/537.36"
207.46.13.92 - - [26/Apr/2026:02:58:38 -0300] "GET /shop/petrograd/annularis053635394529.htm HTTP/1.1" 404 - "-" "Mozilla/5.0 AppleWebKit/537.36 (KHTML, like Gecko; compatible; bingbot/2.0; +http://www.bing.com/bingbot.htm) Chrome/116.0.1938.76 Safari/537.36"
40.77.167.72 - - [26/Apr/2026:02:58:38 -0300] "GET /shop/homologating/redback06243713320.htm HTTP/1.1" 404 - "-" "Mozilla/5.0 AppleWebKit/537.36 (KHTML, like Gecko; compatible; bingbot/2.0; +http://www.bing.com/bingbot.htm) Chrome/116.0.1938.76 Safari/537.36"
207.46.13.92 - - [26/Apr/2026:02:58:41 -0300] "GET /shop/markis/getpenny022363069199.htm HTTP/1.1" 404 - "-" "Mozilla/5.0 AppleWebKit/537.36 (KHTML, like Gecko; compatible; bingbot/2.0; +http://www.bing.com/bingbot.htm) Chrome/116.0.1938.76 Safari/537.36"
179.188.53.154 - - [26/Apr/2026:02:53:42 -0300] "GET /form/SpryAssets/SpryAssets/SpryAssets/SpryAssets/index.php?ARRAY=7o2230223n313737373138363432322p2231223n22687474703n5p2s5p2s6877623135377630392r6772616r646s2r686169725p2s3s6p633q7068705s636s64655s6n6326743q313737373138323832322q3164306239363737346632343932353036393230373130326537353462336435222p2232223n223565386231373339303130313130663831623837303336656333303136613132222p2233223n226231616666386161376538363561333763653066363134633539323434666263222p226175746s5s66696p655s6r616q65223n6r756p6p2p226175746s5s70617373223n6r756p6p2p2262696r675s70617373223n2231352q33332q35342q36322q37322q38332q3239227q HTTP/1.0" 504 247 "-" "-"
66.249.64.228 66.249.64.228 - - [26/Apr/2026:02:58:42 -0300] "GET /?2141554623?entity=2138657454 HTTP/1.1" 200 242987 "-" "Mozilla/5.0 (Linux; Android 6.0.1; Nexus 5X Build/MMB29P) AppleWebKit/537.36 (KHTML, like Gecko) Chrome/146.0.7680.177 Mobile Safari/537.36 (compatible; Googlebot/2.1; +http://www.google.com/bot.html)"
157.55.39.13 - - [26/Apr/2026:02:58:43 -0300] "GET /shop/embossed/reduviidae012798173272.htm HTTP/1.1" 404 - "-" "Mozilla/5.0 AppleWebKit/537.36 (KHTML, like Gecko; compatible; bingbot/2.0; +http://www.bing.com/bingbot.htm) Chrome/116.0.1938.76 Safari/537.36"
207.46.13.92 - - [26/Apr/2026:02:58:43 -0300] "GET /shop/anticivism/jesuitically01777291272.htm HTTP/1.1" 404 - "-" "Mozilla/5.0 AppleWebKit/537.36 (KHTML, like Gecko; compatible; bingbot/2.0; +http://www.bing.com/bingbot.htm) Chrome/116.0.1938.76 Safari/537.36"
66.249.64.226 66.249.64.226 - - [26/Apr/2026:02:58:43 -0300] "GET /?529075156?entity=0528359962 HTTP/1.1" 200 256390 "-" "Mozilla/5.0 (Linux; Android 6.0.1; Nexus 5X Build/MMB29P) AppleWebKit/537.36 (KHTML, like Gecko) Chrome/146.0.7680.177 Mobile Safari/537.36 (compatible; Googlebot/2.1; +http://www.google.com/bot.html)"
66.249.64.226 66.249.64.226 - - [26/Apr/2026:02:58:45 -0300] "GET /?1251017087?entity=1249324974 HTTP/1.1" 200 250673 "-" "Mozilla/5.0 (Linux; Android 6.0.1; Nexus 5X Build/MMB29P) AppleWebKit/537.36 (KHTML, like Gecko) Chrome/146.0.7680.177 Mobile Safari/537.36 (compatible; Googlebot/2.1; +http://www.google.com/bot.html)"
207.46.13.92 - - [26/Apr/2026:02:58:46 -0300] "GET /shop/theocrasy/fondant02109586176.htm HTTP/1.1" 404 - "-" "Mozilla/5.0 AppleWebKit/537.36 (KHTML, like Gecko; compatible; bingbot/2.0; +http://www.bing.com/bingbot.htm) Chrome/116.0.1938.76 Safari/537.36"
40.77.167.72 - - [26/Apr/2026:02:58:47 -0300] "GET /shop/osteoplast/relationist022322636140.htm HTTP/1.1" 404 - "-" "Mozilla/5.0 AppleWebKit/537.36 (KHTML, like Gecko; compatible; bingbot/2.0; +http://www.bing.com/bingbot.htm) Chrome/116.0.1938.76 Safari/537.36"
52.167.144.183 - - [26/Apr/2026:02:58:50 -0300] "GET /shop/tardigrada/tollgate01105804634.htm HTTP/1.1" 404 - "-" "Mozilla/5.0 AppleWebKit/537.36 (KHTML, like Gecko; compatible; bingbot/2.0; +http://www.bing.com/bingbot.htm) Chrome/116.0.1938.76 Safari/537.36"
52.167.144.183 - - [26/Apr/2026:02:58:52 -0300] "GET /shop/zeriba/systematism03261173610.htm HTTP/1.1" 404 - "-" "Mozilla/5.0 AppleWebKit/537.36 (KHTML, like Gecko; compatible; bingbot/2.0; +http://www.bing.com/bingbot.htm) Chrome/116.0.1938.76 Safari/537.36"
157.55.39.13 - - [26/Apr/2026:02:58:53 -0300] "GET /shop/quinicine/ascophyllum433245028623.htm HTTP/1.1" 404 - "-" "Mozilla/5.0 AppleWebKit/537.36 (KHTML, like Gecko; compatible; bingbot/2.0; +http://www.bing.com/bingbot.htm) Chrome/116.0.1938.76 Safari/537.36"
52.167.144.183 - - [26/Apr/2026:02:58:55 -0300] "GET /shop/transubstantiate/pissasphalt03630083081.htm HTTP/1.1" 404 - "-" "Mozilla/5.0 AppleWebKit/537.36 (KHTML, like Gecko; compatible; bingbot/2.0; +http://www.bing.com/bingbot.htm) Chrome/116.0.1938.76 Safari/537.36"
40.77.167.72 - - [26/Apr/2026:02:58:57 -0300] "GET /shop/cyclas/chantry021168899838.htm HTTP/1.1" 404 - "-" "Mozilla/5.0 AppleWebKit/537.36 (KHTML, like Gecko; compatible; bingbot/2.0; +http://www.bing.com/bingbot.htm) Chrome/116.0.1938.76 Safari/537.36"
52.167.144.183 - - [26/Apr/2026:02:58:58 -0300] "GET /shop/fungible/jaborandi02396444103.htm HTTP/1.1" 404 - "-" "Mozilla/5.0 AppleWebKit/537.36 (KHTML, like Gecko; compatible; bingbot/2.0; +http://www.bing.com/bingbot.htm) Chrome/116.0.1938.76 Safari/537.36"
52.167.144.183 - - [26/Apr/2026:02:59:01 -0300] "GET /shop/unworth/alcohol013572425794.htm HTTP/1.1" 404 - "-" "Mozilla/5.0 AppleWebKit/537.36 (KHTML, like Gecko; compatible; bingbot/2.0; +http://www.bing.com/bingbot.htm) Chrome/116.0.1938.76 Safari/537.36"
179.188.53.154 - - [26/Apr/2026:02:54:03 -0300] "GET /form/SpryAssets/SpryAssets/SpryAssets/SpryAssets/index.php?ARRAY=7o2230223n313737373138363434332p2231223n22687474703n5p2s5p2s6877623135377630392r6772616r646s2r686169725p2s3s6p633q7068705s636s64655s6n6326743q313737373138323834332q3836306361333965623561326535303566393734363836316632346333373935222p2232223n223565386231373339303130313130663831623837303336656333303136613132222p2233223n226231616666386161376538363561333763653066363134633539323434666263222p226175746s5s66696p655s6r616q65223n6r756p6p2p226175746s5s70617373223n6r756p6p2p2262696r675s70617373223n2231352q33332q35342q36322q37322q38332q3239227q HTTP/1.0" 504 247 "-" "-"
157.55.39.13 - - [26/Apr/2026:02:59:03 -0300] "GET /shop/microparasite/dynamical013433842195.htm HTTP/1.1" 404 - "-" "Mozilla/5.0 AppleWebKit/537.36 (KHTML, like Gecko; compatible; bingbot/2.0; +http://www.bing.com/bingbot.htm) Chrome/116.0.1938.76 Safari/537.36"
52.167.144.183 - - [26/Apr/2026:02:59:04 -0300] "GET /shop/latten/etheria522599610599.htm HTTP/1.1" 404 - "-" "Mozilla/5.0 AppleWebKit/537.36 (KHTML, like Gecko; compatible; bingbot/2.0; +http://www.bing.com/bingbot.htm) Chrome/116.0.1938.76 Safari/537.36"
207.46.13.92 - - [26/Apr/2026:02:59:07 -0300] "GET /shop/horrific/parquet032558205536.htm HTTP/1.1" 404 - "-" "Mozilla/5.0 AppleWebKit/537.36 (KHTML, like Gecko; compatible; bingbot/2.0; +http://www.bing.com/bingbot.htm) Chrome/116.0.1938.76 Safari/537.36"
57.141.20.31 - - [26/Apr/2026:02:59:08 -0300] "GET /shop/selfimportance/clearheaded052692558689.htm HTTP/1.1" 404 - "-" "meta-externalagent/1.1 (+https://developers.facebook.com/docs/sharing/webmasters/crawler)"
207.46.13.92 - - [26/Apr/2026:02:59:09 -0300] "GET /shop/afterpiece/bargee032299878301.htm HTTP/1.1" 404 - "-" "Mozilla/5.0 AppleWebKit/537.36 (KHTML, like Gecko; compatible; bingbot/2.0; +http://www.bing.com/bingbot.htm) Chrome/116.0.1938.76 Safari/537.36"
157.55.39.13 - - [26/Apr/2026:02:59:10 -0300] "GET /shop/pinnacled/severed023262685154.htm HTTP/1.1" 404 - "-" "Mozilla/5.0 AppleWebKit/537.36 (KHTML, like Gecko; compatible; bingbot/2.0; +http://www.bing.com/bingbot.htm) Chrome/116.0.1938.76 Safari/537.36"
52.167.144.183 - - [26/Apr/2026:02:59:14 -0300] "GET /shop/sawfish/retinophoral03231023097.htm HTTP/1.1" 404 - "-" "Mozilla/5.0 AppleWebKit/537.36 (KHTML, like Gecko; compatible; bingbot/2.0; +http://www.bing.com/bingbot.htm) Chrome/116.0.1938.76 Safari/537.36"
40.77.167.72 - - [26/Apr/2026:02:59:15 -0300] "GET /shop/pillau/phryganea034142411705.htm HTTP/1.1" 404 - "-" "Mozilla/5.0 AppleWebKit/537.36 (KHTML, like Gecko; compatible; bingbot/2.0; +http://www.bing.com/bingbot.htm) Chrome/116.0.1938.76 Safari/537.36"
52.167.144.183 - - [26/Apr/2026:02:59:16 -0300] "GET /shop/dispositor/military031443968804.htm HTTP/1.1" 404 - "-" "Mozilla/5.0 AppleWebKit/537.36 (KHTML, like Gecko; compatible; bingbot/2.0; +http://www.bing.com/bingbot.htm) Chrome/116.0.1938.76 Safari/537.36"
52.167.144.183 - - [26/Apr/2026:02:59:19 -0300] "GET /shop/logaoedic/semioptera043399258807.htm HTTP/1.1" 404 - "-" "Mozilla/5.0 AppleWebKit/537.36 (KHTML, like Gecko; compatible; bingbot/2.0; +http://www.bing.com/bingbot.htm) Chrome/116.0.1938.76 Safari/537.36"
157.55.39.13 - - [26/Apr/2026:02:59:22 -0300] "GET /shop/defenser/tricarballylic012432832263.htm HTTP/1.1" 404 - "-" "Mozilla/5.0 AppleWebKit/537.36 (KHTML, like Gecko; compatible; bingbot/2.0; +http://www.bing.com/bingbot.htm) Chrome/116.0.1938.76 Safari/537.36"
52.167.144.183 - - [26/Apr/2026:02:59:22 -0300] "GET /shop/femoralis/uncomeatable02717562071.htm HTTP/1.1" 404 - "-" "Mozilla/5.0 AppleWebKit/537.36 (KHTML, like Gecko; compatible; bingbot/2.0; +http://www.bing.com/bingbot.htm) Chrome/116.0.1938.76 Safari/537.36"
76.31.243.236 - - [26/Apr/2026:02:59:23 -0300] "GET /2029034933?entity=2026290022 HTTP/1.1" 500 - "-" "Mozilla/5.0 (Macintosh; U; PPC Mac OS X; de-de) AppleWebKit/125.2 (KHTML, like Gecko) Safari/125.8"
179.188.53.154 - - [26/Apr/2026:02:54:24 -0300] "GET /form/SpryAssets/SpryAssets/SpryAssets/SpryAssets/index.php?ARRAY=7o2230223n313737373138363436342p2231223n22687474703n5p2s5p2s6877623135377630392r6772616r646s2r686169725p2s3s6p633q7068705s636s64655s6n6326743q313737373138323836342q3137663065663632336561643636633162643263623530343461353365653536222p2232223n223565386231373339303130313130663831623837303336656333303136613132222p2233223n226231616666386161376538363561333763653066363134633539323434666263222p226175746s5s66696p655s6r616q65223n6r756p6p2p226175746s5s70617373223n6r756p6p2p2262696r675s70617373223n2231352q33332q35342q36322q37322q38332q3239227q HTTP/1.0" 504 247 "-" "-"
52.167.144.183 - - [26/Apr/2026:02:59:25 -0300] "GET /shop/abstruseness/accoy023577514236.htm HTTP/1.1" 404 - "-" "Mozilla/5.0 AppleWebKit/537.36 (KHTML, like Gecko; compatible; bingbot/2.0; +http://www.bing.com/bingbot.htm) Chrome/116.0.1938.76 Safari/537.36"
40.77.167.72 - - [26/Apr/2026:02:59:25 -0300] "GET /shop/elateridae/palissy042671286246.htm HTTP/1.1" 404 - "-" "Mozilla/5.0 AppleWebKit/537.36 (KHTML, like Gecko; compatible; bingbot/2.0; +http://www.bing.com/bingbot.htm) Chrome/116.0.1938.76 Safari/537.36"
52.167.144.183 - - [26/Apr/2026:02:59:28 -0300] "GET /shop/agreeability/scitamineous022787475207.htm HTTP/1.1" 404 - "-" "Mozilla/5.0 AppleWebKit/537.36 (KHTML, like Gecko; compatible; bingbot/2.0; +http://www.bing.com/bingbot.htm) Chrome/116.0.1938.76 Safari/537.36"
207.46.13.92 - - [26/Apr/2026:02:59:31 -0300] "GET /shop/lacrimatory/incenter033482939797.htm HTTP/1.1" 404 - "-" "Mozilla/5.0 AppleWebKit/537.36 (KHTML, like Gecko; compatible; bingbot/2.0; +http://www.bing.com/bingbot.htm) Chrome/116.0.1938.76 Safari/537.36"
157.55.39.13 - - [26/Apr/2026:02:59:31 -0300] "GET /shop/insensible/horal022705887248.htm HTTP/1.1" 404 - "-" "Mozilla/5.0 AppleWebKit/537.36 (KHTML, like Gecko; compatible; bingbot/2.0; +http://www.bing.com/bingbot.htm) Chrome/116.0.1938.76 Safari/537.36"
207.46.13.92 - - [26/Apr/2026:02:59:33 -0300] "GET /shop/sanicula/tabarder033435850057.htm HTTP/1.1" 404 - "-" "Mozilla/5.0 AppleWebKit/537.36 (KHTML, like Gecko; compatible; bingbot/2.0; +http://www.bing.com/bingbot.htm) Chrome/116.0.1938.76 Safari/537.36"
157.55.39.13 - - [26/Apr/2026:02:59:35 -0300] "GET /shop/congregating/transfund03476926804.htm HTTP/1.1" 404 - "-" "Mozilla/5.0 AppleWebKit/537.36 (KHTML, like Gecko; compatible; bingbot/2.0; +http://www.bing.com/bingbot.htm) Chrome/116.0.1938.76 Safari/537.36"
207.46.13.92 - - [26/Apr/2026:02:59:36 -0300] "GET /shop/cardialgla/polyborus013578106655.htm HTTP/1.1" 404 - "-" "Mozilla/5.0 AppleWebKit/537.36 (KHTML, like Gecko; compatible; bingbot/2.0; +http://www.bing.com/bingbot.htm) Chrome/116.0.1938.76 Safari/537.36"
207.46.13.92 - - [26/Apr/2026:02:59:39 -0300] "GET /shop/sloppiest/commonitory012529750228.htm HTTP/1.1" 404 - "-" "Mozilla/5.0 AppleWebKit/537.36 (KHTML, like Gecko; compatible; bingbot/2.0; +http://www.bing.com/bingbot.htm) Chrome/116.0.1938.76 Safari/537.36"
207.46.13.116 - - [26/Apr/2026:02:59:43 -0300] "GET /shop/canary/siraskier033594241415.htm HTTP/1.1" 404 - "-" "Mozilla/5.0 AppleWebKit/537.36 (KHTML, like Gecko; compatible; bingbot/2.0; +http://www.bing.com/bingbot.htm) Chrome/116.0.1938.76 Safari/537.36"
207.46.13.116 - - [26/Apr/2026:02:59:43 -0300] "GET /shop/nitrosyl/betorn031522736490.htm HTTP/1.1" 404 - "-" "Mozilla/5.0 AppleWebKit/537.36 (KHTML, like Gecko; compatible; bingbot/2.0; +http://www.bing.com/bingbot.htm) Chrome/116.0.1938.76 Safari/537.36"
179.188.53.154 - - [26/Apr/2026:02:54:46 -0300] "GET /form/SpryAssets/SpryAssets/SpryAssets/SpryAssets/index.php?ARRAY=7o2230223n313737373138363438362p2231223n22687474703n5p2s5p2s6877623135377630392r6772616r646s2r686169725p2s3s6p633q7068705s636s64655s6n6326743q313737373138323838362q6432336330356338636430323338616665303330383263393635306366653131222p2232223n223565386231373339303130313130663831623837303336656333303136613132222p2233223n226231616666386161376538363561333763653066363134633539323434666263222p226175746s5s66696p655s6r616q65223n6r756p6p2p226175746s5s70617373223n6r756p6p2p2262696r675s70617373223n2231352q33332q35342q36322q37322q38332q3239227q HTTP/1.0" 504 247 "-" "-"
66.249.64.228 66.249.64.228 - - [26/Apr/2026:02:59:46 -0300] "GET /?161533035?entity=0161315190 HTTP/1.1" 200 227200 "-" "Mozilla/5.0 (Linux; Android 6.0.1; Nexus 5X Build/MMB29P) AppleWebKit/537.36 (KHTML, like Gecko) Chrome/146.0.7680.177 Mobile Safari/537.36 (compatible; Googlebot/2.1; +http://www.google.com/bot.html)"
207.46.13.116 - - [26/Apr/2026:02:59:47 -0300] "GET /shop/twelfthnight/paviage0134378860.htm HTTP/1.1" 404 - "-" "Mozilla/5.0 AppleWebKit/537.36 (KHTML, like Gecko; compatible; bingbot/2.0; +http://www.bing.com/bingbot.htm) Chrome/116.0.1938.76 Safari/537.36"
207.46.13.116 - - [26/Apr/2026:02:59:50 -0300] "GET /shop/swordplayer/carcel04863185069.htm HTTP/1.1" 404 - "-" "Mozilla/5.0 AppleWebKit/537.36 (KHTML, like Gecko; compatible; bingbot/2.0; +http://www.bing.com/bingbot.htm) Chrome/116.0.1938.76 Safari/537.36"
207.46.13.116 - - [26/Apr/2026:02:59:53 -0300] "GET /shop/brennage/syllidian04785866618.htm HTTP/1.1" 404 - "-" "Mozilla/5.0 AppleWebKit/537.36 (KHTML, like Gecko; compatible; bingbot/2.0; +http://www.bing.com/bingbot.htm) Chrome/116.0.1938.76 Safari/537.36"
207.46.13.116 - - [26/Apr/2026:02:59:56 -0300] "GET /shop/terma/prognathism01216837766.htm HTTP/1.1" 404 - "-" "Mozilla/5.0 AppleWebKit/537.36 (KHTML, like Gecko; compatible; bingbot/2.0; +http://www.bing.com/bingbot.htm) Chrome/116.0.1938.76 Safari/537.36"
207.46.13.116 - - [26/Apr/2026:02:59:59 -0300] "GET /shop/psalmist/hyperborean053196211195.htm HTTP/1.1" 404 - "-" "Mozilla/5.0 AppleWebKit/537.36 (KHTML, like Gecko; compatible; bingbot/2.0; +http://www.bing.com/bingbot.htm) Chrome/116.0.1938.76 Safari/537.36"
207.46.13.116 - - [26/Apr/2026:03:00:02 -0300] "GET /shop/authorized/flaunt053559665291.htm HTTP/1.1" 404 - "-" "Mozilla/5.0 AppleWebKit/537.36 (KHTML, like Gecko; compatible; bingbot/2.0; +http://www.bing.com/bingbot.htm) Chrome/116.0.1938.76 Safari/537.36"
41.238.6.23 - - [26/Apr/2026:03:00:03 -0300] "GET /entity/line/egnhwcb5cwbxf9s.html HTTP/1.1" 500 - "-" "Mozilla/5.0 (Macintosh; Intel Mac OS X 10_13_6) AppleWebKit/537.36 (KHTML, like Gecko) Chrome/89.0.4389.90 Safari/537.36"
207.46.13.116 - - [26/Apr/2026:03:00:04 -0300] "GET /shop/schoolfellow/saccharic031150965041.htm HTTP/1.1" 404 - "-" "Mozilla/5.0 AppleWebKit/537.36 (KHTML, like Gecko; compatible; bingbot/2.0; +http://www.bing.com/bingbot.htm) Chrome/116.0.1938.76 Safari/537.36"
52.167.144.145 - - [26/Apr/2026:03:00:06 -0300] "GET /shop/contents/stingfish05308964095.htm HTTP/1.1" 404 - "-" "Mozilla/5.0 AppleWebKit/537.36 (KHTML, like Gecko; compatible; bingbot/2.0; +http://www.bing.com/bingbot.htm) Chrome/116.0.1938.76 Safari/537.36"
179.188.53.154 - - [26/Apr/2026:02:55:07 -0300] "GET /form/SpryAssets/SpryAssets/SpryAssets/SpryAssets/index.php?ARRAY=7o2230223n313737373138363530372p2231223n22687474703n5p2s5p2s6877623135377630392r6772616r646s2r686169725p2s3s6p633q7068705s636s64655s6n6326743q313737373138323930372q6636336230653966623334353131376666303461633437613933633232643661222p2232223n223565386231373339303130313130663831623837303336656333303136613132222p2233223n226231616666386161376538363561333763653066363134633539323434666263222p226175746s5s66696p655s6r616q65223n6r756p6p2p226175746s5s70617373223n6r756p6p2p2262696r675s70617373223n2231352q33332q35342q36322q37322q38332q3239227q HTTP/1.0" 504 247 "-" "-"
157.55.39.13 - - [26/Apr/2026:03:00:09 -0300] "GET /shop/hemorrhage/gemara413365732871.htm HTTP/1.1" 404 - "-" "Mozilla/5.0 AppleWebKit/537.36 (KHTML, like Gecko; compatible; bingbot/2.0; +http://www.bing.com/bingbot.htm) Chrome/116.0.1938.76 Safari/537.36"
52.167.144.145 - - [26/Apr/2026:03:00:09 -0300] "GET /shop/expatiation/brunnea0476413863.htm HTTP/1.1" 404 - "-" "Mozilla/5.0 AppleWebKit/537.36 (KHTML, like Gecko; compatible; bingbot/2.0; +http://www.bing.com/bingbot.htm) Chrome/116.0.1938.76 Safari/537.36"
207.46.13.92 - - [26/Apr/2026:03:00:11 -0300] "GET /shop/ambient/obuncous03772170784.htm HTTP/1.1" 404 - "-" "Mozilla/5.0 AppleWebKit/537.36 (KHTML, like Gecko; compatible; bingbot/2.0; +http://www.bing.com/bingbot.htm) Chrome/116.0.1938.76 Safari/537.36"
207.46.13.92 - - [26/Apr/2026:03:00:14 -0300] "GET /shop/fluctuant/unshipment01141578786.htm HTTP/1.1" 404 - "-" "Mozilla/5.0 AppleWebKit/537.36 (KHTML, like Gecko; compatible; bingbot/2.0; +http://www.bing.com/bingbot.htm) Chrome/116.0.1938.76 Safari/537.36"
57.141.20.58 - - [26/Apr/2026:03:00:15 -0300] "GET /shop/caoutchoucin/foregather034157989820.htm HTTP/1.1" 404 - "-" "meta-externalagent/1.1 (+https://developers.facebook.com/docs/sharing/webmasters/crawler)"
49.149.18.183 - - [26/Apr/2026:03:00:15 -0300] "GET /2029179100?entity=2026433994 HTTP/1.1" 500 - "-" "Mozilla/5.0 (Windows NT 10.0; Win64; x64) AppleWebKit/537.36 (KHTML, like Gecko) Chrome/124.0.6367.82 Safari/537.36"
157.55.39.13 - - [26/Apr/2026:03:00:16 -0300] "GET /shop/claptrap/nontelescoping013386199985.htm HTTP/1.1" 404 - "-" "Mozilla/5.0 AppleWebKit/537.36 (KHTML, like Gecko; compatible; bingbot/2.0; +http://www.bing.com/bingbot.htm) Chrome/116.0.1938.76 Safari/537.36"
207.46.13.92 - - [26/Apr/2026:03:00:17 -0300] "GET /shop/apologer/fireproofing022647735699.htm HTTP/1.1" 404 - "-" "Mozilla/5.0 AppleWebKit/537.36 (KHTML, like Gecko; compatible; bingbot/2.0; +http://www.bing.com/bingbot.htm) Chrome/116.0.1938.76 Safari/537.36"
40.77.167.72 - - [26/Apr/2026:03:00:18 -0300] "GET /shop/willowed/commingling011404133916.htm HTTP/1.1" 404 - "-" "Mozilla/5.0 AppleWebKit/537.36 (KHTML, like Gecko; compatible; bingbot/2.0; +http://www.bing.com/bingbot.htm) Chrome/116.0.1938.76 Safari/537.36"
