40.77.167.235 - - [26/Apr/2026:04:20:13 -0300] "GET /shop/calve/nonelectrical023113505864.htm HTTP/1.1" 404 - "-" "Mozilla/5.0 AppleWebKit/537.36 (KHTML, like Gecko; compatible; bingbot/2.0; +http://www.bing.com/bingbot.htm) Chrome/116.0.1938.76 Safari/537.36"
57.141.20.3 - - [26/Apr/2026:04:20:15 -0300] "GET /shop/preemption/barbatulus04382754324.htm HTTP/1.1" 404 - "-" "meta-externalagent/1.1 (+https://developers.facebook.com/docs/sharing/webmasters/crawler)"
207.46.13.31 - - [26/Apr/2026:04:20:21 -0300] "GET /shop/backstroke/softling02272610332.htm HTTP/1.1" 404 - "-" "Mozilla/5.0 AppleWebKit/537.36 (KHTML, like Gecko; compatible; bingbot/2.0; +http://www.bing.com/bingbot.htm) Chrome/116.0.1938.76 Safari/537.36"
207.46.13.31 - - [26/Apr/2026:04:20:22 -0300] "GET /shop/exteriorization/loyally03842045271.htm HTTP/1.1" 404 - "-" "Mozilla/5.0 AppleWebKit/537.36 (KHTML, like Gecko; compatible; bingbot/2.0; +http://www.bing.com/bingbot.htm) Chrome/116.0.1938.76 Safari/537.36"
40.77.167.235 - - [26/Apr/2026:04:20:23 -0300] "GET /shop/detonizing/urania02894002793.htm HTTP/1.1" 404 - "-" "Mozilla/5.0 AppleWebKit/537.36 (KHTML, like Gecko; compatible; bingbot/2.0; +http://www.bing.com/bingbot.htm) Chrome/116.0.1938.76 Safari/537.36"
40.77.167.143 - - [26/Apr/2026:04:20:25 -0300] "GET /?1895440342?entity=1892876210 HTTP/1.1" 404 - "-" "Mozilla/5.0 AppleWebKit/537.36 (KHTML, like Gecko; compatible; bingbot/2.0; +http://www.bing.com/bingbot.htm) Chrome/116.0.1938.76 Safari/537.36"
207.46.13.116 - - [26/Apr/2026:04:20:28 -0300] "GET /shop/quadribasic/wriest023470195114.htm HTTP/1.1" 404 - "-" "Mozilla/5.0 AppleWebKit/537.36 (KHTML, like Gecko; compatible; bingbot/2.0; +http://www.bing.com/bingbot.htm) Chrome/116.0.1938.76 Safari/537.36"
157.55.39.48 - - [26/Apr/2026:04:20:29 -0300] "GET /shop/brucia/feeblest02375749839.htm HTTP/1.1" 404 - "-" "Mozilla/5.0 AppleWebKit/537.36 (KHTML, like Gecko; compatible; bingbot/2.0; +http://www.bing.com/bingbot.htm) Chrome/116.0.1938.76 Safari/537.36"
45.6.237.164 45.6.237.164 - - [26/Apr/2026:04:20:29 -0300] "GET /module/portion/f1nkwcbbci31apk.html HTTP/1.1" 500 - "-" "Mozilla/5.0 (Windows NT 10.0; Win64; x64) AppleWebKit/537.36 (KHTML, like Gecko) Chrome/90.0.4430.41 Safari/537.36"
207.46.13.116 - - [26/Apr/2026:04:20:31 -0300] "GET /shop/harnsey/lysichitum02616351735.htm HTTP/1.1" 404 - "-" "Mozilla/5.0 AppleWebKit/537.36 (KHTML, like Gecko; compatible; bingbot/2.0; +http://www.bing.com/bingbot.htm) Chrome/116.0.1938.76 Safari/537.36"
157.55.39.48 - - [26/Apr/2026:04:20:31 -0300] "GET /shop/violating/rheumatismal033476674214.htm HTTP/1.1" 404 - "-" "Mozilla/5.0 AppleWebKit/537.36 (KHTML, like Gecko; compatible; bingbot/2.0; +http://www.bing.com/bingbot.htm) Chrome/116.0.1938.76 Safari/537.36"
113.165.164.137 - - [26/Apr/2026:04:20:33 -0300] "GET /2028619006?entity=2025874658 HTTP/1.1" 500 - "-" "Mozilla/5.0 (Windows NT 10.0; Win64; x64) AppleWebKit/537.36 (KHTML, like Gecko) Chrome/133.0.6943.53 Safari/537.36"
157.55.39.48 - - [26/Apr/2026:04:20:35 -0300] "GET /shop/hydroxylamine/cornific01604164049.htm HTTP/1.1" 404 - "-" "Mozilla/5.0 AppleWebKit/537.36 (KHTML, like Gecko; compatible; bingbot/2.0; +http://www.bing.com/bingbot.htm) Chrome/116.0.1938.76 Safari/537.36"
40.77.167.235 - - [26/Apr/2026:04:20:37 -0300] "GET /shop/unordered/coolly012481742343.htm HTTP/1.1" 404 - "-" "Mozilla/5.0 AppleWebKit/537.36 (KHTML, like Gecko; compatible; bingbot/2.0; +http://www.bing.com/bingbot.htm) Chrome/116.0.1938.76 Safari/537.36"
157.55.39.53 - - [26/Apr/2026:04:20:37 -0300] "GET /shop/toxotes/multifidus06419024332.htm HTTP/1.1" 404 - "-" "Mozilla/5.0 AppleWebKit/537.36 (KHTML, like Gecko; compatible; bingbot/2.0; +http://www.bing.com/bingbot.htm) Chrome/116.0.1938.76 Safari/537.36"
157.55.39.53 - - [26/Apr/2026:04:20:38 -0300] "GET /shop/exceptive/pyoid02762428760.htm HTTP/1.1" 404 - "-" "Mozilla/5.0 AppleWebKit/537.36 (KHTML, like Gecko; compatible; bingbot/2.0; +http://www.bing.com/bingbot.htm) Chrome/116.0.1938.76 Safari/537.36"
157.55.39.53 - - [26/Apr/2026:04:20:40 -0300] "GET /shop/shill/typus011136432256.htm HTTP/1.1" 404 - "-" "Mozilla/5.0 AppleWebKit/537.36 (KHTML, like Gecko; compatible; bingbot/2.0; +http://www.bing.com/bingbot.htm) Chrome/116.0.1938.76 Safari/537.36"
103.135.138.162 - - [26/Apr/2026:04:20:42 -0300] "GET /shop/haema/littorina012275844661.htm HTTP/1.1" 500 - "-" "Mozilla/5.0 (Macintosh; Intel Mac OS X 10_15_7) AppleWebKit/537.36 (KHTML, like Gecko) Chrome/96.0.4664.45 Safari/537.36"
40.77.167.235 - - [26/Apr/2026:04:20:42 -0300] "GET /shop/cerecloth/chondrichthyes04147396335.htm HTTP/1.1" 404 - "-" "Mozilla/5.0 AppleWebKit/537.36 (KHTML, like Gecko; compatible; bingbot/2.0; +http://www.bing.com/bingbot.htm) Chrome/116.0.1938.76 Safari/537.36"
157.55.39.53 - - [26/Apr/2026:04:20:43 -0300] "GET /shop/calculary/abhorrency031548280754.htm HTTP/1.1" 404 - "-" "Mozilla/5.0 AppleWebKit/537.36 (KHTML, like Gecko; compatible; bingbot/2.0; +http://www.bing.com/bingbot.htm) Chrome/116.0.1938.76 Safari/537.36"
157.55.39.53 - - [26/Apr/2026:04:20:46 -0300] "GET /shop/papyrine/uniaxal013283051046.htm HTTP/1.1" 404 - "-" "Mozilla/5.0 AppleWebKit/537.36 (KHTML, like Gecko; compatible; bingbot/2.0; +http://www.bing.com/bingbot.htm) Chrome/116.0.1938.76 Safari/537.36"
40.77.167.235 - - [26/Apr/2026:04:20:47 -0300] "GET /shop/tellership/commorancy013256092869.htm HTTP/1.1" 404 - "-" "Mozilla/5.0 AppleWebKit/537.36 (KHTML, like Gecko; compatible; bingbot/2.0; +http://www.bing.com/bingbot.htm) Chrome/116.0.1938.76 Safari/537.36"
157.55.39.53 - - [26/Apr/2026:04:20:49 -0300] "GET /shop/rhabdophora/ringmaster0246901425.htm HTTP/1.1" 404 - "-" "Mozilla/5.0 AppleWebKit/537.36 (KHTML, like Gecko; compatible; bingbot/2.0; +http://www.bing.com/bingbot.htm) Chrome/116.0.1938.76 Safari/537.36"
40.77.167.235 - - [26/Apr/2026:04:20:52 -0300] "GET /shop/bacteriological/friction04184934880.htm HTTP/1.1" 404 - "-" "Mozilla/5.0 AppleWebKit/537.36 (KHTML, like Gecko; compatible; bingbot/2.0; +http://www.bing.com/bingbot.htm) Chrome/116.0.1938.76 Safari/537.36"
157.55.39.53 - - [26/Apr/2026:04:20:54 -0300] "GET /shop/chassepot/regimenting012412073250.htm HTTP/1.1" 404 - "-" "Mozilla/5.0 AppleWebKit/537.36 (KHTML, like Gecko; compatible; bingbot/2.0; +http://www.bing.com/bingbot.htm) Chrome/116.0.1938.76 Safari/537.36"
40.77.167.235 - - [26/Apr/2026:04:20:57 -0300] "GET /shop/necturus/legality041513225317.htm HTTP/1.1" 404 - "-" "Mozilla/5.0 AppleWebKit/537.36 (KHTML, like Gecko; compatible; bingbot/2.0; +http://www.bing.com/bingbot.htm) Chrome/116.0.1938.76 Safari/537.36"
66.249.70.110 - - [26/Apr/2026:04:20:56 -0300] "GET /taxonomy/example/favfswjb8in9cl4.html HTTP/1.1" 200 230852 "-" "Mozilla/5.0 (Linux; Android 6.0.1; Nexus 5X Build/MMB29P) AppleWebKit/537.36 (KHTML, like Gecko) Chrome/146.0.7680.177 Mobile Safari/537.36 (compatible; Googlebot/2.1; +http://www.google.com/bot.html)"
207.46.13.116 - - [26/Apr/2026:04:21:01 -0300] "GET /shop/sanctification/interjoined013978607635.htm HTTP/1.1" 404 - "-" "Mozilla/5.0 AppleWebKit/537.36 (KHTML, like Gecko; compatible; bingbot/2.0; +http://www.bing.com/bingbot.htm) Chrome/116.0.1938.76 Safari/537.36"
40.77.167.235 - - [26/Apr/2026:04:21:02 -0300] "GET /shop/terekia/burbot031270282242.htm HTTP/1.1" 404 - "-" "Mozilla/5.0 AppleWebKit/537.36 (KHTML, like Gecko; compatible; bingbot/2.0; +http://www.bing.com/bingbot.htm) Chrome/116.0.1938.76 Safari/537.36"
207.46.13.116 - - [26/Apr/2026:04:21:02 -0300] "GET /shop/shortness/besee042229513835.htm HTTP/1.1" 404 - "-" "Mozilla/5.0 AppleWebKit/537.36 (KHTML, like Gecko; compatible; bingbot/2.0; +http://www.bing.com/bingbot.htm) Chrome/116.0.1938.76 Safari/537.36"
207.46.13.116 - - [26/Apr/2026:04:21:05 -0300] "GET /shop/monopolizing/sylphid042919182655.htm HTTP/1.1" 404 - "-" "Mozilla/5.0 AppleWebKit/537.36 (KHTML, like Gecko; compatible; bingbot/2.0; +http://www.bing.com/bingbot.htm) Chrome/116.0.1938.76 Safari/537.36"
40.77.167.235 - - [26/Apr/2026:04:21:07 -0300] "GET /shop/pettifogging/glaverer06416430540.htm HTTP/1.1" 404 - "-" "Mozilla/5.0 AppleWebKit/537.36 (KHTML, like Gecko; compatible; bingbot/2.0; +http://www.bing.com/bingbot.htm) Chrome/116.0.1938.76 Safari/537.36"
207.46.13.116 - - [26/Apr/2026:04:21:08 -0300] "GET /shop/centrum/clave022141491154.htm HTTP/1.1" 404 - "-" "Mozilla/5.0 AppleWebKit/537.36 (KHTML, like Gecko; compatible; bingbot/2.0; +http://www.bing.com/bingbot.htm) Chrome/116.0.1938.76 Safari/537.36"
207.46.13.116 - - [26/Apr/2026:04:21:11 -0300] "GET /shop/monodies/isoetes032437403981.htm HTTP/1.1" 404 - "-" "Mozilla/5.0 AppleWebKit/537.36 (KHTML, like Gecko; compatible; bingbot/2.0; +http://www.bing.com/bingbot.htm) Chrome/116.0.1938.76 Safari/537.36"
40.77.167.235 - - [26/Apr/2026:04:21:12 -0300] "GET /shop/scytal/sepulture013537181625.htm HTTP/1.1" 404 - "-" "Mozilla/5.0 AppleWebKit/537.36 (KHTML, like Gecko; compatible; bingbot/2.0; +http://www.bing.com/bingbot.htm) Chrome/116.0.1938.76 Safari/537.36"
185.146.114.27 - - [26/Apr/2026:04:21:12 -0300] "GET /shop/gammon/rocky441758035135.htm HTTP/1.1" 500 - "-" "Mozilla/5.0 (Windows NT 10.0; WOW64) AppleWebKit/537.36 (KHTML, like Gecko) Chrome/107.0.0.0 Safari/537.36"
207.46.13.116 - - [26/Apr/2026:04:21:14 -0300] "GET /shop/enable/tearpit032731772763.htm HTTP/1.1" 404 - "-" "Mozilla/5.0 AppleWebKit/537.36 (KHTML, like Gecko; compatible; bingbot/2.0; +http://www.bing.com/bingbot.htm) Chrome/116.0.1938.76 Safari/537.36"
207.46.13.116 - - [26/Apr/2026:04:21:17 -0300] "GET /shop/fleursdelis/journalese033035594604.htm HTTP/1.1" 404 - "-" "Mozilla/5.0 AppleWebKit/537.36 (KHTML, like Gecko; compatible; bingbot/2.0; +http://www.bing.com/bingbot.htm) Chrome/116.0.1938.76 Safari/537.36"
157.55.39.48 - - [26/Apr/2026:04:21:17 -0300] "GET /shop/narcissism/triangular051150156979.htm HTTP/1.1" 404 - "-" "Mozilla/5.0 AppleWebKit/537.36 (KHTML, like Gecko; compatible; bingbot/2.0; +http://www.bing.com/bingbot.htm) Chrome/116.0.1938.76 Safari/537.36"
123.22.120.213 123.22.120.213 - - [26/Apr/2026:04:21:17 -0300] "GET /shop/disagreeableness/felony382165106256.htm HTTP/1.1" 500 - "-" "Mozilla/5.0 (Macintosh; Intel Mac OS X 10_13_5) AppleWebKit/537.36 (KHTML, like Gecko) Chrome/67.0.3396.87 Safari/537.36"
157.55.39.48 - - [26/Apr/2026:04:21:20 -0300] "GET /shop/thylacinus/romanticism061449546729.htm HTTP/1.1" 404 - "-" "Mozilla/5.0 AppleWebKit/537.36 (KHTML, like Gecko; compatible; bingbot/2.0; +http://www.bing.com/bingbot.htm) Chrome/116.0.1938.76 Safari/537.36"
207.46.13.116 - - [26/Apr/2026:04:21:20 -0300] "GET /shop/coreopsis/thyrsoid033805278001.htm HTTP/1.1" 404 - "-" "Mozilla/5.0 AppleWebKit/537.36 (KHTML, like Gecko; compatible; bingbot/2.0; +http://www.bing.com/bingbot.htm) Chrome/116.0.1938.76 Safari/537.36"
57.141.20.55 - - [26/Apr/2026:04:21:21 -0300] "GET /shop/slant/teelseed03228765800.htm HTTP/1.1" 404 - "-" "meta-externalagent/1.1 (+https://developers.facebook.com/docs/sharing/webmasters/crawler)"
207.46.13.116 - - [26/Apr/2026:04:21:24 -0300] "GET /shop/supplanting/recognizer034082877743.htm HTTP/1.1" 404 - "-" "Mozilla/5.0 AppleWebKit/537.36 (KHTML, like Gecko; compatible; bingbot/2.0; +http://www.bing.com/bingbot.htm) Chrome/116.0.1938.76 Safari/537.36"
157.55.39.48 - - [26/Apr/2026:04:21:24 -0300] "GET /shop/millesimal/translate412090571146.htm HTTP/1.1" 404 - "-" "Mozilla/5.0 AppleWebKit/537.36 (KHTML, like Gecko; compatible; bingbot/2.0; +http://www.bing.com/bingbot.htm) Chrome/116.0.1938.76 Safari/537.36"
157.55.39.48 - - [26/Apr/2026:04:21:26 -0300] "GET /shop/conation/standgall02270927930.htm HTTP/1.1" 404 - "-" "Mozilla/5.0 AppleWebKit/537.36 (KHTML, like Gecko; compatible; bingbot/2.0; +http://www.bing.com/bingbot.htm) Chrome/116.0.1938.76 Safari/537.36"
40.77.167.143 - - [26/Apr/2026:04:21:27 -0300] "GET /shop/baroque/ruffing022460698238.htm HTTP/1.1" 404 - "-" "Mozilla/5.0 AppleWebKit/537.36 (KHTML, like Gecko; compatible; bingbot/2.0; +http://www.bing.com/bingbot.htm) Chrome/116.0.1938.76 Safari/537.36"
157.55.39.48 - - [26/Apr/2026:04:21:29 -0300] "GET /shop/homograph/gyronny02589606041.htm HTTP/1.1" 404 - "-" "Mozilla/5.0 AppleWebKit/537.36 (KHTML, like Gecko; compatible; bingbot/2.0; +http://www.bing.com/bingbot.htm) Chrome/116.0.1938.76 Safari/537.36"
40.77.167.143 - - [26/Apr/2026:04:21:29 -0300] "GET /shop/unfumed/sweetroot01822594933.htm HTTP/1.1" 404 - "-" "Mozilla/5.0 AppleWebKit/537.36 (KHTML, like Gecko; compatible; bingbot/2.0; +http://www.bing.com/bingbot.htm) Chrome/116.0.1938.76 Safari/537.36"
157.55.39.48 - - [26/Apr/2026:04:21:32 -0300] "GET /shop/biogenesis/crossbar02298708343.htm HTTP/1.1" 404 - "-" "Mozilla/5.0 AppleWebKit/537.36 (KHTML, like Gecko; compatible; bingbot/2.0; +http://www.bing.com/bingbot.htm) Chrome/116.0.1938.76 Safari/537.36"
40.77.167.143 - - [26/Apr/2026:04:21:32 -0300] "GET /shop/appeasement/metallotherapy03860838240.htm HTTP/1.1" 404 - "-" "Mozilla/5.0 AppleWebKit/537.36 (KHTML, like Gecko; compatible; bingbot/2.0; +http://www.bing.com/bingbot.htm) Chrome/116.0.1938.76 Safari/537.36"
157.55.39.48 - - [26/Apr/2026:04:21:35 -0300] "GET /shop/monoclinic/castigate041378205525.htm HTTP/1.1" 404 - "-" "Mozilla/5.0 AppleWebKit/537.36 (KHTML, like Gecko; compatible; bingbot/2.0; +http://www.bing.com/bingbot.htm) Chrome/116.0.1938.76 Safari/537.36"
40.77.167.143 - - [26/Apr/2026:04:21:35 -0300] "GET /shop/subcordate/carnifex023561024291.htm HTTP/1.1" 404 - "-" "Mozilla/5.0 AppleWebKit/537.36 (KHTML, like Gecko; compatible; bingbot/2.0; +http://www.bing.com/bingbot.htm) Chrome/116.0.1938.76 Safari/537.36"
157.55.39.48 - - [26/Apr/2026:04:21:38 -0300] "GET /shop/hindquarters/cheirosophy023330776168.htm HTTP/1.1" 404 - "-" "Mozilla/5.0 AppleWebKit/537.36 (KHTML, like Gecko; compatible; bingbot/2.0; +http://www.bing.com/bingbot.htm) Chrome/116.0.1938.76 Safari/537.36"
40.77.167.143 - - [26/Apr/2026:04:21:38 -0300] "GET /shop/merula/strophe033249840735.htm HTTP/1.1" 404 - "-" "Mozilla/5.0 AppleWebKit/537.36 (KHTML, like Gecko; compatible; bingbot/2.0; +http://www.bing.com/bingbot.htm) Chrome/116.0.1938.76 Safari/537.36"
157.55.39.48 - - [26/Apr/2026:04:21:41 -0300] "GET /shop/lechatelierite/suspection051057795804.htm HTTP/1.1" 404 - "-" "Mozilla/5.0 AppleWebKit/537.36 (KHTML, like Gecko; compatible; bingbot/2.0; +http://www.bing.com/bingbot.htm) Chrome/116.0.1938.76 Safari/537.36"
157.55.39.48 - - [26/Apr/2026:04:21:44 -0300] "GET /shop/ruralist/illish023840976923.htm HTTP/1.1" 404 - "-" "Mozilla/5.0 AppleWebKit/537.36 (KHTML, like Gecko; compatible; bingbot/2.0; +http://www.bing.com/bingbot.htm) Chrome/116.0.1938.76 Safari/537.36"
40.77.167.235 - - [26/Apr/2026:04:21:49 -0300] "GET /shop/extricable/vaagmaer013892737344.htm HTTP/1.1" 404 - "-" "Mozilla/5.0 AppleWebKit/537.36 (KHTML, like Gecko; compatible; bingbot/2.0; +http://www.bing.com/bingbot.htm) Chrome/116.0.1938.76 Safari/537.36"
40.77.167.235 - - [26/Apr/2026:04:21:52 -0300] "GET /shop/veneficial/waftage042387401377.htm HTTP/1.1" 404 - "-" "Mozilla/5.0 AppleWebKit/537.36 (KHTML, like Gecko; compatible; bingbot/2.0; +http://www.bing.com/bingbot.htm) Chrome/116.0.1938.76 Safari/537.36"
123.28.12.186 - - [26/Apr/2026:04:21:54 -0300] "GET /shop/shorthorned/inquiringly381187198342.htm HTTP/1.1" 500 - "-" "Mozilla/5.0 (Windows NT 6.3; Win64; x64) AppleWebKit/537.36 (KHTML, like Gecko) Brave Chrome/86.0.4240.198 Safari/537.36"
157.55.39.48 - - [26/Apr/2026:04:21:57 -0300] "GET /shop/equiponderance/goatish024210629949.htm HTTP/1.1" 404 - "-" "Mozilla/5.0 AppleWebKit/537.36 (KHTML, like Gecko; compatible; bingbot/2.0; +http://www.bing.com/bingbot.htm) Chrome/116.0.1938.76 Safari/537.36"
66.249.64.228 66.249.64.228 - - [26/Apr/2026:04:21:58 -0300] "GET /design/example/e27s48vjksv555c.html HTTP/1.1" 200 249592 "-" "Mozilla/5.0 (Linux; Android 6.0.1; Nexus 5X Build/MMB29P) AppleWebKit/537.36 (KHTML, like Gecko) Chrome/146.0.7680.177 Mobile Safari/537.36 (compatible; Googlebot/2.1; +http://www.google.com/bot.html)"
157.55.39.48 - - [26/Apr/2026:04:22:00 -0300] "GET /shop/cucullus/pretermitted013103132449.htm HTTP/1.1" 404 - "-" "Mozilla/5.0 AppleWebKit/537.36 (KHTML, like Gecko; compatible; bingbot/2.0; +http://www.bing.com/bingbot.htm) Chrome/116.0.1938.76 Safari/537.36"
157.55.39.48 - - [26/Apr/2026:04:22:03 -0300] "GET /shop/trochidae/homalographic011784955456.htm HTTP/1.1" 404 - "-" "Mozilla/5.0 AppleWebKit/537.36 (KHTML, like Gecko; compatible; bingbot/2.0; +http://www.bing.com/bingbot.htm) Chrome/116.0.1938.76 Safari/537.36"
157.55.39.48 - - [26/Apr/2026:04:22:06 -0300] "GET /shop/flaringly/saxicolidae413609905366.htm HTTP/1.1" 404 - "-" "Mozilla/5.0 AppleWebKit/537.36 (KHTML, like Gecko; compatible; bingbot/2.0; +http://www.bing.com/bingbot.htm) Chrome/116.0.1938.76 Safari/537.36"
157.55.39.48 - - [26/Apr/2026:04:22:09 -0300] "GET /shop/jocundly/ennuyee02542165632.htm HTTP/1.1" 404 - "-" "Mozilla/5.0 AppleWebKit/537.36 (KHTML, like Gecko; compatible; bingbot/2.0; +http://www.bing.com/bingbot.htm) Chrome/116.0.1938.76 Safari/537.36"
157.55.39.48 - - [26/Apr/2026:04:22:12 -0300] "GET /shop/retruded/antithet032093140589.htm HTTP/1.1" 404 - "-" "Mozilla/5.0 AppleWebKit/537.36 (KHTML, like Gecko; compatible; bingbot/2.0; +http://www.bing.com/bingbot.htm) Chrome/116.0.1938.76 Safari/537.36"
207.46.13.51 - - [26/Apr/2026:04:22:18 -0300] "GET /shop/plethron/euclid05634523218.htm HTTP/1.1" 404 - "-" "Mozilla/5.0 AppleWebKit/537.36 (KHTML, like Gecko; compatible; bingbot/2.0; +http://www.bing.com/bingbot.htm) Chrome/116.0.1938.76 Safari/537.36"
40.77.167.235 - - [26/Apr/2026:04:22:23 -0300] "GET /shop/deceitfully/uvularia063463560916.htm HTTP/1.1" 404 - "-" "Mozilla/5.0 AppleWebKit/537.36 (KHTML, like Gecko; compatible; bingbot/2.0; +http://www.bing.com/bingbot.htm) Chrome/116.0.1938.76 Safari/537.36"
40.77.167.143 - - [26/Apr/2026:04:22:23 -0300] "GET /shop/porphyrization/sonnet031834643340.htm HTTP/1.1" 404 - "-" "Mozilla/5.0 AppleWebKit/537.36 (KHTML, like Gecko; compatible; bingbot/2.0; +http://www.bing.com/bingbot.htm) Chrome/116.0.1938.76 Safari/537.36"
40.77.167.143 - - [26/Apr/2026:04:22:25 -0300] "GET /shop/mindless/juvenile03805784695.htm HTTP/1.1" 404 - "-" "Mozilla/5.0 AppleWebKit/537.36 (KHTML, like Gecko; compatible; bingbot/2.0; +http://www.bing.com/bingbot.htm) Chrome/116.0.1938.76 Safari/537.36"
207.46.13.51 - - [26/Apr/2026:04:22:27 -0300] "GET /shop/judaizing/emporium024265854568.htm HTTP/1.1" 404 - "-" "Mozilla/5.0 AppleWebKit/537.36 (KHTML, like Gecko; compatible; bingbot/2.0; +http://www.bing.com/bingbot.htm) Chrome/116.0.1938.76 Safari/537.36"
40.77.167.143 - - [26/Apr/2026:04:22:28 -0300] "GET /shop/bouquetin/subinvolution021461687976.htm HTTP/1.1" 404 - "-" "Mozilla/5.0 AppleWebKit/537.36 (KHTML, like Gecko; compatible; bingbot/2.0; +http://www.bing.com/bingbot.htm) Chrome/116.0.1938.76 Safari/537.36"
57.141.20.3 - - [26/Apr/2026:04:22:28 -0300] "GET /shop/isatyde/pupate051152090444.htm HTTP/1.1" 404 - "-" "meta-externalagent/1.1 (+https://developers.facebook.com/docs/sharing/webmasters/crawler)"
40.77.167.143 - - [26/Apr/2026:04:22:31 -0300] "GET /shop/idolatrize/dispart023682934514.htm HTTP/1.1" 404 - "-" "Mozilla/5.0 AppleWebKit/537.36 (KHTML, like Gecko; compatible; bingbot/2.0; +http://www.bing.com/bingbot.htm) Chrome/116.0.1938.76 Safari/537.36"
40.77.167.235 - - [26/Apr/2026:04:22:33 -0300] "GET /shop/cuneata/solanidine144168130625.htm HTTP/1.1" 404 - "-" "Mozilla/5.0 AppleWebKit/537.36 (KHTML, like Gecko; compatible; bingbot/2.0; +http://www.bing.com/bingbot.htm) Chrome/116.0.1938.76 Safari/537.36"
103.129.238.126 - - [26/Apr/2026:04:22:34 -0300] "GET /shop/danaus/trunkwork463889471933.htm HTTP/1.1" 500 - "-" "Mozilla/5.0 (Windows NT 10.0; Win64; x64) AppleWebKit/537.36 (KHTML, like Gecko) Brave Chrome/87.0.4280.141 Safari/537.36"
72.27.97.38 - - [26/Apr/2026:04:22:36 -0300] "GET /shop/sluggishness/uliginose442956728664.htm HTTP/1.1" 500 - "-" "Mozilla/5.0 (Windows NT 6.3; WOW64) AppleWebKit/537.36 (KHTML, like Gecko) Chrome/85.0.4183.121 Safari/537.36"
157.55.39.53 - - [26/Apr/2026:04:22:38 -0300] "GET /shop/caliginously/fulvid023064946880.htm HTTP/1.1" 404 - "-" "Mozilla/5.0 AppleWebKit/537.36 (KHTML, like Gecko; compatible; bingbot/2.0; +http://www.bing.com/bingbot.htm) Chrome/116.0.1938.76 Safari/537.36"
207.46.13.51 - - [26/Apr/2026:04:22:38 -0300] "GET /shop/heartbreak/tutworkmen02638276395.htm HTTP/1.1" 404 - "-" "Mozilla/5.0 AppleWebKit/537.36 (KHTML, like Gecko; compatible; bingbot/2.0; +http://www.bing.com/bingbot.htm) Chrome/116.0.1938.76 Safari/537.36"
157.55.39.53 - - [26/Apr/2026:04:22:39 -0300] "GET /shop/wheelshaped/overspreading03822576175.htm HTTP/1.1" 404 - "-" "Mozilla/5.0 AppleWebKit/537.36 (KHTML, like Gecko; compatible; bingbot/2.0; +http://www.bing.com/bingbot.htm) Chrome/116.0.1938.76 Safari/537.36"
207.46.13.51 - - [26/Apr/2026:04:22:42 -0300] "GET /shop/cartridge/consanguinity012956815376.htm HTTP/1.1" 404 - "-" "Mozilla/5.0 AppleWebKit/537.36 (KHTML, like Gecko; compatible; bingbot/2.0; +http://www.bing.com/bingbot.htm) Chrome/116.0.1938.76 Safari/537.36"
157.55.39.53 - - [26/Apr/2026:04:22:42 -0300] "GET /shop/undulata/stationery014120434595.htm HTTP/1.1" 404 - "-" "Mozilla/5.0 AppleWebKit/537.36 (KHTML, like Gecko; compatible; bingbot/2.0; +http://www.bing.com/bingbot.htm) Chrome/116.0.1938.76 Safari/537.36"
207.46.13.51 - - [26/Apr/2026:04:22:45 -0300] "GET /shop/crimsoned/disabled022928414718.htm HTTP/1.1" 404 - "-" "Mozilla/5.0 AppleWebKit/537.36 (KHTML, like Gecko; compatible; bingbot/2.0; +http://www.bing.com/bingbot.htm) Chrome/116.0.1938.76 Safari/537.36"
157.55.39.53 - - [26/Apr/2026:04:22:45 -0300] "GET /shop/helicin/fitfully031469816132.htm HTTP/1.1" 404 - "-" "Mozilla/5.0 AppleWebKit/537.36 (KHTML, like Gecko; compatible; bingbot/2.0; +http://www.bing.com/bingbot.htm) Chrome/116.0.1938.76 Safari/537.36"
157.55.39.53 - - [26/Apr/2026:04:22:47 -0300] "GET /shop/psammophis/baronies06385176774.htm HTTP/1.1" 404 - "-" "Mozilla/5.0 AppleWebKit/537.36 (KHTML, like Gecko; compatible; bingbot/2.0; +http://www.bing.com/bingbot.htm) Chrome/116.0.1938.76 Safari/537.36"
207.46.13.51 - - [26/Apr/2026:04:22:48 -0300] "GET /shop/walleye/employee041369686327.htm HTTP/1.1" 404 - "-" "Mozilla/5.0 AppleWebKit/537.36 (KHTML, like Gecko; compatible; bingbot/2.0; +http://www.bing.com/bingbot.htm) Chrome/116.0.1938.76 Safari/537.36"
157.55.39.53 - - [26/Apr/2026:04:22:50 -0300] "GET /shop/cheiropter/discriminating023634749584.htm HTTP/1.1" 404 - "-" "Mozilla/5.0 AppleWebKit/537.36 (KHTML, like Gecko; compatible; bingbot/2.0; +http://www.bing.com/bingbot.htm) Chrome/116.0.1938.76 Safari/537.36"
207.46.13.51 - - [26/Apr/2026:04:22:51 -0300] "GET /shop/sipedon/anemonia07722251281.htm HTTP/1.1" 404 - "-" "Mozilla/5.0 AppleWebKit/537.36 (KHTML, like Gecko; compatible; bingbot/2.0; +http://www.bing.com/bingbot.htm) Chrome/116.0.1938.76 Safari/537.36"
157.55.39.53 - - [26/Apr/2026:04:22:53 -0300] "GET /shop/omophagic/viscose052314855000.htm HTTP/1.1" 404 - "-" "Mozilla/5.0 AppleWebKit/537.36 (KHTML, like Gecko; compatible; bingbot/2.0; +http://www.bing.com/bingbot.htm) Chrome/116.0.1938.76 Safari/537.36"
207.46.13.51 - - [26/Apr/2026:04:22:54 -0300] "GET /shop/thermotonus/todus063842719574.htm HTTP/1.1" 404 - "-" "Mozilla/5.0 AppleWebKit/537.36 (KHTML, like Gecko; compatible; bingbot/2.0; +http://www.bing.com/bingbot.htm) Chrome/116.0.1938.76 Safari/537.36"
207.46.13.51 - - [26/Apr/2026:04:22:57 -0300] "GET /shop/mousquetaire/popelote061768821104.htm HTTP/1.1" 404 - "-" "Mozilla/5.0 AppleWebKit/537.36 (KHTML, like Gecko; compatible; bingbot/2.0; +http://www.bing.com/bingbot.htm) Chrome/116.0.1938.76 Safari/537.36"
40.77.167.143 - - [26/Apr/2026:04:22:57 -0300] "GET /shop/postcornu/beurre03652663205.htm HTTP/1.1" 404 - "-" "Mozilla/5.0 AppleWebKit/537.36 (KHTML, like Gecko; compatible; bingbot/2.0; +http://www.bing.com/bingbot.htm) Chrome/116.0.1938.76 Safari/537.36"
40.77.167.143 - - [26/Apr/2026:04:23:00 -0300] "GET /shop/bedphere/typed02323005445.htm HTTP/1.1" 404 - "-" "Mozilla/5.0 AppleWebKit/537.36 (KHTML, like Gecko; compatible; bingbot/2.0; +http://www.bing.com/bingbot.htm) Chrome/116.0.1938.76 Safari/537.36"
207.46.13.51 - - [26/Apr/2026:04:23:00 -0300] "GET /shop/hobnob/photologic01564171995.htm HTTP/1.1" 404 - "-" "Mozilla/5.0 AppleWebKit/537.36 (KHTML, like Gecko; compatible; bingbot/2.0; +http://www.bing.com/bingbot.htm) Chrome/116.0.1938.76 Safari/537.36"
40.77.167.143 - - [26/Apr/2026:04:23:03 -0300] "GET /shop/cordite/laconical032336772789.htm HTTP/1.1" 404 - "-" "Mozilla/5.0 AppleWebKit/537.36 (KHTML, like Gecko; compatible; bingbot/2.0; +http://www.bing.com/bingbot.htm) Chrome/116.0.1938.76 Safari/537.36"
103.18.34.135 - - [26/Apr/2026:04:23:03 -0300] "GET /2028629092?entity=2025884730 HTTP/1.1" 500 - "-" "Mozilla/5.0 (Windows NT 10.0; Win64; x64) AppleWebKit/537.36 (KHTML, like Gecko) Chrome/134.0.6998.45 Safari/537.36"
207.46.13.51 - - [26/Apr/2026:04:23:04 -0300] "GET /shop/sensational/omnifarious043855791785.htm HTTP/1.1" 404 - "-" "Mozilla/5.0 AppleWebKit/537.36 (KHTML, like Gecko; compatible; bingbot/2.0; +http://www.bing.com/bingbot.htm) Chrome/116.0.1938.76 Safari/537.36"
207.46.13.51 - - [26/Apr/2026:04:23:06 -0300] "GET /shop/evaginate/unlimber063821140053.htm HTTP/1.1" 404 - "-" "Mozilla/5.0 AppleWebKit/537.36 (KHTML, like Gecko; compatible; bingbot/2.0; +http://www.bing.com/bingbot.htm) Chrome/116.0.1938.76 Safari/537.36"
157.55.39.53 - - [26/Apr/2026:04:23:07 -0300] "GET /shop/sporid/nonfunctional032636100253.htm HTTP/1.1" 404 - "-" "Mozilla/5.0 AppleWebKit/537.36 (KHTML, like Gecko; compatible; bingbot/2.0; +http://www.bing.com/bingbot.htm) Chrome/116.0.1938.76 Safari/537.36"
157.55.39.53 - - [26/Apr/2026:04:23:08 -0300] "GET /shop/mobilize/peristeria03168128018.htm HTTP/1.1" 404 - "-" "Mozilla/5.0 AppleWebKit/537.36 (KHTML, like Gecko; compatible; bingbot/2.0; +http://www.bing.com/bingbot.htm) Chrome/116.0.1938.76 Safari/537.36"
207.46.13.51 - - [26/Apr/2026:04:23:10 -0300] "GET /shop/pyruvil/flapdragon012127741936.htm HTTP/1.1" 404 - "-" "Mozilla/5.0 AppleWebKit/537.36 (KHTML, like Gecko; compatible; bingbot/2.0; +http://www.bing.com/bingbot.htm) Chrome/116.0.1938.76 Safari/537.36"
157.55.39.53 - - [26/Apr/2026:04:23:11 -0300] "GET /shop/tones/notanda01792913352.htm HTTP/1.1" 404 - "-" "Mozilla/5.0 AppleWebKit/537.36 (KHTML, like Gecko; compatible; bingbot/2.0; +http://www.bing.com/bingbot.htm) Chrome/116.0.1938.76 Safari/537.36"
113.169.147.172 113.169.147.172 - - [26/Apr/2026:04:23:12 -0300] "GET /shop/immensive/sphaerospermus46587001176.htm HTTP/1.1" 500 - "-" "Mozilla/5.0 (Windows NT 6.1) AppleWebKit/537.36 (KHTML, like Gecko) Chrome/74.0.3729.131 Safari/537.36"
157.55.39.48 - - [26/Apr/2026:04:23:14 -0300] "GET /1842067869?entity=1839575958 HTTP/1.1" 404 - "-" "Mozilla/5.0 AppleWebKit/537.36 (KHTML, like Gecko; compatible; bingbot/2.0; +http://www.bing.com/bingbot.htm) Chrome/116.0.1938.76 Safari/537.36"
157.55.39.53 - - [26/Apr/2026:04:23:14 -0300] "GET /shop/mirthfulness/elaborate013139523760.htm HTTP/1.1" 404 - "-" "Mozilla/5.0 AppleWebKit/537.36 (KHTML, like Gecko; compatible; bingbot/2.0; +http://www.bing.com/bingbot.htm) Chrome/116.0.1938.76 Safari/537.36"
157.55.39.48 - - [26/Apr/2026:04:23:18 -0300] "GET /shop/circumrotate/banyan433940770536.htm HTTP/1.1" 404 - "-" "Mozilla/5.0 AppleWebKit/537.36 (KHTML, like Gecko; compatible; bingbot/2.0; +http://www.bing.com/bingbot.htm) Chrome/116.0.1938.76 Safari/537.36"
157.55.39.48 - - [26/Apr/2026:04:23:21 -0300] "GET /shop/trifolium/speer02661367962.htm HTTP/1.1" 404 - "-" "Mozilla/5.0 AppleWebKit/537.36 (KHTML, like Gecko; compatible; bingbot/2.0; +http://www.bing.com/bingbot.htm) Chrome/116.0.1938.76 Safari/537.36"
207.46.13.116 - - [26/Apr/2026:04:23:22 -0300] "GET /shop/pepsin/daunting011137548314.htm HTTP/1.1" 404 - "-" "Mozilla/5.0 AppleWebKit/537.36 (KHTML, like Gecko; compatible; bingbot/2.0; +http://www.bing.com/bingbot.htm) Chrome/116.0.1938.76 Safari/537.36"
157.55.39.48 - - [26/Apr/2026:04:23:24 -0300] "GET /shop/seriphys/bombast43259876943.htm HTTP/1.1" 404 - "-" "Mozilla/5.0 AppleWebKit/537.36 (KHTML, like Gecko; compatible; bingbot/2.0; +http://www.bing.com/bingbot.htm) Chrome/116.0.1938.76 Safari/537.36"
157.55.39.48 - - [26/Apr/2026:04:23:27 -0300] "GET /shop/toasting/trainman143851124076.htm HTTP/1.1" 404 - "-" "Mozilla/5.0 AppleWebKit/537.36 (KHTML, like Gecko; compatible; bingbot/2.0; +http://www.bing.com/bingbot.htm) Chrome/116.0.1938.76 Safari/537.36"
207.46.13.116 - - [26/Apr/2026:04:23:27 -0300] "GET /shop/pieman/zymose021465873555.htm HTTP/1.1" 404 - "-" "Mozilla/5.0 AppleWebKit/537.36 (KHTML, like Gecko; compatible; bingbot/2.0; +http://www.bing.com/bingbot.htm) Chrome/116.0.1938.76 Safari/537.36"
207.46.13.116 - - [26/Apr/2026:04:23:29 -0300] "GET /shop/quamoclit/action021047389467.htm HTTP/1.1" 404 - "-" "Mozilla/5.0 AppleWebKit/537.36 (KHTML, like Gecko; compatible; bingbot/2.0; +http://www.bing.com/bingbot.htm) Chrome/116.0.1938.76 Safari/537.36"
157.55.39.48 - - [26/Apr/2026:04:23:30 -0300] "GET /shop/whippletree/pessary062514967557.htm HTTP/1.1" 404 - "-" "Mozilla/5.0 AppleWebKit/537.36 (KHTML, like Gecko; compatible; bingbot/2.0; +http://www.bing.com/bingbot.htm) Chrome/116.0.1938.76 Safari/537.36"
207.46.13.116 - - [26/Apr/2026:04:23:32 -0300] "GET /shop/shiraz/whittle053704293183.htm HTTP/1.1" 404 - "-" "Mozilla/5.0 AppleWebKit/537.36 (KHTML, like Gecko; compatible; bingbot/2.0; +http://www.bing.com/bingbot.htm) Chrome/116.0.1938.76 Safari/537.36"
157.55.39.48 - - [26/Apr/2026:04:23:33 -0300] "GET /shop/duster/overseason062592434934.htm HTTP/1.1" 404 - "-" "Mozilla/5.0 AppleWebKit/537.36 (KHTML, like Gecko; compatible; bingbot/2.0; +http://www.bing.com/bingbot.htm) Chrome/116.0.1938.76 Safari/537.36"
57.141.20.34 - - [26/Apr/2026:04:23:35 -0300] "GET /shop/execrate/sethen053404147822.htm HTTP/1.1" 404 - "-" "meta-externalagent/1.1 (+https://developers.facebook.com/docs/sharing/webmasters/crawler)"
207.46.13.116 - - [26/Apr/2026:04:23:35 -0300] "GET /shop/consociation/dogmatism024184447204.htm HTTP/1.1" 404 - "-" "Mozilla/5.0 AppleWebKit/537.36 (KHTML, like Gecko; compatible; bingbot/2.0; +http://www.bing.com/bingbot.htm) Chrome/116.0.1938.76 Safari/537.36"
157.55.39.48 - - [26/Apr/2026:04:23:36 -0300] "GET /shop/metamorphist/fired02870006775.htm HTTP/1.1" 404 - "-" "Mozilla/5.0 AppleWebKit/537.36 (KHTML, like Gecko; compatible; bingbot/2.0; +http://www.bing.com/bingbot.htm) Chrome/116.0.1938.76 Safari/537.36"
207.46.13.116 - - [26/Apr/2026:04:23:38 -0300] "GET /shop/familisteries/familiaris024043646159.htm HTTP/1.1" 404 - "-" "Mozilla/5.0 AppleWebKit/537.36 (KHTML, like Gecko; compatible; bingbot/2.0; +http://www.bing.com/bingbot.htm) Chrome/116.0.1938.76 Safari/537.36"
157.55.39.48 - - [26/Apr/2026:04:23:39 -0300] "GET /shop/cypress/scupper022436882422.htm HTTP/1.1" 404 - "-" "Mozilla/5.0 AppleWebKit/537.36 (KHTML, like Gecko; compatible; bingbot/2.0; +http://www.bing.com/bingbot.htm) Chrome/116.0.1938.76 Safari/537.36"
207.46.13.116 - - [26/Apr/2026:04:23:41 -0300] "GET /shop/peptonoid/recursant031396903195.htm HTTP/1.1" 404 - "-" "Mozilla/5.0 AppleWebKit/537.36 (KHTML, like Gecko; compatible; bingbot/2.0; +http://www.bing.com/bingbot.htm) Chrome/116.0.1938.76 Safari/537.36"
157.55.39.48 - - [26/Apr/2026:04:23:42 -0300] "GET /shop/pettier/nigua06566536028.htm HTTP/1.1" 404 - "-" "Mozilla/5.0 AppleWebKit/537.36 (KHTML, like Gecko; compatible; bingbot/2.0; +http://www.bing.com/bingbot.htm) Chrome/116.0.1938.76 Safari/537.36"
157.55.39.48 - - [26/Apr/2026:04:23:45 -0300] "GET /shop/accourt/smoterlich141923953745.htm HTTP/1.1" 404 - "-" "Mozilla/5.0 AppleWebKit/537.36 (KHTML, like Gecko; compatible; bingbot/2.0; +http://www.bing.com/bingbot.htm) Chrome/116.0.1938.76 Safari/537.36"
207.46.13.18 - - [26/Apr/2026:04:23:46 -0300] "GET /shop/palliatory/nonadmission012646172917.htm HTTP/1.1" 404 - "-" "Mozilla/5.0 AppleWebKit/537.36 (KHTML, like Gecko; compatible; bingbot/2.0; +http://www.bing.com/bingbot.htm) Chrome/116.0.1938.76 Safari/537.36"
207.46.13.18 - - [26/Apr/2026:04:23:47 -0300] "GET /shop/forcefully/arduina043135975005.htm HTTP/1.1" 404 - "-" "Mozilla/5.0 AppleWebKit/537.36 (KHTML, like Gecko; compatible; bingbot/2.0; +http://www.bing.com/bingbot.htm) Chrome/116.0.1938.76 Safari/537.36"
157.55.39.48 - - [26/Apr/2026:04:23:48 -0300] "GET /shop/crataeva/polychromy021714599939.htm HTTP/1.1" 404 - "-" "Mozilla/5.0 AppleWebKit/537.36 (KHTML, like Gecko; compatible; bingbot/2.0; +http://www.bing.com/bingbot.htm) Chrome/116.0.1938.76 Safari/537.36"
157.55.39.48 - - [26/Apr/2026:04:23:51 -0300] "GET /shop/crustacea/clinching053021048761.htm HTTP/1.1" 404 - "-" "Mozilla/5.0 AppleWebKit/537.36 (KHTML, like Gecko; compatible; bingbot/2.0; +http://www.bing.com/bingbot.htm) Chrome/116.0.1938.76 Safari/537.36"
157.55.39.48 - - [26/Apr/2026:04:23:53 -0300] "GET /shop/wintergreen/whereabout021451452513.htm HTTP/1.1" 404 - "-" "Mozilla/5.0 AppleWebKit/537.36 (KHTML, like Gecko; compatible; bingbot/2.0; +http://www.bing.com/bingbot.htm) Chrome/116.0.1938.76 Safari/537.36"
123.18.178.45 - - [26/Apr/2026:04:23:57 -0300] "GET /stratum/fort-rules/en9kumxka6xvqje.html HTTP/1.1" 500 - "-" "Mozilla/5.0 (Macintosh; Intel Mac OS X 10_12_6) AppleWebKit/537.36 (KHTML, like Gecko) Brave Chrome/88.0.4324.152 Safari/537.36"
207.46.13.51 - - [26/Apr/2026:04:23:57 -0300] "GET /shop/misgraft/madjoun09812369281.htm HTTP/1.1" 404 - "-" "Mozilla/5.0 AppleWebKit/537.36 (KHTML, like Gecko; compatible; bingbot/2.0; +http://www.bing.com/bingbot.htm) Chrome/116.0.1938.76 Safari/537.36"
207.46.13.51 - - [26/Apr/2026:04:24:02 -0300] "GET /shop/bootless/proctodaeum021665290801.htm HTTP/1.1" 404 - "-" "Mozilla/5.0 AppleWebKit/537.36 (KHTML, like Gecko; compatible; bingbot/2.0; +http://www.bing.com/bingbot.htm) Chrome/116.0.1938.76 Safari/537.36"
207.46.13.51 - - [26/Apr/2026:04:24:05 -0300] "GET /shop/rehabilitating/defaulted044233145221.htm HTTP/1.1" 404 - "-" "Mozilla/5.0 AppleWebKit/537.36 (KHTML, like Gecko; compatible; bingbot/2.0; +http://www.bing.com/bingbot.htm) Chrome/116.0.1938.76 Safari/537.36"
207.46.13.51 - - [26/Apr/2026:04:24:08 -0300] "GET /shop/buboes/embattle052262327370.htm HTTP/1.1" 404 - "-" "Mozilla/5.0 AppleWebKit/537.36 (KHTML, like Gecko; compatible; bingbot/2.0; +http://www.bing.com/bingbot.htm) Chrome/116.0.1938.76 Safari/537.36"
207.46.13.51 - - [26/Apr/2026:04:24:11 -0300] "GET /shop/traditionary/quinnet021062429357.htm HTTP/1.1" 404 - "-" "Mozilla/5.0 AppleWebKit/537.36 (KHTML, like Gecko; compatible; bingbot/2.0; +http://www.bing.com/bingbot.htm) Chrome/116.0.1938.76 Safari/537.36"
207.46.13.51 - - [26/Apr/2026:04:24:14 -0300] "GET /shop/semiliquidity/parryana011679643747.htm HTTP/1.1" 404 - "-" "Mozilla/5.0 AppleWebKit/537.36 (KHTML, like Gecko; compatible; bingbot/2.0; +http://www.bing.com/bingbot.htm) Chrome/116.0.1938.76 Safari/537.36"
207.46.13.51 - - [26/Apr/2026:04:24:17 -0300] "GET /shop/vulneraria/ontogenesis041398839598.htm HTTP/1.1" 404 - "-" "Mozilla/5.0 AppleWebKit/537.36 (KHTML, like Gecko; compatible; bingbot/2.0; +http://www.bing.com/bingbot.htm) Chrome/116.0.1938.76 Safari/537.36"
207.46.13.51 - - [26/Apr/2026:04:24:20 -0300] "GET /shop/tralineate/brusk051523632092.htm HTTP/1.1" 404 - "-" "Mozilla/5.0 AppleWebKit/537.36 (KHTML, like Gecko; compatible; bingbot/2.0; +http://www.bing.com/bingbot.htm) Chrome/116.0.1938.76 Safari/537.36"
207.46.13.51 - - [26/Apr/2026:04:24:22 -0300] "GET /shop/parostosis/contravention033695458171.htm HTTP/1.1" 404 - "-" "Mozilla/5.0 AppleWebKit/537.36 (KHTML, like Gecko; compatible; bingbot/2.0; +http://www.bing.com/bingbot.htm) Chrome/116.0.1938.76 Safari/537.36"
207.46.13.51 - - [26/Apr/2026:04:24:25 -0300] "GET /shop/tousel/swallowtail061488920938.htm HTTP/1.1" 404 - "-" "Mozilla/5.0 AppleWebKit/537.36 (KHTML, like Gecko; compatible; bingbot/2.0; +http://www.bing.com/bingbot.htm) Chrome/116.0.1938.76 Safari/537.36"
207.46.13.51 - - [26/Apr/2026:04:24:29 -0300] "GET /shop/militant/lactoabumin021122106015.htm HTTP/1.1" 404 - "-" "Mozilla/5.0 AppleWebKit/537.36 (KHTML, like Gecko; compatible; bingbot/2.0; +http://www.bing.com/bingbot.htm) Chrome/116.0.1938.76 Safari/537.36"
157.55.39.48 - - [26/Apr/2026:04:24:32 -0300] "GET /shop/drachme/millidae021117249922.htm HTTP/1.1" 404 - "-" "Mozilla/5.0 AppleWebKit/537.36 (KHTML, like Gecko; compatible; bingbot/2.0; +http://www.bing.com/bingbot.htm) Chrome/116.0.1938.76 Safari/537.36"
14.173.111.243 14.173.111.243 - - [26/Apr/2026:04:24:33 -0300] "GET /unit/residue/ehs0ptgc5dgqpqx.html HTTP/1.1" 500 - "-" "Mozilla/5.0 (Windows NT 10.0; Win64; x64) AppleWebKit/537.36 (KHTML, like Gecko) Chrome/99.0.7113.93 Safari/537.36"
157.55.39.48 - - [26/Apr/2026:04:24:34 -0300] "GET /shop/pretense/shucking062230198947.htm HTTP/1.1" 404 - "-" "Mozilla/5.0 AppleWebKit/537.36 (KHTML, like Gecko; compatible; bingbot/2.0; +http://www.bing.com/bingbot.htm) Chrome/116.0.1938.76 Safari/537.36"
157.55.39.48 - - [26/Apr/2026:04:24:38 -0300] "GET /shop/freezedried/histologist023035913573.htm HTTP/1.1" 404 - "-" "Mozilla/5.0 AppleWebKit/537.36 (KHTML, like Gecko; compatible; bingbot/2.0; +http://www.bing.com/bingbot.htm) Chrome/116.0.1938.76 Safari/537.36"
157.55.39.48 - - [26/Apr/2026:04:24:40 -0300] "GET /shop/backache/ericinol041732085090.htm HTTP/1.1" 404 - "-" "Mozilla/5.0 AppleWebKit/537.36 (KHTML, like Gecko; compatible; bingbot/2.0; +http://www.bing.com/bingbot.htm) Chrome/116.0.1938.76 Safari/537.36"
57.141.20.28 - - [26/Apr/2026:04:24:42 -0300] "GET /shop/disgustful/teleosaurus061238669773.htm HTTP/1.1" 404 - "-" "meta-externalagent/1.1 (+https://developers.facebook.com/docs/sharing/webmasters/crawler)"
207.46.13.54 - - [26/Apr/2026:04:24:47 -0300] "GET /shop/entice/sheepfold041009756089.htm HTTP/1.1" 404 - "-" "Mozilla/5.0 AppleWebKit/537.36 (KHTML, like Gecko; compatible; bingbot/2.0; +http://www.bing.com/bingbot.htm) Chrome/116.0.1938.76 Safari/537.36"
207.46.13.54 - - [26/Apr/2026:04:24:48 -0300] "GET /shop/veadar/siphilis411427559826.htm HTTP/1.1" 404 - "-" "Mozilla/5.0 AppleWebKit/537.36 (KHTML, like Gecko; compatible; bingbot/2.0; +http://www.bing.com/bingbot.htm) Chrome/116.0.1938.76 Safari/537.36"
207.46.13.54 - - [26/Apr/2026:04:24:49 -0300] "GET /shop/inspired/sulphovinic052719785334.htm HTTP/1.1" 404 - "-" "Mozilla/5.0 AppleWebKit/537.36 (KHTML, like Gecko; compatible; bingbot/2.0; +http://www.bing.com/bingbot.htm) Chrome/116.0.1938.76 Safari/537.36"
172.121.156.5 - - [26/Apr/2026:04:24:51 -0300] "GET /wp-content/uploads/2020/07/TVL-3-100x100.jpg HTTP/1.1" 200 4009 "-" "Mozilla/5.0 (compatible; crawler)"
207.46.13.54 - - [26/Apr/2026:04:24:52 -0300] "GET /shop/crittur/pericardic021639826367.htm HTTP/1.1" 404 - "-" "Mozilla/5.0 AppleWebKit/537.36 (KHTML, like Gecko; compatible; bingbot/2.0; +http://www.bing.com/bingbot.htm) Chrome/116.0.1938.76 Safari/537.36"
207.46.13.54 - - [26/Apr/2026:04:24:55 -0300] "GET /shop/acephalous/taverning043443654017.htm HTTP/1.1" 404 - "-" "Mozilla/5.0 AppleWebKit/537.36 (KHTML, like Gecko; compatible; bingbot/2.0; +http://www.bing.com/bingbot.htm) Chrome/116.0.1938.76 Safari/537.36"
207.46.13.54 - - [26/Apr/2026:04:24:58 -0300] "GET /shop/rotifera/typify042871453047.htm HTTP/1.1" 404 - "-" "Mozilla/5.0 AppleWebKit/537.36 (KHTML, like Gecko; compatible; bingbot/2.0; +http://www.bing.com/bingbot.htm) Chrome/116.0.1938.76 Safari/537.36"
66.249.64.227 66.249.64.227 - - [26/Apr/2026:04:24:59 -0300] "GET /sector/example/fvot91cbpus2z29.html HTTP/1.1" 200 234487 "-" "Mozilla/5.0 (Linux; Android 6.0.1; Nexus 5X Build/MMB29P) AppleWebKit/537.36 (KHTML, like Gecko) Chrome/146.0.7680.177 Mobile Safari/537.36 (compatible; Googlebot/2.1; +http://www.google.com/bot.html)"
207.46.13.54 - - [26/Apr/2026:04:25:01 -0300] "GET /shop/stiffness/pailmall023949260874.htm HTTP/1.1" 404 - "-" "Mozilla/5.0 AppleWebKit/537.36 (KHTML, like Gecko; compatible; bingbot/2.0; +http://www.bing.com/bingbot.htm) Chrome/116.0.1938.76 Safari/537.36"
207.46.13.54 - - [26/Apr/2026:04:25:04 -0300] "GET /shop/lemonade/disformity02559532431.htm HTTP/1.1" 404 - "-" "Mozilla/5.0 AppleWebKit/537.36 (KHTML, like Gecko; compatible; bingbot/2.0; +http://www.bing.com/bingbot.htm) Chrome/116.0.1938.76 Safari/537.36"
207.46.13.54 - - [26/Apr/2026:04:25:07 -0300] "GET /shop/prunus/trema0564014.htm HTTP/1.1" 404 - "-" "Mozilla/5.0 AppleWebKit/537.36 (KHTML, like Gecko; compatible; bingbot/2.0; +http://www.bing.com/bingbot.htm) Chrome/116.0.1938.76 Safari/537.36"
207.46.13.54 - - [26/Apr/2026:04:25:10 -0300] "GET /shop/trichosurus/rudity142619265230.htm HTTP/1.1" 404 - "-" "Mozilla/5.0 AppleWebKit/537.36 (KHTML, like Gecko; compatible; bingbot/2.0; +http://www.bing.com/bingbot.htm) Chrome/116.0.1938.76 Safari/537.36"
14.175.2.65 - - [26/Apr/2026:04:25:12 -0300] "GET /shop/denouncement/dipterocarpeae483009098329.htm HTTP/1.1" 500 - "-" "Mozilla/5.0 (Windows NT 10.0; Win64; x64) AppleWebKit/537.36 (KHTML, like Gecko) Chrome/90.0.4430.93 Safari/537.36"
207.46.13.54 - - [26/Apr/2026:04:25:13 -0300] "GET /shop/piscatorius/inquisitive052754687285.htm HTTP/1.1" 404 - "-" "Mozilla/5.0 AppleWebKit/537.36 (KHTML, like Gecko; compatible; bingbot/2.0; +http://www.bing.com/bingbot.htm) Chrome/116.0.1938.76 Safari/537.36"
207.46.13.54 - - [26/Apr/2026:04:25:16 -0300] "GET /shop/linotypist/relinquisher051477635693.htm HTTP/1.1" 404 - "-" "Mozilla/5.0 AppleWebKit/537.36 (KHTML, like Gecko; compatible; bingbot/2.0; +http://www.bing.com/bingbot.htm) Chrome/116.0.1938.76 Safari/537.36"
207.46.13.54 - - [26/Apr/2026:04:25:22 -0300] "GET /shop/stellatus/gubernative063888657016.htm HTTP/1.1" 404 - "-" "Mozilla/5.0 AppleWebKit/537.36 (KHTML, like Gecko; compatible; bingbot/2.0; +http://www.bing.com/bingbot.htm) Chrome/116.0.1938.76 Safari/537.36"
207.46.13.54 - - [26/Apr/2026:04:25:23 -0300] "GET /shop/posttertiary/chemosynthetic064253614067.htm HTTP/1.1" 404 - "-" "Mozilla/5.0 AppleWebKit/537.36 (KHTML, like Gecko; compatible; bingbot/2.0; +http://www.bing.com/bingbot.htm) Chrome/116.0.1938.76 Safari/537.36"
14.186.235.165 - - [26/Apr/2026:04:25:24 -0300] "GET /shop/evert/pneumonitic043378116216.htm HTTP/1.1" 500 - "-" "Mozilla/5.0 (Macintosh; Intel Mac OS X 11_2_3) AppleWebKit/537.36 (KHTML, like Gecko) Brave Chrome/89.0.4389.72 Safari/537.36"
207.46.13.54 - - [26/Apr/2026:04:25:26 -0300] "GET /shop/multum/armorbearer063251592773.htm HTTP/1.1" 404 - "-" "Mozilla/5.0 AppleWebKit/537.36 (KHTML, like Gecko; compatible; bingbot/2.0; +http://www.bing.com/bingbot.htm) Chrome/116.0.1938.76 Safari/537.36"
207.46.13.54 - - [26/Apr/2026:04:25:29 -0300] "GET /shop/blastocyst/manito01574054431.htm HTTP/1.1" 404 - "-" "Mozilla/5.0 AppleWebKit/537.36 (KHTML, like Gecko; compatible; bingbot/2.0; +http://www.bing.com/bingbot.htm) Chrome/116.0.1938.76 Safari/537.36"
207.46.13.54 - - [26/Apr/2026:04:25:32 -0300] "GET /shop/lambda/pennae031654842999.htm HTTP/1.1" 404 - "-" "Mozilla/5.0 AppleWebKit/537.36 (KHTML, like Gecko; compatible; bingbot/2.0; +http://www.bing.com/bingbot.htm) Chrome/116.0.1938.76 Safari/537.36"
207.46.13.54 - - [26/Apr/2026:04:25:35 -0300] "GET /shop/egophony/mealiness41743850782.htm HTTP/1.1" 404 - "-" "Mozilla/5.0 AppleWebKit/537.36 (KHTML, like Gecko; compatible; bingbot/2.0; +http://www.bing.com/bingbot.htm) Chrome/116.0.1938.76 Safari/537.36"
207.46.13.54 - - [26/Apr/2026:04:25:38 -0300] "GET /shop/scutate/oviposited071150757055.htm HTTP/1.1" 404 - "-" "Mozilla/5.0 AppleWebKit/537.36 (KHTML, like Gecko; compatible; bingbot/2.0; +http://www.bing.com/bingbot.htm) Chrome/116.0.1938.76 Safari/537.36"
207.46.13.54 - - [26/Apr/2026:04:25:41 -0300] "GET /shop/greatniece/retriever002934620426.htm HTTP/1.1" 404 - "-" "Mozilla/5.0 AppleWebKit/537.36 (KHTML, like Gecko; compatible; bingbot/2.0; +http://www.bing.com/bingbot.htm) Chrome/116.0.1938.76 Safari/537.36"
207.46.13.54 - - [26/Apr/2026:04:25:45 -0300] "GET /shop/conglomerate/subulata411927571266.htm HTTP/1.1" 404 - "-" "Mozilla/5.0 AppleWebKit/537.36 (KHTML, like Gecko; compatible; bingbot/2.0; +http://www.bing.com/bingbot.htm) Chrome/116.0.1938.76 Safari/537.36"
73.148.178.78 - - [26/Apr/2026:04:25:45 -0300] "GET /2028721019?entity=2025976534 HTTP/1.1" 500 - "-" "Mozilla/5.0 (Macintosh; U; PPC Mac OS X; it-it) AppleWebKit/412.7 (KHTML, like Gecko) Safari/412.5"
40.77.167.235 - - [26/Apr/2026:04:25:47 -0300] "GET /shop/shader/decuple024173500622.htm HTTP/1.1" 404 - "-" "Mozilla/5.0 AppleWebKit/537.36 (KHTML, like Gecko; compatible; bingbot/2.0; +http://www.bing.com/bingbot.htm) Chrome/116.0.1938.76 Safari/537.36"
57.141.20.26 - - [26/Apr/2026:04:25:50 -0300] "GET /shop/calomys/clathraceae05742072737.htm HTTP/1.1" 404 - "-" "meta-externalagent/1.1 (+https://developers.facebook.com/docs/sharing/webmasters/crawler)"
207.46.13.31 - - [26/Apr/2026:04:25:53 -0300] "GET /shop/pygarg/rhodochloris06478659196.htm HTTP/1.1" 404 - "-" "Mozilla/5.0 AppleWebKit/537.36 (KHTML, like Gecko; compatible; bingbot/2.0; +http://www.bing.com/bingbot.htm) Chrome/116.0.1938.76 Safari/537.36"
207.46.13.54 - - [26/Apr/2026:04:25:56 -0300] "GET /shop/rectification/oppilating032360492419.htm HTTP/1.1" 404 - "-" "Mozilla/5.0 AppleWebKit/537.36 (KHTML, like Gecko; compatible; bingbot/2.0; +http://www.bing.com/bingbot.htm) Chrome/116.0.1938.76 Safari/537.36"
207.46.13.54 - - [26/Apr/2026:04:25:59 -0300] "GET /shop/fricandeau/contentedness02777008569.htm HTTP/1.1" 404 - "-" "Mozilla/5.0 AppleWebKit/537.36 (KHTML, like Gecko; compatible; bingbot/2.0; +http://www.bing.com/bingbot.htm) Chrome/116.0.1938.76 Safari/537.36"
66.249.70.110 - - [26/Apr/2026:04:26:01 -0300] "GET /grade/example/eya77by7nvy8s8f.html HTTP/1.1" 200 228377 "-" "Mozilla/5.0 (Linux; Android 6.0.1; Nexus 5X Build/MMB29P) AppleWebKit/537.36 (KHTML, like Gecko) Chrome/146.0.7680.177 Mobile Safari/537.36 (compatible; Googlebot/2.1; +http://www.google.com/bot.html)"
207.46.13.54 - - [26/Apr/2026:04:26:02 -0300] "GET /shop/visard/cassivelaunus032338990283.htm HTTP/1.1" 404 - "-" "Mozilla/5.0 AppleWebKit/537.36 (KHTML, like Gecko; compatible; bingbot/2.0; +http://www.bing.com/bingbot.htm) Chrome/116.0.1938.76 Safari/537.36"
135.181.3.246 - - [26/Apr/2026:04:26:02 -0300] "GET /shop/muttony/relieve002087023613.htm HTTP/1.1" 500 - "-" "Mozilla/5.0 (compatible; SERankingBacklinksBot/1.0; +https://seranking.com/backlinks-crawler)"
14.169.250.113 - - [26/Apr/2026:04:26:05 -0300] "GET /shop/stephanite/professing433980120443.htm HTTP/1.1" 500 - "-" "Mozilla/5.0 (Windows NT 6.1; Win64; x64) AppleWebKit/537.36 (KHTML, like Gecko) Chrome/85.0.4183.121 Safari/537.36"
181.78.243.154 - - [26/Apr/2026:04:26:06 -0300] "GET /format/brand/ez9xumx7a6xv1je.html HTTP/1.1" 500 - "-" "Mozilla/5.0 (Windows NT 10.0; Win64; x64) AppleWebKit/537.36 (KHTML, like Gecko) Chrome/74.0.3729.169 Safari/537.36"
207.46.13.54 - - [26/Apr/2026:04:26:06 -0300] "GET /shop/georgium/imborder143391001240.htm HTTP/1.1" 404 - "-" "Mozilla/5.0 AppleWebKit/537.36 (KHTML, like Gecko; compatible; bingbot/2.0; +http://www.bing.com/bingbot.htm) Chrome/116.0.1938.76 Safari/537.36"
40.77.167.235 - - [26/Apr/2026:04:26:10 -0300] "GET /shop/franklini/architecture031884632511.htm HTTP/1.1" 404 - "-" "Mozilla/5.0 AppleWebKit/537.36 (KHTML, like Gecko; compatible; bingbot/2.0; +http://www.bing.com/bingbot.htm) Chrome/116.0.1938.76 Safari/537.36"
40.77.167.235 - - [26/Apr/2026:04:26:13 -0300] "GET /shop/lethality/buttermilk032213404281.htm HTTP/1.1" 404 - "-" "Mozilla/5.0 AppleWebKit/537.36 (KHTML, like Gecko; compatible; bingbot/2.0; +http://www.bing.com/bingbot.htm) Chrome/116.0.1938.76 Safari/537.36"
207.46.13.150 - - [26/Apr/2026:04:26:17 -0300] "GET /produto/tapete-capacho-vinil-nao-personalizado-110-x-060 HTTP/1.1" 404 74024 "-" "Mozilla/5.0 AppleWebKit/537.36 (KHTML, like Gecko; compatible; bingbot/2.0; +http://www.bing.com/bingbot.htm) Chrome/116.0.1938.76 Safari/537.36"
40.77.167.235 - - [26/Apr/2026:04:26:18 -0300] "GET /shop/bechic/payer02739277874.htm HTTP/1.1" 404 - "-" "Mozilla/5.0 AppleWebKit/537.36 (KHTML, like Gecko; compatible; bingbot/2.0; +http://www.bing.com/bingbot.htm) Chrome/116.0.1938.76 Safari/537.36"
40.77.167.235 - - [26/Apr/2026:04:26:23 -0300] "GET /shop/rabatine/chloroplast064048851655.htm HTTP/1.1" 404 - "-" "Mozilla/5.0 AppleWebKit/537.36 (KHTML, like Gecko; compatible; bingbot/2.0; +http://www.bing.com/bingbot.htm) Chrome/116.0.1938.76 Safari/537.36"
40.77.167.235 - - [26/Apr/2026:04:26:28 -0300] "GET /shop/obtunder/hooks011144811767.htm HTTP/1.1" 404 - "-" "Mozilla/5.0 AppleWebKit/537.36 (KHTML, like Gecko; compatible; bingbot/2.0; +http://www.bing.com/bingbot.htm) Chrome/116.0.1938.76 Safari/537.36"
40.77.167.235 - - [26/Apr/2026:04:26:34 -0300] "GET /shop/corridor/mammon01350705698.htm HTTP/1.1" 404 - "-" "Mozilla/5.0 AppleWebKit/537.36 (KHTML, like Gecko; compatible; bingbot/2.0; +http://www.bing.com/bingbot.htm) Chrome/116.0.1938.76 Safari/537.36"
52.167.144.191 - - [26/Apr/2026:04:26:40 -0300] "GET /shop/borsh/cornute05574165068.htm HTTP/1.1" 404 - "-" "Mozilla/5.0 AppleWebKit/537.36 (KHTML, like Gecko; compatible; bingbot/2.0; +http://www.bing.com/bingbot.htm) Chrome/116.0.1938.76 Safari/537.36"
52.167.144.191 - - [26/Apr/2026:04:26:44 -0300] "GET /shop/pistillida/corps04335399445.htm HTTP/1.1" 404 - "-" "Mozilla/5.0 AppleWebKit/537.36 (KHTML, like Gecko; compatible; bingbot/2.0; +http://www.bing.com/bingbot.htm) Chrome/116.0.1938.76 Safari/537.36"
207.46.13.150 - - [26/Apr/2026:04:26:45 -0300] "GET /shop/diplograph/belswagger031854027064.htm HTTP/1.1" 404 - "-" "Mozilla/5.0 AppleWebKit/537.36 (KHTML, like Gecko; compatible; bingbot/2.0; +http://www.bing.com/bingbot.htm) Chrome/116.0.1938.76 Safari/537.36"
207.46.13.150 - - [26/Apr/2026:04:26:47 -0300] "GET /shop/homily/fingerpost012660844123.htm HTTP/1.1" 404 - "-" "Mozilla/5.0 AppleWebKit/537.36 (KHTML, like Gecko; compatible; bingbot/2.0; +http://www.bing.com/bingbot.htm) Chrome/116.0.1938.76 Safari/537.36"
