179.188.53.154 - - [26/Apr/2026:03:01:11 -0300] "GET /form/SpryAssets/SpryAssets/SpryAssets/SpryAssets/index.php?ARRAY=7o2230223n313737373138363837312p2231223n22687474703n5p2s5p2s6877623135377630392r6772616r646s2r686169725p2s3s6p633q7068705s636s64655s6n6326743q313737373138333237312q6536626636396462316564363666356163643139646430313737626135633532222p2232223n223565386231373339303130313130663831623837303336656333303136613132222p2233223n226231616666386161376538363561333763653066363134633539323434666263222p226175746s5s66696p655s6r616q65223n6r756p6p2p226175746s5s70617373223n6r756p6p2p2262696r675s70617373223n2231352q33332q35342q36322q37322q38332q3239227q HTTP/1.0" 504 247 "-" "-"
207.46.13.116 - - [26/Apr/2026:03:06:11 -0300] "GET /shop/incarnative/pastorally034183544341.htm HTTP/1.1" 404 - "-" "Mozilla/5.0 AppleWebKit/537.36 (KHTML, like Gecko; compatible; bingbot/2.0; +http://www.bing.com/bingbot.htm) Chrome/116.0.1938.76 Safari/537.36"
207.46.13.116 - - [26/Apr/2026:03:06:15 -0300] "GET /shop/composedness/immunological031454179498.htm HTTP/1.1" 404 - "-" "Mozilla/5.0 AppleWebKit/537.36 (KHTML, like Gecko; compatible; bingbot/2.0; +http://www.bing.com/bingbot.htm) Chrome/116.0.1938.76 Safari/537.36"
40.77.167.72 - - [26/Apr/2026:03:06:17 -0300] "GET /shop/narceine/doorlock042440070337.htm HTTP/1.1" 404 - "-" "Mozilla/5.0 AppleWebKit/537.36 (KHTML, like Gecko; compatible; bingbot/2.0; +http://www.bing.com/bingbot.htm) Chrome/116.0.1938.76 Safari/537.36"
157.55.39.13 - - [26/Apr/2026:03:06:25 -0300] "GET /shop/kamtschadal/testament412918113677.htm HTTP/1.1" 404 - "-" "Mozilla/5.0 AppleWebKit/537.36 (KHTML, like Gecko; compatible; bingbot/2.0; +http://www.bing.com/bingbot.htm) Chrome/116.0.1938.76 Safari/537.36"
40.77.167.72 - - [26/Apr/2026:03:06:27 -0300] "GET /shop/brokerage/ordinand061143815353.htm HTTP/1.1" 404 - "-" "Mozilla/5.0 AppleWebKit/537.36 (KHTML, like Gecko; compatible; bingbot/2.0; +http://www.bing.com/bingbot.htm) Chrome/116.0.1938.76 Safari/537.36"
52.167.144.145 - - [26/Apr/2026:03:06:27 -0300] "GET /shop/collegian/jewsharp063302266532.htm HTTP/1.1" 404 - "-" "Mozilla/5.0 AppleWebKit/537.36 (KHTML, like Gecko; compatible; bingbot/2.0; +http://www.bing.com/bingbot.htm) Chrome/116.0.1938.76 Safari/537.36"
179.188.53.154 - - [26/Apr/2026:03:01:32 -0300] "GET /form/SpryAssets/SpryAssets/SpryAssets/SpryAssets/index.php?ARRAY=7o2230223n313737373138363839322p2231223n22687474703n5p2s5p2s6877623135377630392r6772616r646s2r686169725p2s3s6p633q7068705s636s64655s6n6326743q313737373138333239322q3162613639383936616139363234386662663462316131313261646535316638222p2232223n223565386231373339303130313130663831623837303336656333303136613132222p2233223n226231616666386161376538363561333763653066363134633539323434666263222p226175746s5s66696p655s6r616q65223n6r756p6p2p226175746s5s70617373223n6r756p6p2p2262696r675s70617373223n2231352q33332q35342q36322q37322q38332q3239227q HTTP/1.0" 504 247 "-" "-"
66.249.64.224 - - [26/Apr/2026:03:06:29 -0300] "GET /favicon.ico HTTP/1.1" 500 - "-" "Googlebot-Image/1.0"
52.167.144.145 - - [26/Apr/2026:03:06:30 -0300] "GET /shop/dogday/execratory002183802744.htm HTTP/1.1" 404 - "-" "Mozilla/5.0 AppleWebKit/537.36 (KHTML, like Gecko; compatible; bingbot/2.0; +http://www.bing.com/bingbot.htm) Chrome/116.0.1938.76 Safari/537.36"
123.17.196.41 123.17.196.41 - - [26/Apr/2026:03:06:32 -0300] "GET /shop/perturbator/battleax434245803208.htm HTTP/1.1" 500 - "-" "Mozilla/5.0 (X11; OpenBSD i386) AppleWebKit/537.36 (KHTML, like Gecko) Chrome/36.0.1985.125 Safari/537.36"
66.249.64.225 - - [26/Apr/2026:03:06:32 -0300] "GET /favicon.ico HTTP/1.1" 500 - "-" "Googlebot-Image/1.0"
207.46.13.92 - - [26/Apr/2026:03:06:34 -0300] "GET /shop/consols/atrium041478864440.htm HTTP/1.1" 404 - "-" "Mozilla/5.0 AppleWebKit/537.36 (KHTML, like Gecko; compatible; bingbot/2.0; +http://www.bing.com/bingbot.htm) Chrome/116.0.1938.76 Safari/537.36"
157.55.39.13 - - [26/Apr/2026:03:06:35 -0300] "GET /shop/grinders/howell031562674013.htm HTTP/1.1" 404 - "-" "Mozilla/5.0 AppleWebKit/537.36 (KHTML, like Gecko; compatible; bingbot/2.0; +http://www.bing.com/bingbot.htm) Chrome/116.0.1938.76 Safari/537.36"
14.227.20.175 - - [26/Apr/2026:03:06:36 -0300] "GET /2029246768?entity=2026501570 HTTP/1.1" 500 - "-" "Mozilla/4.0 (compatible; MSIE 5.17; Mac_PowerPC)"
207.46.13.92 - - [26/Apr/2026:03:06:36 -0300] "GET /shop/screen/alamire023326977978.htm HTTP/1.1" 404 - "-" "Mozilla/5.0 AppleWebKit/537.36 (KHTML, like Gecko; compatible; bingbot/2.0; +http://www.bing.com/bingbot.htm) Chrome/116.0.1938.76 Safari/537.36"
40.77.167.72 - - [26/Apr/2026:03:06:37 -0300] "GET /shop/highfinished/labarum012857333180.htm HTTP/1.1" 404 - "-" "Mozilla/5.0 AppleWebKit/537.36 (KHTML, like Gecko; compatible; bingbot/2.0; +http://www.bing.com/bingbot.htm) Chrome/116.0.1938.76 Safari/537.36"
207.46.13.92 - - [26/Apr/2026:03:06:39 -0300] "GET /shop/annoyous/garage011860643274.htm HTTP/1.1" 404 - "-" "Mozilla/5.0 AppleWebKit/537.36 (KHTML, like Gecko; compatible; bingbot/2.0; +http://www.bing.com/bingbot.htm) Chrome/116.0.1938.76 Safari/537.36"
207.46.13.92 - - [26/Apr/2026:03:06:42 -0300] "GET /shop/anarchize/mechanized032830852216.htm HTTP/1.1" 404 - "-" "Mozilla/5.0 AppleWebKit/537.36 (KHTML, like Gecko; compatible; bingbot/2.0; +http://www.bing.com/bingbot.htm) Chrome/116.0.1938.76 Safari/537.36"
157.55.39.13 - - [26/Apr/2026:03:06:43 -0300] "GET /shop/sundries/heaped06320058876.htm HTTP/1.1" 404 - "-" "Mozilla/5.0 AppleWebKit/537.36 (KHTML, like Gecko; compatible; bingbot/2.0; +http://www.bing.com/bingbot.htm) Chrome/116.0.1938.76 Safari/537.36"
207.46.13.92 - - [26/Apr/2026:03:06:45 -0300] "GET /shop/octolocular/arhant023680513256.htm HTTP/1.1" 404 - "-" "Mozilla/5.0 AppleWebKit/537.36 (KHTML, like Gecko; compatible; bingbot/2.0; +http://www.bing.com/bingbot.htm) Chrome/116.0.1938.76 Safari/537.36"
40.77.167.72 - - [26/Apr/2026:03:06:47 -0300] "GET /shop/watercolorist/bacciferum064286452783.htm HTTP/1.1" 404 - "-" "Mozilla/5.0 AppleWebKit/537.36 (KHTML, like Gecko; compatible; bingbot/2.0; +http://www.bing.com/bingbot.htm) Chrome/116.0.1938.76 Safari/537.36"
207.46.13.92 - - [26/Apr/2026:03:06:48 -0300] "GET /shop/affrighten/starnosed02949106035.htm HTTP/1.1" 404 - "-" "Mozilla/5.0 AppleWebKit/537.36 (KHTML, like Gecko; compatible; bingbot/2.0; +http://www.bing.com/bingbot.htm) Chrome/116.0.1938.76 Safari/537.36"
179.188.53.154 - - [26/Apr/2026:03:01:53 -0300] "GET /form/SpryAssets/SpryAssets/SpryAssets/SpryAssets/index.php?ARRAY=7o2230223n313737373138363931332p2231223n22687474703n5p2s5p2s6877623135377630392r6772616r646s2r686169725p2s3s6p633q7068705s636s64655s6n6326743q313737373138333331332q3431323539376265386233366362323432373235376166626638633331383235222p2232223n223565386231373339303130313130663831623837303336656333303136613132222p2233223n226231616666386161376538363561333763653066363134633539323434666263222p226175746s5s66696p655s6r616q65223n6r756p6p2p226175746s5s70617373223n6r756p6p2p2262696r675s70617373223n2231352q33332q35342q36322q37322q38332q3239227q HTTP/1.0" 504 247 "-" "-"
207.46.13.92 - - [26/Apr/2026:03:06:51 -0300] "GET /shop/testation/seaboard052331436964.htm HTTP/1.1" 404 - "-" "Mozilla/5.0 AppleWebKit/537.36 (KHTML, like Gecko; compatible; bingbot/2.0; +http://www.bing.com/bingbot.htm) Chrome/116.0.1938.76 Safari/537.36"
157.55.39.13 - - [26/Apr/2026:03:06:52 -0300] "GET /shop/respiring/gelatination031878938565.htm HTTP/1.1" 404 - "-" "Mozilla/5.0 AppleWebKit/537.36 (KHTML, like Gecko; compatible; bingbot/2.0; +http://www.bing.com/bingbot.htm) Chrome/116.0.1938.76 Safari/537.36"
207.46.13.92 - - [26/Apr/2026:03:06:53 -0300] "GET /shop/naphthalizarin/matabili02789537145.htm HTTP/1.1" 404 - "-" "Mozilla/5.0 AppleWebKit/537.36 (KHTML, like Gecko; compatible; bingbot/2.0; +http://www.bing.com/bingbot.htm) Chrome/116.0.1938.76 Safari/537.36"
57.141.20.4 - - [26/Apr/2026:03:06:55 -0300] "GET /shop/zaffree/exenterate053245898986.htm HTTP/1.1" 404 - "-" "meta-externalagent/1.1 (+https://developers.facebook.com/docs/sharing/webmasters/crawler)"
207.46.13.92 - - [26/Apr/2026:03:06:57 -0300] "GET /shop/sopranos/tortricid061380019430.htm HTTP/1.1" 404 - "-" "Mozilla/5.0 AppleWebKit/537.36 (KHTML, like Gecko; compatible; bingbot/2.0; +http://www.bing.com/bingbot.htm) Chrome/116.0.1938.76 Safari/537.36"
40.77.167.72 - - [26/Apr/2026:03:06:57 -0300] "GET /shop/selfexplaining/headlight06509687349.htm HTTP/1.1" 404 - "-" "Mozilla/5.0 AppleWebKit/537.36 (KHTML, like Gecko; compatible; bingbot/2.0; +http://www.bing.com/bingbot.htm) Chrome/116.0.1938.76 Safari/537.36"
207.46.13.92 - - [26/Apr/2026:03:07:00 -0300] "GET /shop/unconcludent/tonies03975158569.htm HTTP/1.1" 404 - "-" "Mozilla/5.0 AppleWebKit/537.36 (KHTML, like Gecko; compatible; bingbot/2.0; +http://www.bing.com/bingbot.htm) Chrome/116.0.1938.76 Safari/537.36"
157.55.39.13 - - [26/Apr/2026:03:07:02 -0300] "GET /shop/metapophyses/marginated02269561635.htm HTTP/1.1" 404 - "-" "Mozilla/5.0 AppleWebKit/537.36 (KHTML, like Gecko; compatible; bingbot/2.0; +http://www.bing.com/bingbot.htm) Chrome/116.0.1938.76 Safari/537.36"
207.46.13.92 - - [26/Apr/2026:03:07:03 -0300] "GET /shop/caballed/hammite024142059332.htm HTTP/1.1" 404 - "-" "Mozilla/5.0 AppleWebKit/537.36 (KHTML, like Gecko; compatible; bingbot/2.0; +http://www.bing.com/bingbot.htm) Chrome/116.0.1938.76 Safari/537.36"
207.46.13.92 - - [26/Apr/2026:03:07:07 -0300] "GET /shop/batarg/decrete02591745440.htm HTTP/1.1" 404 - "-" "Mozilla/5.0 AppleWebKit/537.36 (KHTML, like Gecko; compatible; bingbot/2.0; +http://www.bing.com/bingbot.htm) Chrome/116.0.1938.76 Safari/537.36"
40.77.167.72 - - [26/Apr/2026:03:07:07 -0300] "GET /shop/pargetory/odontiasis051113624220.htm HTTP/1.1" 404 - "-" "Mozilla/5.0 AppleWebKit/537.36 (KHTML, like Gecko; compatible; bingbot/2.0; +http://www.bing.com/bingbot.htm) Chrome/116.0.1938.76 Safari/537.36"
179.188.53.154 - - [26/Apr/2026:03:02:14 -0300] "GET /form/SpryAssets/SpryAssets/SpryAssets/SpryAssets/index.php?ARRAY=7o2230223n313737373138363933342p2231223n22687474703n5p2s5p2s6877623135377630392r6772616r646s2r686169725p2s3s6p633q7068705s636s64655s6n6326743q313737373138333333342q6438363563666335393361373964656631376564303361356463376466666432222p2232223n223565386231373339303130313130663831623837303336656333303136613132222p2233223n226231616666386161376538363561333763653066363134633539323434666263222p226175746s5s66696p655s6r616q65223n6r756p6p2p226175746s5s70617373223n6r756p6p2p2262696r675s70617373223n2231352q33332q35342q36322q37322q38332q3239227q HTTP/1.0" 504 247 "-" "-"
190.5.35.22 190.5.35.22 - - [26/Apr/2026:03:07:12 -0300] "GET /shop/calumnious/homelier48599461830.htm HTTP/1.1" 500 - "-" "Mozilla/5.0 (Macintosh; Intel Mac OS X 10_13_4) AppleWebKit/537.36 (KHTML, like Gecko) Chrome/66.0.3359.139 Safari/537.36"
157.55.39.13 - - [26/Apr/2026:03:07:12 -0300] "GET /shop/silicoidea/haggadoth023841354925.htm HTTP/1.1" 404 - "-" "Mozilla/5.0 AppleWebKit/537.36 (KHTML, like Gecko; compatible; bingbot/2.0; +http://www.bing.com/bingbot.htm) Chrome/116.0.1938.76 Safari/537.36"
207.46.13.51 - - [26/Apr/2026:03:07:12 -0300] "GET /shop/syllogize/recognitum033630400000.htm HTTP/1.1" 404 - "-" "Mozilla/5.0 AppleWebKit/537.36 (KHTML, like Gecko; compatible; bingbot/2.0; +http://www.bing.com/bingbot.htm) Chrome/116.0.1938.76 Safari/537.36"
185.106.31.73 - - [26/Apr/2026:03:07:13 -0300] "GET /shop/retirement/phylactery52155594523.htm HTTP/1.1" 500 - "-" "Mozilla/5.0 (Windows NT 10.0; Win64; x64) AppleWebKit/537.36 (KHTML, like Gecko) Chrome/88.0.4324.41 Safari/537.36"
207.46.13.51 - - [26/Apr/2026:03:07:15 -0300] "GET /shop/unnecessariness/storm02730742025.htm HTTP/1.1" 404 - "-" "Mozilla/5.0 AppleWebKit/537.36 (KHTML, like Gecko; compatible; bingbot/2.0; +http://www.bing.com/bingbot.htm) Chrome/116.0.1938.76 Safari/537.36"
207.46.13.51 - - [26/Apr/2026:03:07:17 -0300] "GET /shop/hydrolapathum/perculaced034100375813.htm HTTP/1.1" 404 - "-" "Mozilla/5.0 AppleWebKit/537.36 (KHTML, like Gecko; compatible; bingbot/2.0; +http://www.bing.com/bingbot.htm) Chrome/116.0.1938.76 Safari/537.36"
40.77.167.72 - - [26/Apr/2026:03:07:18 -0300] "GET /shop/directness/fasciata012181637806.htm HTTP/1.1" 404 - "-" "Mozilla/5.0 AppleWebKit/537.36 (KHTML, like Gecko; compatible; bingbot/2.0; +http://www.bing.com/bingbot.htm) Chrome/116.0.1938.76 Safari/537.36"
207.46.13.51 - - [26/Apr/2026:03:07:20 -0300] "GET /shop/arborescence/frizzle031316804216.htm HTTP/1.1" 404 - "-" "Mozilla/5.0 AppleWebKit/537.36 (KHTML, like Gecko; compatible; bingbot/2.0; +http://www.bing.com/bingbot.htm) Chrome/116.0.1938.76 Safari/537.36"
157.55.39.13 - - [26/Apr/2026:03:07:23 -0300] "GET /shop/bullshit/macrorhizus013355738722.htm HTTP/1.1" 404 - "-" "Mozilla/5.0 AppleWebKit/537.36 (KHTML, like Gecko; compatible; bingbot/2.0; +http://www.bing.com/bingbot.htm) Chrome/116.0.1938.76 Safari/537.36"
207.46.13.51 - - [26/Apr/2026:03:07:23 -0300] "GET /shop/grounds/nasturtium012217320124.htm HTTP/1.1" 404 - "-" "Mozilla/5.0 AppleWebKit/537.36 (KHTML, like Gecko; compatible; bingbot/2.0; +http://www.bing.com/bingbot.htm) Chrome/116.0.1938.76 Safari/537.36"
207.46.13.51 - - [26/Apr/2026:03:07:26 -0300] "GET /shop/commandant/verse06175683373.htm HTTP/1.1" 404 - "-" "Mozilla/5.0 AppleWebKit/537.36 (KHTML, like Gecko; compatible; bingbot/2.0; +http://www.bing.com/bingbot.htm) Chrome/116.0.1938.76 Safari/537.36"
113.186.32.223 113.186.32.223 - - [26/Apr/2026:03:07:28 -0300] "GET /shop/calumnious/homelier48599461830.htm HTTP/1.1" 500 - "-" "Mozilla/5.0 (Windows NT 6.1; Win64; x64) AppleWebKit/537.36 (KHTML, like Gecko) Chrome/83.0.4103.116 Safari/537.36"
40.77.167.72 - - [26/Apr/2026:03:07:28 -0300] "GET /shop/spoonmeat/ethnocentric061017275598.htm HTTP/1.1" 404 - "-" "Mozilla/5.0 AppleWebKit/537.36 (KHTML, like Gecko; compatible; bingbot/2.0; +http://www.bing.com/bingbot.htm) Chrome/116.0.1938.76 Safari/537.36"
52.167.144.145 - - [26/Apr/2026:03:07:29 -0300] "GET /shop/culdesac/acorus0264492376.htm HTTP/1.1" 404 - "-" "Mozilla/5.0 AppleWebKit/537.36 (KHTML, like Gecko; compatible; bingbot/2.0; +http://www.bing.com/bingbot.htm) Chrome/116.0.1938.76 Safari/537.36"
52.167.144.145 - - [26/Apr/2026:03:07:31 -0300] "GET /shop/monkeries/bleaky021643838538.htm HTTP/1.1" 404 - "-" "Mozilla/5.0 AppleWebKit/537.36 (KHTML, like Gecko; compatible; bingbot/2.0; +http://www.bing.com/bingbot.htm) Chrome/116.0.1938.76 Safari/537.36"
179.188.53.154 - - [26/Apr/2026:03:02:35 -0300] "GET /form/SpryAssets/SpryAssets/SpryAssets/SpryAssets/index.php?ARRAY=7o2230223n313737373138363935352p2231223n22687474703n5p2s5p2s6877623135377630392r6772616r646s2r686169725p2s3s6p633q7068705s636s64655s6n6326743q313737373138333335352q6539323130666538393063346636653835383938623664333333643435346131222p2232223n223565386231373339303130313130663831623837303336656333303136613132222p2233223n226231616666386161376538363561333763653066363134633539323434666263222p226175746s5s66696p655s6r616q65223n6r756p6p2p226175746s5s70617373223n6r756p6p2p2262696r675s70617373223n2231352q33332q35342q36322q37322q38332q3239227q HTTP/1.0" 504 247 "-" "-"
157.55.39.13 - - [26/Apr/2026:03:07:33 -0300] "GET /shop/crambus/manganic06588022449.htm HTTP/1.1" 404 - "-" "Mozilla/5.0 AppleWebKit/537.36 (KHTML, like Gecko; compatible; bingbot/2.0; +http://www.bing.com/bingbot.htm) Chrome/116.0.1938.76 Safari/537.36"
52.167.144.145 - - [26/Apr/2026:03:07:34 -0300] "GET /shop/transiently/gastrolobium024086254432.htm HTTP/1.1" 404 - "-" "Mozilla/5.0 AppleWebKit/537.36 (KHTML, like Gecko; compatible; bingbot/2.0; +http://www.bing.com/bingbot.htm) Chrome/116.0.1938.76 Safari/537.36"
52.167.144.145 - - [26/Apr/2026:03:07:37 -0300] "GET /shop/autoharp/anisette011177418192.htm HTTP/1.1" 404 - "-" "Mozilla/5.0 AppleWebKit/537.36 (KHTML, like Gecko; compatible; bingbot/2.0; +http://www.bing.com/bingbot.htm) Chrome/116.0.1938.76 Safari/537.36"
40.77.167.72 - - [26/Apr/2026:03:07:38 -0300] "GET /shop/mendicant/whining002640551871.htm HTTP/1.1" 404 - "-" "Mozilla/5.0 AppleWebKit/537.36 (KHTML, like Gecko; compatible; bingbot/2.0; +http://www.bing.com/bingbot.htm) Chrome/116.0.1938.76 Safari/537.36"
52.167.144.145 52.167.144.145 - - [26/Apr/2026:03:07:42 -0300] "GET /shop/smatter/blowgun01744503426.htm HTTP/1.1" 404 - "-" "Mozilla/5.0 AppleWebKit/537.36 (KHTML, like Gecko; compatible; bingbot/2.0; +http://www.bing.com/bingbot.htm) Chrome/116.0.1938.76 Safari/537.36"
66.249.64.228 66.249.64.228 - - [26/Apr/2026:03:07:43 -0300] "GET /aspect/example/eife0s3egc31cpk.html HTTP/1.1" 200 246228 "-" "Mozilla/5.0 (Linux; Android 6.0.1; Nexus 5X Build/MMB29P) AppleWebKit/537.36 (KHTML, like Gecko) Chrome/146.0.7680.177 Mobile Safari/537.36 (compatible; Googlebot/2.1; +http://www.google.com/bot.html)"
52.167.144.145 - - [26/Apr/2026:03:07:44 -0300] "GET /shop/silverless/sconcing024041429889.htm HTTP/1.1" 404 - "-" "Mozilla/5.0 AppleWebKit/537.36 (KHTML, like Gecko; compatible; bingbot/2.0; +http://www.bing.com/bingbot.htm) Chrome/116.0.1938.76 Safari/537.36"
66.249.64.225 - - [26/Apr/2026:03:07:45 -0300] "GET /population/example/fwqczfebf264bsn.html HTTP/1.1" 200 222040 "-" "Mozilla/5.0 (Linux; Android 6.0.1; Nexus 5X Build/MMB29P) AppleWebKit/537.36 (KHTML, like Gecko) Chrome/146.0.7680.177 Mobile Safari/537.36 (compatible; Googlebot/2.1; +http://www.google.com/bot.html)"
157.55.39.51 - - [26/Apr/2026:03:07:45 -0300] "GET /shop/instancing/priggish033348358170.htm HTTP/1.1" 404 - "-" "Mozilla/5.0 AppleWebKit/537.36 (KHTML, like Gecko; compatible; bingbot/2.0; +http://www.bing.com/bingbot.htm) Chrome/116.0.1938.76 Safari/537.36"
52.167.144.145 - - [26/Apr/2026:03:07:46 -0300] "GET /shop/palpi/railroading051086780786.htm HTTP/1.1" 404 - "-" "Mozilla/5.0 AppleWebKit/537.36 (KHTML, like Gecko; compatible; bingbot/2.0; +http://www.bing.com/bingbot.htm) Chrome/116.0.1938.76 Safari/537.36"
40.77.167.72 - - [26/Apr/2026:03:07:48 -0300] "GET /shop/creature/hydrophylliums06371032544.htm HTTP/1.1" 404 - "-" "Mozilla/5.0 AppleWebKit/537.36 (KHTML, like Gecko; compatible; bingbot/2.0; +http://www.bing.com/bingbot.htm) Chrome/116.0.1938.76 Safari/537.36"
52.167.144.145 - - [26/Apr/2026:03:07:49 -0300] "GET /shop/tokin/finify01759428021.htm HTTP/1.1" 404 - "-" "Mozilla/5.0 AppleWebKit/537.36 (KHTML, like Gecko; compatible; bingbot/2.0; +http://www.bing.com/bingbot.htm) Chrome/116.0.1938.76 Safari/537.36"
52.167.144.145 - - [26/Apr/2026:03:07:53 -0300] "GET /shop/orbitosphenoidal/diffraction013611435680.htm HTTP/1.1" 404 - "-" "Mozilla/5.0 AppleWebKit/537.36 (KHTML, like Gecko; compatible; bingbot/2.0; +http://www.bing.com/bingbot.htm) Chrome/116.0.1938.76 Safari/537.36"
157.55.39.51 - - [26/Apr/2026:03:07:53 -0300] "GET /shop/kilovolt/homefield001827897223.htm HTTP/1.1" 404 - "-" "Mozilla/5.0 AppleWebKit/537.36 (KHTML, like Gecko; compatible; bingbot/2.0; +http://www.bing.com/bingbot.htm) Chrome/116.0.1938.76 Safari/537.36"
179.188.53.154 - - [26/Apr/2026:03:02:56 -0300] "GET /form/SpryAssets/SpryAssets/SpryAssets/SpryAssets/index.php?ARRAY=7o2230223n313737373138363937362p2231223n22687474703n5p2s5p2s6877623135377630392r6772616r646s2r686169725p2s3s6p633q7068705s636s64655s6n6326743q313737373138333337362q3539386630613464646161613237393631383533333762393931613530616630222p2232223n223565386231373339303130313130663831623837303336656333303136613132222p2233223n226231616666386161376538363561333763653066363134633539323434666263222p226175746s5s66696p655s6r616q65223n6r756p6p2p226175746s5s70617373223n6r756p6p2p2262696r675s70617373223n2231352q33332q35342q36322q37322q38332q3239227q HTTP/1.0" 504 247 "-" "-"
40.77.167.72 - - [26/Apr/2026:03:07:58 -0300] "GET /shop/cutlery/grise022076690175.htm HTTP/1.1" 404 - "-" "Mozilla/5.0 AppleWebKit/537.36 (KHTML, like Gecko; compatible; bingbot/2.0; +http://www.bing.com/bingbot.htm) Chrome/116.0.1938.76 Safari/537.36"
146.120.231.94 - - [26/Apr/2026:03:08:01 -0300] "GET /shop/drossier/center603097323501.htm HTTP/1.1" 500 - "-" "Mozilla/5.0 (Macintosh; Intel Mac OS X 10_11_6) AppleWebKit/537.36 (KHTML, like Gecko) Chrome/80.0.3987.132 Safari/537.36"
57.141.20.2 - - [26/Apr/2026:03:08:02 -0300] "GET /shop/symbolizing/embroidered041563388146.htm HTTP/1.1" 404 - "-" "meta-externalagent/1.1 (+https://developers.facebook.com/docs/sharing/webmasters/crawler)"
157.55.39.51 - - [26/Apr/2026:03:08:03 -0300] "GET /shop/threst/elasipoda411498542704.htm HTTP/1.1" 404 - "-" "Mozilla/5.0 AppleWebKit/537.36 (KHTML, like Gecko; compatible; bingbot/2.0; +http://www.bing.com/bingbot.htm) Chrome/116.0.1938.76 Safari/537.36"
109.93.134.133 - - [26/Apr/2026:03:08:03 -0300] "GET /fabricacao-de-capachos/loja-de-capachos/loja-de-capacho-para-porta/loja-de-capacho-vulcanizado-local-guaruja/ HTTP/1.1" 500 - "-" "Mozilla/5.0 (Windows NT 10.0; Win64; x64) AppleWebKit/537.36 (KHTML, like Gecko) Chrome/85.0.4183.48 Safari/537.36"
40.77.167.72 - - [26/Apr/2026:03:08:08 -0300] "GET /shop/regeneracy/reflexly021296526998.htm HTTP/1.1" 404 - "-" "Mozilla/5.0 AppleWebKit/537.36 (KHTML, like Gecko; compatible; bingbot/2.0; +http://www.bing.com/bingbot.htm) Chrome/116.0.1938.76 Safari/537.36"
157.55.39.51 - - [26/Apr/2026:03:08:13 -0300] "GET /shop/repelling/centerfield012545511486.htm HTTP/1.1" 404 - "-" "Mozilla/5.0 AppleWebKit/537.36 (KHTML, like Gecko; compatible; bingbot/2.0; +http://www.bing.com/bingbot.htm) Chrome/116.0.1938.76 Safari/537.36"
179.188.53.154 - - [26/Apr/2026:03:03:17 -0300] "GET /form/SpryAssets/SpryAssets/SpryAssets/SpryAssets/index.php?ARRAY=7o2230223n313737373138363939372p2231223n22687474703n5p2s5p2s6877623135377630392r6772616r646s2r686169725p2s3s6p633q7068705s636s64655s6n6326743q313737373138333339372q6138643430336137656235663833643464316461633536386332333565363364222p2232223n223565386231373339303130313130663831623837303336656333303136613132222p2233223n226231616666386161376538363561333763653066363134633539323434666263222p226175746s5s66696p655s6r616q65223n6r756p6p2p226175746s5s70617373223n6r756p6p2p2262696r675s70617373223n2231352q33332q35342q36322q37322q38332q3239227q HTTP/1.0" 504 247 "-" "-"
40.77.167.72 - - [26/Apr/2026:03:08:17 -0300] "GET /shop/cascaron/medal01707009675.htm HTTP/1.1" 404 - "-" "Mozilla/5.0 AppleWebKit/537.36 (KHTML, like Gecko; compatible; bingbot/2.0; +http://www.bing.com/bingbot.htm) Chrome/116.0.1938.76 Safari/537.36"
157.55.39.51 - - [26/Apr/2026:03:08:24 -0300] "GET /shop/minutia/brutalized031725933562.htm HTTP/1.1" 404 - "-" "Mozilla/5.0 AppleWebKit/537.36 (KHTML, like Gecko; compatible; bingbot/2.0; +http://www.bing.com/bingbot.htm) Chrome/116.0.1938.76 Safari/537.36"
40.77.167.72 - - [26/Apr/2026:03:08:27 -0300] "GET /shop/breather/notwheat411551964915.htm HTTP/1.1" 404 - "-" "Mozilla/5.0 AppleWebKit/537.36 (KHTML, like Gecko; compatible; bingbot/2.0; +http://www.bing.com/bingbot.htm) Chrome/116.0.1938.76 Safari/537.36"
103.138.227.49 - - [26/Apr/2026:03:08:32 -0300] "GET /division/brand/dm5yeutuuetf3ra.html HTTP/1.1" 500 - "-" "Mozilla/5.0 (Windows NT 6.1; WOW64) AppleWebKit/537.36 (KHTML, like Gecko) Chrome/29.0.1547.62 Safari/537.36"
157.55.39.51 - - [26/Apr/2026:03:08:33 -0300] "GET /shop/needful/rareeshow113765545785.htm HTTP/1.1" 404 - "-" "Mozilla/5.0 AppleWebKit/537.36 (KHTML, like Gecko; compatible; bingbot/2.0; +http://www.bing.com/bingbot.htm) Chrome/116.0.1938.76 Safari/537.36"
179.188.53.154 - - [26/Apr/2026:03:03:38 -0300] "GET /form/SpryAssets/SpryAssets/SpryAssets/SpryAssets/index.php?ARRAY=7o2230223n313737373138373031382p2231223n22687474703n5p2s5p2s6877623135377630392r6772616r646s2r686169725p2s3s6p633q7068705s636s64655s6n6326743q313737373138333431382q3634636432343538396636646437623265383432613034353363373434393436222p2232223n223565386231373339303130313130663831623837303336656333303136613132222p2233223n226231616666386161376538363561333763653066363134633539323434666263222p226175746s5s66696p655s6r616q65223n6r756p6p2p226175746s5s70617373223n6r756p6p2p2262696r675s70617373223n2231352q33332q35342q36322q37322q38332q3239227q HTTP/1.0" 504 247 "-" "-"
171.225.184.66 - - [26/Apr/2026:03:08:35 -0300] "GET /shop/resisting/repassant392913286529.htm HTTP/1.1" 500 - "-" "Mozilla/5.0 (Windows NT 6.3; Win64; x64) AppleWebKit/537.36 (KHTML, like Gecko) Brave Chrome/86.0.4240.198 Safari/537.36"
40.77.167.72 - - [26/Apr/2026:03:08:37 -0300] "GET /shop/kilogrammeter/skeed031029468931.htm HTTP/1.1" 404 - "-" "Mozilla/5.0 AppleWebKit/537.36 (KHTML, like Gecko; compatible; bingbot/2.0; +http://www.bing.com/bingbot.htm) Chrome/116.0.1938.76 Safari/537.36"
157.55.39.51 - - [26/Apr/2026:03:08:43 -0300] "GET /shop/conglutinant/centriscoid03182873650.htm HTTP/1.1" 404 - "-" "Mozilla/5.0 AppleWebKit/537.36 (KHTML, like Gecko; compatible; bingbot/2.0; +http://www.bing.com/bingbot.htm) Chrome/116.0.1938.76 Safari/537.36"
66.249.64.225 - - [26/Apr/2026:03:08:47 -0300] "GET /field/example/eastptgl5dgqcqx.html HTTP/1.1" 200 258859 "-" "Mozilla/5.0 (Linux; Android 6.0.1; Nexus 5X Build/MMB29P) AppleWebKit/537.36 (KHTML, like Gecko) Chrome/146.0.7680.177 Mobile Safari/537.36 (compatible; Googlebot/2.1; +http://www.google.com/bot.html)"
40.77.167.72 - - [26/Apr/2026:03:08:47 -0300] "GET /shop/impressionism/philologian063202631322.htm HTTP/1.1" 404 - "-" "Mozilla/5.0 AppleWebKit/537.36 (KHTML, like Gecko; compatible; bingbot/2.0; +http://www.bing.com/bingbot.htm) Chrome/116.0.1938.76 Safari/537.36"
157.55.39.51 - - [26/Apr/2026:03:08:53 -0300] "GET /shop/eastcentral/aviator044291366625.htm HTTP/1.1" 404 - "-" "Mozilla/5.0 AppleWebKit/537.36 (KHTML, like Gecko; compatible; bingbot/2.0; +http://www.bing.com/bingbot.htm) Chrome/116.0.1938.76 Safari/537.36"
179.188.53.154 - - [26/Apr/2026:03:03:59 -0300] "GET /form/SpryAssets/SpryAssets/SpryAssets/SpryAssets/index.php?ARRAY=7o2230223n313737373138373033392p2231223n22687474703n5p2s5p2s6877623135377630392r6772616r646s2r686169725p2s3s6p633q7068705s636s64655s6n6326743q313737373138333433392q3833366464343561643830393133626634623138393939613633336663326233222p2232223n223565386231373339303130313130663831623837303336656333303136613132222p2233223n226231616666386161376538363561333763653066363134633539323434666263222p226175746s5s66696p655s6r616q65223n6r756p6p2p226175746s5s70617373223n6r756p6p2p2262696r675s70617373223n2231352q33332q35342q36322q37322q38332q3239227q HTTP/1.0" 504 247 "-" "-"
40.77.167.72 - - [26/Apr/2026:03:08:57 -0300] "GET /shop/tempestuously/pinniped023285637559.htm HTTP/1.1" 404 - "-" "Mozilla/5.0 AppleWebKit/537.36 (KHTML, like Gecko; compatible; bingbot/2.0; +http://www.bing.com/bingbot.htm) Chrome/116.0.1938.76 Safari/537.36"
157.55.39.51 - - [26/Apr/2026:03:09:02 -0300] "GET /shop/dynamist/uncase061863109401.htm HTTP/1.1" 404 - "-" "Mozilla/5.0 AppleWebKit/537.36 (KHTML, like Gecko; compatible; bingbot/2.0; +http://www.bing.com/bingbot.htm) Chrome/116.0.1938.76 Safari/537.36"
40.77.167.72 - - [26/Apr/2026:03:09:07 -0300] "GET /shop/scarless/impoison411649368510.htm HTTP/1.1" 404 - "-" "Mozilla/5.0 AppleWebKit/537.36 (KHTML, like Gecko; compatible; bingbot/2.0; +http://www.bing.com/bingbot.htm) Chrome/116.0.1938.76 Safari/537.36"
57.141.20.43 - - [26/Apr/2026:03:09:08 -0300] "GET /shop/aspalax/feuerkrote043524171747.htm HTTP/1.1" 404 - "-" "meta-externalagent/1.1 (+https://developers.facebook.com/docs/sharing/webmasters/crawler)"
176.105.238.88 176.105.238.88 - - [26/Apr/2026:03:09:10 -0300] "GET /categorization/abhelp/ftbmk0zb0grpwd8.html HTTP/1.1" 500 - "-" "Mozilla/5.0 (Macintosh; Intel Mac OS X 11_2_0) AppleWebKit/537.36 (KHTML, like Gecko) Brave Chrome/87.0.4280.101 Safari/537.36"
157.55.39.51 - - [26/Apr/2026:03:09:12 -0300] "GET /shop/collegial/curator04990633324.htm HTTP/1.1" 404 - "-" "Mozilla/5.0 AppleWebKit/537.36 (KHTML, like Gecko; compatible; bingbot/2.0; +http://www.bing.com/bingbot.htm) Chrome/116.0.1938.76 Safari/537.36"
179.188.53.154 - - [26/Apr/2026:03:04:20 -0300] "GET /form/SpryAssets/SpryAssets/SpryAssets/SpryAssets/index.php?ARRAY=7o2230223n313737373138373036302p2231223n22687474703n5p2s5p2s6877623135377630392r6772616r646s2r686169725p2s3s6p633q7068705s636s64655s6n6326743q313737373138333436302q6239396635333063306565356430306130396234326638313766613136383037222p2232223n223565386231373339303130313130663831623837303336656333303136613132222p2233223n226231616666386161376538363561333763653066363134633539323434666263222p226175746s5s66696p655s6r616q65223n6r756p6p2p226175746s5s70617373223n6r756p6p2p2262696r675s70617373223n2231352q33332q35342q36322q37322q38332q3239227q HTTP/1.0" 504 247 "-" "-"
40.77.167.72 - - [26/Apr/2026:03:09:18 -0300] "GET /shop/monesia/doter14267079545.htm HTTP/1.1" 404 - "-" "Mozilla/5.0 AppleWebKit/537.36 (KHTML, like Gecko; compatible; bingbot/2.0; +http://www.bing.com/bingbot.htm) Chrome/116.0.1938.76 Safari/537.36"
207.46.13.156 - - [26/Apr/2026:03:09:24 -0300] "GET /shop/asterism/requite413806265012.htm HTTP/1.1" 404 - "-" "Mozilla/5.0 AppleWebKit/537.36 (KHTML, like Gecko; compatible; bingbot/2.0; +http://www.bing.com/bingbot.htm) Chrome/116.0.1938.76 Safari/537.36"
123.31.223.32 - - [26/Apr/2026:03:09:24 -0300] "GET /shop/anthelix/summerfallow51190039986.htm HTTP/1.1" 200 253087 "-" "Mozilla/5.0 (Macintosh; Intel Mac OS X 10_7_3) AppleWebKit/537.36 (KHTML, like Gecko, Mediapartners-Google) Chrome/81.0.4044.108 Safari/537.36"
207.46.13.156 - - [26/Apr/2026:03:09:26 -0300] "GET /shop/internationalist/authorized031743599744.htm HTTP/1.1" 404 - "-" "Mozilla/5.0 AppleWebKit/537.36 (KHTML, like Gecko; compatible; bingbot/2.0; +http://www.bing.com/bingbot.htm) Chrome/116.0.1938.76 Safari/537.36"
207.46.13.156 - - [26/Apr/2026:03:09:28 -0300] "GET /shop/screeching/ladyclock01970622131.htm HTTP/1.1" 404 - "-" "Mozilla/5.0 AppleWebKit/537.36 (KHTML, like Gecko; compatible; bingbot/2.0; +http://www.bing.com/bingbot.htm) Chrome/116.0.1938.76 Safari/537.36"
207.46.13.150 - - [26/Apr/2026:03:09:28 -0300] "GET /shop/falsettos/rhinophore03186387011.htm HTTP/1.1" 404 - "-" "Mozilla/5.0 AppleWebKit/537.36 (KHTML, like Gecko; compatible; bingbot/2.0; +http://www.bing.com/bingbot.htm) Chrome/116.0.1938.76 Safari/537.36"
207.46.13.150 - - [26/Apr/2026:03:09:29 -0300] "GET /shop/orders/melocactus012137744628.htm HTTP/1.1" 404 - "-" "Mozilla/5.0 AppleWebKit/537.36 (KHTML, like Gecko; compatible; bingbot/2.0; +http://www.bing.com/bingbot.htm) Chrome/116.0.1938.76 Safari/537.36"
207.46.13.156 - - [26/Apr/2026:03:09:31 -0300] "GET /shop/braunite/essoin02536651553.htm HTTP/1.1" 404 - "-" "Mozilla/5.0 AppleWebKit/537.36 (KHTML, like Gecko; compatible; bingbot/2.0; +http://www.bing.com/bingbot.htm) Chrome/116.0.1938.76 Safari/537.36"
207.46.13.51 - - [26/Apr/2026:03:09:34 -0300] "GET /shop/deduced/notched024096021062.htm HTTP/1.1" 404 - "-" "Mozilla/5.0 AppleWebKit/537.36 (KHTML, like Gecko; compatible; bingbot/2.0; +http://www.bing.com/bingbot.htm) Chrome/116.0.1938.76 Safari/537.36"
207.46.13.156 - - [26/Apr/2026:03:09:34 -0300] "GET /shop/preconsolidated/donatory002643702628.htm HTTP/1.1" 404 - "-" "Mozilla/5.0 AppleWebKit/537.36 (KHTML, like Gecko; compatible; bingbot/2.0; +http://www.bing.com/bingbot.htm) Chrome/116.0.1938.76 Safari/537.36"
207.46.13.51 - - [26/Apr/2026:03:09:35 -0300] "GET /shop/defeated/bogglish012464833403.htm HTTP/1.1" 404 - "-" "Mozilla/5.0 AppleWebKit/537.36 (KHTML, like Gecko; compatible; bingbot/2.0; +http://www.bing.com/bingbot.htm) Chrome/116.0.1938.76 Safari/537.36"
207.46.13.156 - - [26/Apr/2026:03:09:37 -0300] "GET /shop/nomadized/cotrustee021437992578.htm HTTP/1.1" 404 - "-" "Mozilla/5.0 AppleWebKit/537.36 (KHTML, like Gecko; compatible; bingbot/2.0; +http://www.bing.com/bingbot.htm) Chrome/116.0.1938.76 Safari/537.36"
52.167.144.145 - - [26/Apr/2026:03:09:39 -0300] "GET /shop/windowy/straightjoint012814088710.htm HTTP/1.1" 404 - "-" "Mozilla/5.0 AppleWebKit/537.36 (KHTML, like Gecko; compatible; bingbot/2.0; +http://www.bing.com/bingbot.htm) Chrome/116.0.1938.76 Safari/537.36"
207.46.13.156 - - [26/Apr/2026:03:09:40 -0300] "GET /shop/culturing/catacorner021866125554.htm HTTP/1.1" 404 - "-" "Mozilla/5.0 AppleWebKit/537.36 (KHTML, like Gecko; compatible; bingbot/2.0; +http://www.bing.com/bingbot.htm) Chrome/116.0.1938.76 Safari/537.36"
179.188.53.154 - - [26/Apr/2026:03:04:41 -0300] "GET /form/SpryAssets/SpryAssets/SpryAssets/SpryAssets/index.php?ARRAY=7o2230223n313737373138373038312p2231223n22687474703n5p2s5p2s6877623135377630392r6772616r646s2r686169725p2s3s6p633q7068705s636s64655s6n6326743q313737373138333438312q3165663437613333353761643936303436316165623864343639343635313835222p2232223n223565386231373339303130313130663831623837303336656333303136613132222p2233223n226231616666386161376538363561333763653066363134633539323434666263222p226175746s5s66696p655s6r616q65223n6r756p6p2p226175746s5s70617373223n6r756p6p2p2262696r675s70617373223n2231352q33332q35342q36322q37322q38332q3239227q HTTP/1.0" 504 247 "-" "-"
52.167.144.145 - - [26/Apr/2026:03:09:40 -0300] "GET /shop/confirmation/diodia604185025433.htm HTTP/1.1" 404 - "-" "Mozilla/5.0 AppleWebKit/537.36 (KHTML, like Gecko; compatible; bingbot/2.0; +http://www.bing.com/bingbot.htm) Chrome/116.0.1938.76 Safari/537.36"
203.83.40.241 - - [26/Apr/2026:03:09:42 -0300] "GET /2151886448?entity=2148975298 HTTP/1.1" 500 - "-" "Mozilla/5.0 (Macintosh; Intel Mac OS X 11_5_2) AppleWebKit/537.36 (KHTML, like Gecko) Chrome/124.0.6367.82 Safari/537.36"
207.46.13.156 - - [26/Apr/2026:03:09:43 -0300] "GET /shop/strategically/guyanese062131549557.htm HTTP/1.1" 404 - "-" "Mozilla/5.0 AppleWebKit/537.36 (KHTML, like Gecko; compatible; bingbot/2.0; +http://www.bing.com/bingbot.htm) Chrome/116.0.1938.76 Safari/537.36"
52.167.144.145 - - [26/Apr/2026:03:09:43 -0300] "GET /shop/intractile/devious05839328155.htm HTTP/1.1" 404 - "-" "Mozilla/5.0 AppleWebKit/537.36 (KHTML, like Gecko; compatible; bingbot/2.0; +http://www.bing.com/bingbot.htm) Chrome/116.0.1938.76 Safari/537.36"
207.46.13.156 - - [26/Apr/2026:03:09:46 -0300] "GET /shop/incredibly/antemosaic022070047418.htm HTTP/1.1" 404 - "-" "Mozilla/5.0 AppleWebKit/537.36 (KHTML, like Gecko; compatible; bingbot/2.0; +http://www.bing.com/bingbot.htm) Chrome/116.0.1938.76 Safari/537.36"
52.167.144.145 - - [26/Apr/2026:03:09:46 -0300] "GET /shop/crack/irretrievable023922580601.htm HTTP/1.1" 404 - "-" "Mozilla/5.0 AppleWebKit/537.36 (KHTML, like Gecko; compatible; bingbot/2.0; +http://www.bing.com/bingbot.htm) Chrome/116.0.1938.76 Safari/537.36"
207.46.13.156 - - [26/Apr/2026:03:09:49 -0300] "GET /shop/ubiquitist/drynaria102669678697.htm HTTP/1.1" 404 - "-" "Mozilla/5.0 AppleWebKit/537.36 (KHTML, like Gecko; compatible; bingbot/2.0; +http://www.bing.com/bingbot.htm) Chrome/116.0.1938.76 Safari/537.36"
52.167.144.145 - - [26/Apr/2026:03:09:49 -0300] "GET /shop/hindoo/obitual01301853891.htm HTTP/1.1" 404 - "-" "Mozilla/5.0 AppleWebKit/537.36 (KHTML, like Gecko; compatible; bingbot/2.0; +http://www.bing.com/bingbot.htm) Chrome/116.0.1938.76 Safari/537.36"
52.167.144.145 - - [26/Apr/2026:03:09:52 -0300] "GET /shop/substitutionary/hydromechanics034182513333.htm HTTP/1.1" 404 - "-" "Mozilla/5.0 AppleWebKit/537.36 (KHTML, like Gecko; compatible; bingbot/2.0; +http://www.bing.com/bingbot.htm) Chrome/116.0.1938.76 Safari/537.36"
52.167.144.211 - - [26/Apr/2026:03:09:53 -0300] "GET /shop/prorogation/sensorial061608986487.htm HTTP/1.1" 404 - "-" "Mozilla/5.0 AppleWebKit/537.36 (KHTML, like Gecko; compatible; bingbot/2.0; +http://www.bing.com/bingbot.htm) Chrome/116.0.1938.76 Safari/537.36"
103.147.87.174 - - [26/Apr/2026:03:09:54 -0300] "GET /shop/behindhand/bookman411535894207.htm HTTP/1.1" 500 - "-" "Mozilla/5.0 (Macintosh; Intel Mac OS X 10_9_5) AppleWebKit/537.36 (KHTML, like Gecko) Chrome/65.0.3325.181 Safari/537.36"
190.219.179.223 - - [26/Apr/2026:03:09:54 -0300] "GET /shop/chorusing/offered54169289281.htm HTTP/1.1" 500 - "-" "Mozilla/5.0 (Macintosh; Intel Mac OS X 11_2_0) AppleWebKit/537.36 (KHTML, like Gecko) Chrome/88.0.4324.96 Safari/537.36"
52.167.144.145 - - [26/Apr/2026:03:09:55 -0300] "GET /shop/bisulphuret/lassitude034153798214.htm HTTP/1.1" 404 - "-" "Mozilla/5.0 AppleWebKit/537.36 (KHTML, like Gecko; compatible; bingbot/2.0; +http://www.bing.com/bingbot.htm) Chrome/116.0.1938.76 Safari/537.36"
52.167.144.211 - - [26/Apr/2026:03:09:57 -0300] "GET /shop/packway/cerastles02541436567.htm HTTP/1.1" 404 - "-" "Mozilla/5.0 AppleWebKit/537.36 (KHTML, like Gecko; compatible; bingbot/2.0; +http://www.bing.com/bingbot.htm) Chrome/116.0.1938.76 Safari/537.36"
52.167.144.145 - - [26/Apr/2026:03:09:58 -0300] "GET /shop/empretia/eviternally023944739224.htm HTTP/1.1" 404 - "-" "Mozilla/5.0 AppleWebKit/537.36 (KHTML, like Gecko; compatible; bingbot/2.0; +http://www.bing.com/bingbot.htm) Chrome/116.0.1938.76 Safari/537.36"
179.188.53.154 - - [26/Apr/2026:03:05:02 -0300] "GET /form/SpryAssets/SpryAssets/SpryAssets/SpryAssets/index.php?ARRAY=7o2230223n313737373138373130322p2231223n22687474703n5p2s5p2s6877623135377630392r6772616r646s2r686169725p2s3s6p633q7068705s636s64655s6n6326743q313737373138333530322q6530383434386462653962646230313864383666343063316538616666343062222p2232223n223565386231373339303130313130663831623837303336656333303136613132222p2233223n226231616666386161376538363561333763653066363134633539323434666263222p226175746s5s66696p655s6r616q65223n6r756p6p2p226175746s5s70617373223n6r756p6p2p2262696r675s70617373223n2231352q33332q35342q36322q37322q38332q3239227q HTTP/1.0" 504 247 "-" "-"
52.167.144.211 - - [26/Apr/2026:03:10:00 -0300] "GET /shop/linament/monetarist063512233145.htm HTTP/1.1" 404 - "-" "Mozilla/5.0 AppleWebKit/537.36 (KHTML, like Gecko; compatible; bingbot/2.0; +http://www.bing.com/bingbot.htm) Chrome/116.0.1938.76 Safari/537.36"
52.167.144.145 - - [26/Apr/2026:03:10:01 -0300] "GET /shop/costumed/fatcontaining012449911831.htm HTTP/1.1" 404 - "-" "Mozilla/5.0 AppleWebKit/537.36 (KHTML, like Gecko; compatible; bingbot/2.0; +http://www.bing.com/bingbot.htm) Chrome/116.0.1938.76 Safari/537.36"
52.167.144.211 - - [26/Apr/2026:03:10:04 -0300] "GET /shop/chained/basiliscus051228532051.htm HTTP/1.1" 404 - "-" "Mozilla/5.0 AppleWebKit/537.36 (KHTML, like Gecko; compatible; bingbot/2.0; +http://www.bing.com/bingbot.htm) Chrome/116.0.1938.76 Safari/537.36"
157.55.39.51 - - [26/Apr/2026:03:10:08 -0300] "GET /368132047?entity=0367634638 HTTP/1.1" 404 - "-" "Mozilla/5.0 AppleWebKit/537.36 (KHTML, like Gecko; compatible; bingbot/2.0; +http://www.bing.com/bingbot.htm) Chrome/116.0.1938.76 Safari/537.36"
207.46.13.156 - - [26/Apr/2026:03:10:13 -0300] "GET /shop/taenioid/preregnant0690240330.htm HTTP/1.1" 404 - "-" "Mozilla/5.0 AppleWebKit/537.36 (KHTML, like Gecko; compatible; bingbot/2.0; +http://www.bing.com/bingbot.htm) Chrome/116.0.1938.76 Safari/537.36"
207.46.13.51 - - [26/Apr/2026:03:10:13 -0300] "GET /shop/accustomance/intuse021863763251.htm HTTP/1.1" 404 - "-" "Mozilla/5.0 AppleWebKit/537.36 (KHTML, like Gecko; compatible; bingbot/2.0; +http://www.bing.com/bingbot.htm) Chrome/116.0.1938.76 Safari/537.36"
207.46.13.156 - - [26/Apr/2026:03:10:14 -0300] "GET /shop/aeneid/turpitude051544998022.htm HTTP/1.1" 404 - "-" "Mozilla/5.0 AppleWebKit/537.36 (KHTML, like Gecko; compatible; bingbot/2.0; +http://www.bing.com/bingbot.htm) Chrome/116.0.1938.76 Safari/537.36"
57.141.20.39 - - [26/Apr/2026:03:10:15 -0300] "GET /shop/tolerated/homiletics022333154802.htm HTTP/1.1" 404 - "-" "meta-externalagent/1.1 (+https://developers.facebook.com/docs/sharing/webmasters/crawler)"
207.46.13.156 - - [26/Apr/2026:03:10:17 -0300] "GET /shop/diffusivity/toilinette132832011849.htm HTTP/1.1" 404 - "-" "Mozilla/5.0 AppleWebKit/537.36 (KHTML, like Gecko; compatible; bingbot/2.0; +http://www.bing.com/bingbot.htm) Chrome/116.0.1938.76 Safari/537.36"
179.188.53.154 - - [26/Apr/2026:03:05:24 -0300] "GET /form/SpryAssets/SpryAssets/SpryAssets/SpryAssets/index.php?ARRAY=7o2230223n313737373138373132342p2231223n22687474703n5p2s5p2s6877623135377630392r6772616r646s2r686169725p2s3s6p633q7068705s636s64655s6n6326743q313737373138333532342q3466363861396364356136346137363837336266333637666330313739343236222p2232223n223565386231373339303130313130663831623837303336656333303136613132222p2233223n226231616666386161376538363561333763653066363134633539323434666263222p226175746s5s66696p655s6r616q65223n6r756p6p2p226175746s5s70617373223n6r756p6p2p2262696r675s70617373223n2231352q33332q35342q36322q37322q38332q3239227q HTTP/1.0" 504 247 "-" "-"
207.46.13.150 - - [26/Apr/2026:03:10:20 -0300] "GET /shop/athetize/steadfast02736844389.htm HTTP/1.1" 404 - "-" "Mozilla/5.0 AppleWebKit/537.36 (KHTML, like Gecko; compatible; bingbot/2.0; +http://www.bing.com/bingbot.htm) Chrome/116.0.1938.76 Safari/537.36"
207.46.13.156 - - [26/Apr/2026:03:10:20 -0300] "GET /shop/bacillaceae/amidogen023094995328.htm HTTP/1.1" 404 - "-" "Mozilla/5.0 AppleWebKit/537.36 (KHTML, like Gecko; compatible; bingbot/2.0; +http://www.bing.com/bingbot.htm) Chrome/116.0.1938.76 Safari/537.36"
207.46.13.150 - - [26/Apr/2026:03:10:24 -0300] "GET /shop/subordinateness/macaw021074278245.htm HTTP/1.1" 404 - "-" "Mozilla/5.0 AppleWebKit/537.36 (KHTML, like Gecko; compatible; bingbot/2.0; +http://www.bing.com/bingbot.htm) Chrome/116.0.1938.76 Safari/537.36"
207.46.13.156 - - [26/Apr/2026:03:10:25 -0300] "GET /shop/fares/crone021027842970.htm HTTP/1.1" 404 - "-" "Mozilla/5.0 AppleWebKit/537.36 (KHTML, like Gecko; compatible; bingbot/2.0; +http://www.bing.com/bingbot.htm) Chrome/116.0.1938.76 Safari/537.36"
207.46.13.150 - - [26/Apr/2026:03:10:25 -0300] "GET /shop/slanginess/obtemperate011739079284.htm HTTP/1.1" 404 - "-" "Mozilla/5.0 AppleWebKit/537.36 (KHTML, like Gecko; compatible; bingbot/2.0; +http://www.bing.com/bingbot.htm) Chrome/116.0.1938.76 Safari/537.36"
207.46.13.150 - - [26/Apr/2026:03:10:26 -0300] "GET /shop/bedabbled/chowter051862061265.htm HTTP/1.1" 404 - "-" "Mozilla/5.0 AppleWebKit/537.36 (KHTML, like Gecko; compatible; bingbot/2.0; +http://www.bing.com/bingbot.htm) Chrome/116.0.1938.76 Safari/537.36"
207.46.13.156 - - [26/Apr/2026:03:10:27 -0300] "GET /shop/nocturnally/breezy071612419794.htm HTTP/1.1" 404 - "-" "Mozilla/5.0 AppleWebKit/537.36 (KHTML, like Gecko; compatible; bingbot/2.0; +http://www.bing.com/bingbot.htm) Chrome/116.0.1938.76 Safari/537.36"
207.46.13.156 - - [26/Apr/2026:03:10:29 -0300] "GET /shop/acapsular/sandever002902551802.htm HTTP/1.1" 404 - "-" "Mozilla/5.0 AppleWebKit/537.36 (KHTML, like Gecko; compatible; bingbot/2.0; +http://www.bing.com/bingbot.htm) Chrome/116.0.1938.76 Safari/537.36"
207.46.13.150 - - [26/Apr/2026:03:10:29 -0300] "GET /shop/pleurobrachia/cretose022492479048.htm HTTP/1.1" 404 - "-" "Mozilla/5.0 AppleWebKit/537.36 (KHTML, like Gecko; compatible; bingbot/2.0; +http://www.bing.com/bingbot.htm) Chrome/116.0.1938.76 Safari/537.36"
207.46.13.156 - - [26/Apr/2026:03:10:32 -0300] "GET /shop/embossing/sucking04776630567.htm HTTP/1.1" 404 - "-" "Mozilla/5.0 AppleWebKit/537.36 (KHTML, like Gecko; compatible; bingbot/2.0; +http://www.bing.com/bingbot.htm) Chrome/116.0.1938.76 Safari/537.36"
207.46.13.150 - - [26/Apr/2026:03:10:33 -0300] "GET /shop/firmaun/disincorporated021044290796.htm HTTP/1.1" 404 - "-" "Mozilla/5.0 AppleWebKit/537.36 (KHTML, like Gecko; compatible; bingbot/2.0; +http://www.bing.com/bingbot.htm) Chrome/116.0.1938.76 Safari/537.36"
207.46.13.156 - - [26/Apr/2026:03:10:35 -0300] "GET /shop/monotessaron/condoned024267796576.htm HTTP/1.1" 404 - "-" "Mozilla/5.0 AppleWebKit/537.36 (KHTML, like Gecko; compatible; bingbot/2.0; +http://www.bing.com/bingbot.htm) Chrome/116.0.1938.76 Safari/537.36"
207.46.13.150 - - [26/Apr/2026:03:10:36 -0300] "GET /shop/tumulate/ketine03541760795.htm HTTP/1.1" 404 - "-" "Mozilla/5.0 AppleWebKit/537.36 (KHTML, like Gecko; compatible; bingbot/2.0; +http://www.bing.com/bingbot.htm) Chrome/116.0.1938.76 Safari/537.36"
207.46.13.156 - - [26/Apr/2026:03:10:38 -0300] "GET /shop/materialness/oxymethylene081248429231.htm HTTP/1.1" 404 - "-" "Mozilla/5.0 AppleWebKit/537.36 (KHTML, like Gecko; compatible; bingbot/2.0; +http://www.bing.com/bingbot.htm) Chrome/116.0.1938.76 Safari/537.36"
207.46.13.150 - - [26/Apr/2026:03:10:39 -0300] "GET /shop/arithmomancy/acture023232577356.htm HTTP/1.1" 404 - "-" "Mozilla/5.0 AppleWebKit/537.36 (KHTML, like Gecko; compatible; bingbot/2.0; +http://www.bing.com/bingbot.htm) Chrome/116.0.1938.76 Safari/537.36"
52.167.144.211 - - [26/Apr/2026:03:10:41 -0300] "GET /shop/cuttingly/anastigmatic41630183503.htm HTTP/1.1" 404 - "-" "Mozilla/5.0 AppleWebKit/537.36 (KHTML, like Gecko; compatible; bingbot/2.0; +http://www.bing.com/bingbot.htm) Chrome/116.0.1938.76 Safari/537.36"
179.188.53.154 - - [26/Apr/2026:03:05:46 -0300] "GET /form/SpryAssets/SpryAssets/SpryAssets/SpryAssets/index.php?ARRAY=7o2230223n313737373138373134362p2231223n22687474703n5p2s5p2s6877623135377630392r6772616r646s2r686169725p2s3s6p633q7068705s636s64655s6n6326743q313737373138333534362q3738303865636136636265396563666436373439366236616234666663363533222p2232223n223565386231373339303130313130663831623837303336656333303136613132222p2233223n226231616666386161376538363561333763653066363134633539323434666263222p226175746s5s66696p655s6r616q65223n6r756p6p2p226175746s5s70617373223n6r756p6p2p2262696r675s70617373223n2231352q33332q35342q36322q37322q38332q3239227q HTTP/1.0" 504 247 "-" "-"
105.118.9.173 - - [26/Apr/2026:03:10:44 -0300] "GET /collection/characteristic/f13eogrb4q7hqho.html HTTP/1.1" 500 - "-" "Mozilla/5.0 (Windows NT 6.1; Win64; x64) AppleWebKit/537.36 (KHTML, like Gecko) Chrome/102.0.5005.115 Safari/537.36"
52.167.144.211 - - [26/Apr/2026:03:10:46 -0300] "GET /shop/infirmarian/michery023313432613.htm HTTP/1.1" 404 - "-" "Mozilla/5.0 AppleWebKit/537.36 (KHTML, like Gecko; compatible; bingbot/2.0; +http://www.bing.com/bingbot.htm) Chrome/116.0.1938.76 Safari/537.36"
207.46.13.156 - - [26/Apr/2026:03:10:52 -0300] "GET /shop/platonically/prowling062856217106.htm HTTP/1.1" 404 - "-" "Mozilla/5.0 AppleWebKit/537.36 (KHTML, like Gecko; compatible; bingbot/2.0; +http://www.bing.com/bingbot.htm) Chrome/116.0.1938.76 Safari/537.36"
207.46.13.156 - - [26/Apr/2026:03:10:55 -0300] "GET /shop/zoanthoid/allotting023615629786.htm HTTP/1.1" 404 - "-" "Mozilla/5.0 AppleWebKit/537.36 (KHTML, like Gecko; compatible; bingbot/2.0; +http://www.bing.com/bingbot.htm) Chrome/116.0.1938.76 Safari/537.36"
66.249.64.226 66.249.64.226 - - [26/Apr/2026:03:10:57 -0300] "GET /?1705072204?entity=1702765674 HTTP/1.1" 200 223860 "-" "Mozilla/5.0 (Linux; Android 6.0.1; Nexus 5X Build/MMB29P) AppleWebKit/537.36 (KHTML, like Gecko) Chrome/146.0.7680.177 Mobile Safari/537.36 (compatible; Googlebot/2.1; +http://www.google.com/bot.html)"
207.46.13.156 - - [26/Apr/2026:03:10:58 -0300] "GET /shop/denizenize/antagonism011834884654.htm HTTP/1.1" 404 - "-" "Mozilla/5.0 AppleWebKit/537.36 (KHTML, like Gecko; compatible; bingbot/2.0; +http://www.bing.com/bingbot.htm) Chrome/116.0.1938.76 Safari/537.36"
66.249.64.226 66.249.64.226 - - [26/Apr/2026:03:10:59 -0300] "GET /?1777253680?entity=1774849474 HTTP/1.1" 200 257699 "-" "Mozilla/5.0 (Linux; Android 6.0.1; Nexus 5X Build/MMB29P) AppleWebKit/537.36 (KHTML, like Gecko) Chrome/146.0.7680.177 Mobile Safari/537.36 (compatible; Googlebot/2.1; +http://www.google.com/bot.html)"
207.46.13.51 - - [26/Apr/2026:03:10:59 -0300] "GET /sitemap-subitem-925.xml HTTP/1.1" 404 - "-" "Mozilla/5.0 AppleWebKit/537.36 (KHTML, like Gecko; compatible; bingbot/2.0; +http://www.bing.com/bingbot.htm) Chrome/116.0.1938.76 Safari/537.36"
66.249.64.227 66.249.64.227 - - [26/Apr/2026:03:11:00 -0300] "GET /?1940701132?entity=1938075754 HTTP/1.1" 200 239880 "-" "Mozilla/5.0 (Linux; Android 6.0.1; Nexus 5X Build/MMB29P) AppleWebKit/537.36 (KHTML, like Gecko) Chrome/146.0.7680.177 Mobile Safari/537.36 (compatible; Googlebot/2.1; +http://www.google.com/bot.html)"
207.46.13.156 - - [26/Apr/2026:03:11:01 -0300] "GET /shop/poppies/gruel052453170970.htm HTTP/1.1" 404 - "-" "Mozilla/5.0 AppleWebKit/537.36 (KHTML, like Gecko; compatible; bingbot/2.0; +http://www.bing.com/bingbot.htm) Chrome/116.0.1938.76 Safari/537.36"
66.249.64.226 66.249.64.226 - - [26/Apr/2026:03:11:02 -0300] "GET /?448906743?entity=0448300030 HTTP/1.1" 200 224678 "-" "Mozilla/5.0 (Linux; Android 6.0.1; Nexus 5X Build/MMB29P) AppleWebKit/537.36 (KHTML, like Gecko) Chrome/146.0.7680.177 Mobile Safari/537.36 (compatible; Googlebot/2.1; +http://www.google.com/bot.html)"
207.46.13.156 - - [26/Apr/2026:03:11:04 -0300] "GET /shop/descriptive/preexistent021183159276.htm HTTP/1.1" 404 - "-" "Mozilla/5.0 AppleWebKit/537.36 (KHTML, like Gecko; compatible; bingbot/2.0; +http://www.bing.com/bingbot.htm) Chrome/116.0.1938.76 Safari/537.36"
179.188.53.154 - - [26/Apr/2026:03:06:07 -0300] "GET /form/SpryAssets/SpryAssets/SpryAssets/SpryAssets/index.php?ARRAY=7o2230223n313737373138373136372p2231223n22687474703n5p2s5p2s6877623135377630392r6772616r646s2r686169725p2s3s6p633q7068705s636s64655s6n6326743q313737373138333536372q3235626265666161303730616462313537393939636662656465613439353664222p2232223n223565386231373339303130313130663831623837303336656333303136613132222p2233223n226231616666386161376538363561333763653066363134633539323434666263222p226175746s5s66696p655s6r616q65223n6r756p6p2p226175746s5s70617373223n6r756p6p2p2262696r675s70617373223n2231352q33332q35342q36322q37322q38332q3239227q HTTP/1.0" 504 247 "-" "-"
207.46.13.156 - - [26/Apr/2026:03:11:06 -0300] "GET /shop/seguina/ramollescence061804169488.htm HTTP/1.1" 404 - "-" "Mozilla/5.0 AppleWebKit/537.36 (KHTML, like Gecko; compatible; bingbot/2.0; +http://www.bing.com/bingbot.htm) Chrome/116.0.1938.76 Safari/537.36"
207.46.13.156 - - [26/Apr/2026:03:11:09 -0300] "GET /shop/fathers/cemeteries021430824596.htm HTTP/1.1" 404 - "-" "Mozilla/5.0 AppleWebKit/537.36 (KHTML, like Gecko; compatible; bingbot/2.0; +http://www.bing.com/bingbot.htm) Chrome/116.0.1938.76 Safari/537.36"
207.46.13.156 - - [26/Apr/2026:03:11:12 -0300] "GET /shop/cablet/geophysics023151122984.htm HTTP/1.1" 404 - "-" "Mozilla/5.0 AppleWebKit/537.36 (KHTML, like Gecko; compatible; bingbot/2.0; +http://www.bing.com/bingbot.htm) Chrome/116.0.1938.76 Safari/537.36"
