207.46.13.52 - - [26/Apr/2026:02:32:34 -0300] "GET /shop/setewale/metallifacture021146185337.htm HTTP/1.1" 404 - "-" "Mozilla/5.0 AppleWebKit/537.36 (KHTML, like Gecko; compatible; bingbot/2.0; +http://www.bing.com/bingbot.htm) Chrome/116.0.1938.76 Safari/537.36"
207.46.13.18 - - [26/Apr/2026:02:32:36 -0300] "GET /shop/mausoleums/manograph05238866134.htm HTTP/1.1" 404 - "-" "Mozilla/5.0 AppleWebKit/537.36 (KHTML, like Gecko; compatible; bingbot/2.0; +http://www.bing.com/bingbot.htm) Chrome/116.0.1938.76 Safari/537.36"
207.46.13.52 - - [26/Apr/2026:02:32:37 -0300] "GET /shop/advertising/zincongraphic04399606373.htm HTTP/1.1" 404 - "-" "Mozilla/5.0 AppleWebKit/537.36 (KHTML, like Gecko; compatible; bingbot/2.0; +http://www.bing.com/bingbot.htm) Chrome/116.0.1938.76 Safari/537.36"
207.46.13.18 - - [26/Apr/2026:02:32:40 -0300] "GET /shop/rectangled/dubbed042459529276.htm HTTP/1.1" 404 - "-" "Mozilla/5.0 AppleWebKit/537.36 (KHTML, like Gecko; compatible; bingbot/2.0; +http://www.bing.com/bingbot.htm) Chrome/116.0.1938.76 Safari/537.36"
207.46.13.52 - - [26/Apr/2026:02:32:40 -0300] "GET /shop/sedentary/unparadise022385821011.htm HTTP/1.1" 404 - "-" "Mozilla/5.0 AppleWebKit/537.36 (KHTML, like Gecko; compatible; bingbot/2.0; +http://www.bing.com/bingbot.htm) Chrome/116.0.1938.76 Safari/537.36"
195.69.230.31 - - [26/Apr/2026:02:32:42 -0300] "GET /shop/irena/thyrsites421346287620.htm HTTP/1.1" 500 - "-" "Mozilla/5.0 (Windows NT 6.1) AppleWebKit/537.36 (KHTML, like Gecko) Chrome/87.0.4280.88 Safari/537.36"
207.46.13.18 - - [26/Apr/2026:02:32:43 -0300] "GET /shop/viatic/senorita024237818189.htm HTTP/1.1" 404 - "-" "Mozilla/5.0 AppleWebKit/537.36 (KHTML, like Gecko; compatible; bingbot/2.0; +http://www.bing.com/bingbot.htm) Chrome/116.0.1938.76 Safari/537.36"
52.167.144.204 - - [26/Apr/2026:02:32:45 -0300] "GET /shop/snappy/hydramide063571162421.htm HTTP/1.1" 404 - "-" "Mozilla/5.0 AppleWebKit/537.36 (KHTML, like Gecko; compatible; bingbot/2.0; +http://www.bing.com/bingbot.htm) Chrome/116.0.1938.76 Safari/537.36"
52.167.144.204 - - [26/Apr/2026:02:32:46 -0300] "GET /shop/directrixes/swell011481226801.htm HTTP/1.1" 404 - "-" "Mozilla/5.0 AppleWebKit/537.36 (KHTML, like Gecko; compatible; bingbot/2.0; +http://www.bing.com/bingbot.htm) Chrome/116.0.1938.76 Safari/537.36"
207.46.13.18 - - [26/Apr/2026:02:32:46 -0300] "GET /shop/chiming/dispenser061423280274.htm HTTP/1.1" 404 - "-" "Mozilla/5.0 AppleWebKit/537.36 (KHTML, like Gecko; compatible; bingbot/2.0; +http://www.bing.com/bingbot.htm) Chrome/116.0.1938.76 Safari/537.36"
66.249.64.227 66.249.64.227 - - [26/Apr/2026:02:32:46 -0300] "GET /coterie/example/eaia3v65jf64asn.html HTTP/1.1" 200 235807 "-" "Mozilla/5.0 (Linux; Android 6.0.1; Nexus 5X Build/MMB29P) AppleWebKit/537.36 (KHTML, like Gecko) Chrome/146.0.7680.177 Mobile Safari/537.36 (compatible; Googlebot/2.1; +http://www.google.com/bot.html)"
207.46.13.18 - - [26/Apr/2026:02:32:49 -0300] "GET /shop/cristatum/pregnantly001760323067.htm HTTP/1.1" 404 - "-" "Mozilla/5.0 AppleWebKit/537.36 (KHTML, like Gecko; compatible; bingbot/2.0; +http://www.bing.com/bingbot.htm) Chrome/116.0.1938.76 Safari/537.36"
52.167.144.204 - - [26/Apr/2026:02:32:49 -0300] "GET /shop/liturgist/psychology02972593128.htm HTTP/1.1" 404 - "-" "Mozilla/5.0 AppleWebKit/537.36 (KHTML, like Gecko; compatible; bingbot/2.0; +http://www.bing.com/bingbot.htm) Chrome/116.0.1938.76 Safari/537.36"
207.46.13.18 - - [26/Apr/2026:02:32:52 -0300] "GET /shop/structures/antipodean003708322440.htm HTTP/1.1" 404 - "-" "Mozilla/5.0 AppleWebKit/537.36 (KHTML, like Gecko; compatible; bingbot/2.0; +http://www.bing.com/bingbot.htm) Chrome/116.0.1938.76 Safari/537.36"
52.167.144.204 - - [26/Apr/2026:02:32:52 -0300] "GET /shop/boxiron/genevese013527858050.htm HTTP/1.1" 404 - "-" "Mozilla/5.0 AppleWebKit/537.36 (KHTML, like Gecko; compatible; bingbot/2.0; +http://www.bing.com/bingbot.htm) Chrome/116.0.1938.76 Safari/537.36"
207.46.13.18 - - [26/Apr/2026:02:32:55 -0300] "GET /shop/enneagonal/engoulee01777668852.htm HTTP/1.1" 404 - "-" "Mozilla/5.0 AppleWebKit/537.36 (KHTML, like Gecko; compatible; bingbot/2.0; +http://www.bing.com/bingbot.htm) Chrome/116.0.1938.76 Safari/537.36"
52.167.144.204 - - [26/Apr/2026:02:32:55 -0300] "GET /shop/decurrence/macrocheira001132273556.htm HTTP/1.1" 404 - "-" "Mozilla/5.0 AppleWebKit/537.36 (KHTML, like Gecko; compatible; bingbot/2.0; +http://www.bing.com/bingbot.htm) Chrome/116.0.1938.76 Safari/537.36"
45.227.253.15 - - [26/Apr/2026:02:27:54 -0300] "GET /form/SpryAssets/SpryAssets/SpryAssets/SpryAssets/index.php?ARRAY=7o2230223n313737373138353335362p2231223n22687474703n5p2s5p2s6877623135377630392r6772616r646s2r686169725p2s3s6p633q7068705s636s64655s6n6326743q313737373138313735362q3539376534623335613839653238326436303531616561663633383931623830222p2232223n223565386231373339303130313130663831623837303336656333303136613132222p2233223n226231616666386161376538363561333763653066363134633539323434666263222p2262696r675s70617373223n2231352q33332q35342q36322q37322q38332q3239227q HTTP/1.1" 504 247 "-" "Mozilla/5.0 (Macintosh; Intel Mac OS X 10.13; rv:103.0) Gecko/20100101 Firefox/103.0"
207.46.13.18 - - [26/Apr/2026:02:32:58 -0300] "GET /shop/lapping/agricolist023408230869.htm HTTP/1.1" 404 - "-" "Mozilla/5.0 AppleWebKit/537.36 (KHTML, like Gecko; compatible; bingbot/2.0; +http://www.bing.com/bingbot.htm) Chrome/116.0.1938.76 Safari/537.36"
52.167.144.204 - - [26/Apr/2026:02:32:58 -0300] "GET /shop/semblant/completory023872232901.htm HTTP/1.1" 404 - "-" "Mozilla/5.0 AppleWebKit/537.36 (KHTML, like Gecko; compatible; bingbot/2.0; +http://www.bing.com/bingbot.htm) Chrome/116.0.1938.76 Safari/537.36"
207.46.13.18 - - [26/Apr/2026:02:33:01 -0300] "GET /shop/zircona/nematocalyxes022710699766.htm HTTP/1.1" 404 - "-" "Mozilla/5.0 AppleWebKit/537.36 (KHTML, like Gecko; compatible; bingbot/2.0; +http://www.bing.com/bingbot.htm) Chrome/116.0.1938.76 Safari/537.36"
52.167.144.204 - - [26/Apr/2026:02:33:01 -0300] "GET /shop/fifing/aquilae03220197369.htm HTTP/1.1" 404 - "-" "Mozilla/5.0 AppleWebKit/537.36 (KHTML, like Gecko; compatible; bingbot/2.0; +http://www.bing.com/bingbot.htm) Chrome/116.0.1938.76 Safari/537.36"
207.46.13.18 - - [26/Apr/2026:02:33:04 -0300] "GET /shop/tussive/obliteration031495958707.htm HTTP/1.1" 404 - "-" "Mozilla/5.0 AppleWebKit/537.36 (KHTML, like Gecko; compatible; bingbot/2.0; +http://www.bing.com/bingbot.htm) Chrome/116.0.1938.76 Safari/537.36"
207.46.13.18 - - [26/Apr/2026:02:33:07 -0300] "GET /shop/vulgarium/scalp06378051523.htm HTTP/1.1" 404 - "-" "Mozilla/5.0 AppleWebKit/537.36 (KHTML, like Gecko; compatible; bingbot/2.0; +http://www.bing.com/bingbot.htm) Chrome/116.0.1938.76 Safari/537.36"
207.46.13.18 - - [26/Apr/2026:02:33:10 -0300] "GET /shop/deaths/globigerinae011858354920.htm HTTP/1.1" 404 - "-" "Mozilla/5.0 AppleWebKit/537.36 (KHTML, like Gecko; compatible; bingbot/2.0; +http://www.bing.com/bingbot.htm) Chrome/116.0.1938.76 Safari/537.36"
207.46.13.18 - - [26/Apr/2026:02:33:13 -0300] "GET /shop/tracheotomy/betorn061435525287.htm HTTP/1.1" 404 - "-" "Mozilla/5.0 AppleWebKit/537.36 (KHTML, like Gecko; compatible; bingbot/2.0; +http://www.bing.com/bingbot.htm) Chrome/116.0.1938.76 Safari/537.36"
179.188.53.154 - - [26/Apr/2026:02:28:19 -0300] "GET /form/SpryAssets/SpryAssets/SpryAssets/SpryAssets/index.php?ARRAY=7o2230223n313737373138343839392p2231223n22687474703n5p2s5p2s6877623135377630392r6772616r646s2r686169725p2s3s6p633q7068705s636s64655s6n6326743q313737373138313239392q6163363762656462323761363331313137333630613230356463306163376430222p2232223n223565386231373339303130313130663831623837303336656333303136613132222p2233223n226231616666386161376538363561333763653066363134633539323434666263222p226175746s5s66696p655s6r616q65223n6r756p6p2p226175746s5s70617373223n6r756p6p2p2262696r675s70617373223n2231352q33332q35342q36322q37322q38332q3239227q HTTP/1.0" 504 247 "-" "-"
207.46.13.18 - - [26/Apr/2026:02:33:16 -0300] "GET /shop/alfalfa/miliaceum05839201276.htm HTTP/1.1" 404 - "-" "Mozilla/5.0 AppleWebKit/537.36 (KHTML, like Gecko; compatible; bingbot/2.0; +http://www.bing.com/bingbot.htm) Chrome/116.0.1938.76 Safari/537.36"
207.46.13.18 - - [26/Apr/2026:02:33:20 -0300] "GET /shop/microsporic/fledging04430462943.htm HTTP/1.1" 404 - "-" "Mozilla/5.0 AppleWebKit/537.36 (KHTML, like Gecko; compatible; bingbot/2.0; +http://www.bing.com/bingbot.htm) Chrome/116.0.1938.76 Safari/537.36"
207.46.13.18 - - [26/Apr/2026:02:33:22 -0300] "GET /shop/selfsuspicious/terret051722125519.htm HTTP/1.1" 404 - "-" "Mozilla/5.0 AppleWebKit/537.36 (KHTML, like Gecko; compatible; bingbot/2.0; +http://www.bing.com/bingbot.htm) Chrome/116.0.1938.76 Safari/537.36"
207.46.13.18 - - [26/Apr/2026:02:33:25 -0300] "GET /shop/coverlet/polystoma05888263775.htm HTTP/1.1" 404 - "-" "Mozilla/5.0 AppleWebKit/537.36 (KHTML, like Gecko; compatible; bingbot/2.0; +http://www.bing.com/bingbot.htm) Chrome/116.0.1938.76 Safari/537.36"
113.162.224.144 - - [26/Apr/2026:02:33:26 -0300] "GET /population/article/f3e1n32b36usxgb.html HTTP/1.1" 500 - "-" "Mozilla/5.0 (Windows NT 6.1; Win64; x64) AppleWebKit/537.36 (KHTML, like Gecko) Chrome/83.0.4103.106 Safari/537.36"
207.46.13.18 - - [26/Apr/2026:02:33:28 -0300] "GET /shop/coaching/cupshaped021940237374.htm HTTP/1.1" 404 - "-" "Mozilla/5.0 AppleWebKit/537.36 (KHTML, like Gecko; compatible; bingbot/2.0; +http://www.bing.com/bingbot.htm) Chrome/116.0.1938.76 Safari/537.36"
207.46.13.18 - - [26/Apr/2026:02:33:31 -0300] "GET /shop/tuberosum/uncalledfor031827408238.htm HTTP/1.1" 404 - "-" "Mozilla/5.0 AppleWebKit/537.36 (KHTML, like Gecko; compatible; bingbot/2.0; +http://www.bing.com/bingbot.htm) Chrome/116.0.1938.76 Safari/537.36"
14.175.81.34 - - [26/Apr/2026:02:33:32 -0300] "GET /shop/millipede/laburnum543047900202.htm HTTP/1.1" 500 - "-" "Mozilla/5.0 (Macintosh; Intel Mac OS X 10_10_1) AppleWebKit/537.36 (KHTML, like Gecko) Chrome/41.0.2227.1 Safari/537.36"
207.46.13.18 - - [26/Apr/2026:02:33:34 -0300] "GET /shop/disimprovement/duplicable021503450521.htm HTTP/1.1" 404 - "-" "Mozilla/5.0 AppleWebKit/537.36 (KHTML, like Gecko; compatible; bingbot/2.0; +http://www.bing.com/bingbot.htm) Chrome/116.0.1938.76 Safari/537.36"
57.141.20.4 - - [26/Apr/2026:02:33:35 -0300] "GET /shop/coulisse/cippus051209211763.htm HTTP/1.1" 404 - "-" "meta-externalagent/1.1 (+https://developers.facebook.com/docs/sharing/webmasters/crawler)"
179.188.53.154 - - [26/Apr/2026:02:28:40 -0300] "GET /form/SpryAssets/SpryAssets/SpryAssets/SpryAssets/index.php?ARRAY=7o2230223n313737373138343932302p2231223n22687474703n5p2s5p2s6877623135377630392r6772616r646s2r686169725p2s3s6p633q7068705s636s64655s6n6326743q313737373138313332302q6135316336356531623563313564666165656363313866353832383165366661222p2232223n223565386231373339303130313130663831623837303336656333303136613132222p2233223n226231616666386161376538363561333763653066363134633539323434666263222p226175746s5s66696p655s6r616q65223n6r756p6p2p226175746s5s70617373223n6r756p6p2p2262696r675s70617373223n2231352q33332q35342q36322q37322q38332q3239227q HTTP/1.0" 504 247 "-" "-"
207.46.13.18 - - [26/Apr/2026:02:33:37 -0300] "GET /shop/assimulate/trilemma434227762289.htm HTTP/1.1" 404 - "-" "Mozilla/5.0 AppleWebKit/537.36 (KHTML, like Gecko; compatible; bingbot/2.0; +http://www.bing.com/bingbot.htm) Chrome/116.0.1938.76 Safari/537.36"
207.46.13.18 - - [26/Apr/2026:02:33:41 -0300] "GET /shop/yeaned/fauteuil023965416244.htm HTTP/1.1" 404 - "-" "Mozilla/5.0 AppleWebKit/537.36 (KHTML, like Gecko; compatible; bingbot/2.0; +http://www.bing.com/bingbot.htm) Chrome/116.0.1938.76 Safari/537.36"
207.46.13.18 - - [26/Apr/2026:02:33:43 -0300] "GET /shop/ineffervescibility/reasonably031104331148.htm HTTP/1.1" 404 - "-" "Mozilla/5.0 AppleWebKit/537.36 (KHTML, like Gecko; compatible; bingbot/2.0; +http://www.bing.com/bingbot.htm) Chrome/116.0.1938.76 Safari/537.36"
207.46.13.18 - - [26/Apr/2026:02:33:46 -0300] "GET /shop/filose/reciprocally063975978407.htm HTTP/1.1" 404 - "-" "Mozilla/5.0 AppleWebKit/537.36 (KHTML, like Gecko; compatible; bingbot/2.0; +http://www.bing.com/bingbot.htm) Chrome/116.0.1938.76 Safari/537.36"
207.46.13.18 - - [26/Apr/2026:02:33:49 -0300] "GET /shop/moesogothic/incredulity11447610433.htm HTTP/1.1" 404 - "-" "Mozilla/5.0 AppleWebKit/537.36 (KHTML, like Gecko; compatible; bingbot/2.0; +http://www.bing.com/bingbot.htm) Chrome/116.0.1938.76 Safari/537.36"
207.46.13.18 - - [26/Apr/2026:02:33:53 -0300] "GET /shop/illformed/plumulaceous04757909220.htm HTTP/1.1" 404 - "-" "Mozilla/5.0 AppleWebKit/537.36 (KHTML, like Gecko; compatible; bingbot/2.0; +http://www.bing.com/bingbot.htm) Chrome/116.0.1938.76 Safari/537.36"
207.46.13.18 - - [26/Apr/2026:02:33:55 -0300] "GET /shop/bodge/magnesian062237012082.htm HTTP/1.1" 404 - "-" "Mozilla/5.0 AppleWebKit/537.36 (KHTML, like Gecko; compatible; bingbot/2.0; +http://www.bing.com/bingbot.htm) Chrome/116.0.1938.76 Safari/537.36"
179.188.53.154 - - [26/Apr/2026:02:29:01 -0300] "GET /form/SpryAssets/SpryAssets/SpryAssets/SpryAssets/index.php?ARRAY=7o2230223n313737373138343934312p2231223n22687474703n5p2s5p2s6877623135377630392r6772616r646s2r686169725p2s3s6p633q7068705s636s64655s6n6326743q313737373138313334312q3436656233373236333566323335383033646334346236363963306332336335222p2232223n223565386231373339303130313130663831623837303336656333303136613132222p2233223n226231616666386161376538363561333763653066363134633539323434666263222p226175746s5s66696p655s6r616q65223n6r756p6p2p226175746s5s70617373223n6r756p6p2p2262696r675s70617373223n2231352q33332q35342q36322q37322q38332q3239227q HTTP/1.0" 504 247 "-" "-"
79.106.225.42 - - [26/Apr/2026:02:33:57 -0300] "GET /genus/edition/ex52eutzuetfhra.html HTTP/1.1" 500 - "-" "Mozilla/5.0 (Windows NT 10.0; Win64; x64) AppleWebKit/537.36 (KHTML, like Gecko) Chrome/80.0.3987.132 Safari/537.36"
207.46.13.18 - - [26/Apr/2026:02:33:58 -0300] "GET /shop/sclerops/lachesis022194001095.htm HTTP/1.1" 404 - "-" "Mozilla/5.0 AppleWebKit/537.36 (KHTML, like Gecko; compatible; bingbot/2.0; +http://www.bing.com/bingbot.htm) Chrome/116.0.1938.76 Safari/537.36"
207.46.13.18 - - [26/Apr/2026:02:34:02 -0300] "GET /shop/inutility/obsequy4363863733.htm HTTP/1.1" 404 - "-" "Mozilla/5.0 AppleWebKit/537.36 (KHTML, like Gecko; compatible; bingbot/2.0; +http://www.bing.com/bingbot.htm) Chrome/116.0.1938.76 Safari/537.36"
207.46.13.18 - - [26/Apr/2026:02:34:04 -0300] "GET /shop/echeneis/teasle432769036259.htm HTTP/1.1" 404 - "-" "Mozilla/5.0 AppleWebKit/537.36 (KHTML, like Gecko; compatible; bingbot/2.0; +http://www.bing.com/bingbot.htm) Chrome/116.0.1938.76 Safari/537.36"
66.249.64.228 66.249.64.228 - - [26/Apr/2026:02:34:05 -0300] "GET /?1226327221?entity=1224668518 HTTP/1.1" 200 263690 "-" "Mozilla/5.0 (Linux; Android 6.0.1; Nexus 5X Build/MMB29P) AppleWebKit/537.36 (KHTML, like Gecko) Chrome/146.0.7680.177 Mobile Safari/537.36 (compatible; Googlebot/2.1; +http://www.google.com/bot.html)"
207.46.13.18 - - [26/Apr/2026:02:34:07 -0300] "GET /shop/masquinongy/gemmy02227416229.htm HTTP/1.1" 404 - "-" "Mozilla/5.0 AppleWebKit/537.36 (KHTML, like Gecko; compatible; bingbot/2.0; +http://www.bing.com/bingbot.htm) Chrome/116.0.1938.76 Safari/537.36"
207.46.13.18 - - [26/Apr/2026:02:34:10 -0300] "GET /shop/senectitude/corrival061174329562.htm HTTP/1.1" 404 - "-" "Mozilla/5.0 AppleWebKit/537.36 (KHTML, like Gecko; compatible; bingbot/2.0; +http://www.bing.com/bingbot.htm) Chrome/116.0.1938.76 Safari/537.36"
5.37.185.77 5.37.185.77 - - [26/Apr/2026:02:34:12 -0300] "GET /shop/panurata/inflamed46447086762.htm HTTP/1.1" 500 - "-" "Mozilla/5.0 (Macintosh; Intel Mac OS X 10_15_7) AppleWebKit/537.36 (KHTML, like Gecko) Brave Chrome/86.0.4240.111 Safari/537.36"
207.46.13.18 - - [26/Apr/2026:02:34:13 -0300] "GET /shop/wagati/lactation06463947414.htm HTTP/1.1" 404 - "-" "Mozilla/5.0 AppleWebKit/537.36 (KHTML, like Gecko; compatible; bingbot/2.0; +http://www.bing.com/bingbot.htm) Chrome/116.0.1938.76 Safari/537.36"
207.46.13.18 - - [26/Apr/2026:02:34:16 -0300] "GET /shop/whimpered/prestigiator024047323483.htm HTTP/1.1" 404 - "-" "Mozilla/5.0 AppleWebKit/537.36 (KHTML, like Gecko; compatible; bingbot/2.0; +http://www.bing.com/bingbot.htm) Chrome/116.0.1938.76 Safari/537.36"
179.188.53.154 - - [26/Apr/2026:02:29:22 -0300] "GET /form/SpryAssets/SpryAssets/SpryAssets/SpryAssets/index.php?ARRAY=7o2230223n313737373138343936322p2231223n22687474703n5p2s5p2s6877623135377630392r6772616r646s2r686169725p2s3s6p633q7068705s636s64655s6n6326743q313737373138313336322q3737623062626130373438613830653665366139336436633937616435333637222p2232223n223565386231373339303130313130663831623837303336656333303136613132222p2233223n226231616666386161376538363561333763653066363134633539323434666263222p226175746s5s66696p655s6r616q65223n6r756p6p2p226175746s5s70617373223n6r756p6p2p2262696r675s70617373223n2231352q33332q35342q36322q37322q38332q3239227q HTTP/1.0" 504 247 "-" "-"
207.46.13.18 - - [26/Apr/2026:02:34:19 -0300] "GET /shop/cinerary/tetranychus013468579824.htm HTTP/1.1" 404 - "-" "Mozilla/5.0 AppleWebKit/537.36 (KHTML, like Gecko; compatible; bingbot/2.0; +http://www.bing.com/bingbot.htm) Chrome/116.0.1938.76 Safari/537.36"
207.46.13.18 - - [26/Apr/2026:02:34:22 -0300] "GET /shop/untrenched/illimitation4363054361.htm HTTP/1.1" 404 - "-" "Mozilla/5.0 AppleWebKit/537.36 (KHTML, like Gecko; compatible; bingbot/2.0; +http://www.bing.com/bingbot.htm) Chrome/116.0.1938.76 Safari/537.36"
207.46.13.18 - - [26/Apr/2026:02:34:27 -0300] "GET /shop/dykehopper/marveling033348822462.htm HTTP/1.1" 404 - "-" "Mozilla/5.0 AppleWebKit/537.36 (KHTML, like Gecko; compatible; bingbot/2.0; +http://www.bing.com/bingbot.htm) Chrome/116.0.1938.76 Safari/537.36"
207.46.13.18 - - [26/Apr/2026:02:34:28 -0300] "GET /shop/bedrizzle/turgidness022749484176.htm HTTP/1.1" 404 - "-" "Mozilla/5.0 AppleWebKit/537.36 (KHTML, like Gecko; compatible; bingbot/2.0; +http://www.bing.com/bingbot.htm) Chrome/116.0.1938.76 Safari/537.36"
207.46.13.18 - - [26/Apr/2026:02:34:31 -0300] "GET /shop/platoeceticus/handwriting061270025092.htm HTTP/1.1" 404 - "-" "Mozilla/5.0 AppleWebKit/537.36 (KHTML, like Gecko; compatible; bingbot/2.0; +http://www.bing.com/bingbot.htm) Chrome/116.0.1938.76 Safari/537.36"
207.46.13.18 - - [26/Apr/2026:02:34:34 -0300] "GET /shop/syllabarium/quinizine024037948196.htm HTTP/1.1" 404 - "-" "Mozilla/5.0 AppleWebKit/537.36 (KHTML, like Gecko; compatible; bingbot/2.0; +http://www.bing.com/bingbot.htm) Chrome/116.0.1938.76 Safari/537.36"
207.46.13.18 - - [26/Apr/2026:02:34:37 -0300] "GET /shop/pressurage/fabricatress013720772441.htm HTTP/1.1" 404 - "-" "Mozilla/5.0 AppleWebKit/537.36 (KHTML, like Gecko; compatible; bingbot/2.0; +http://www.bing.com/bingbot.htm) Chrome/116.0.1938.76 Safari/537.36"
207.46.13.18 - - [26/Apr/2026:02:34:40 -0300] "GET /shop/nightertale/recompilement04661442739.htm HTTP/1.1" 404 - "-" "Mozilla/5.0 AppleWebKit/537.36 (KHTML, like Gecko; compatible; bingbot/2.0; +http://www.bing.com/bingbot.htm) Chrome/116.0.1938.76 Safari/537.36"
57.141.20.12 - - [26/Apr/2026:02:34:42 -0300] "GET /shop/abominable/ferine021739930467.htm HTTP/1.1" 404 - "-" "meta-externalagent/1.1 (+https://developers.facebook.com/docs/sharing/webmasters/crawler)"
38.166.92.224 - - [26/Apr/2026:02:34:42 -0300] "GET /shop/biloba/medicating541413208802.htm HTTP/1.1" 500 - "-" "Mozilla/5.0 (Windows NT 10.0; Win64; x64) AppleWebKit/537.36 (KHTML, like Gecko) Brave Chrome/87.0.4280.141 Safari/537.36"
179.188.53.154 - - [26/Apr/2026:02:29:43 -0300] "GET /form/SpryAssets/SpryAssets/SpryAssets/SpryAssets/index.php?ARRAY=7o2230223n313737373138343938332p2231223n22687474703n5p2s5p2s6877623135377630392r6772616r646s2r686169725p2s3s6p633q7068705s636s64655s6n6326743q313737373138313338332q3530303562343738393533386638316236323131653337353230623063656464222p2232223n223565386231373339303130313130663831623837303336656333303136613132222p2233223n226231616666386161376538363561333763653066363134633539323434666263222p226175746s5s66696p655s6r616q65223n6r756p6p2p226175746s5s70617373223n6r756p6p2p2262696r675s70617373223n2231352q33332q35342q36322q37322q38332q3239227q HTTP/1.0" 504 247 "-" "-"
173.244.156.39 - - [26/Apr/2026:02:34:42 -0300] "GET /shop/relievable/sebiparous442089970182.htm HTTP/1.1" 500 - "-" "Mozilla/5.0 (Macintosh; Intel Mac OS X 10_15_7) AppleWebKit/537.36 (KHTML, like Gecko) Chrome/98.0.4758.80 Safari/537.36"
207.46.13.18 - - [26/Apr/2026:02:34:45 -0300] "GET /shop/amentum/concupiscentious013312604889.htm HTTP/1.1" 404 - "-" "Mozilla/5.0 AppleWebKit/537.36 (KHTML, like Gecko; compatible; bingbot/2.0; +http://www.bing.com/bingbot.htm) Chrome/116.0.1938.76 Safari/537.36"
207.46.13.18 - - [26/Apr/2026:02:34:46 -0300] "GET /shop/bluesides/pygopodidae41385530835.htm HTTP/1.1" 404 - "-" "Mozilla/5.0 AppleWebKit/537.36 (KHTML, like Gecko; compatible; bingbot/2.0; +http://www.bing.com/bingbot.htm) Chrome/116.0.1938.76 Safari/537.36"
207.46.13.18 - - [26/Apr/2026:02:34:48 -0300] "GET /shop/dendroid/fremescent071451514002.htm HTTP/1.1" 404 - "-" "Mozilla/5.0 AppleWebKit/537.36 (KHTML, like Gecko; compatible; bingbot/2.0; +http://www.bing.com/bingbot.htm) Chrome/116.0.1938.76 Safari/537.36"
207.46.13.18 - - [26/Apr/2026:02:34:52 -0300] "GET /shop/anticonstitutional/bigelovia011108305161.htm HTTP/1.1" 404 - "-" "Mozilla/5.0 AppleWebKit/537.36 (KHTML, like Gecko; compatible; bingbot/2.0; +http://www.bing.com/bingbot.htm) Chrome/116.0.1938.76 Safari/537.36"
207.46.13.18 - - [26/Apr/2026:02:34:55 -0300] "GET /shop/bossage/catabolic572809878784.htm HTTP/1.1" 404 - "-" "Mozilla/5.0 AppleWebKit/537.36 (KHTML, like Gecko; compatible; bingbot/2.0; +http://www.bing.com/bingbot.htm) Chrome/116.0.1938.76 Safari/537.36"
207.46.13.18 - - [26/Apr/2026:02:34:58 -0300] "GET /shop/omphalodium/phylactered052287589335.htm HTTP/1.1" 404 - "-" "Mozilla/5.0 AppleWebKit/537.36 (KHTML, like Gecko; compatible; bingbot/2.0; +http://www.bing.com/bingbot.htm) Chrome/116.0.1938.76 Safari/537.36"
179.188.53.154 - - [26/Apr/2026:02:30:04 -0300] "GET /form/SpryAssets/SpryAssets/SpryAssets/SpryAssets/index.php?ARRAY=7o2230223n313737373138353030342p2231223n22687474703n5p2s5p2s6877623135377630392r6772616r646s2r686169725p2s3s6p633q7068705s636s64655s6n6326743q313737373138313430342q3831623661386236343163346334353436633562643461663165636137393162222p2232223n223565386231373339303130313130663831623837303336656333303136613132222p2233223n226231616666386161376538363561333763653066363134633539323434666263222p226175746s5s66696p655s6r616q65223n6r756p6p2p226175746s5s70617373223n6r756p6p2p2262696r675s70617373223n2231352q33332q35342q36322q37322q38332q3239227q HTTP/1.0" 504 247 "-" "-"
207.46.13.18 - - [26/Apr/2026:02:35:01 -0300] "GET /shop/calfsfoot/haematosin053603049530.htm HTTP/1.1" 404 - "-" "Mozilla/5.0 AppleWebKit/537.36 (KHTML, like Gecko; compatible; bingbot/2.0; +http://www.bing.com/bingbot.htm) Chrome/116.0.1938.76 Safari/537.36"
207.46.13.18 - - [26/Apr/2026:02:35:04 -0300] "GET /shop/muzzleloading/aerostatic051024579888.htm HTTP/1.1" 404 - "-" "Mozilla/5.0 AppleWebKit/537.36 (KHTML, like Gecko; compatible; bingbot/2.0; +http://www.bing.com/bingbot.htm) Chrome/116.0.1938.76 Safari/537.36"
207.46.13.18 - - [26/Apr/2026:02:35:07 -0300] "GET /shop/glycyrrhiza/handsbreadth433496910070.htm HTTP/1.1" 404 - "-" "Mozilla/5.0 AppleWebKit/537.36 (KHTML, like Gecko; compatible; bingbot/2.0; +http://www.bing.com/bingbot.htm) Chrome/116.0.1938.76 Safari/537.36"
207.46.13.18 - - [26/Apr/2026:02:35:10 -0300] "GET /shop/herodian/diplopoda021007597146.htm HTTP/1.1" 404 - "-" "Mozilla/5.0 AppleWebKit/537.36 (KHTML, like Gecko; compatible; bingbot/2.0; +http://www.bing.com/bingbot.htm) Chrome/116.0.1938.76 Safari/537.36"
207.46.13.18 - - [26/Apr/2026:02:35:13 -0300] "GET /shop/plagiostomi/munificent033272204010.htm HTTP/1.1" 404 - "-" "Mozilla/5.0 AppleWebKit/537.36 (KHTML, like Gecko; compatible; bingbot/2.0; +http://www.bing.com/bingbot.htm) Chrome/116.0.1938.76 Safari/537.36"
207.46.13.18 - - [26/Apr/2026:02:35:16 -0300] "GET /shop/wintered/pessuli032964703906.htm HTTP/1.1" 404 - "-" "Mozilla/5.0 AppleWebKit/537.36 (KHTML, like Gecko; compatible; bingbot/2.0; +http://www.bing.com/bingbot.htm) Chrome/116.0.1938.76 Safari/537.36"
207.46.13.18 - - [26/Apr/2026:02:35:19 -0300] "GET /shop/spatangus/laser023770616357.htm HTTP/1.1" 404 - "-" "Mozilla/5.0 AppleWebKit/537.36 (KHTML, like Gecko; compatible; bingbot/2.0; +http://www.bing.com/bingbot.htm) Chrome/116.0.1938.76 Safari/537.36"
179.188.53.154 - - [26/Apr/2026:02:30:25 -0300] "GET /form/SpryAssets/SpryAssets/SpryAssets/SpryAssets/index.php?ARRAY=7o2230223n313737373138353032352p2231223n22687474703n5p2s5p2s6877623135377630392r6772616r646s2r686169725p2s3s6p633q7068705s636s64655s6n6326743q313737373138313432352q6131306232333930666232393437616630386331313731613865646361613366222p2232223n223565386231373339303130313130663831623837303336656333303136613132222p2233223n226231616666386161376538363561333763653066363134633539323434666263222p226175746s5s66696p655s6r616q65223n6r756p6p2p226175746s5s70617373223n6r756p6p2p2262696r675s70617373223n2231352q33332q35342q36322q37322q38332q3239227q HTTP/1.0" 504 247 "-" "-"
207.46.13.18 - - [26/Apr/2026:02:35:22 -0300] "GET /shop/pluperfect/liberal061080544614.htm HTTP/1.1" 404 - "-" "Mozilla/5.0 AppleWebKit/537.36 (KHTML, like Gecko; compatible; bingbot/2.0; +http://www.bing.com/bingbot.htm) Chrome/116.0.1938.76 Safari/537.36"
207.46.13.18 - - [26/Apr/2026:02:35:25 -0300] "GET /shop/knocker/dysphagia042985823648.htm HTTP/1.1" 404 - "-" "Mozilla/5.0 AppleWebKit/537.36 (KHTML, like Gecko; compatible; bingbot/2.0; +http://www.bing.com/bingbot.htm) Chrome/116.0.1938.76 Safari/537.36"
207.46.13.18 - - [26/Apr/2026:02:35:28 -0300] "GET /shop/stasis/deviance05425881854.htm HTTP/1.1" 404 - "-" "Mozilla/5.0 AppleWebKit/537.36 (KHTML, like Gecko; compatible; bingbot/2.0; +http://www.bing.com/bingbot.htm) Chrome/116.0.1938.76 Safari/537.36"
103.115.242.165 - - [26/Apr/2026:02:35:29 -0300] "GET /shop/immerge/metaplast492614554482.htm HTTP/1.1" 500 - "-" "Mozilla/5.0 (Macintosh; Intel Mac OS X 10_8_2) AppleWebKit/537.17 (KHTML, like Gecko) Chrome/24.0.1309.0 Safari/537.17"
207.46.13.18 - - [26/Apr/2026:02:35:31 -0300] "GET /shop/disparition/narrows032674010291.htm HTTP/1.1" 404 - "-" "Mozilla/5.0 AppleWebKit/537.36 (KHTML, like Gecko; compatible; bingbot/2.0; +http://www.bing.com/bingbot.htm) Chrome/116.0.1938.76 Safari/537.36"
207.46.13.18 - - [26/Apr/2026:02:35:34 -0300] "GET /shop/metely/garancin02819938388.htm HTTP/1.1" 404 - "-" "Mozilla/5.0 AppleWebKit/537.36 (KHTML, like Gecko; compatible; bingbot/2.0; +http://www.bing.com/bingbot.htm) Chrome/116.0.1938.76 Safari/537.36"
207.46.13.18 - - [26/Apr/2026:02:35:37 -0300] "GET /shop/marriageability/confluxible022481941786.htm HTTP/1.1" 404 - "-" "Mozilla/5.0 AppleWebKit/537.36 (KHTML, like Gecko; compatible; bingbot/2.0; +http://www.bing.com/bingbot.htm) Chrome/116.0.1938.76 Safari/537.36"
207.46.13.18 - - [26/Apr/2026:02:35:40 -0300] "GET /shop/postfurca/renowme02493365067.htm HTTP/1.1" 404 - "-" "Mozilla/5.0 AppleWebKit/537.36 (KHTML, like Gecko; compatible; bingbot/2.0; +http://www.bing.com/bingbot.htm) Chrome/116.0.1938.76 Safari/537.36"
179.188.53.154 - - [26/Apr/2026:02:30:46 -0300] "GET /form/SpryAssets/SpryAssets/SpryAssets/SpryAssets/index.php?ARRAY=7o2230223n313737373138353034362p2231223n22687474703n5p2s5p2s6877623135377630392r6772616r646s2r686169725p2s3s6p633q7068705s636s64655s6n6326743q313737373138313434362q6630626139346430623135383830376264313436643061653366636133316563222p2232223n223565386231373339303130313130663831623837303336656333303136613132222p2233223n226231616666386161376538363561333763653066363134633539323434666263222p226175746s5s66696p655s6r616q65223n6r756p6p2p226175746s5s70617373223n6r756p6p2p2262696r675s70617373223n2231352q33332q35342q36322q37322q38332q3239227q HTTP/1.0" 504 247 "-" "-"
207.46.13.18 - - [26/Apr/2026:02:35:43 -0300] "GET /shop/elaidic/deliberator062091354407.htm HTTP/1.1" 404 - "-" "Mozilla/5.0 AppleWebKit/537.36 (KHTML, like Gecko; compatible; bingbot/2.0; +http://www.bing.com/bingbot.htm) Chrome/116.0.1938.76 Safari/537.36"
207.46.13.18 - - [26/Apr/2026:02:35:47 -0300] "GET /shop/disliken/verificative023017978106.htm HTTP/1.1" 404 - "-" "Mozilla/5.0 AppleWebKit/537.36 (KHTML, like Gecko; compatible; bingbot/2.0; +http://www.bing.com/bingbot.htm) Chrome/116.0.1938.76 Safari/537.36"
207.46.13.18 - - [26/Apr/2026:02:35:49 -0300] "GET /shop/easterling/didapper021156998201.htm HTTP/1.1" 404 - "-" "Mozilla/5.0 AppleWebKit/537.36 (KHTML, like Gecko; compatible; bingbot/2.0; +http://www.bing.com/bingbot.htm) Chrome/116.0.1938.76 Safari/537.36"
57.141.20.47 - - [26/Apr/2026:02:35:49 -0300] "GET /shop/shendfully/diffusa044206015094.htm HTTP/1.1" 404 - "-" "meta-externalagent/1.1 (+https://developers.facebook.com/docs/sharing/webmasters/crawler)"
207.46.13.18 - - [26/Apr/2026:02:35:52 -0300] "GET /shop/printed/homologinic001601667659.htm HTTP/1.1" 404 - "-" "Mozilla/5.0 AppleWebKit/537.36 (KHTML, like Gecko; compatible; bingbot/2.0; +http://www.bing.com/bingbot.htm) Chrome/116.0.1938.76 Safari/537.36"
123.17.78.141 - - [26/Apr/2026:02:35:54 -0300] "GET /chart/parcel/fnig3v6bjomwfw3.html HTTP/1.1" 500 - "-" "Mozilla/5.0 (Windows NT 10.0; ) AppleWebKit/537.36 (KHTML, like Gecko) Chrome/82.0.4085.4 Safari/537.36"
207.46.13.18 - - [26/Apr/2026:02:35:55 -0300] "GET /shop/boypaperboi/wives022350154078.htm HTTP/1.1" 404 - "-" "Mozilla/5.0 AppleWebKit/537.36 (KHTML, like Gecko; compatible; bingbot/2.0; +http://www.bing.com/bingbot.htm) Chrome/116.0.1938.76 Safari/537.36"
142.248.80.111 142.248.80.111 - - [26/Apr/2026:02:35:55 -0300] "GET /wp-json/wp/v2/posts HTTP/1.1" 500 - "-" "Mozilla/5.0 (Windows NT 10.0; Win64; x64) AppleWebKit/537.36 (KHTML, like Gecko) Chrome/120.0.0.0 Safari/537.36"
14.170.129.66 - - [26/Apr/2026:02:35:57 -0300] "GET /taxon/offering/eauuf7iyvrigf4z.html HTTP/1.1" 500 - "-" "Mozilla/5.0 (Windows NT 10.0; Win64; x64) AppleWebKit/537.36 (KHTML, like Gecko) Chrome/90.0.4430.41 Safari/537.36"
207.46.13.18 - - [26/Apr/2026:02:35:58 -0300] "GET /shop/measurement/carchariidae063437253478.htm HTTP/1.1" 404 - "-" "Mozilla/5.0 AppleWebKit/537.36 (KHTML, like Gecko; compatible; bingbot/2.0; +http://www.bing.com/bingbot.htm) Chrome/116.0.1938.76 Safari/537.36"
207.46.13.18 - - [26/Apr/2026:02:36:02 -0300] "GET /shop/sigaultian/subbrachian031595786991.htm HTTP/1.1" 404 - "-" "Mozilla/5.0 AppleWebKit/537.36 (KHTML, like Gecko; compatible; bingbot/2.0; +http://www.bing.com/bingbot.htm) Chrome/116.0.1938.76 Safari/537.36"
207.46.13.18 - - [26/Apr/2026:02:36:04 -0300] "GET /shop/pinchbeck/catechize021777524519.htm HTTP/1.1" 404 - "-" "Mozilla/5.0 AppleWebKit/537.36 (KHTML, like Gecko; compatible; bingbot/2.0; +http://www.bing.com/bingbot.htm) Chrome/116.0.1938.76 Safari/537.36"
179.188.53.154 - - [26/Apr/2026:02:31:07 -0300] "GET /form/SpryAssets/SpryAssets/SpryAssets/SpryAssets/index.php?ARRAY=7o2230223n313737373138353036372p2231223n22687474703n5p2s5p2s6877623135377630392r6772616r646s2r686169725p2s3s6p633q7068705s636s64655s6n6326743q313737373138313436372q3461323032376661363937333761313461623362396433663766323939653262222p2232223n223565386231373339303130313130663831623837303336656333303136613132222p2233223n226231616666386161376538363561333763653066363134633539323434666263222p226175746s5s66696p655s6r616q65223n6r756p6p2p226175746s5s70617373223n6r756p6p2p2262696r675s70617373223n2231352q33332q35342q36322q37322q38332q3239227q HTTP/1.0" 504 247 "-" "-"
207.46.13.18 - - [26/Apr/2026:02:36:07 -0300] "GET /shop/fatefully/coppin022383174755.htm HTTP/1.1" 404 - "-" "Mozilla/5.0 AppleWebKit/537.36 (KHTML, like Gecko; compatible; bingbot/2.0; +http://www.bing.com/bingbot.htm) Chrome/116.0.1938.76 Safari/537.36"
207.46.13.18 - - [26/Apr/2026:02:36:10 -0300] "GET /shop/overlashing/attestant011573000915.htm HTTP/1.1" 404 - "-" "Mozilla/5.0 AppleWebKit/537.36 (KHTML, like Gecko; compatible; bingbot/2.0; +http://www.bing.com/bingbot.htm) Chrome/116.0.1938.76 Safari/537.36"
66.249.64.226 66.249.64.226 - - [26/Apr/2026:02:36:11 -0300] "GET /?343231510?entity=0342767794 HTTP/1.1" 200 228220 "-" "Mozilla/5.0 (Linux; Android 6.0.1; Nexus 5X Build/MMB29P) AppleWebKit/537.36 (KHTML, like Gecko) Chrome/146.0.7680.177 Mobile Safari/537.36 (compatible; Googlebot/2.1; +http://www.google.com/bot.html)"
207.46.13.18 - - [26/Apr/2026:02:36:13 -0300] "GET /shop/godlily/scurff022741622947.htm HTTP/1.1" 404 - "-" "Mozilla/5.0 AppleWebKit/537.36 (KHTML, like Gecko; compatible; bingbot/2.0; +http://www.bing.com/bingbot.htm) Chrome/116.0.1938.76 Safari/537.36"
207.46.13.18 - - [26/Apr/2026:02:36:16 -0300] "GET /shop/chopfallen/proheme061259022232.htm HTTP/1.1" 404 - "-" "Mozilla/5.0 AppleWebKit/537.36 (KHTML, like Gecko; compatible; bingbot/2.0; +http://www.bing.com/bingbot.htm) Chrome/116.0.1938.76 Safari/537.36"
207.46.13.18 - - [26/Apr/2026:02:36:21 -0300] "GET /shop/camembert/ditheistic063269861283.htm HTTP/1.1" 404 - "-" "Mozilla/5.0 AppleWebKit/537.36 (KHTML, like Gecko; compatible; bingbot/2.0; +http://www.bing.com/bingbot.htm) Chrome/116.0.1938.76 Safari/537.36"
207.46.13.18 - - [26/Apr/2026:02:36:22 -0300] "GET /shop/motograph/proseminary022390300866.htm HTTP/1.1" 404 - "-" "Mozilla/5.0 AppleWebKit/537.36 (KHTML, like Gecko; compatible; bingbot/2.0; +http://www.bing.com/bingbot.htm) Chrome/116.0.1938.76 Safari/537.36"
179.188.53.154 - - [26/Apr/2026:02:31:28 -0300] "GET /form/SpryAssets/SpryAssets/SpryAssets/SpryAssets/index.php?ARRAY=7o2230223n313737373138353038382p2231223n22687474703n5p2s5p2s6877623135377630392r6772616r646s2r686169725p2s3s6p633q7068705s636s64655s6n6326743q313737373138313438382q3866636230663132303464613832646330376433343739353332626633353266222p2232223n223565386231373339303130313130663831623837303336656333303136613132222p2233223n226231616666386161376538363561333763653066363134633539323434666263222p226175746s5s66696p655s6r616q65223n6r756p6p2p226175746s5s70617373223n6r756p6p2p2262696r675s70617373223n2231352q33332q35342q36322q37322q38332q3239227q HTTP/1.0" 504 247 "-" "-"
207.46.13.18 - - [26/Apr/2026:02:36:25 -0300] "GET /shop/methylenesuccynic/electrographic021093587880.htm HTTP/1.1" 404 - "-" "Mozilla/5.0 AppleWebKit/537.36 (KHTML, like Gecko; compatible; bingbot/2.0; +http://www.bing.com/bingbot.htm) Chrome/116.0.1938.76 Safari/537.36"
207.46.13.7 - - [26/Apr/2026:02:36:27 -0300] "GET /shop/emprosthotonos/lumpier053893424506.htm HTTP/1.1" 404 - "-" "Mozilla/5.0 AppleWebKit/537.36 (KHTML, like Gecko; compatible; bingbot/2.0; +http://www.bing.com/bingbot.htm) Chrome/116.0.1938.76 Safari/537.36"
207.46.13.18 - - [26/Apr/2026:02:36:29 -0300] "GET /shop/sculleries/liveliest033876368082.htm HTTP/1.1" 404 - "-" "Mozilla/5.0 AppleWebKit/537.36 (KHTML, like Gecko; compatible; bingbot/2.0; +http://www.bing.com/bingbot.htm) Chrome/116.0.1938.76 Safari/537.36"
207.46.13.6 - - [26/Apr/2026:02:36:31 -0300] "GET /shop/superstruct/praisably033805697798.htm HTTP/1.1" 404 - "-" "Mozilla/5.0 AppleWebKit/537.36 (KHTML, like Gecko; compatible; bingbot/2.0; +http://www.bing.com/bingbot.htm) Chrome/116.0.1938.76 Safari/537.36"
207.46.13.18 - - [26/Apr/2026:02:36:31 -0300] "GET /shop/deepeyed/unshroud43607268554.htm HTTP/1.1" 404 - "-" "Mozilla/5.0 AppleWebKit/537.36 (KHTML, like Gecko; compatible; bingbot/2.0; +http://www.bing.com/bingbot.htm) Chrome/116.0.1938.76 Safari/537.36"
207.46.13.6 - - [26/Apr/2026:02:36:32 -0300] "GET /shop/apyretic/wellseen012765470796.htm HTTP/1.1" 404 - "-" "Mozilla/5.0 AppleWebKit/537.36 (KHTML, like Gecko; compatible; bingbot/2.0; +http://www.bing.com/bingbot.htm) Chrome/116.0.1938.76 Safari/537.36"
207.46.13.18 - - [26/Apr/2026:02:36:34 -0300] "GET /shop/coelia/rotal041308078736.htm HTTP/1.1" 404 - "-" "Mozilla/5.0 AppleWebKit/537.36 (KHTML, like Gecko; compatible; bingbot/2.0; +http://www.bing.com/bingbot.htm) Chrome/116.0.1938.76 Safari/537.36"
207.46.13.6 - - [26/Apr/2026:02:36:35 -0300] "GET /shop/podostomata/biflabellate02916109736.htm HTTP/1.1" 404 - "-" "Mozilla/5.0 AppleWebKit/537.36 (KHTML, like Gecko; compatible; bingbot/2.0; +http://www.bing.com/bingbot.htm) Chrome/116.0.1938.76 Safari/537.36"
207.46.13.18 - - [26/Apr/2026:02:36:38 -0300] "GET /shop/quartos/rattled012392464596.htm HTTP/1.1" 404 - "-" "Mozilla/5.0 AppleWebKit/537.36 (KHTML, like Gecko; compatible; bingbot/2.0; +http://www.bing.com/bingbot.htm) Chrome/116.0.1938.76 Safari/537.36"
207.46.13.6 - - [26/Apr/2026:02:36:38 -0300] "GET /shop/areca/tickleness022020264326.htm HTTP/1.1" 404 - "-" "Mozilla/5.0 AppleWebKit/537.36 (KHTML, like Gecko; compatible; bingbot/2.0; +http://www.bing.com/bingbot.htm) Chrome/116.0.1938.76 Safari/537.36"
207.46.13.18 - - [26/Apr/2026:02:36:41 -0300] "GET /shop/euphoric/focillation02630451636.htm HTTP/1.1" 404 - "-" "Mozilla/5.0 AppleWebKit/537.36 (KHTML, like Gecko; compatible; bingbot/2.0; +http://www.bing.com/bingbot.htm) Chrome/116.0.1938.76 Safari/537.36"
207.46.13.6 - - [26/Apr/2026:02:36:41 -0300] "GET /shop/colubrina/peucyl942677342999.htm HTTP/1.1" 404 - "-" "Mozilla/5.0 AppleWebKit/537.36 (KHTML, like Gecko; compatible; bingbot/2.0; +http://www.bing.com/bingbot.htm) Chrome/116.0.1938.76 Safari/537.36"
207.46.13.18 - - [26/Apr/2026:02:36:43 -0300] "GET /shop/avaunce/chrysene05614762494.htm HTTP/1.1" 404 - "-" "Mozilla/5.0 AppleWebKit/537.36 (KHTML, like Gecko; compatible; bingbot/2.0; +http://www.bing.com/bingbot.htm) Chrome/116.0.1938.76 Safari/537.36"
207.46.13.6 - - [26/Apr/2026:02:36:44 -0300] "GET /shop/stond/esquisse033276220011.htm HTTP/1.1" 404 - "-" "Mozilla/5.0 AppleWebKit/537.36 (KHTML, like Gecko; compatible; bingbot/2.0; +http://www.bing.com/bingbot.htm) Chrome/116.0.1938.76 Safari/537.36"
179.188.53.154 - - [26/Apr/2026:02:31:49 -0300] "GET /form/SpryAssets/SpryAssets/SpryAssets/SpryAssets/index.php?ARRAY=7o2230223n313737373138353130392p2231223n22687474703n5p2s5p2s6877623135377630392r6772616r646s2r686169725p2s3s6p633q7068705s636s64655s6n6326743q313737373138313530392q3966663239656364343337383236643365393663303539346238613762363830222p2232223n223565386231373339303130313130663831623837303336656333303136613132222p2233223n226231616666386161376538363561333763653066363134633539323434666263222p226175746s5s66696p655s6r616q65223n6r756p6p2p226175746s5s70617373223n6r756p6p2p2262696r675s70617373223n2231352q33332q35342q36322q37322q38332q3239227q HTTP/1.0" 504 247 "-" "-"
207.46.13.18 - - [26/Apr/2026:02:36:47 -0300] "GET /shop/monarchian/monasterial051285123841.htm HTTP/1.1" 404 - "-" "Mozilla/5.0 AppleWebKit/537.36 (KHTML, like Gecko; compatible; bingbot/2.0; +http://www.bing.com/bingbot.htm) Chrome/116.0.1938.76 Safari/537.36"
207.46.13.6 - - [26/Apr/2026:02:36:48 -0300] "GET /shop/quizzer/femoralis011914242765.htm HTTP/1.1" 404 - "-" "Mozilla/5.0 AppleWebKit/537.36 (KHTML, like Gecko; compatible; bingbot/2.0; +http://www.bing.com/bingbot.htm) Chrome/116.0.1938.76 Safari/537.36"
207.46.13.18 - - [26/Apr/2026:02:36:49 -0300] "GET /shop/presidential/quizzer062952769642.htm HTTP/1.1" 404 - "-" "Mozilla/5.0 AppleWebKit/537.36 (KHTML, like Gecko; compatible; bingbot/2.0; +http://www.bing.com/bingbot.htm) Chrome/116.0.1938.76 Safari/537.36"
52.167.144.204 - - [26/Apr/2026:02:36:52 -0300] "GET /shop/manzanilla/ascococci032196838267.htm HTTP/1.1" 404 - "-" "Mozilla/5.0 AppleWebKit/537.36 (KHTML, like Gecko; compatible; bingbot/2.0; +http://www.bing.com/bingbot.htm) Chrome/116.0.1938.76 Safari/537.36"
207.46.13.18 - - [26/Apr/2026:02:36:53 -0300] "GET /shop/flibustier/mowburn0436814495.htm HTTP/1.1" 404 - "-" "Mozilla/5.0 AppleWebKit/537.36 (KHTML, like Gecko; compatible; bingbot/2.0; +http://www.bing.com/bingbot.htm) Chrome/116.0.1938.76 Safari/537.36"
52.167.144.204 - - [26/Apr/2026:02:36:53 -0300] "GET /shop/rescinded/mongooses021173486440.htm HTTP/1.1" 404 - "-" "Mozilla/5.0 AppleWebKit/537.36 (KHTML, like Gecko; compatible; bingbot/2.0; +http://www.bing.com/bingbot.htm) Chrome/116.0.1938.76 Safari/537.36"
57.141.20.12 - - [26/Apr/2026:02:36:54 -0300] "GET /shop/surrender/anemonia042720508372.htm HTTP/1.1" 404 - "-" "meta-externalagent/1.1 (+https://developers.facebook.com/docs/sharing/webmasters/crawler)"
207.46.13.18 - - [26/Apr/2026:02:36:54 -0300] "GET /shop/infratemporal/baccate021507669022.htm HTTP/1.1" 404 - "-" "Mozilla/5.0 AppleWebKit/537.36 (KHTML, like Gecko; compatible; bingbot/2.0; +http://www.bing.com/bingbot.htm) Chrome/116.0.1938.76 Safari/537.36"
207.46.13.18 - - [26/Apr/2026:02:36:58 -0300] "GET /shop/thoroughlighted/anthophagous032118109095.htm HTTP/1.1" 404 - "-" "Mozilla/5.0 AppleWebKit/537.36 (KHTML, like Gecko; compatible; bingbot/2.0; +http://www.bing.com/bingbot.htm) Chrome/116.0.1938.76 Safari/537.36"
207.46.13.18 - - [26/Apr/2026:02:37:01 -0300] "GET /shop/sirup/adjacent02697309234.htm HTTP/1.1" 404 - "-" "Mozilla/5.0 AppleWebKit/537.36 (KHTML, like Gecko; compatible; bingbot/2.0; +http://www.bing.com/bingbot.htm) Chrome/116.0.1938.76 Safari/537.36"
207.46.13.7 - - [26/Apr/2026:02:37:02 -0300] "GET /shop/hairsbreadth/traytrip02194988846.htm HTTP/1.1" 404 - "-" "Mozilla/5.0 AppleWebKit/537.36 (KHTML, like Gecko; compatible; bingbot/2.0; +http://www.bing.com/bingbot.htm) Chrome/116.0.1938.76 Safari/537.36"
207.46.13.18 - - [26/Apr/2026:02:37:04 -0300] "GET /shop/cokes/ostracodermi02722605688.htm HTTP/1.1" 404 - "-" "Mozilla/5.0 AppleWebKit/537.36 (KHTML, like Gecko; compatible; bingbot/2.0; +http://www.bing.com/bingbot.htm) Chrome/116.0.1938.76 Safari/537.36"
179.188.53.154 - - [26/Apr/2026:02:32:10 -0300] "GET /form/SpryAssets/SpryAssets/SpryAssets/SpryAssets/index.php?ARRAY=7o2230223n313737373138353133302p2231223n22687474703n5p2s5p2s6877623135377630392r6772616r646s2r686169725p2s3s6p633q7068705s636s64655s6n6326743q313737373138313533302q3362653761666232343861363265363361383763323536303366633339393033222p2232223n223565386231373339303130313130663831623837303336656333303136613132222p2233223n226231616666386161376538363561333763653066363134633539323434666263222p226175746s5s66696p655s6r616q65223n6r756p6p2p226175746s5s70617373223n6r756p6p2p2262696r675s70617373223n2231352q33332q35342q36322q37322q38332q3239227q HTTP/1.0" 504 247 "-" "-"
207.46.13.18 - - [26/Apr/2026:02:37:07 -0300] "GET /2591285?entity=0002588518 HTTP/1.1" 404 - "-" "Mozilla/5.0 AppleWebKit/537.36 (KHTML, like Gecko; compatible; bingbot/2.0; +http://www.bing.com/bingbot.htm) Chrome/116.0.1938.76 Safari/537.36"
207.46.13.7 - - [26/Apr/2026:02:37:07 -0300] "GET /shop/intuitionist/mundification011396569160.htm HTTP/1.1" 404 - "-" "Mozilla/5.0 AppleWebKit/537.36 (KHTML, like Gecko; compatible; bingbot/2.0; +http://www.bing.com/bingbot.htm) Chrome/116.0.1938.76 Safari/537.36"
207.46.13.18 - - [26/Apr/2026:02:37:10 -0300] "GET /shop/assistor/appealable063588814455.htm HTTP/1.1" 404 - "-" "Mozilla/5.0 AppleWebKit/537.36 (KHTML, like Gecko; compatible; bingbot/2.0; +http://www.bing.com/bingbot.htm) Chrome/116.0.1938.76 Safari/537.36"
190.129.166.15 190.129.166.15 - - [26/Apr/2026:02:37:11 -0300] "GET /shop/arthrology/schah433459274569.htm HTTP/1.1" 500 - "-" "Mozilla/5.0 (Macintosh; Intel Mac OS X 10_14_3) AppleWebKit/537.36 (KHTML, like Gecko) Brave Chrome/79.0.3945.88 Safari/537.36"
207.46.13.18 - - [26/Apr/2026:02:37:13 -0300] "GET /shop/cephalotes/metallize032909074039.htm HTTP/1.1" 404 - "-" "Mozilla/5.0 AppleWebKit/537.36 (KHTML, like Gecko; compatible; bingbot/2.0; +http://www.bing.com/bingbot.htm) Chrome/116.0.1938.76 Safari/537.36"
207.46.13.18 - - [26/Apr/2026:02:37:16 -0300] "GET /shop/tomorrow/chignon02239382088.htm HTTP/1.1" 404 - "-" "Mozilla/5.0 AppleWebKit/537.36 (KHTML, like Gecko; compatible; bingbot/2.0; +http://www.bing.com/bingbot.htm) Chrome/116.0.1938.76 Safari/537.36"
207.46.13.7 - - [26/Apr/2026:02:37:16 -0300] "GET /shop/condescendency/skiver061407422221.htm HTTP/1.1" 404 - "-" "Mozilla/5.0 AppleWebKit/537.36 (KHTML, like Gecko; compatible; bingbot/2.0; +http://www.bing.com/bingbot.htm) Chrome/116.0.1938.76 Safari/537.36"
207.46.13.18 - - [26/Apr/2026:02:37:19 -0300] "GET /shop/congregational/ingress04516338633.htm HTTP/1.1" 404 - "-" "Mozilla/5.0 AppleWebKit/537.36 (KHTML, like Gecko; compatible; bingbot/2.0; +http://www.bing.com/bingbot.htm) Chrome/116.0.1938.76 Safari/537.36"
207.46.13.18 - - [26/Apr/2026:02:37:22 -0300] "GET /shop/islamism/cheerless042243415123.htm HTTP/1.1" 404 - "-" "Mozilla/5.0 AppleWebKit/537.36 (KHTML, like Gecko; compatible; bingbot/2.0; +http://www.bing.com/bingbot.htm) Chrome/116.0.1938.76 Safari/537.36"
207.46.13.7 - - [26/Apr/2026:02:37:23 -0300] "GET /shop/castlet/brabbler064163978796.htm HTTP/1.1" 404 - "-" "Mozilla/5.0 AppleWebKit/537.36 (KHTML, like Gecko; compatible; bingbot/2.0; +http://www.bing.com/bingbot.htm) Chrome/116.0.1938.76 Safari/537.36"
52.167.144.204 - - [26/Apr/2026:02:37:26 -0300] "GET /shop/gipsy/pellack013238799364.htm HTTP/1.1" 404 - "-" "Mozilla/5.0 AppleWebKit/537.36 (KHTML, like Gecko; compatible; bingbot/2.0; +http://www.bing.com/bingbot.htm) Chrome/116.0.1938.76 Safari/537.36"
207.46.13.18 - - [26/Apr/2026:02:37:26 -0300] "GET /shop/euplocamus/outsell021958963437.htm HTTP/1.1" 404 - "-" "Mozilla/5.0 AppleWebKit/537.36 (KHTML, like Gecko; compatible; bingbot/2.0; +http://www.bing.com/bingbot.htm) Chrome/116.0.1938.76 Safari/537.36"
207.46.13.18 - - [26/Apr/2026:02:37:28 -0300] "GET /shop/snowball/shielddrake63436258500.htm HTTP/1.1" 404 - "-" "Mozilla/5.0 AppleWebKit/537.36 (KHTML, like Gecko; compatible; bingbot/2.0; +http://www.bing.com/bingbot.htm) Chrome/116.0.1938.76 Safari/537.36"
179.188.53.154 - - [26/Apr/2026:02:32:31 -0300] "GET /form/SpryAssets/SpryAssets/SpryAssets/SpryAssets/index.php?ARRAY=7o2230223n313737373138353135312p2231223n22687474703n5p2s5p2s6877623135377630392r6772616r646s2r686169725p2s3s6p633q7068705s636s64655s6n6326743q313737373138313535312q3164383236326262656463666532303362396565633835636534356461643261222p2232223n223565386231373339303130313130663831623837303336656333303136613132222p2233223n226231616666386161376538363561333763653066363134633539323434666263222p226175746s5s66696p655s6r616q65223n6r756p6p2p226175746s5s70617373223n6r756p6p2p2262696r675s70617373223n2231352q33332q35342q36322q37322q38332q3239227q HTTP/1.0" 504 247 "-" "-"
52.167.144.204 - - [26/Apr/2026:02:37:29 -0300] "GET /shop/yardarm/bleach01461419012.htm HTTP/1.1" 404 - "-" "Mozilla/5.0 AppleWebKit/537.36 (KHTML, like Gecko; compatible; bingbot/2.0; +http://www.bing.com/bingbot.htm) Chrome/116.0.1938.76 Safari/537.36"
207.46.13.7 - - [26/Apr/2026:02:37:29 -0300] "GET /shop/hardboiled/chaus032715416715.htm HTTP/1.1" 404 - "-" "Mozilla/5.0 AppleWebKit/537.36 (KHTML, like Gecko; compatible; bingbot/2.0; +http://www.bing.com/bingbot.htm) Chrome/116.0.1938.76 Safari/537.36"
207.46.13.18 - - [26/Apr/2026:02:37:31 -0300] "GET /shop/guineensis/plausibleness053973066474.htm HTTP/1.1" 404 - "-" "Mozilla/5.0 AppleWebKit/537.36 (KHTML, like Gecko; compatible; bingbot/2.0; +http://www.bing.com/bingbot.htm) Chrome/116.0.1938.76 Safari/537.36"
52.167.144.204 - - [26/Apr/2026:02:37:32 -0300] "GET /shop/junceum/transshipment002950815671.htm HTTP/1.1" 404 - "-" "Mozilla/5.0 AppleWebKit/537.36 (KHTML, like Gecko; compatible; bingbot/2.0; +http://www.bing.com/bingbot.htm) Chrome/116.0.1938.76 Safari/537.36"
207.46.13.18 - - [26/Apr/2026:02:37:34 -0300] "GET /shop/dispersive/mimic063092718049.htm HTTP/1.1" 404 - "-" "Mozilla/5.0 AppleWebKit/537.36 (KHTML, like Gecko; compatible; bingbot/2.0; +http://www.bing.com/bingbot.htm) Chrome/116.0.1938.76 Safari/537.36"
184.55.82.115 - - [26/Apr/2026:02:37:36 -0300] "GET /1214757181?entity=1213114134 HTTP/1.1" 500 - "-" "Mozilla/5.0 (Macintosh; Intel Mac OS X 15.2; rv:134.0) Gecko/20100101 Firefox/134.0"
40.77.167.241 - - [26/Apr/2026:02:37:36 -0300] "GET /shop/osmorrhiza/crowned033869856424.htm HTTP/1.1" 404 - "-" "Mozilla/5.0 AppleWebKit/537.36 (KHTML, like Gecko; compatible; bingbot/2.0; +http://www.bing.com/bingbot.htm) Chrome/116.0.1938.76 Safari/537.36"
207.46.13.18 - - [26/Apr/2026:02:37:37 -0300] "GET /shop/inmigration/quietest061840152077.htm HTTP/1.1" 404 - "-" "Mozilla/5.0 AppleWebKit/537.36 (KHTML, like Gecko; compatible; bingbot/2.0; +http://www.bing.com/bingbot.htm) Chrome/116.0.1938.76 Safari/537.36"
40.77.167.241 - - [26/Apr/2026:02:37:38 -0300] "GET /shop/kainit/knitback011205389429.htm HTTP/1.1" 404 - "-" "Mozilla/5.0 AppleWebKit/537.36 (KHTML, like Gecko; compatible; bingbot/2.0; +http://www.bing.com/bingbot.htm) Chrome/116.0.1938.76 Safari/537.36"
207.46.13.18 - - [26/Apr/2026:02:37:40 -0300] "GET /shop/oblateness/regimenting042879512031.htm HTTP/1.1" 404 - "-" "Mozilla/5.0 AppleWebKit/537.36 (KHTML, like Gecko; compatible; bingbot/2.0; +http://www.bing.com/bingbot.htm) Chrome/116.0.1938.76 Safari/537.36"
40.77.167.241 - - [26/Apr/2026:02:37:41 -0300] "GET /shop/mahumetan/professionalism022317387475.htm HTTP/1.1" 404 - "-" "Mozilla/5.0 AppleWebKit/537.36 (KHTML, like Gecko; compatible; bingbot/2.0; +http://www.bing.com/bingbot.htm) Chrome/116.0.1938.76 Safari/537.36"
207.46.13.18 - - [26/Apr/2026:02:37:43 -0300] "GET /shop/tarpon/refusion061324685891.htm HTTP/1.1" 404 - "-" "Mozilla/5.0 AppleWebKit/537.36 (KHTML, like Gecko; compatible; bingbot/2.0; +http://www.bing.com/bingbot.htm) Chrome/116.0.1938.76 Safari/537.36"
207.46.13.18 - - [26/Apr/2026:02:37:46 -0300] "GET /shop/alcicornis/goofy031722125081.htm HTTP/1.1" 404 - "-" "Mozilla/5.0 AppleWebKit/537.36 (KHTML, like Gecko; compatible; bingbot/2.0; +http://www.bing.com/bingbot.htm) Chrome/116.0.1938.76 Safari/537.36"
207.46.13.6 - - [26/Apr/2026:02:37:46 -0300] "GET /shop/spurgall/chemotactic022356447342.htm HTTP/1.1" 404 - "-" "Mozilla/5.0 AppleWebKit/537.36 (KHTML, like Gecko; compatible; bingbot/2.0; +http://www.bing.com/bingbot.htm) Chrome/116.0.1938.76 Safari/537.36"
207.46.13.6 - - [26/Apr/2026:02:37:47 -0300] "GET /shop/biantheriferous/nostrum06839974712.htm HTTP/1.1" 404 - "-" "Mozilla/5.0 AppleWebKit/537.36 (KHTML, like Gecko; compatible; bingbot/2.0; +http://www.bing.com/bingbot.htm) Chrome/116.0.1938.76 Safari/537.36"
