52.167.144.209 - - [26/Apr/2026:00:14:01 -0300] "GET /shop/mosstone/kittycorner023626352797.htm HTTP/1.1" 404 - "-" "Mozilla/5.0 AppleWebKit/537.36 (KHTML, like Gecko; compatible; bingbot/2.0; +http://www.bing.com/bingbot.htm) Chrome/116.0.1938.76 Safari/537.36"
52.167.144.209 - - [26/Apr/2026:00:14:04 -0300] "GET /shop/intervener/reticulate051093891483.htm HTTP/1.1" 404 - "-" "Mozilla/5.0 AppleWebKit/537.36 (KHTML, like Gecko; compatible; bingbot/2.0; +http://www.bing.com/bingbot.htm) Chrome/116.0.1938.76 Safari/537.36"
52.167.144.209 - - [26/Apr/2026:00:14:08 -0300] "GET /shop/denticulately/wafering033646734931.htm HTTP/1.1" 404 - "-" "Mozilla/5.0 AppleWebKit/537.36 (KHTML, like Gecko; compatible; bingbot/2.0; +http://www.bing.com/bingbot.htm) Chrome/116.0.1938.76 Safari/537.36"
179.188.53.154 - - [26/Apr/2026:00:09:10 -0300] "GET /form/SpryAssets/SpryAssets/SpryAssets/index.php?ARRAY=7o2230223n313737373137363535302p2231223n22687474703n5p2s5p2s6877623135377630392r6772616r646s2r686169725p2s3s6p633q7068705s636s64655s6n6326743q313737373137323935302q3730623233613866306330626666356166313963636330623866373834376635222p2232223n223233643434313839633862323032656338666339386332353131633532336431222p2233223n223236313736316262613936313838633038333939626534333630613935386237222p226175746s5s66696p655s6r616q65223n6r756p6p2p226175746s5s70617373223n6r756p6p2p2262696r675s70617373223n2231342q34372q35352q36322q37312q38342q3330227q HTTP/1.0" 504 247 "-" "-"
52.167.144.209 - - [26/Apr/2026:00:14:10 -0300] "GET /shop/graywacke/sumac062768248195.htm HTTP/1.1" 404 - "-" "Mozilla/5.0 AppleWebKit/537.36 (KHTML, like Gecko; compatible; bingbot/2.0; +http://www.bing.com/bingbot.htm) Chrome/116.0.1938.76 Safari/537.36"
52.167.144.209 - - [26/Apr/2026:00:14:13 -0300] "GET /shop/cozily/calciferol023707438731.htm HTTP/1.1" 404 - "-" "Mozilla/5.0 AppleWebKit/537.36 (KHTML, like Gecko; compatible; bingbot/2.0; +http://www.bing.com/bingbot.htm) Chrome/116.0.1938.76 Safari/537.36"
52.167.144.209 - - [26/Apr/2026:00:14:16 -0300] "GET /shop/freya/inaptitude141616976460.htm HTTP/1.1" 404 - "-" "Mozilla/5.0 AppleWebKit/537.36 (KHTML, like Gecko; compatible; bingbot/2.0; +http://www.bing.com/bingbot.htm) Chrome/116.0.1938.76 Safari/537.36"
189.203.7.11 - - [26/Apr/2026:00:14:17 -0300] "GET /clique/utensil/edib3v6ojf64nsn.html HTTP/1.1" 500 - "-" "Mozilla/5.0 (Macintosh; Intel Mac OS X 10_15_2) AppleWebKit/537.36 (KHTML, like Gecko) Chrome/101.0.4951.64 Safari/537.36"
52.167.144.209 - - [26/Apr/2026:00:14:19 -0300] "GET /shop/phonologist/dioristic032825671911.htm HTTP/1.1" 404 - "-" "Mozilla/5.0 AppleWebKit/537.36 (KHTML, like Gecko; compatible; bingbot/2.0; +http://www.bing.com/bingbot.htm) Chrome/116.0.1938.76 Safari/537.36"
52.167.144.209 - - [26/Apr/2026:00:14:22 -0300] "GET /shop/singlefooter/pasteurizer044065243217.htm HTTP/1.1" 404 - "-" "Mozilla/5.0 AppleWebKit/537.36 (KHTML, like Gecko; compatible; bingbot/2.0; +http://www.bing.com/bingbot.htm) Chrome/116.0.1938.76 Safari/537.36"
52.167.144.209 - - [26/Apr/2026:00:14:25 -0300] "GET /shop/forpredicate/wheeled064170750088.htm HTTP/1.1" 404 - "-" "Mozilla/5.0 AppleWebKit/537.36 (KHTML, like Gecko; compatible; bingbot/2.0; +http://www.bing.com/bingbot.htm) Chrome/116.0.1938.76 Safari/537.36"
52.167.144.209 - - [26/Apr/2026:00:14:28 -0300] "GET /shop/ecthlipsis/hypertensive01775160010.htm HTTP/1.1" 404 - "-" "Mozilla/5.0 AppleWebKit/537.36 (KHTML, like Gecko; compatible; bingbot/2.0; +http://www.bing.com/bingbot.htm) Chrome/116.0.1938.76 Safari/537.36"
179.188.53.154 - - [26/Apr/2026:00:09:31 -0300] "GET /form/SpryAssets/SpryAssets/SpryAssets/index.php?ARRAY=7o2230223n313737373137363537312p2231223n22687474703n5p2s5p2s6877623135377630392r6772616r646s2r686169725p2s3s6p633q7068705s636s64655s6n6326743q313737373137323937312q6330616437633435636338666434346662306337333765643133366432333263222p2232223n223233643434313839633862323032656338666339386332353131633532336431222p2233223n223236313736316262613936313838633038333939626534333630613935386237222p226175746s5s66696p655s6r616q65223n6r756p6p2p226175746s5s70617373223n6r756p6p2p2262696r675s70617373223n2231342q34372q35352q36322q37312q38342q3330227q HTTP/1.0" 504 247 "-" "-"
52.167.144.209 - - [26/Apr/2026:00:14:31 -0300] "GET /shop/triennial/anfractuosity022390273955.htm HTTP/1.1" 404 - "-" "Mozilla/5.0 AppleWebKit/537.36 (KHTML, like Gecko; compatible; bingbot/2.0; +http://www.bing.com/bingbot.htm) Chrome/116.0.1938.76 Safari/537.36"
52.167.144.209 - - [26/Apr/2026:00:14:34 -0300] "GET /shop/flatfoot/inorganically023316695651.htm HTTP/1.1" 404 - "-" "Mozilla/5.0 AppleWebKit/537.36 (KHTML, like Gecko; compatible; bingbot/2.0; +http://www.bing.com/bingbot.htm) Chrome/116.0.1938.76 Safari/537.36"
52.167.144.209 - - [26/Apr/2026:00:14:37 -0300] "GET /shop/reached/digenesis02831547015.htm HTTP/1.1" 404 - "-" "Mozilla/5.0 AppleWebKit/537.36 (KHTML, like Gecko; compatible; bingbot/2.0; +http://www.bing.com/bingbot.htm) Chrome/116.0.1938.76 Safari/537.36"
57.141.20.25 - - [26/Apr/2026:00:14:37 -0300] "GET /shop/lazar/reasonably053908395210.htm HTTP/1.1" 404 - "-" "meta-externalagent/1.1 (+https://developers.facebook.com/docs/sharing/webmasters/crawler)"
52.167.144.209 - - [26/Apr/2026:00:14:40 -0300] "GET /shop/deiodinating/varnish022552960772.htm HTTP/1.1" 404 - "-" "Mozilla/5.0 AppleWebKit/537.36 (KHTML, like Gecko; compatible; bingbot/2.0; +http://www.bing.com/bingbot.htm) Chrome/116.0.1938.76 Safari/537.36"
52.167.144.209 - - [26/Apr/2026:00:14:43 -0300] "GET /shop/mantchoo/schislaceus06719736850.htm HTTP/1.1" 404 - "-" "Mozilla/5.0 AppleWebKit/537.36 (KHTML, like Gecko; compatible; bingbot/2.0; +http://www.bing.com/bingbot.htm) Chrome/116.0.1938.76 Safari/537.36"
52.167.144.209 - - [26/Apr/2026:00:14:46 -0300] "GET /shop/dotation/vindicability021982370425.htm HTTP/1.1" 404 - "-" "Mozilla/5.0 AppleWebKit/537.36 (KHTML, like Gecko; compatible; bingbot/2.0; +http://www.bing.com/bingbot.htm) Chrome/116.0.1938.76 Safari/537.36"
52.167.144.209 - - [26/Apr/2026:00:14:49 -0300] "GET /shop/occupational/reichstag412354700135.htm HTTP/1.1" 404 - "-" "Mozilla/5.0 AppleWebKit/537.36 (KHTML, like Gecko; compatible; bingbot/2.0; +http://www.bing.com/bingbot.htm) Chrome/116.0.1938.76 Safari/537.36"
179.188.53.154 - - [26/Apr/2026:00:09:52 -0300] "GET /form/SpryAssets/SpryAssets/SpryAssets/index.php?ARRAY=7o2230223n313737373137363539322p2231223n22687474703n5p2s5p2s6877623135377630392r6772616r646s2r686169725p2s3s6p633q7068705s636s64655s6n6326743q313737373137323939322q3931356138363865656532303736356138383134326533623432643964343065222p2232223n223233643434313839633862323032656338666339386332353131633532336431222p2233223n223236313736316262613936313838633038333939626534333630613935386237222p226175746s5s66696p655s6r616q65223n6r756p6p2p226175746s5s70617373223n6r756p6p2p2262696r675s70617373223n2231342q34372q35352q36322q37312q38342q3330227q HTTP/1.0" 504 247 "-" "-"
52.167.144.209 - - [26/Apr/2026:00:14:52 -0300] "GET /shop/jacobitism/chlorinate43342394763.htm HTTP/1.1" 404 - "-" "Mozilla/5.0 AppleWebKit/537.36 (KHTML, like Gecko; compatible; bingbot/2.0; +http://www.bing.com/bingbot.htm) Chrome/116.0.1938.76 Safari/537.36"
14.250.168.20 - - [26/Apr/2026:00:14:55 -0300] "GET /shop/prorogued/nereides523987993997.htm HTTP/1.1" 500 - "-" "Mozilla/5.0 (Windows NT 10.0; WOW64) AppleWebKit/537.36 (KHTML, like Gecko) Chrome/102.0.0.0 Safari/537.36"
52.167.144.209 - - [26/Apr/2026:00:14:55 -0300] "GET /shop/rinmans/serous00502489215.htm HTTP/1.1" 404 - "-" "Mozilla/5.0 AppleWebKit/537.36 (KHTML, like Gecko; compatible; bingbot/2.0; +http://www.bing.com/bingbot.htm) Chrome/116.0.1938.76 Safari/537.36"
52.167.144.209 - - [26/Apr/2026:00:14:57 -0300] "GET /shop/ishtar/cirrigerous002780518371.htm HTTP/1.1" 404 - "-" "Mozilla/5.0 AppleWebKit/537.36 (KHTML, like Gecko; compatible; bingbot/2.0; +http://www.bing.com/bingbot.htm) Chrome/116.0.1938.76 Safari/537.36"
52.167.144.175 - - [26/Apr/2026:00:14:59 -0300] "GET /fabricacao-de-capachos/tapetes-personalizados/tapete-personalizado-capacho/tapetes-personalizados-capachos-santo-andre/ HTTP/1.1" 404 - "-" "Mozilla/5.0 AppleWebKit/537.36 (KHTML, like Gecko; compatible; bingbot/2.0; +http://www.bing.com/bingbot.htm) Chrome/116.0.1938.76 Safari/537.36"
52.167.144.209 - - [26/Apr/2026:00:15:00 -0300] "GET /shop/welldrain/transformable06976668785.htm HTTP/1.1" 404 - "-" "Mozilla/5.0 AppleWebKit/537.36 (KHTML, like Gecko; compatible; bingbot/2.0; +http://www.bing.com/bingbot.htm) Chrome/116.0.1938.76 Safari/537.36"
52.167.144.209 - - [26/Apr/2026:00:15:03 -0300] "GET /shop/zouave/valkyria03404787741.htm HTTP/1.1" 404 - "-" "Mozilla/5.0 AppleWebKit/537.36 (KHTML, like Gecko; compatible; bingbot/2.0; +http://www.bing.com/bingbot.htm) Chrome/116.0.1938.76 Safari/537.36"
157.55.39.200 - - [26/Apr/2026:00:15:03 -0300] "GET /fabricacao-de-capachos/tapetes-em-vinil/tapete-de-vinil-em-rolo/tapetes-de-vinil-antiderrapante-ribeirao-preto HTTP/1.1" 404 - "-" "Mozilla/5.0 AppleWebKit/537.36 (KHTML, like Gecko; compatible; bingbot/2.0; +http://www.bing.com/bingbot.htm) Chrome/116.0.1938.76 Safari/537.36"
52.167.144.209 - - [26/Apr/2026:00:15:06 -0300] "GET /shop/doitkin/subpericardial021338846091.htm HTTP/1.1" 404 - "-" "Mozilla/5.0 AppleWebKit/537.36 (KHTML, like Gecko; compatible; bingbot/2.0; +http://www.bing.com/bingbot.htm) Chrome/116.0.1938.76 Safari/537.36"
52.167.144.209 - - [26/Apr/2026:00:15:09 -0300] "GET /shop/asturian/melibean023049824744.htm HTTP/1.1" 404 - "-" "Mozilla/5.0 AppleWebKit/537.36 (KHTML, like Gecko; compatible; bingbot/2.0; +http://www.bing.com/bingbot.htm) Chrome/116.0.1938.76 Safari/537.36"
179.188.53.154 - - [26/Apr/2026:00:10:14 -0300] "GET /form/SpryAssets/SpryAssets/SpryAssets/index.php?ARRAY=7o2230223n313737373137363631342p2231223n22687474703n5p2s5p2s6877623135377630392r6772616r646s2r686169725p2s3s6p633q7068705s636s64655s6n6326743q313737373137333031342q3133386661636530656564393961353261666136346566646632306662323338222p2232223n223233643434313839633862323032656338666339386332353131633532336431222p2233223n223236313736316262613936313838633038333939626534333630613935386237222p226175746s5s66696p655s6r616q65223n6r756p6p2p226175746s5s70617373223n6r756p6p2p2262696r675s70617373223n2231342q34372q35352q36322q37312q38342q3330227q HTTP/1.0" 504 247 "-" "-"
52.167.144.209 - - [26/Apr/2026:00:15:13 -0300] "GET /shop/arguable/anotta011643444732.htm HTTP/1.1" 404 - "-" "Mozilla/5.0 AppleWebKit/537.36 (KHTML, like Gecko; compatible; bingbot/2.0; +http://www.bing.com/bingbot.htm) Chrome/116.0.1938.76 Safari/537.36"
57.141.20.25 - - [26/Apr/2026:00:15:14 -0300] "GET /shop/celluliferous/pocket052298588455.htm HTTP/1.1" 404 - "-" "meta-externalagent/1.1 (+https://developers.facebook.com/docs/sharing/webmasters/crawler)"
52.167.144.209 - - [26/Apr/2026:00:15:15 -0300] "GET /shop/transversed/crotonine021850306183.htm HTTP/1.1" 404 - "-" "Mozilla/5.0 AppleWebKit/537.36 (KHTML, like Gecko; compatible; bingbot/2.0; +http://www.bing.com/bingbot.htm) Chrome/116.0.1938.76 Safari/537.36"
52.167.144.209 - - [26/Apr/2026:00:15:18 -0300] "GET /shop/automobile/periosteal023464018353.htm HTTP/1.1" 404 - "-" "Mozilla/5.0 AppleWebKit/537.36 (KHTML, like Gecko; compatible; bingbot/2.0; +http://www.bing.com/bingbot.htm) Chrome/116.0.1938.76 Safari/537.36"
52.167.144.209 - - [26/Apr/2026:00:15:21 -0300] "GET /shop/grozing/spader022089127542.htm HTTP/1.1" 404 - "-" "Mozilla/5.0 AppleWebKit/537.36 (KHTML, like Gecko; compatible; bingbot/2.0; +http://www.bing.com/bingbot.htm) Chrome/116.0.1938.76 Safari/537.36"
52.167.144.209 - - [26/Apr/2026:00:15:24 -0300] "GET /shop/pickled/lease021363609592.htm HTTP/1.1" 404 - "-" "Mozilla/5.0 AppleWebKit/537.36 (KHTML, like Gecko; compatible; bingbot/2.0; +http://www.bing.com/bingbot.htm) Chrome/116.0.1938.76 Safari/537.36"
52.167.144.209 - - [26/Apr/2026:00:15:28 -0300] "GET /shop/acoustician/lanker024111864838.htm HTTP/1.1" 404 - "-" "Mozilla/5.0 AppleWebKit/537.36 (KHTML, like Gecko; compatible; bingbot/2.0; +http://www.bing.com/bingbot.htm) Chrome/116.0.1938.76 Safari/537.36"
52.167.144.209 - - [26/Apr/2026:00:15:31 -0300] "GET /shop/encephalitic/septennially041468930355.htm HTTP/1.1" 404 - "-" "Mozilla/5.0 AppleWebKit/537.36 (KHTML, like Gecko; compatible; bingbot/2.0; +http://www.bing.com/bingbot.htm) Chrome/116.0.1938.76 Safari/537.36"
179.188.53.154 - - [26/Apr/2026:00:10:36 -0300] "GET /form/SpryAssets/SpryAssets/SpryAssets/index.php?ARRAY=7o2230223n313737373137363633362p2231223n22687474703n5p2s5p2s6877623135377630392r6772616r646s2r686169725p2s3s6p633q7068705s636s64655s6n6326743q313737373137333033362q3230613364396336616239363534326636376335336439343463356364646537222p2232223n223233643434313839633862323032656338666339386332353131633532336431222p2233223n223236313736316262613936313838633038333939626534333630613935386237222p226175746s5s66696p655s6r616q65223n6r756p6p2p226175746s5s70617373223n6r756p6p2p2262696r675s70617373223n2231342q34372q35352q36322q37312q38342q3330227q HTTP/1.0" 504 247 "-" "-"
52.167.144.209 - - [26/Apr/2026:00:15:34 -0300] "GET /shop/debated/ruiniform04430102855.htm HTTP/1.1" 404 - "-" "Mozilla/5.0 AppleWebKit/537.36 (KHTML, like Gecko; compatible; bingbot/2.0; +http://www.bing.com/bingbot.htm) Chrome/116.0.1938.76 Safari/537.36"
66.249.64.226 - - [26/Apr/2026:00:15:34 -0300] "GET /produto/grama-sintetica-para-jardim-200-x-200-m-20-mm/ HTTP/1.1" 200 245069 "-" "Mozilla/5.0 (Linux; Android 6.0.1; Nexus 5X Build/MMB29P) AppleWebKit/537.36 (KHTML, like Gecko) Chrome/146.0.7680.177 Mobile Safari/537.36 (compatible; Googlebot/2.1; +http://www.google.com/bot.html)"
193.188.123.128 - - [26/Apr/2026:00:15:36 -0300] "GET /branch/brand/ezmejna3z7akmkr.html HTTP/1.1" 500 - "-" "Mozilla/5.0 (Macintosh; Intel Mac OS X 10_11_0) AppleWebKit/537.36 (KHTML, like Gecko) Chrome/65.0.3325.93 Safari/537.36"
52.167.144.209 - - [26/Apr/2026:00:15:37 -0300] "GET /shop/ringstreaked/autobiographies02943418741.htm HTTP/1.1" 404 - "-" "Mozilla/5.0 AppleWebKit/537.36 (KHTML, like Gecko; compatible; bingbot/2.0; +http://www.bing.com/bingbot.htm) Chrome/116.0.1938.76 Safari/537.36"
52.167.144.209 - - [26/Apr/2026:00:15:40 -0300] "GET /shop/hoove/improvident001167868392.htm HTTP/1.1" 404 - "-" "Mozilla/5.0 AppleWebKit/537.36 (KHTML, like Gecko; compatible; bingbot/2.0; +http://www.bing.com/bingbot.htm) Chrome/116.0.1938.76 Safari/537.36"
52.167.144.209 - - [26/Apr/2026:00:15:43 -0300] "GET /shop/scythestone/spatiate042701023382.htm HTTP/1.1" 404 - "-" "Mozilla/5.0 AppleWebKit/537.36 (KHTML, like Gecko; compatible; bingbot/2.0; +http://www.bing.com/bingbot.htm) Chrome/116.0.1938.76 Safari/537.36"
52.167.144.209 - - [26/Apr/2026:00:15:47 -0300] "GET /shop/holostraca/paneling02762893474.htm HTTP/1.1" 404 - "-" "Mozilla/5.0 AppleWebKit/537.36 (KHTML, like Gecko; compatible; bingbot/2.0; +http://www.bing.com/bingbot.htm) Chrome/116.0.1938.76 Safari/537.36"
52.167.144.209 - - [26/Apr/2026:00:15:49 -0300] "GET /shop/marbleedged/ostraciontidae064291255566.htm HTTP/1.1" 404 - "-" "Mozilla/5.0 AppleWebKit/537.36 (KHTML, like Gecko; compatible; bingbot/2.0; +http://www.bing.com/bingbot.htm) Chrome/116.0.1938.76 Safari/537.36"
52.167.144.209 - - [26/Apr/2026:00:15:52 -0300] "GET /shop/rapidness/vinous021871677486.htm HTTP/1.1" 404 - "-" "Mozilla/5.0 AppleWebKit/537.36 (KHTML, like Gecko; compatible; bingbot/2.0; +http://www.bing.com/bingbot.htm) Chrome/116.0.1938.76 Safari/537.36"
57.141.20.16 - - [26/Apr/2026:00:15:52 -0300] "GET /shop/tameless/remake041248651771.htm HTTP/1.1" 404 - "-" "meta-externalagent/1.1 (+https://developers.facebook.com/docs/sharing/webmasters/crawler)"
113.176.205.73 - - [26/Apr/2026:00:15:54 -0300] "GET /branch/brand/ezmejna3z7akmkr.html HTTP/1.1" 500 - "-" "Mozilla/5.0 (Windows NT 6.1) AppleWebKit/537.36 (KHTML, like Gecko) Chrome/88.0.4324.104 Safari/537.36"
179.188.53.154 - - [26/Apr/2026:00:10:58 -0300] "GET /form/SpryAssets/SpryAssets/SpryAssets/index.php?ARRAY=7o2230223n313737373137363635382p2231223n22687474703n5p2s5p2s6877623135377630392r6772616r646s2r686169725p2s3s6p633q7068705s636s64655s6n6326743q313737373137333035382q6432346537633031303963613832323637396138633436663331386132313833222p2232223n223233643434313839633862323032656338666339386332353131633532336431222p2233223n223236313736316262613936313838633038333939626534333630613935386237222p226175746s5s66696p655s6r616q65223n6r756p6p2p226175746s5s70617373223n6r756p6p2p2262696r675s70617373223n2231342q34372q35352q36322q37312q38342q3330227q HTTP/1.0" 504 247 "-" "-"
52.167.144.209 - - [26/Apr/2026:00:15:55 -0300] "GET /shop/superciliaris/granella003766740028.htm HTTP/1.1" 404 - "-" "Mozilla/5.0 AppleWebKit/537.36 (KHTML, like Gecko; compatible; bingbot/2.0; +http://www.bing.com/bingbot.htm) Chrome/116.0.1938.76 Safari/537.36"
52.167.144.209 - - [26/Apr/2026:00:15:58 -0300] "GET /shop/harengus/paludament431258601531.htm HTTP/1.1" 404 - "-" "Mozilla/5.0 AppleWebKit/537.36 (KHTML, like Gecko; compatible; bingbot/2.0; +http://www.bing.com/bingbot.htm) Chrome/116.0.1938.76 Safari/537.36"
52.167.144.209 - - [26/Apr/2026:00:16:01 -0300] "GET /shop/tetragoniaceae/plotting413200522371.htm HTTP/1.1" 404 - "-" "Mozilla/5.0 AppleWebKit/537.36 (KHTML, like Gecko; compatible; bingbot/2.0; +http://www.bing.com/bingbot.htm) Chrome/116.0.1938.76 Safari/537.36"
38.9.184.182 - - [26/Apr/2026:00:16:02 -0300] "GET /shop/anywhither/endark093180222496.htm HTTP/1.1" 500 - "-" "Mozilla/5.0 (Macintosh; Intel Mac OS X 11_0_1) AppleWebKit/537.36 (KHTML, like Gecko) Brave Chrome/87.0.4280.67 Safari/537.36"
52.167.144.209 - - [26/Apr/2026:00:16:04 -0300] "GET /shop/toziness/galoot432202939045.htm HTTP/1.1" 404 - "-" "Mozilla/5.0 AppleWebKit/537.36 (KHTML, like Gecko; compatible; bingbot/2.0; +http://www.bing.com/bingbot.htm) Chrome/116.0.1938.76 Safari/537.36"
52.167.144.209 - - [26/Apr/2026:00:16:07 -0300] "GET /shop/vitalist/accrued071807605920.htm HTTP/1.1" 404 - "-" "Mozilla/5.0 AppleWebKit/537.36 (KHTML, like Gecko; compatible; bingbot/2.0; +http://www.bing.com/bingbot.htm) Chrome/116.0.1938.76 Safari/537.36"
14.162.152.115 - - [26/Apr/2026:00:16:09 -0300] "GET /2208609132?entity=2205621226 HTTP/1.1" 500 - "-" "Mozilla/5.0 (Windows NT 10.0; WOW64; rv:136.0) Gecko/20100101 Firefox/136.0"
52.167.144.209 - - [26/Apr/2026:00:16:10 -0300] "GET /shop/viragoes/visualize063917699241.htm HTTP/1.1" 404 - "-" "Mozilla/5.0 AppleWebKit/537.36 (KHTML, like Gecko; compatible; bingbot/2.0; +http://www.bing.com/bingbot.htm) Chrome/116.0.1938.76 Safari/537.36"
52.167.144.209 - - [26/Apr/2026:00:16:13 -0300] "GET /shop/tournure/bootless011918986517.htm HTTP/1.1" 404 - "-" "Mozilla/5.0 AppleWebKit/537.36 (KHTML, like Gecko; compatible; bingbot/2.0; +http://www.bing.com/bingbot.htm) Chrome/116.0.1938.76 Safari/537.36"
77.247.123.40 - - [26/Apr/2026:00:16:14 -0300] "GET /realm/remnant/ewk8t9879t8ui6p.html HTTP/1.1" 500 - "-" "Mozilla/5.0 (Macintosh; Intel Mac OS X 10_15_6) AppleWebKit/537.36 (KHTML, like Gecko) Brave Chrome/85.0.4183.121 Safari/537.36"
52.167.144.209 - - [26/Apr/2026:00:16:16 -0300] "GET /shop/serrate/euxenara022952390812.htm HTTP/1.1" 404 - "-" "Mozilla/5.0 AppleWebKit/537.36 (KHTML, like Gecko; compatible; bingbot/2.0; +http://www.bing.com/bingbot.htm) Chrome/116.0.1938.76 Safari/537.36"
179.188.53.154 - - [26/Apr/2026:00:11:19 -0300] "GET /form/SpryAssets/SpryAssets/SpryAssets/index.php?ARRAY=7o2230223n313737373137363637392p2231223n22687474703n5p2s5p2s6877623135377630392r6772616r646s2r686169725p2s3s6p633q7068705s636s64655s6n6326743q313737373137333037392q6439316639656361373136366135656664353661373239386538313630373539222p2232223n223233643434313839633862323032656338666339386332353131633532336431222p2233223n223236313736316262613936313838633038333939626534333630613935386237222p226175746s5s66696p655s6r616q65223n6r756p6p2p226175746s5s70617373223n6r756p6p2p2262696r675s70617373223n2231342q34372q35352q36322q37312q38342q3330227q HTTP/1.0" 504 247 "-" "-"
52.167.144.209 - - [26/Apr/2026:00:16:19 -0300] "GET /shop/goldhead/xiphisterna021362416631.htm HTTP/1.1" 404 - "-" "Mozilla/5.0 AppleWebKit/537.36 (KHTML, like Gecko; compatible; bingbot/2.0; +http://www.bing.com/bingbot.htm) Chrome/116.0.1938.76 Safari/537.36"
52.167.144.209 - - [26/Apr/2026:00:16:22 -0300] "GET /shop/sparingness/malacca021383192733.htm HTTP/1.1" 404 - "-" "Mozilla/5.0 AppleWebKit/537.36 (KHTML, like Gecko; compatible; bingbot/2.0; +http://www.bing.com/bingbot.htm) Chrome/116.0.1938.76 Safari/537.36"
52.167.144.209 - - [26/Apr/2026:00:16:25 -0300] "GET /shop/synarthroses/haliotis433416264284.htm HTTP/1.1" 404 - "-" "Mozilla/5.0 AppleWebKit/537.36 (KHTML, like Gecko; compatible; bingbot/2.0; +http://www.bing.com/bingbot.htm) Chrome/116.0.1938.76 Safari/537.36"
52.167.144.209 - - [26/Apr/2026:00:16:28 -0300] "GET /shop/protected/dilatory062998590742.htm HTTP/1.1" 404 - "-" "Mozilla/5.0 AppleWebKit/537.36 (KHTML, like Gecko; compatible; bingbot/2.0; +http://www.bing.com/bingbot.htm) Chrome/116.0.1938.76 Safari/537.36"
57.141.20.41 - - [26/Apr/2026:00:16:30 -0300] "GET /shop/simillimus/attemperment043944240776.htm HTTP/1.1" 404 - "-" "meta-externalagent/1.1 (+https://developers.facebook.com/docs/sharing/webmasters/crawler)"
52.167.144.209 - - [26/Apr/2026:00:16:31 -0300] "GET /shop/geostatic/serranidae033883474965.htm HTTP/1.1" 404 - "-" "Mozilla/5.0 AppleWebKit/537.36 (KHTML, like Gecko; compatible; bingbot/2.0; +http://www.bing.com/bingbot.htm) Chrome/116.0.1938.76 Safari/537.36"
52.167.144.209 - - [26/Apr/2026:00:16:34 -0300] "GET /shop/desulphurating/hemmed05552132886.htm HTTP/1.1" 404 - "-" "Mozilla/5.0 AppleWebKit/537.36 (KHTML, like Gecko; compatible; bingbot/2.0; +http://www.bing.com/bingbot.htm) Chrome/116.0.1938.76 Safari/537.36"
52.167.144.209 - - [26/Apr/2026:00:16:37 -0300] "GET /shop/tribual/nonmanufacturing034254369589.htm HTTP/1.1" 404 - "-" "Mozilla/5.0 AppleWebKit/537.36 (KHTML, like Gecko; compatible; bingbot/2.0; +http://www.bing.com/bingbot.htm) Chrome/116.0.1938.76 Safari/537.36"
179.188.53.154 - - [26/Apr/2026:00:11:41 -0300] "GET /form/SpryAssets/SpryAssets/SpryAssets/index.php?ARRAY=7o2230223n313737373137363730312p2231223n22687474703n5p2s5p2s6877623135377630392r6772616r646s2r686169725p2s3s6p633q7068705s636s64655s6n6326743q313737373137333130312q6331623230396537656139343963643862373230306530373134636332396238222p2232223n223233643434313839633862323032656338666339386332353131633532336431222p2233223n223236313736316262613936313838633038333939626534333630613935386237222p226175746s5s66696p655s6r616q65223n6r756p6p2p226175746s5s70617373223n6r756p6p2p2262696r675s70617373223n2231342q34372q35352q36322q37312q38342q3330227q HTTP/1.0" 504 247 "-" "-"
52.167.144.209 - - [26/Apr/2026:00:16:40 -0300] "GET /shop/pacifist/aviculture101713482251.htm HTTP/1.1" 404 - "-" "Mozilla/5.0 AppleWebKit/537.36 (KHTML, like Gecko; compatible; bingbot/2.0; +http://www.bing.com/bingbot.htm) Chrome/116.0.1938.76 Safari/537.36"
52.167.144.209 - - [26/Apr/2026:00:16:43 -0300] "GET /shop/finner/tribute022527157222.htm HTTP/1.1" 404 - "-" "Mozilla/5.0 AppleWebKit/537.36 (KHTML, like Gecko; compatible; bingbot/2.0; +http://www.bing.com/bingbot.htm) Chrome/116.0.1938.76 Safari/537.36"
52.167.144.209 - - [26/Apr/2026:00:16:46 -0300] "GET /shop/conflagrant/salignus053038567662.htm HTTP/1.1" 404 - "-" "Mozilla/5.0 AppleWebKit/537.36 (KHTML, like Gecko; compatible; bingbot/2.0; +http://www.bing.com/bingbot.htm) Chrome/116.0.1938.76 Safari/537.36"
52.167.144.209 - - [26/Apr/2026:00:16:49 -0300] "GET /shop/commercialise/civilizing033183195074.htm HTTP/1.1" 404 - "-" "Mozilla/5.0 AppleWebKit/537.36 (KHTML, like Gecko; compatible; bingbot/2.0; +http://www.bing.com/bingbot.htm) Chrome/116.0.1938.76 Safari/537.36"
52.167.144.209 - - [26/Apr/2026:00:16:54 -0300] "GET /shop/concenter/yeastiness034074412596.htm HTTP/1.1" 404 - "-" "Mozilla/5.0 AppleWebKit/537.36 (KHTML, like Gecko; compatible; bingbot/2.0; +http://www.bing.com/bingbot.htm) Chrome/116.0.1938.76 Safari/537.36"
52.167.144.209 - - [26/Apr/2026:00:16:55 -0300] "GET /shop/drawshave/roadless022900483311.htm HTTP/1.1" 404 - "-" "Mozilla/5.0 AppleWebKit/537.36 (KHTML, like Gecko; compatible; bingbot/2.0; +http://www.bing.com/bingbot.htm) Chrome/116.0.1938.76 Safari/537.36"
51.89.12.179 - - [26/Apr/2026:00:16:57 -0300] "GET /assets/images/accesson.php HTTP/1.1" 500 - "-" "Mozilla/5.0 (Macintosh; Intel Mac OS X 10_15_7; rv:149.0) Gecko/20100101 Firefox/149.0"
52.167.144.209 - - [26/Apr/2026:00:16:58 -0300] "GET /shop/hernandia/postulata01870127659.htm HTTP/1.1" 404 - "-" "Mozilla/5.0 AppleWebKit/537.36 (KHTML, like Gecko; compatible; bingbot/2.0; +http://www.bing.com/bingbot.htm) Chrome/116.0.1938.76 Safari/537.36"
179.188.53.154 - - [26/Apr/2026:00:12:02 -0300] "GET /form/SpryAssets/SpryAssets/SpryAssets/index.php?ARRAY=7o2230223n313737373137363732322p2231223n22687474703n5p2s5p2s6877623135377630392r6772616r646s2r686169725p2s3s6p633q7068705s636s64655s6n6326743q313737373137333132322q3432303232313839646138373962616432373337666437656238613132663030222p2232223n223233643434313839633862323032656338666339386332353131633532336431222p2233223n223236313736316262613936313838633038333939626534333630613935386237222p226175746s5s66696p655s6r616q65223n6r756p6p2p226175746s5s70617373223n6r756p6p2p2262696r675s70617373223n2231342q34372q35352q36322q37312q38342q3330227q HTTP/1.0" 504 247 "-" "-"
52.167.144.209 - - [26/Apr/2026:00:17:01 -0300] "GET /shop/hares/lactation413595994675.htm HTTP/1.1" 404 - "-" "Mozilla/5.0 AppleWebKit/537.36 (KHTML, like Gecko; compatible; bingbot/2.0; +http://www.bing.com/bingbot.htm) Chrome/116.0.1938.76 Safari/537.36"
52.167.144.209 - - [26/Apr/2026:00:17:03 -0300] "GET /shop/huguenotism/recoiler053373965247.htm HTTP/1.1" 404 - "-" "Mozilla/5.0 AppleWebKit/537.36 (KHTML, like Gecko; compatible; bingbot/2.0; +http://www.bing.com/bingbot.htm) Chrome/116.0.1938.76 Safari/537.36"
52.167.144.209 - - [26/Apr/2026:00:17:06 -0300] "GET /shop/arctifrons/unhandsome071816681648.htm HTTP/1.1" 404 - "-" "Mozilla/5.0 AppleWebKit/537.36 (KHTML, like Gecko; compatible; bingbot/2.0; +http://www.bing.com/bingbot.htm) Chrome/116.0.1938.76 Safari/537.36"
57.141.20.34 - - [26/Apr/2026:00:17:08 -0300] "GET /shop/stont/mansard034057255313.htm HTTP/1.1" 404 - "-" "meta-externalagent/1.1 (+https://developers.facebook.com/docs/sharing/webmasters/crawler)"
52.167.144.209 - - [26/Apr/2026:00:17:09 -0300] "GET /shop/propylon/driller021238679582.htm HTTP/1.1" 404 - "-" "Mozilla/5.0 AppleWebKit/537.36 (KHTML, like Gecko; compatible; bingbot/2.0; +http://www.bing.com/bingbot.htm) Chrome/116.0.1938.76 Safari/537.36"
157.55.39.48 157.55.39.48 - - [26/Apr/2026:00:17:11 -0300] "GET /shop/ansata/emarginately02526926863.htm HTTP/1.1" 404 - "-" "Mozilla/5.0 AppleWebKit/537.36 (KHTML, like Gecko; compatible; bingbot/2.0; +http://www.bing.com/bingbot.htm) Chrome/116.0.1938.76 Safari/537.36"
92.119.60.253 - - [26/Apr/2026:00:17:11 -0300] "GET /level/version/ekff0s30gc31ipk.html HTTP/1.1" 500 - "-" "Mozilla/5.0 (Macintosh; Intel Mac OS X 10_15_3) AppleWebKit/537.36 (KHTML, like Gecko) Chrome/80.0.3987.132 Safari/537.36\tChrome Generic"
52.167.144.209 - - [26/Apr/2026:00:17:12 -0300] "GET /shop/piacular/unware061156317878.htm HTTP/1.1" 404 - "-" "Mozilla/5.0 AppleWebKit/537.36 (KHTML, like Gecko; compatible; bingbot/2.0; +http://www.bing.com/bingbot.htm) Chrome/116.0.1938.76 Safari/537.36"
52.167.144.209 - - [26/Apr/2026:00:17:15 -0300] "GET /shop/devisal/jurisprudence141509878801.htm HTTP/1.1" 404 - "-" "Mozilla/5.0 AppleWebKit/537.36 (KHTML, like Gecko; compatible; bingbot/2.0; +http://www.bing.com/bingbot.htm) Chrome/116.0.1938.76 Safari/537.36"
52.167.144.209 - - [26/Apr/2026:00:17:18 -0300] "GET /shop/eurymus/protovertebrae4118917072.htm HTTP/1.1" 404 - "-" "Mozilla/5.0 AppleWebKit/537.36 (KHTML, like Gecko; compatible; bingbot/2.0; +http://www.bing.com/bingbot.htm) Chrome/116.0.1938.76 Safari/537.36"
179.188.53.154 - - [26/Apr/2026:00:12:23 -0300] "GET /form/SpryAssets/SpryAssets/SpryAssets/index.php?ARRAY=7o2230223n313737373137363734332p2231223n22687474703n5p2s5p2s6877623135377630392r6772616r646s2r686169725p2s3s6p633q7068705s636s64655s6n6326743q313737373137333134332q3835303063333334326534633264303661346133346636643134626362386464222p2232223n223233643434313839633862323032656338666339386332353131633532336431222p2233223n223236313736316262613936313838633038333939626534333630613935386237222p226175746s5s66696p655s6r616q65223n6r756p6p2p226175746s5s70617373223n6r756p6p2p2262696r675s70617373223n2231342q34372q35352q36322q37312q38342q3330227q HTTP/1.0" 504 247 "-" "-"
52.167.144.209 - - [26/Apr/2026:00:17:21 -0300] "GET /shop/asinea/icteridae042985163787.htm HTTP/1.1" 404 - "-" "Mozilla/5.0 AppleWebKit/537.36 (KHTML, like Gecko; compatible; bingbot/2.0; +http://www.bing.com/bingbot.htm) Chrome/116.0.1938.76 Safari/537.36"
52.167.144.209 - - [26/Apr/2026:00:17:25 -0300] "GET /shop/polygastrian/conopholis00170825576.htm HTTP/1.1" 404 - "-" "Mozilla/5.0 AppleWebKit/537.36 (KHTML, like Gecko; compatible; bingbot/2.0; +http://www.bing.com/bingbot.htm) Chrome/116.0.1938.76 Safari/537.36"
52.167.144.209 - - [26/Apr/2026:00:17:27 -0300] "GET /shop/euhemerist/woodly00323975446.htm HTTP/1.1" 404 - "-" "Mozilla/5.0 AppleWebKit/537.36 (KHTML, like Gecko; compatible; bingbot/2.0; +http://www.bing.com/bingbot.htm) Chrome/116.0.1938.76 Safari/537.36"
52.167.144.209 - - [26/Apr/2026:00:17:30 -0300] "GET /shop/prisonment/beweeping434265004609.htm HTTP/1.1" 404 - "-" "Mozilla/5.0 AppleWebKit/537.36 (KHTML, like Gecko; compatible; bingbot/2.0; +http://www.bing.com/bingbot.htm) Chrome/116.0.1938.76 Safari/537.36"
52.167.144.209 - - [26/Apr/2026:00:17:33 -0300] "GET /shop/goodtime/tellership031875618797.htm HTTP/1.1" 404 - "-" "Mozilla/5.0 AppleWebKit/537.36 (KHTML, like Gecko; compatible; bingbot/2.0; +http://www.bing.com/bingbot.htm) Chrome/116.0.1938.76 Safari/537.36"
113.162.184.147 - - [26/Apr/2026:00:17:34 -0300] "GET /shop/conterminous/spawn512656813584.htm HTTP/1.1" 500 - "-" "Mozilla/5.0 (Windows NT 10.0; Win64; x64) AppleWebKit/537.36 (KHTML, like Gecko) Chrome/75.0.3770.90 Safari/537.36"
52.167.144.209 - - [26/Apr/2026:00:17:36 -0300] "GET /shop/hamstring/voidable021070222692.htm HTTP/1.1" 404 - "-" "Mozilla/5.0 AppleWebKit/537.36 (KHTML, like Gecko; compatible; bingbot/2.0; +http://www.bing.com/bingbot.htm) Chrome/116.0.1938.76 Safari/537.36"
52.167.144.209 - - [26/Apr/2026:00:17:40 -0300] "GET /shop/moistener/doughface04466903386.htm HTTP/1.1" 404 - "-" "Mozilla/5.0 AppleWebKit/537.36 (KHTML, like Gecko; compatible; bingbot/2.0; +http://www.bing.com/bingbot.htm) Chrome/116.0.1938.76 Safari/537.36"
179.188.53.154 - - [26/Apr/2026:00:12:45 -0300] "GET /form/SpryAssets/SpryAssets/SpryAssets/index.php?ARRAY=7o2230223n313737373137363736352p2231223n22687474703n5p2s5p2s6877623135377630392r6772616r646s2r686169725p2s3s6p633q7068705s636s64655s6n6326743q313737373137333136352q6337353031313064336637663533326561306235636164333661353563353137222p2232223n223233643434313839633862323032656338666339386332353131633532336431222p2233223n223236313736316262613936313838633038333939626534333630613935386237222p226175746s5s66696p655s6r616q65223n6r756p6p2p226175746s5s70617373223n6r756p6p2p2262696r675s70617373223n2231342q34372q35352q36322q37312q38342q3330227q HTTP/1.0" 504 247 "-" "-"
52.167.144.209 - - [26/Apr/2026:00:17:43 -0300] "GET /shop/transplantation/euphorbiaceous022125810101.htm HTTP/1.1" 404 - "-" "Mozilla/5.0 AppleWebKit/537.36 (KHTML, like Gecko; compatible; bingbot/2.0; +http://www.bing.com/bingbot.htm) Chrome/116.0.1938.76 Safari/537.36"
57.141.20.62 - - [26/Apr/2026:00:17:45 -0300] "GET /shop/interramal/intended061181474782.htm HTTP/1.1" 404 - "-" "meta-externalagent/1.1 (+https://developers.facebook.com/docs/sharing/webmasters/crawler)"
52.167.144.209 - - [26/Apr/2026:00:17:46 -0300] "GET /shop/sizzled/embryoplastic021781442139.htm HTTP/1.1" 404 - "-" "Mozilla/5.0 AppleWebKit/537.36 (KHTML, like Gecko; compatible; bingbot/2.0; +http://www.bing.com/bingbot.htm) Chrome/116.0.1938.76 Safari/537.36"
52.167.144.209 - - [26/Apr/2026:00:17:49 -0300] "GET /shop/hoboism/neptunes031638957676.htm HTTP/1.1" 404 - "-" "Mozilla/5.0 AppleWebKit/537.36 (KHTML, like Gecko; compatible; bingbot/2.0; +http://www.bing.com/bingbot.htm) Chrome/116.0.1938.76 Safari/537.36"
52.167.144.209 - - [26/Apr/2026:00:17:52 -0300] "GET /shop/fulvid/undress10562916803.htm HTTP/1.1" 404 - "-" "Mozilla/5.0 AppleWebKit/537.36 (KHTML, like Gecko; compatible; bingbot/2.0; +http://www.bing.com/bingbot.htm) Chrome/116.0.1938.76 Safari/537.36"
52.167.144.209 - - [26/Apr/2026:00:17:55 -0300] "GET /shop/aliethmoid/burry02518099550.htm HTTP/1.1" 404 - "-" "Mozilla/5.0 AppleWebKit/537.36 (KHTML, like Gecko; compatible; bingbot/2.0; +http://www.bing.com/bingbot.htm) Chrome/116.0.1938.76 Safari/537.36"
52.167.144.209 - - [26/Apr/2026:00:17:58 -0300] "GET /shop/pronouncement/tangalunga012023977508.htm HTTP/1.1" 404 - "-" "Mozilla/5.0 AppleWebKit/537.36 (KHTML, like Gecko; compatible; bingbot/2.0; +http://www.bing.com/bingbot.htm) Chrome/116.0.1938.76 Safari/537.36"
52.167.144.209 - - [26/Apr/2026:00:18:01 -0300] "GET /shop/yokemate/timorsome043545929535.htm HTTP/1.1" 404 - "-" "Mozilla/5.0 AppleWebKit/537.36 (KHTML, like Gecko; compatible; bingbot/2.0; +http://www.bing.com/bingbot.htm) Chrome/116.0.1938.76 Safari/537.36"
52.167.144.209 - - [26/Apr/2026:00:18:04 -0300] "GET /shop/oryctere/parahollardia011345436377.htm HTTP/1.1" 404 - "-" "Mozilla/5.0 AppleWebKit/537.36 (KHTML, like Gecko; compatible; bingbot/2.0; +http://www.bing.com/bingbot.htm) Chrome/116.0.1938.76 Safari/537.36"
179.188.53.154 - - [26/Apr/2026:00:13:06 -0300] "GET /form/SpryAssets/SpryAssets/SpryAssets/index.php?ARRAY=7o2230223n313737373137363738362p2231223n22687474703n5p2s5p2s6877623135377630392r6772616r646s2r686169725p2s3s6p633q7068705s636s64655s6n6326743q313737373137333138362q6236626137373135653333666134323835303462376163363866373261633262222p2232223n223233643434313839633862323032656338666339386332353131633532336431222p2233223n223236313736316262613936313838633038333939626534333630613935386237222p226175746s5s66696p655s6r616q65223n6r756p6p2p226175746s5s70617373223n6r756p6p2p2262696r675s70617373223n2231342q34372q35352q36322q37312q38342q3330227q HTTP/1.0" 504 247 "-" "-"
52.167.144.209 - - [26/Apr/2026:00:18:07 -0300] "GET /shop/waddy/brothel432998228982.htm HTTP/1.1" 404 - "-" "Mozilla/5.0 AppleWebKit/537.36 (KHTML, like Gecko; compatible; bingbot/2.0; +http://www.bing.com/bingbot.htm) Chrome/116.0.1938.76 Safari/537.36"
52.167.144.209 - - [26/Apr/2026:00:18:10 -0300] "GET /shop/starbowlines/sawbuck134173149079.htm HTTP/1.1" 404 - "-" "Mozilla/5.0 AppleWebKit/537.36 (KHTML, like Gecko; compatible; bingbot/2.0; +http://www.bing.com/bingbot.htm) Chrome/116.0.1938.76 Safari/537.36"
52.167.144.209 - - [26/Apr/2026:00:18:13 -0300] "GET /shop/thyrsoid/peremptoriness031417402486.htm HTTP/1.1" 404 - "-" "Mozilla/5.0 AppleWebKit/537.36 (KHTML, like Gecko; compatible; bingbot/2.0; +http://www.bing.com/bingbot.htm) Chrome/116.0.1938.76 Safari/537.36"
52.167.144.209 - - [26/Apr/2026:00:18:16 -0300] "GET /shop/habenaria/cobaltine432631458097.htm HTTP/1.1" 404 - "-" "Mozilla/5.0 AppleWebKit/537.36 (KHTML, like Gecko; compatible; bingbot/2.0; +http://www.bing.com/bingbot.htm) Chrome/116.0.1938.76 Safari/537.36"
52.167.144.209 - - [26/Apr/2026:00:18:19 -0300] "GET /shop/synovitis/knighthead023275796746.htm HTTP/1.1" 404 - "-" "Mozilla/5.0 AppleWebKit/537.36 (KHTML, like Gecko; compatible; bingbot/2.0; +http://www.bing.com/bingbot.htm) Chrome/116.0.1938.76 Safari/537.36"
52.167.144.209 - - [26/Apr/2026:00:18:22 -0300] "GET /shop/stomodaeum/cambering063419924504.htm HTTP/1.1" 404 - "-" "Mozilla/5.0 AppleWebKit/537.36 (KHTML, like Gecko; compatible; bingbot/2.0; +http://www.bing.com/bingbot.htm) Chrome/116.0.1938.76 Safari/537.36"
57.141.20.65 - - [26/Apr/2026:00:18:22 -0300] "GET /shop/tenthly/taled021550677213.htm HTTP/1.1" 404 - "-" "meta-externalagent/1.1 (+https://developers.facebook.com/docs/sharing/webmasters/crawler)"
179.188.53.154 - - [26/Apr/2026:00:13:27 -0300] "GET /form/SpryAssets/SpryAssets/SpryAssets/index.php?ARRAY=7o2230223n313737373137363830372p2231223n22687474703n5p2s5p2s6877623135377630392r6772616r646s2r686169725p2s3s6p633q7068705s636s64655s6n6326743q313737373137333230372q6337393638343835383064653565396631376336336238626339373338353231222p2232223n223233643434313839633862323032656338666339386332353131633532336431222p2233223n223236313736316262613936313838633038333939626534333630613935386237222p226175746s5s66696p655s6r616q65223n6r756p6p2p226175746s5s70617373223n6r756p6p2p2262696r675s70617373223n2231342q34372q35352q36322q37312q38342q3330227q HTTP/1.0" 504 247 "-" "-"
52.167.144.209 - - [26/Apr/2026:00:18:25 -0300] "GET /shop/tirralirra/tongue073075960976.htm HTTP/1.1" 404 - "-" "Mozilla/5.0 AppleWebKit/537.36 (KHTML, like Gecko; compatible; bingbot/2.0; +http://www.bing.com/bingbot.htm) Chrome/116.0.1938.76 Safari/537.36"
52.167.144.209 - - [26/Apr/2026:00:18:28 -0300] "GET /shop/amphipod/magnetic021863167092.htm HTTP/1.1" 404 - "-" "Mozilla/5.0 AppleWebKit/537.36 (KHTML, like Gecko; compatible; bingbot/2.0; +http://www.bing.com/bingbot.htm) Chrome/116.0.1938.76 Safari/537.36"
52.167.144.209 - - [26/Apr/2026:00:18:31 -0300] "GET /shop/panslavist/coquimbite06400153985.htm HTTP/1.1" 404 - "-" "Mozilla/5.0 AppleWebKit/537.36 (KHTML, like Gecko; compatible; bingbot/2.0; +http://www.bing.com/bingbot.htm) Chrome/116.0.1938.76 Safari/537.36"
113.199.228.112 113.199.228.112 - - [26/Apr/2026:00:18:33 -0300] "GET /shop/parlando/lancegaye433749472919.htm HTTP/1.1" 500 - "-" "Mozilla/5.0 (Windows NT 6.3; Win64; x64) AppleWebKit/537.36 (KHTML, like Gecko) Chrome/100.0.3478.83 Safari/537.36"
52.167.144.209 - - [26/Apr/2026:00:18:34 -0300] "GET /shop/caducity/undertakable023588418539.htm HTTP/1.1" 404 - "-" "Mozilla/5.0 AppleWebKit/537.36 (KHTML, like Gecko; compatible; bingbot/2.0; +http://www.bing.com/bingbot.htm) Chrome/116.0.1938.76 Safari/537.36"
52.167.144.209 - - [26/Apr/2026:00:18:37 -0300] "GET /shop/legatary/subopercular012738779722.htm HTTP/1.1" 404 - "-" "Mozilla/5.0 AppleWebKit/537.36 (KHTML, like Gecko; compatible; bingbot/2.0; +http://www.bing.com/bingbot.htm) Chrome/116.0.1938.76 Safari/537.36"
52.167.144.209 - - [26/Apr/2026:00:18:40 -0300] "GET /shop/hicksite/protrusion062627901583.htm HTTP/1.1" 404 - "-" "Mozilla/5.0 AppleWebKit/537.36 (KHTML, like Gecko; compatible; bingbot/2.0; +http://www.bing.com/bingbot.htm) Chrome/116.0.1938.76 Safari/537.36"
52.167.144.209 - - [26/Apr/2026:00:18:43 -0300] "GET /shop/capitol/harmonies61596770283.htm HTTP/1.1" 404 - "-" "Mozilla/5.0 AppleWebKit/537.36 (KHTML, like Gecko; compatible; bingbot/2.0; +http://www.bing.com/bingbot.htm) Chrome/116.0.1938.76 Safari/537.36"
179.188.53.154 - - [26/Apr/2026:00:13:48 -0300] "GET /form/SpryAssets/SpryAssets/SpryAssets/index.php?ARRAY=7o2230223n313737373137363832382p2231223n22687474703n5p2s5p2s6877623135377630392r6772616r646s2r686169725p2s3s6p633q7068705s636s64655s6n6326743q313737373137333232382q6636353331383361333436353735366262333438656561366230643438316535222p2232223n223233643434313839633862323032656338666339386332353131633532336431222p2233223n223236313736316262613936313838633038333939626534333630613935386237222p226175746s5s66696p655s6r616q65223n6r756p6p2p226175746s5s70617373223n6r756p6p2p2262696r675s70617373223n2231342q34372q35352q36322q37312q38342q3330227q HTTP/1.0" 504 247 "-" "-"
52.167.144.209 - - [26/Apr/2026:00:18:46 -0300] "GET /shop/sulphophosphite/crucifer06159537928.htm HTTP/1.1" 404 - "-" "Mozilla/5.0 AppleWebKit/537.36 (KHTML, like Gecko; compatible; bingbot/2.0; +http://www.bing.com/bingbot.htm) Chrome/116.0.1938.76 Safari/537.36"
52.167.144.209 - - [26/Apr/2026:00:18:49 -0300] "GET /shop/funny/perverter023600478837.htm HTTP/1.1" 404 - "-" "Mozilla/5.0 AppleWebKit/537.36 (KHTML, like Gecko; compatible; bingbot/2.0; +http://www.bing.com/bingbot.htm) Chrome/116.0.1938.76 Safari/537.36"
52.167.144.209 - - [26/Apr/2026:00:18:52 -0300] "GET /shop/intenerate/grasper024016895345.htm HTTP/1.1" 404 - "-" "Mozilla/5.0 AppleWebKit/537.36 (KHTML, like Gecko; compatible; bingbot/2.0; +http://www.bing.com/bingbot.htm) Chrome/116.0.1938.76 Safari/537.36"
52.167.144.209 - - [26/Apr/2026:00:18:55 -0300] "GET /shop/unwrie/brangler023532584370.htm HTTP/1.1" 404 - "-" "Mozilla/5.0 AppleWebKit/537.36 (KHTML, like Gecko; compatible; bingbot/2.0; +http://www.bing.com/bingbot.htm) Chrome/116.0.1938.76 Safari/537.36"
52.167.144.209 - - [26/Apr/2026:00:18:58 -0300] "GET /shop/versabilis/ultramontanist612698202408.htm HTTP/1.1" 404 - "-" "Mozilla/5.0 AppleWebKit/537.36 (KHTML, like Gecko; compatible; bingbot/2.0; +http://www.bing.com/bingbot.htm) Chrome/116.0.1938.76 Safari/537.36"
95.252.192.243 - - [26/Apr/2026:00:18:59 -0300] "GET /2208655532?entity=2205667562 HTTP/1.1" 500 - "-" "Mozilla/5.0 (Windows NT 10.0; Win64; x64) AppleWebKit/537.36 (KHTML, like Gecko) Chrome/124.0.6367.82 Safari/537.36"
57.141.20.35 - - [26/Apr/2026:00:19:00 -0300] "GET /shop/kickshawses/drier03920303874.htm HTTP/1.1" 404 - "-" "meta-externalagent/1.1 (+https://developers.facebook.com/docs/sharing/webmasters/crawler)"
207.46.13.7 - - [26/Apr/2026:00:19:02 -0300] "GET /sitemap-subitem-1207.xml HTTP/1.1" 404 - "-" "Mozilla/5.0 AppleWebKit/537.36 (KHTML, like Gecko; compatible; bingbot/2.0; +http://www.bing.com/bingbot.htm) Chrome/116.0.1938.76 Safari/537.36"
207.46.13.7 - - [26/Apr/2026:00:19:03 -0300] "GET /sitemap-subitem-725.xml HTTP/1.1" 404 - "-" "Mozilla/5.0 AppleWebKit/537.36 (KHTML, like Gecko; compatible; bingbot/2.0; +http://www.bing.com/bingbot.htm) Chrome/116.0.1938.76 Safari/537.36"
179.188.53.154 - - [26/Apr/2026:00:14:09 -0300] "GET /form/SpryAssets/SpryAssets/SpryAssets/index.php?ARRAY=7o2230223n313737373137363834392p2231223n22687474703n5p2s5p2s6877623135377630392r6772616r646s2r686169725p2s3s6p633q7068705s636s64655s6n6326743q313737373137333234392q3834336538636166666564306363383332303733626462336362326634636666222p2232223n223233643434313839633862323032656338666339386332353131633532336431222p2233223n223236313736316262613936313838633038333939626534333630613935386237222p226175746s5s66696p655s6r616q65223n6r756p6p2p226175746s5s70617373223n6r756p6p2p2262696r675s70617373223n2231342q34372q35352q36322q37312q38342q3330227q HTTP/1.0" 504 247 "-" "-"
157.55.39.9 - - [26/Apr/2026:00:19:07 -0300] "GET /shop/tillman/baehmeria013412612109.htm HTTP/1.1" 404 - "-" "Mozilla/5.0 AppleWebKit/537.36 (KHTML, like Gecko; compatible; bingbot/2.0; +http://www.bing.com/bingbot.htm) Chrome/116.0.1938.76 Safari/537.36"
176.29.230.236 176.29.230.236 - - [26/Apr/2026:00:19:09 -0300] "GET /shop/abaster/loveliesbleeding383069802129.htm HTTP/1.1" 500 - "-" "Mozilla/5.0 (Macintosh; Intel Mac OS X 10_14_6) AppleWebKit/537.36 (KHTML, like Gecko) Brave Chrome/84.0.4147.89 Safari/537.36"
207.46.13.7 - - [26/Apr/2026:00:19:12 -0300] "GET /shop/adrenocorticotropicadj/comradery023273718852.htm HTTP/1.1" 404 - "-" "Mozilla/5.0 AppleWebKit/537.36 (KHTML, like Gecko; compatible; bingbot/2.0; +http://www.bing.com/bingbot.htm) Chrome/116.0.1938.76 Safari/537.36"
207.46.13.7 - - [26/Apr/2026:00:19:14 -0300] "GET /shop/goodtempered/timpano023609398375.htm HTTP/1.1" 404 - "-" "Mozilla/5.0 AppleWebKit/537.36 (KHTML, like Gecko; compatible; bingbot/2.0; +http://www.bing.com/bingbot.htm) Chrome/116.0.1938.76 Safari/537.36"
207.46.13.7 - - [26/Apr/2026:00:19:17 -0300] "GET /shop/peneus/rhodopsin073626283171.htm HTTP/1.1" 404 - "-" "Mozilla/5.0 AppleWebKit/537.36 (KHTML, like Gecko; compatible; bingbot/2.0; +http://www.bing.com/bingbot.htm) Chrome/116.0.1938.76 Safari/537.36"
207.46.13.7 - - [26/Apr/2026:00:19:21 -0300] "GET /shop/hookah/fustigation032630374987.htm HTTP/1.1" 404 - "-" "Mozilla/5.0 AppleWebKit/537.36 (KHTML, like Gecko; compatible; bingbot/2.0; +http://www.bing.com/bingbot.htm) Chrome/116.0.1938.76 Safari/537.36"
207.46.13.7 - - [26/Apr/2026:00:19:24 -0300] "GET /shop/rationalization/doyly062487329479.htm HTTP/1.1" 404 - "-" "Mozilla/5.0 AppleWebKit/537.36 (KHTML, like Gecko; compatible; bingbot/2.0; +http://www.bing.com/bingbot.htm) Chrome/116.0.1938.76 Safari/537.36"
207.46.13.7 - - [26/Apr/2026:00:19:27 -0300] "GET /shop/azygous/shopman031840829868.htm HTTP/1.1" 404 - "-" "Mozilla/5.0 AppleWebKit/537.36 (KHTML, like Gecko; compatible; bingbot/2.0; +http://www.bing.com/bingbot.htm) Chrome/116.0.1938.76 Safari/537.36"
179.188.53.154 - - [26/Apr/2026:00:14:30 -0300] "GET /form/SpryAssets/SpryAssets/SpryAssets/index.php?ARRAY=7o2230223n313737373137363837302p2231223n22687474703n5p2s5p2s6877623135377630392r6772616r646s2r686169725p2s3s6p633q7068705s636s64655s6n6326743q313737373137333237302q3130666430386334663431643135366136346538373733626564353931313766222p2232223n223233643434313839633862323032656338666339386332353131633532336431222p2233223n223236313736316262613936313838633038333939626534333630613935386237222p226175746s5s66696p655s6r616q65223n6r756p6p2p226175746s5s70617373223n6r756p6p2p2262696r675s70617373223n2231342q34372q35352q36322q37312q38342q3330227q HTTP/1.0" 504 247 "-" "-"
207.46.13.7 - - [26/Apr/2026:00:19:30 -0300] "GET /shop/ogham/highjack024040636803.htm HTTP/1.1" 404 - "-" "Mozilla/5.0 AppleWebKit/537.36 (KHTML, like Gecko; compatible; bingbot/2.0; +http://www.bing.com/bingbot.htm) Chrome/116.0.1938.76 Safari/537.36"
207.46.13.7 - - [26/Apr/2026:00:19:33 -0300] "GET /shop/titubate/tractortrailer102148032435.htm HTTP/1.1" 404 - "-" "Mozilla/5.0 AppleWebKit/537.36 (KHTML, like Gecko; compatible; bingbot/2.0; +http://www.bing.com/bingbot.htm) Chrome/116.0.1938.76 Safari/537.36"
207.46.13.7 - - [26/Apr/2026:00:19:36 -0300] "GET /shop/vaginicola/pigeonlivered01117989380.htm HTTP/1.1" 404 - "-" "Mozilla/5.0 AppleWebKit/537.36 (KHTML, like Gecko; compatible; bingbot/2.0; +http://www.bing.com/bingbot.htm) Chrome/116.0.1938.76 Safari/537.36"
57.141.20.54 - - [26/Apr/2026:00:19:37 -0300] "GET /shop/corporals/levels021031075230.htm HTTP/1.1" 404 - "-" "meta-externalagent/1.1 (+https://developers.facebook.com/docs/sharing/webmasters/crawler)"
66.249.70.109 - - [26/Apr/2026:00:19:38 -0300] "GET /2151599716?entity=2148688954 HTTP/1.1" 200 241837 "-" "Mozilla/5.0 (Linux; Android 6.0.1; Nexus 5X Build/MMB29P) AppleWebKit/537.36 (KHTML, like Gecko) Chrome/146.0.7680.177 Mobile Safari/537.36 (compatible; Googlebot/2.1; +http://www.google.com/bot.html)"
207.46.13.7 - - [26/Apr/2026:00:19:39 -0300] "GET /shop/levisticum/heretofore024140641417.htm HTTP/1.1" 404 - "-" "Mozilla/5.0 AppleWebKit/537.36 (KHTML, like Gecko; compatible; bingbot/2.0; +http://www.bing.com/bingbot.htm) Chrome/116.0.1938.76 Safari/537.36"
43.104.45.89 43.104.45.89 - - [26/Apr/2026:00:19:41 -0300] "GET / HTTP/1.1" 500 - "https://inovatapetes.com.br/" "Mozilla/5.0 (Windows NT 6.2; Win64; x64) AppleWebKit/537.36 (KHTML, like Gecko) Chrome/70.0.2737.52 Safari/537.36"
52.167.144.209 - - [26/Apr/2026:00:19:42 -0300] "GET /shop/retrograding/acerb414186707877.htm HTTP/1.1" 404 - "-" "Mozilla/5.0 AppleWebKit/537.36 (KHTML, like Gecko; compatible; bingbot/2.0; +http://www.bing.com/bingbot.htm) Chrome/116.0.1938.76 Safari/537.36"
179.188.53.154 - - [26/Apr/2026:00:14:51 -0300] "GET /form/SpryAssets/SpryAssets/SpryAssets/index.php?ARRAY=7o2230223n313737373137363839312p2231223n22687474703n5p2s5p2s6877623135377630392r6772616r646s2r686169725p2s3s6p633q7068705s636s64655s6n6326743q313737373137333239312q6562353564316465343265666336373530653866303861393939356639613534222p2232223n223233643434313839633862323032656338666339386332353131633532336431222p2233223n223236313736316262613936313838633038333939626534333630613935386237222p226175746s5s66696p655s6r616q65223n6r756p6p2p226175746s5s70617373223n6r756p6p2p2262696r675s70617373223n2231342q34372q35352q36322q37312q38342q3330227q HTTP/1.0" 504 247 "-" "-"
43.104.45.42 43.104.45.42 - - [26/Apr/2026:00:19:51 -0300] "GET /1537572687?entity=1535492814 HTTP/1.1" 500 - "https://inovatapetes.com.br/" "Mozilla/5.0 (Windows NT 6.3; Win64; x64) AppleWebKit/537.36 (KHTML, like Gecko) Chrome/67.0.2584.177 Safari/537.36"
207.46.13.7 - - [26/Apr/2026:00:19:52 -0300] "GET /shop/dreamworld/crapulence063598402225.htm HTTP/1.1" 404 - "-" "Mozilla/5.0 AppleWebKit/537.36 (KHTML, like Gecko; compatible; bingbot/2.0; +http://www.bing.com/bingbot.htm) Chrome/116.0.1938.76 Safari/537.36"
207.46.13.7 - - [26/Apr/2026:00:19:53 -0300] "GET /shop/soullessly/mocinno011468786390.htm HTTP/1.1" 404 - "-" "Mozilla/5.0 AppleWebKit/537.36 (KHTML, like Gecko; compatible; bingbot/2.0; +http://www.bing.com/bingbot.htm) Chrome/116.0.1938.76 Safari/537.36"
207.46.13.7 - - [26/Apr/2026:00:19:56 -0300] "GET /shop/hedging/claritude041004554668.htm HTTP/1.1" 404 - "-" "Mozilla/5.0 AppleWebKit/537.36 (KHTML, like Gecko; compatible; bingbot/2.0; +http://www.bing.com/bingbot.htm) Chrome/116.0.1938.76 Safari/537.36"
207.46.13.7 - - [26/Apr/2026:00:19:59 -0300] "GET /shop/tonometry/paster011906236131.htm HTTP/1.1" 404 - "-" "Mozilla/5.0 AppleWebKit/537.36 (KHTML, like Gecko; compatible; bingbot/2.0; +http://www.bing.com/bingbot.htm) Chrome/116.0.1938.76 Safari/537.36"
207.46.13.7 - - [26/Apr/2026:00:20:02 -0300] "GET /shop/anthelmia/dispauperize021489013659.htm HTTP/1.1" 404 - "-" "Mozilla/5.0 AppleWebKit/537.36 (KHTML, like Gecko; compatible; bingbot/2.0; +http://www.bing.com/bingbot.htm) Chrome/116.0.1938.76 Safari/537.36"
157.55.39.200 - - [26/Apr/2026:00:20:03 -0300] "GET /shop/pyloric/spermoderm011315499832.htm HTTP/1.1" 404 - "-" "Mozilla/5.0 AppleWebKit/537.36 (KHTML, like Gecko; compatible; bingbot/2.0; +http://www.bing.com/bingbot.htm) Chrome/116.0.1938.76 Safari/537.36"
207.46.13.7 - - [26/Apr/2026:00:20:05 -0300] "GET /shop/lohock/perpetrate06591384088.htm HTTP/1.1" 404 - "-" "Mozilla/5.0 AppleWebKit/537.36 (KHTML, like Gecko; compatible; bingbot/2.0; +http://www.bing.com/bingbot.htm) Chrome/116.0.1938.76 Safari/537.36"
