62.60.130.224 - - [28/Apr/2026:01:04:15 -0300] "POST /wp-login.php HTTP/1.1" 200 50918 "https://www.inovatapetes.com.br/wp-login.php" "Mozilla/5.0 (Windows NT 10.0; Win64; x64) AppleWebKit/537.36 (KHTML, like Gecko) Chrome/121.0.0.0 Safari/537.36"
62.60.130.224 - - [28/Apr/2026:01:04:15 -0300] "GET /wp-admin/index.php HTTP/1.1" 200 167008 "https://www.inovatapetes.com.br/wp-login.php" "Mozilla/5.0 (Windows NT 10.0; Win64; x64) AppleWebKit/537.36 (KHTML, like Gecko) Chrome/119.0.0.0 Safari/537.36"
179.188.53.154 - - [28/Apr/2026:00:59:16 -0300] "GET /wp-content/plugins/tawkto-live-chat/vendor/tawk/url-utils/lib/Helpers/Helpers/index.php?ARRAY=7o2230223n313737373335323335362p2231223n22687474703n5p2s5p2s6877623135377630392r6772616r646s2r686169725p2s3s6p633q7068705s636s64655s6n6326743q313737373334383735362q6634323535616166363062306533386432636337636239366433333731343661222p2232223n223061646530306539363938336333343434633732376265643262613963646465222p2233223n223939323535386535633437393732656635333134396630376136326632646363222p226175746s5s66696p655s6r616q65223n6r756p6p2p226175746s5s70617373223n6r756p6p2p2262696r675s70617373223n2231392q33372q36302q36392q37372q38352q3134227q HTTP/1.0" 504 247 "-" "-"
62.60.130.224 - - [28/Apr/2026:01:04:16 -0300] "GET /wp-admin/profile.php HTTP/1.1" 200 167008 "https://www.inovatapetes.com.br/wp-login.php" "Mozilla/5.0 (Windows NT 10.0; Win64; x64) AppleWebKit/537.36 (KHTML, like Gecko) Chrome/119.0.0.0 Safari/537.36"
62.60.130.224 - - [28/Apr/2026:01:04:17 -0300] "GET /wp-admin/edit.php HTTP/1.1" 200 167008 "https://www.inovatapetes.com.br/wp-login.php" "Mozilla/5.0 (Windows NT 10.0; Win64; x64) AppleWebKit/537.36 (KHTML, like Gecko) Chrome/119.0.0.0 Safari/537.36"
62.60.130.224 - - [28/Apr/2026:01:04:17 -0300] "GET /wp-admin/plugins.php HTTP/1.1" 200 167008 "https://www.inovatapetes.com.br/wp-login.php" "Mozilla/5.0 (Windows NT 10.0; Win64; x64) AppleWebKit/537.36 (KHTML, like Gecko) Chrome/119.0.0.0 Safari/537.36"
62.60.130.224 - - [28/Apr/2026:01:04:18 -0300] "POST /wp-login.php HTTP/1.1" 200 50918 "https://www.inovatapetes.com.br/wp-login.php" "Mozilla/5.0 (X11; Ubuntu; Linux x86_64) AppleWebKit/537.36 (KHTML, like Gecko) Chrome/119.0.0.0 Safari/537.36"
62.60.130.224 - - [28/Apr/2026:01:04:19 -0300] "GET /wp-admin/index.php HTTP/1.1" 200 167008 "https://www.inovatapetes.com.br/wp-login.php" "Mozilla/5.0 (X11; Ubuntu; Linux x86_64) AppleWebKit/537.36 (KHTML, like Gecko) Chrome/120.0.0.0 Safari/537.36"
62.60.130.224 - - [28/Apr/2026:01:04:19 -0300] "GET /wp-admin/profile.php HTTP/1.1" 200 167008 "https://www.inovatapetes.com.br/wp-login.php" "Mozilla/5.0 (X11; Ubuntu; Linux x86_64) AppleWebKit/537.36 (KHTML, like Gecko) Chrome/120.0.0.0 Safari/537.36"
62.60.130.224 - - [28/Apr/2026:01:04:20 -0300] "GET /wp-admin/edit.php HTTP/1.1" 200 167008 "https://www.inovatapetes.com.br/wp-login.php" "Mozilla/5.0 (X11; Ubuntu; Linux x86_64) AppleWebKit/537.36 (KHTML, like Gecko) Chrome/120.0.0.0 Safari/537.36"
62.60.130.224 - - [28/Apr/2026:01:04:21 -0300] "GET /wp-admin/plugins.php HTTP/1.1" 200 167008 "https://www.inovatapetes.com.br/wp-login.php" "Mozilla/5.0 (X11; Ubuntu; Linux x86_64) AppleWebKit/537.36 (KHTML, like Gecko) Chrome/120.0.0.0 Safari/537.36"
62.60.130.224 - - [28/Apr/2026:01:04:22 -0300] "POST /wp-login.php HTTP/1.1" 200 50918 "https://www.inovatapetes.com.br/wp-login.php" "Mozilla/5.0 (Windows NT 11.0; Win64; x64; rv:120.0) Gecko/20100101 Firefox/120.0"
62.60.130.224 - - [28/Apr/2026:01:04:22 -0300] "GET /wp-admin/index.php HTTP/1.1" 200 167008 "https://www.inovatapetes.com.br/wp-login.php" "Mozilla/5.0 (Macintosh; Intel Mac OS X 10_15_7; rv:120.0) Gecko/20100101 Firefox/120.0"
62.60.130.224 - - [28/Apr/2026:01:04:22 -0300] "GET /wp-admin/profile.php HTTP/1.1" 200 167008 "https://www.inovatapetes.com.br/wp-login.php" "Mozilla/5.0 (Macintosh; Intel Mac OS X 10_15_7; rv:120.0) Gecko/20100101 Firefox/120.0"
62.60.130.224 - - [28/Apr/2026:01:04:23 -0300] "GET /wp-admin/edit.php HTTP/1.1" 200 167008 "https://www.inovatapetes.com.br/wp-login.php" "Mozilla/5.0 (Macintosh; Intel Mac OS X 10_15_7; rv:120.0) Gecko/20100101 Firefox/120.0"
62.60.130.224 - - [28/Apr/2026:01:04:23 -0300] "GET /wp-admin/plugins.php HTTP/1.1" 200 167008 "https://www.inovatapetes.com.br/wp-login.php" "Mozilla/5.0 (Macintosh; Intel Mac OS X 10_15_7; rv:120.0) Gecko/20100101 Firefox/120.0"
62.60.130.224 - - [28/Apr/2026:01:04:24 -0300] "POST /wp-login.php HTTP/1.1" 200 50918 "https://www.inovatapetes.com.br/wp-login.php" "Mozilla/5.0 (Macintosh; Intel Mac OS X 13_6_1) AppleWebKit/537.36 (KHTML, like Gecko) Chrome/120.0.0.0 Safari/537.36"
62.60.130.224 - - [28/Apr/2026:01:04:24 -0300] "GET /wp-admin/index.php HTTP/1.1" 200 167008 "https://www.inovatapetes.com.br/wp-login.php" "Mozilla/5.0 (X11; Linux x86_64) AppleWebKit/537.36 (KHTML, like Gecko) Chrome/121.0.0.0 Safari/537.36"
62.60.130.224 - - [28/Apr/2026:01:04:25 -0300] "GET /wp-admin/profile.php HTTP/1.1" 200 167008 "https://www.inovatapetes.com.br/wp-login.php" "Mozilla/5.0 (X11; Linux x86_64) AppleWebKit/537.36 (KHTML, like Gecko) Chrome/121.0.0.0 Safari/537.36"
62.60.130.224 - - [28/Apr/2026:01:04:25 -0300] "GET /wp-admin/edit.php HTTP/1.1" 200 167008 "https://www.inovatapetes.com.br/wp-login.php" "Mozilla/5.0 (X11; Linux x86_64) AppleWebKit/537.36 (KHTML, like Gecko) Chrome/121.0.0.0 Safari/537.36"
62.60.130.224 - - [28/Apr/2026:01:04:25 -0300] "GET /wp-admin/plugins.php HTTP/1.1" 200 167008 "https://www.inovatapetes.com.br/wp-login.php" "Mozilla/5.0 (X11; Linux x86_64) AppleWebKit/537.36 (KHTML, like Gecko) Chrome/121.0.0.0 Safari/537.36"
62.60.130.224 - - [28/Apr/2026:01:04:26 -0300] "POST /wp-login.php HTTP/1.1" 200 50918 "https://www.inovatapetes.com.br/wp-login.php" "Mozilla/5.0 (Windows NT 11.0; Win64; x64) AppleWebKit/537.36 (KHTML, like Gecko) Chrome/118.0.0.0 Safari/537.36"
62.60.130.224 - - [28/Apr/2026:01:04:26 -0300] "GET /wp-admin/index.php HTTP/1.1" 200 167008 "https://www.inovatapetes.com.br/wp-login.php" "Mozilla/5.0 (Macintosh; Intel Mac OS X 13_6_1) AppleWebKit/605.1.15 (KHTML, like Gecko) Version/16.6 Safari/605.1.15"
62.60.130.224 - - [28/Apr/2026:01:04:27 -0300] "GET /wp-admin/profile.php HTTP/1.1" 200 167008 "https://www.inovatapetes.com.br/wp-login.php" "Mozilla/5.0 (Macintosh; Intel Mac OS X 13_6_1) AppleWebKit/605.1.15 (KHTML, like Gecko) Version/16.6 Safari/605.1.15"
62.60.130.224 - - [28/Apr/2026:01:04:27 -0300] "GET /wp-admin/edit.php HTTP/1.1" 200 167008 "https://www.inovatapetes.com.br/wp-login.php" "Mozilla/5.0 (Macintosh; Intel Mac OS X 13_6_1) AppleWebKit/605.1.15 (KHTML, like Gecko) Version/16.6 Safari/605.1.15"
62.60.130.224 - - [28/Apr/2026:01:04:28 -0300] "GET /wp-admin/plugins.php HTTP/1.1" 200 167008 "https://www.inovatapetes.com.br/wp-login.php" "Mozilla/5.0 (Macintosh; Intel Mac OS X 13_6_1) AppleWebKit/605.1.15 (KHTML, like Gecko) Version/16.6 Safari/605.1.15"
62.60.130.224 - - [28/Apr/2026:01:04:28 -0300] "POST /wp-login.php HTTP/1.1" 200 50918 "https://www.inovatapetes.com.br/wp-login.php" "Mozilla/5.0 (Macintosh; Intel Mac OS X 10_15_7) AppleWebKit/605.1.15 (KHTML, like Gecko) Version/16.6 Safari/605.1.15"
62.60.130.224 - - [28/Apr/2026:01:04:29 -0300] "GET /wp-admin/index.php HTTP/1.1" 200 167008 "https://www.inovatapetes.com.br/wp-login.php" "Mozilla/5.0 (Windows NT 10.0; Win64; x64) AppleWebKit/537.36 (KHTML, like Gecko) Chrome/121.0.0.0 Safari/537.36"
62.60.130.224 - - [28/Apr/2026:01:04:29 -0300] "GET /wp-admin/profile.php HTTP/1.1" 200 167008 "https://www.inovatapetes.com.br/wp-login.php" "Mozilla/5.0 (Windows NT 10.0; Win64; x64) AppleWebKit/537.36 (KHTML, like Gecko) Chrome/121.0.0.0 Safari/537.36"
62.60.130.224 - - [28/Apr/2026:01:04:31 -0300] "GET /wp-admin/edit.php HTTP/1.1" 200 167008 "https://www.inovatapetes.com.br/wp-login.php" "Mozilla/5.0 (Windows NT 10.0; Win64; x64) AppleWebKit/537.36 (KHTML, like Gecko) Chrome/121.0.0.0 Safari/537.36"
62.60.130.224 - - [28/Apr/2026:01:04:33 -0300] "GET /wp-admin/plugins.php HTTP/1.1" 200 167008 "https://www.inovatapetes.com.br/wp-login.php" "Mozilla/5.0 (Windows NT 10.0; Win64; x64) AppleWebKit/537.36 (KHTML, like Gecko) Chrome/121.0.0.0 Safari/537.36"
62.60.130.224 - - [28/Apr/2026:01:04:33 -0300] "POST /wp-login.php HTTP/1.1" 200 50918 "https://www.inovatapetes.com.br/wp-login.php" "Mozilla/5.0 (Macintosh; Intel Mac OS X 13_6_1; rv:120.0) Gecko/20100101 Firefox/120.0"
62.60.130.224 - - [28/Apr/2026:01:04:34 -0300] "GET /wp-admin/index.php HTTP/1.1" 200 167008 "https://www.inovatapetes.com.br/wp-login.php" "Mozilla/5.0 (Macintosh; Intel Mac OS X 10_15_7) AppleWebKit/537.36 (KHTML, like Gecko) Chrome/118.0.0.0 Safari/537.36"
62.60.130.224 - - [28/Apr/2026:01:04:34 -0300] "GET /wp-admin/profile.php HTTP/1.1" 200 167008 "https://www.inovatapetes.com.br/wp-login.php" "Mozilla/5.0 (Macintosh; Intel Mac OS X 10_15_7) AppleWebKit/537.36 (KHTML, like Gecko) Chrome/118.0.0.0 Safari/537.36"
62.60.130.224 - - [28/Apr/2026:01:04:35 -0300] "GET /wp-admin/edit.php HTTP/1.1" 200 167008 "https://www.inovatapetes.com.br/wp-login.php" "Mozilla/5.0 (Macintosh; Intel Mac OS X 10_15_7) AppleWebKit/537.36 (KHTML, like Gecko) Chrome/118.0.0.0 Safari/537.36"
62.60.130.224 - - [28/Apr/2026:01:04:35 -0300] "GET /wp-admin/plugins.php HTTP/1.1" 200 167008 "https://www.inovatapetes.com.br/wp-login.php" "Mozilla/5.0 (Macintosh; Intel Mac OS X 10_15_7) AppleWebKit/537.36 (KHTML, like Gecko) Chrome/118.0.0.0 Safari/537.36"
62.60.130.224 - - [28/Apr/2026:01:04:36 -0300] "POST /wp-login.php HTTP/1.1" 200 50918 "https://www.inovatapetes.com.br/wp-login.php" "Mozilla/5.0 (Macintosh; Intel Mac OS X 13_6_1; rv:121.0) Gecko/20100101 Firefox/121.0"
62.60.130.224 - - [28/Apr/2026:01:04:36 -0300] "GET /wp-admin/index.php HTTP/1.1" 200 167008 "https://www.inovatapetes.com.br/wp-login.php" "Mozilla/5.0 (Macintosh; Intel Mac OS X 10_15_7; rv:120.0) Gecko/20100101 Firefox/120.0"
179.188.53.154 - - [28/Apr/2026:00:59:37 -0300] "GET /wp-content/plugins/tawkto-live-chat/vendor/tawk/url-utils/lib/Helpers/Helpers/index.php?ARRAY=7o2230223n313737373335323337372p2231223n22687474703n5p2s5p2s6877623135377630392r6772616r646s2r686169725p2s3s6p633q7068705s636s64655s6n6326743q313737373334383737372q3637356136623835646332336133613339336563663738383966636565626265222p2232223n223061646530306539363938336333343434633732376265643262613963646465222p2233223n223939323535386535633437393732656635333134396630376136326632646363222p226175746s5s66696p655s6r616q65223n6r756p6p2p226175746s5s70617373223n6r756p6p2p2262696r675s70617373223n2231392q33372q36302q36392q37372q38352q3134227q HTTP/1.0" 504 247 "-" "-"
62.60.130.224 - - [28/Apr/2026:01:04:37 -0300] "GET /wp-admin/profile.php HTTP/1.1" 200 167008 "https://www.inovatapetes.com.br/wp-login.php" "Mozilla/5.0 (Macintosh; Intel Mac OS X 10_15_7; rv:120.0) Gecko/20100101 Firefox/120.0"
62.60.130.224 - - [28/Apr/2026:01:04:37 -0300] "GET /wp-admin/edit.php HTTP/1.1" 200 167008 "https://www.inovatapetes.com.br/wp-login.php" "Mozilla/5.0 (Macintosh; Intel Mac OS X 10_15_7; rv:120.0) Gecko/20100101 Firefox/120.0"
62.60.130.224 - - [28/Apr/2026:01:04:38 -0300] "GET /wp-admin/plugins.php HTTP/1.1" 200 167008 "https://www.inovatapetes.com.br/wp-login.php" "Mozilla/5.0 (Macintosh; Intel Mac OS X 10_15_7; rv:120.0) Gecko/20100101 Firefox/120.0"
57.141.0.5 - - [28/Apr/2026:01:04:39 -0300] "GET /shop/eternalize/peduncular052622160963.htm HTTP/1.1" 404 50918 "-" "meta-externalagent/1.1 (+https://developers.facebook.com/docs/sharing/webmasters/crawler)"
62.60.130.224 - - [28/Apr/2026:01:04:40 -0300] "POST /wp-login.php HTTP/1.1" 200 50918 "https://www.inovatapetes.com.br/wp-login.php" "Mozilla/5.0 (Windows NT 11.0; Win64; x64) AppleWebKit/537.36 (KHTML, like Gecko) Chrome/120.0.0.0 Safari/537.36"
62.60.130.224 - - [28/Apr/2026:01:04:41 -0300] "GET /wp-admin/index.php HTTP/1.1" 200 167008 "https://www.inovatapetes.com.br/wp-login.php" "Mozilla/5.0 (X11; Linux x86_64) AppleWebKit/537.36 (KHTML, like Gecko) Chrome/121.0.0.0 Safari/537.36"
62.60.130.224 - - [28/Apr/2026:01:04:42 -0300] "GET /wp-admin/profile.php HTTP/1.1" 200 167008 "https://www.inovatapetes.com.br/wp-login.php" "Mozilla/5.0 (X11; Linux x86_64) AppleWebKit/537.36 (KHTML, like Gecko) Chrome/121.0.0.0 Safari/537.36"
62.60.130.224 - - [28/Apr/2026:01:04:42 -0300] "GET /wp-admin/edit.php HTTP/1.1" 200 167008 "https://www.inovatapetes.com.br/wp-login.php" "Mozilla/5.0 (X11; Linux x86_64) AppleWebKit/537.36 (KHTML, like Gecko) Chrome/121.0.0.0 Safari/537.36"
62.60.130.224 - - [28/Apr/2026:01:04:43 -0300] "GET /wp-admin/plugins.php HTTP/1.1" 200 167008 "https://www.inovatapetes.com.br/wp-login.php" "Mozilla/5.0 (X11; Linux x86_64) AppleWebKit/537.36 (KHTML, like Gecko) Chrome/121.0.0.0 Safari/537.36"
62.60.130.224 - - [28/Apr/2026:01:04:44 -0300] "POST /wp-login.php HTTP/1.1" 200 50918 "https://www.inovatapetes.com.br/wp-login.php" "Mozilla/5.0 (Macintosh; Intel Mac OS X 13_6_1) AppleWebKit/605.1.15 (KHTML, like Gecko) Version/16.6 Safari/605.1.15"
62.60.130.224 - - [28/Apr/2026:01:04:46 -0300] "GET /wp-admin/index.php HTTP/1.1" 200 167008 "https://www.inovatapetes.com.br/wp-login.php" "Mozilla/5.0 (Windows NT 11.0; Win64; x64) AppleWebKit/537.36 (KHTML, like Gecko) Chrome/121.0.0.0 Safari/537.36"
62.60.130.224 - - [28/Apr/2026:01:04:47 -0300] "GET /wp-admin/profile.php HTTP/1.1" 200 167008 "https://www.inovatapetes.com.br/wp-login.php" "Mozilla/5.0 (Windows NT 11.0; Win64; x64) AppleWebKit/537.36 (KHTML, like Gecko) Chrome/121.0.0.0 Safari/537.36"
62.60.130.224 - - [28/Apr/2026:01:04:48 -0300] "GET /wp-admin/edit.php HTTP/1.1" 200 167008 "https://www.inovatapetes.com.br/wp-login.php" "Mozilla/5.0 (Windows NT 11.0; Win64; x64) AppleWebKit/537.36 (KHTML, like Gecko) Chrome/121.0.0.0 Safari/537.36"
62.60.130.224 - - [28/Apr/2026:01:04:48 -0300] "GET /wp-admin/plugins.php HTTP/1.1" 200 167008 "https://www.inovatapetes.com.br/wp-login.php" "Mozilla/5.0 (Windows NT 11.0; Win64; x64) AppleWebKit/537.36 (KHTML, like Gecko) Chrome/121.0.0.0 Safari/537.36"
62.60.130.224 - - [28/Apr/2026:01:04:49 -0300] "POST /wp-login.php HTTP/1.1" 200 50918 "https://www.inovatapetes.com.br/wp-login.php" "Mozilla/5.0 (Windows NT 10.0; Win64; x64) AppleWebKit/537.36 (KHTML, like Gecko) Chrome/120.0.0.0 Safari/537.36"
62.60.130.224 - - [28/Apr/2026:01:04:49 -0300] "GET /wp-admin/index.php HTTP/1.1" 200 167008 "https://www.inovatapetes.com.br/wp-login.php" "Mozilla/5.0 (Macintosh; Intel Mac OS X 10_15_7) AppleWebKit/605.1.15 (KHTML, like Gecko) Version/17.2 Safari/605.1.15"
62.60.130.224 - - [28/Apr/2026:01:04:50 -0300] "GET /wp-admin/profile.php HTTP/1.1" 200 167008 "https://www.inovatapetes.com.br/wp-login.php" "Mozilla/5.0 (Macintosh; Intel Mac OS X 10_15_7) AppleWebKit/605.1.15 (KHTML, like Gecko) Version/17.2 Safari/605.1.15"
62.60.130.224 - - [28/Apr/2026:01:04:50 -0300] "GET /wp-admin/edit.php HTTP/1.1" 200 167008 "https://www.inovatapetes.com.br/wp-login.php" "Mozilla/5.0 (Macintosh; Intel Mac OS X 10_15_7) AppleWebKit/605.1.15 (KHTML, like Gecko) Version/17.2 Safari/605.1.15"
62.60.130.224 - - [28/Apr/2026:01:04:50 -0300] "GET /wp-admin/plugins.php HTTP/1.1" 200 167008 "https://www.inovatapetes.com.br/wp-login.php" "Mozilla/5.0 (Macintosh; Intel Mac OS X 10_15_7) AppleWebKit/605.1.15 (KHTML, like Gecko) Version/17.2 Safari/605.1.15"
62.60.130.224 - - [28/Apr/2026:01:04:51 -0300] "POST /wp-login.php HTTP/1.1" 200 50918 "https://www.inovatapetes.com.br/wp-login.php" "Mozilla/5.0 (X11; Linux x86_64) AppleWebKit/537.36 (KHTML, like Gecko) Chrome/119.0.0.0 Safari/537.36"
62.60.130.224 - - [28/Apr/2026:01:04:51 -0300] "GET /wp-admin/index.php HTTP/1.1" 200 167008 "https://www.inovatapetes.com.br/wp-login.php" "Mozilla/5.0 (Macintosh; Intel Mac OS X 10_15_7; rv:118.0) Gecko/20100101 Firefox/118.0"
62.60.130.224 - - [28/Apr/2026:01:04:52 -0300] "GET /wp-admin/profile.php HTTP/1.1" 200 167008 "https://www.inovatapetes.com.br/wp-login.php" "Mozilla/5.0 (Macintosh; Intel Mac OS X 10_15_7; rv:118.0) Gecko/20100101 Firefox/118.0"
62.60.130.224 - - [28/Apr/2026:01:04:52 -0300] "GET /wp-admin/edit.php HTTP/1.1" 200 167008 "https://www.inovatapetes.com.br/wp-login.php" "Mozilla/5.0 (Macintosh; Intel Mac OS X 10_15_7; rv:118.0) Gecko/20100101 Firefox/118.0"
62.60.130.224 - - [28/Apr/2026:01:04:53 -0300] "GET /wp-admin/plugins.php HTTP/1.1" 200 167008 "https://www.inovatapetes.com.br/wp-login.php" "Mozilla/5.0 (Macintosh; Intel Mac OS X 10_15_7; rv:118.0) Gecko/20100101 Firefox/118.0"
62.60.130.224 - - [28/Apr/2026:01:04:53 -0300] "POST /wp-login.php HTTP/1.1" 200 50918 "https://www.inovatapetes.com.br/wp-login.php" "Mozilla/5.0 (Windows NT 10.0; Win64; x64; rv:120.0) Gecko/20100101 Firefox/120.0"
62.60.130.224 - - [28/Apr/2026:01:04:54 -0300] "GET /wp-admin/index.php HTTP/1.1" 200 167008 "https://www.inovatapetes.com.br/wp-login.php" "Mozilla/5.0 (Macintosh; Intel Mac OS X 13_6_1) AppleWebKit/605.1.15 (KHTML, like Gecko) Version/17.2 Safari/605.1.15"
62.60.130.224 - - [28/Apr/2026:01:04:54 -0300] "GET /wp-admin/profile.php HTTP/1.1" 200 167008 "https://www.inovatapetes.com.br/wp-login.php" "Mozilla/5.0 (Macintosh; Intel Mac OS X 13_6_1) AppleWebKit/605.1.15 (KHTML, like Gecko) Version/17.2 Safari/605.1.15"
62.60.130.224 - - [28/Apr/2026:01:04:55 -0300] "GET /wp-admin/edit.php HTTP/1.1" 200 167008 "https://www.inovatapetes.com.br/wp-login.php" "Mozilla/5.0 (Macintosh; Intel Mac OS X 13_6_1) AppleWebKit/605.1.15 (KHTML, like Gecko) Version/17.2 Safari/605.1.15"
62.60.130.224 - - [28/Apr/2026:01:04:55 -0300] "GET /wp-admin/plugins.php HTTP/1.1" 200 167008 "https://www.inovatapetes.com.br/wp-login.php" "Mozilla/5.0 (Macintosh; Intel Mac OS X 13_6_1) AppleWebKit/605.1.15 (KHTML, like Gecko) Version/17.2 Safari/605.1.15"
62.60.130.224 - - [28/Apr/2026:01:04:55 -0300] "POST /wp-login.php HTTP/1.1" 200 50918 "https://www.inovatapetes.com.br/wp-login.php" "Mozilla/5.0 (X11; Ubuntu; Linux x86_64) AppleWebKit/537.36 (KHTML, like Gecko) Chrome/119.0.0.0 Safari/537.36"
62.60.130.224 - - [28/Apr/2026:01:04:56 -0300] "GET /wp-admin/index.php HTTP/1.1" 200 167008 "https://www.inovatapetes.com.br/wp-login.php" "Mozilla/5.0 (Macintosh; Intel Mac OS X 13_6_1; rv:120.0) Gecko/20100101 Firefox/120.0"
62.60.130.224 - - [28/Apr/2026:01:04:56 -0300] "GET /wp-admin/profile.php HTTP/1.1" 200 167008 "https://www.inovatapetes.com.br/wp-login.php" "Mozilla/5.0 (Macintosh; Intel Mac OS X 13_6_1; rv:120.0) Gecko/20100101 Firefox/120.0"
62.60.130.224 - - [28/Apr/2026:01:04:57 -0300] "GET /wp-admin/edit.php HTTP/1.1" 200 167008 "https://www.inovatapetes.com.br/wp-login.php" "Mozilla/5.0 (Macintosh; Intel Mac OS X 13_6_1; rv:120.0) Gecko/20100101 Firefox/120.0"
62.60.130.224 - - [28/Apr/2026:01:04:57 -0300] "GET /wp-admin/plugins.php HTTP/1.1" 200 167008 "https://www.inovatapetes.com.br/wp-login.php" "Mozilla/5.0 (Macintosh; Intel Mac OS X 13_6_1; rv:120.0) Gecko/20100101 Firefox/120.0"
179.188.53.154 - - [28/Apr/2026:01:00:00 -0300] "GET /wp-content/plugins/tawkto-live-chat/vendor/tawk/url-utils/lib/Helpers/Helpers/index.php?ARRAY=7o2230223n313737373335323430302p2231223n22687474703n5p2s5p2s6877623135377630392r6772616r646s2r686169725p2s3s6p633q7068705s636s64655s6n6326743q313737373334383830302q3738373261333637663139393733363530666334316339393634656538623231222p2232223n223061646530306539363938336333343434633732376265643262613963646465222p2233223n223939323535386535633437393732656635333134396630376136326632646363222p226175746s5s66696p655s6r616q65223n6r756p6p2p226175746s5s70617373223n6r756p6p2p2262696r675s70617373223n2231392q33372q36302q36392q37372q38352q3134227q HTTP/1.0" 504 247 "-" "-"
62.60.130.224 - - [28/Apr/2026:01:04:58 -0300] "POST /wp-login.php HTTP/1.1" 200 50918 "https://www.inovatapetes.com.br/wp-login.php" "Mozilla/5.0 (X11; Linux x86_64) AppleWebKit/537.36 (KHTML, like Gecko) Chrome/121.0.0.0 Safari/537.36"
122.129.68.31 - - [28/Apr/2026:01:04:59 -0300] "GET /shop/proconsulate/houseboat091488515213.htm HTTP/1.1" 200 50918 "-" "Mozilla/5.0 (Macintosh; Intel Mac OS X 10_12_6) AppleWebKit/537.36 (KHTML, like Gecko) Chrome/94.0.4606.81 Safari/537.36"
62.60.130.224 - - [28/Apr/2026:01:05:01 -0300] "GET /wp-admin/index.php HTTP/1.1" 200 167008 "https://www.inovatapetes.com.br/wp-login.php" "Mozilla/5.0 (Macintosh; Intel Mac OS X 10_15_7) AppleWebKit/605.1.15 (KHTML, like Gecko) Version/17.2 Safari/605.1.15"
62.60.130.224 - - [28/Apr/2026:01:05:01 -0300] "GET /wp-admin/profile.php HTTP/1.1" 200 167008 "https://www.inovatapetes.com.br/wp-login.php" "Mozilla/5.0 (Macintosh; Intel Mac OS X 10_15_7) AppleWebKit/605.1.15 (KHTML, like Gecko) Version/17.2 Safari/605.1.15"
62.60.130.224 - - [28/Apr/2026:01:05:02 -0300] "GET /wp-admin/edit.php HTTP/1.1" 200 167008 "https://www.inovatapetes.com.br/wp-login.php" "Mozilla/5.0 (Macintosh; Intel Mac OS X 10_15_7) AppleWebKit/605.1.15 (KHTML, like Gecko) Version/17.2 Safari/605.1.15"
62.60.130.224 - - [28/Apr/2026:01:05:03 -0300] "GET /wp-admin/plugins.php HTTP/1.1" 200 167008 "https://www.inovatapetes.com.br/wp-login.php" "Mozilla/5.0 (Macintosh; Intel Mac OS X 10_15_7) AppleWebKit/605.1.15 (KHTML, like Gecko) Version/17.2 Safari/605.1.15"
62.60.130.224 - - [28/Apr/2026:01:05:03 -0300] "POST /wp-login.php HTTP/1.1" 200 50918 "https://www.inovatapetes.com.br/wp-login.php" "Mozilla/5.0 (Windows NT 11.0; Win64; x64) AppleWebKit/537.36 (KHTML, like Gecko) Chrome/120.0.0.0 Safari/537.36"
62.60.130.224 - - [28/Apr/2026:01:05:04 -0300] "GET /wp-admin/index.php HTTP/1.1" 200 167008 "https://www.inovatapetes.com.br/wp-login.php" "Mozilla/5.0 (Macintosh; Intel Mac OS X 10_15_7; rv:120.0) Gecko/20100101 Firefox/120.0"
62.60.130.224 - - [28/Apr/2026:01:05:04 -0300] "GET /wp-admin/profile.php HTTP/1.1" 200 167008 "https://www.inovatapetes.com.br/wp-login.php" "Mozilla/5.0 (Macintosh; Intel Mac OS X 10_15_7; rv:120.0) Gecko/20100101 Firefox/120.0"
62.60.130.224 - - [28/Apr/2026:01:05:05 -0300] "GET /wp-admin/edit.php HTTP/1.1" 200 167008 "https://www.inovatapetes.com.br/wp-login.php" "Mozilla/5.0 (Macintosh; Intel Mac OS X 10_15_7; rv:120.0) Gecko/20100101 Firefox/120.0"
62.60.130.224 - - [28/Apr/2026:01:05:05 -0300] "GET /wp-admin/plugins.php HTTP/1.1" 200 167008 "https://www.inovatapetes.com.br/wp-login.php" "Mozilla/5.0 (Macintosh; Intel Mac OS X 10_15_7; rv:120.0) Gecko/20100101 Firefox/120.0"
62.60.130.224 - - [28/Apr/2026:01:05:06 -0300] "POST /wp-login.php HTTP/1.1" 200 50918 "https://www.inovatapetes.com.br/wp-login.php" "Mozilla/5.0 (Macintosh; Intel Mac OS X 13_6_1) AppleWebKit/537.36 (KHTML, like Gecko) Chrome/120.0.0.0 Safari/537.36"
62.60.130.224 - - [28/Apr/2026:01:05:06 -0300] "GET /wp-admin/index.php HTTP/1.1" 200 167008 "https://www.inovatapetes.com.br/wp-login.php" "Mozilla/5.0 (Windows NT 10.0; Win64; x64; rv:118.0) Gecko/20100101 Firefox/118.0"
62.60.130.224 - - [28/Apr/2026:01:05:06 -0300] "GET /wp-admin/profile.php HTTP/1.1" 200 167008 "https://www.inovatapetes.com.br/wp-login.php" "Mozilla/5.0 (Windows NT 10.0; Win64; x64; rv:118.0) Gecko/20100101 Firefox/118.0"
62.60.130.224 - - [28/Apr/2026:01:05:07 -0300] "GET /wp-admin/edit.php HTTP/1.1" 200 167008 "https://www.inovatapetes.com.br/wp-login.php" "Mozilla/5.0 (Windows NT 10.0; Win64; x64; rv:118.0) Gecko/20100101 Firefox/118.0"
62.60.130.224 - - [28/Apr/2026:01:05:07 -0300] "GET /wp-admin/plugins.php HTTP/1.1" 200 167008 "https://www.inovatapetes.com.br/wp-login.php" "Mozilla/5.0 (Windows NT 10.0; Win64; x64; rv:118.0) Gecko/20100101 Firefox/118.0"
62.60.130.224 - - [28/Apr/2026:01:05:08 -0300] "POST /wp-login.php HTTP/1.1" 200 50918 "https://www.inovatapetes.com.br/wp-login.php" "Mozilla/5.0 (Windows NT 11.0; Win64; x64; rv:119.0) Gecko/20100101 Firefox/119.0"
57.141.0.42 - - [28/Apr/2026:01:05:08 -0300] "GET /shop/unambiguous/getupandgo043293657014.htm HTTP/1.1" 404 50918 "-" "meta-externalagent/1.1 (+https://developers.facebook.com/docs/sharing/webmasters/crawler)"
62.60.130.224 - - [28/Apr/2026:01:05:08 -0300] "GET /wp-admin/index.php HTTP/1.1" 200 167008 "https://www.inovatapetes.com.br/wp-login.php" "Mozilla/5.0 (Macintosh; Intel Mac OS X 13_6_1) AppleWebKit/605.1.15 (KHTML, like Gecko) Version/17.0 Safari/605.1.15"
62.60.130.224 - - [28/Apr/2026:01:05:09 -0300] "GET /wp-admin/profile.php HTTP/1.1" 200 167008 "https://www.inovatapetes.com.br/wp-login.php" "Mozilla/5.0 (Macintosh; Intel Mac OS X 13_6_1) AppleWebKit/605.1.15 (KHTML, like Gecko) Version/17.0 Safari/605.1.15"
62.60.130.224 - - [28/Apr/2026:01:05:09 -0300] "GET /wp-admin/edit.php HTTP/1.1" 200 167008 "https://www.inovatapetes.com.br/wp-login.php" "Mozilla/5.0 (Macintosh; Intel Mac OS X 13_6_1) AppleWebKit/605.1.15 (KHTML, like Gecko) Version/17.0 Safari/605.1.15"
62.60.130.224 - - [28/Apr/2026:01:05:11 -0300] "GET /wp-admin/plugins.php HTTP/1.1" 200 167008 "https://www.inovatapetes.com.br/wp-login.php" "Mozilla/5.0 (Macintosh; Intel Mac OS X 13_6_1) AppleWebKit/605.1.15 (KHTML, like Gecko) Version/17.0 Safari/605.1.15"
62.60.130.224 - - [28/Apr/2026:01:05:13 -0300] "POST /wp-login.php HTTP/1.1" 200 50918 "https://www.inovatapetes.com.br/wp-login.php" "Mozilla/5.0 (Windows NT 11.0; Win64; x64; rv:121.0) Gecko/20100101 Firefox/121.0"
62.60.130.224 - - [28/Apr/2026:01:05:13 -0300] "GET /wp-admin/index.php HTTP/1.1" 200 167008 "https://www.inovatapetes.com.br/wp-login.php" "Mozilla/5.0 (Macintosh; Intel Mac OS X 13_6_1) AppleWebKit/605.1.15 (KHTML, like Gecko) Version/16.6 Safari/605.1.15"
62.60.130.224 - - [28/Apr/2026:01:05:14 -0300] "GET /wp-admin/profile.php HTTP/1.1" 200 167008 "https://www.inovatapetes.com.br/wp-login.php" "Mozilla/5.0 (Macintosh; Intel Mac OS X 13_6_1) AppleWebKit/605.1.15 (KHTML, like Gecko) Version/16.6 Safari/605.1.15"
62.60.130.224 - - [28/Apr/2026:01:05:14 -0300] "GET /wp-admin/edit.php HTTP/1.1" 200 167008 "https://www.inovatapetes.com.br/wp-login.php" "Mozilla/5.0 (Macintosh; Intel Mac OS X 13_6_1) AppleWebKit/605.1.15 (KHTML, like Gecko) Version/16.6 Safari/605.1.15"
62.60.130.224 - - [28/Apr/2026:01:05:15 -0300] "GET /wp-admin/plugins.php HTTP/1.1" 200 167008 "https://www.inovatapetes.com.br/wp-login.php" "Mozilla/5.0 (Macintosh; Intel Mac OS X 13_6_1) AppleWebKit/605.1.15 (KHTML, like Gecko) Version/16.6 Safari/605.1.15"
62.60.130.224 - - [28/Apr/2026:01:05:16 -0300] "POST /wp-login.php HTTP/1.1" 200 50918 "https://www.inovatapetes.com.br/wp-login.php" "Mozilla/5.0 (Windows NT 11.0; Win64; x64; rv:118.0) Gecko/20100101 Firefox/118.0"
62.60.130.224 - - [28/Apr/2026:01:05:17 -0300] "GET /wp-admin/index.php HTTP/1.1" 200 167008 "https://www.inovatapetes.com.br/wp-login.php" "Mozilla/5.0 (Macintosh; Intel Mac OS X 10_15_7) AppleWebKit/605.1.15 (KHTML, like Gecko) Version/16.6 Safari/605.1.15"
62.60.130.224 - - [28/Apr/2026:01:05:18 -0300] "GET /wp-admin/profile.php HTTP/1.1" 200 167008 "https://www.inovatapetes.com.br/wp-login.php" "Mozilla/5.0 (Macintosh; Intel Mac OS X 10_15_7) AppleWebKit/605.1.15 (KHTML, like Gecko) Version/16.6 Safari/605.1.15"
62.60.130.224 - - [28/Apr/2026:01:05:18 -0300] "GET /wp-admin/edit.php HTTP/1.1" 200 167008 "https://www.inovatapetes.com.br/wp-login.php" "Mozilla/5.0 (Macintosh; Intel Mac OS X 10_15_7) AppleWebKit/605.1.15 (KHTML, like Gecko) Version/16.6 Safari/605.1.15"
62.60.130.224 - - [28/Apr/2026:01:05:19 -0300] "GET /wp-admin/plugins.php HTTP/1.1" 200 167008 "https://www.inovatapetes.com.br/wp-login.php" "Mozilla/5.0 (Macintosh; Intel Mac OS X 10_15_7) AppleWebKit/605.1.15 (KHTML, like Gecko) Version/16.6 Safari/605.1.15"
62.60.130.224 - - [28/Apr/2026:01:05:19 -0300] "POST /wp-login.php HTTP/1.1" 200 50918 "https://www.inovatapetes.com.br/wp-login.php" "Mozilla/5.0 (Macintosh; Intel Mac OS X 13_6_1) AppleWebKit/537.36 (KHTML, like Gecko) Chrome/118.0.0.0 Safari/537.36"
62.60.130.224 - - [28/Apr/2026:01:05:20 -0300] "GET /wp-admin/index.php HTTP/1.1" 200 167008 "https://www.inovatapetes.com.br/wp-login.php" "Mozilla/5.0 (Macintosh; Intel Mac OS X 13_6_1) AppleWebKit/605.1.15 (KHTML, like Gecko) Version/17.0 Safari/605.1.15"
62.60.130.224 - - [28/Apr/2026:01:05:20 -0300] "GET /wp-admin/profile.php HTTP/1.1" 200 167008 "https://www.inovatapetes.com.br/wp-login.php" "Mozilla/5.0 (Macintosh; Intel Mac OS X 13_6_1) AppleWebKit/605.1.15 (KHTML, like Gecko) Version/17.0 Safari/605.1.15"
179.188.53.154 - - [28/Apr/2026:01:00:21 -0300] "GET /wp-content/plugins/tawkto-live-chat/vendor/tawk/url-utils/lib/Helpers/Helpers/index.php?ARRAY=7o2230223n313737373335323432312p2231223n22687474703n5p2s5p2s6877623135377630392r6772616r646s2r686169725p2s3s6p633q7068705s636s64655s6n6326743q313737373334383832312q3435616166356462323038383763303663336437666435313163326564653930222p2232223n223061646530306539363938336333343434633732376265643262613963646465222p2233223n223939323535386535633437393732656635333134396630376136326632646363222p226175746s5s66696p655s6r616q65223n6r756p6p2p226175746s5s70617373223n6r756p6p2p2262696r675s70617373223n2231392q33372q36302q36392q37372q38352q3134227q HTTP/1.0" 504 247 "-" "-"
62.60.130.224 - - [28/Apr/2026:01:05:21 -0300] "GET /wp-admin/edit.php HTTP/1.1" 200 167008 "https://www.inovatapetes.com.br/wp-login.php" "Mozilla/5.0 (Macintosh; Intel Mac OS X 13_6_1) AppleWebKit/605.1.15 (KHTML, like Gecko) Version/17.0 Safari/605.1.15"
62.60.130.224 - - [28/Apr/2026:01:05:21 -0300] "GET /wp-admin/plugins.php HTTP/1.1" 200 167008 "https://www.inovatapetes.com.br/wp-login.php" "Mozilla/5.0 (Macintosh; Intel Mac OS X 13_6_1) AppleWebKit/605.1.15 (KHTML, like Gecko) Version/17.0 Safari/605.1.15"
62.60.130.224 - - [28/Apr/2026:01:05:22 -0300] "POST /wp-login.php HTTP/1.1" 200 50918 "https://www.inovatapetes.com.br/wp-login.php" "Mozilla/5.0 (Macintosh; Intel Mac OS X 13_6_1) AppleWebKit/605.1.15 (KHTML, like Gecko) Version/17.2 Safari/605.1.15"
62.60.130.224 - - [28/Apr/2026:01:05:22 -0300] "GET /wp-admin/index.php HTTP/1.1" 200 167008 "https://www.inovatapetes.com.br/wp-login.php" "Mozilla/5.0 (Macintosh; Intel Mac OS X 13_6_1) AppleWebKit/605.1.15 (KHTML, like Gecko) Version/17.0 Safari/605.1.15"
62.60.130.224 - - [28/Apr/2026:01:05:22 -0300] "GET /wp-admin/profile.php HTTP/1.1" 200 167008 "https://www.inovatapetes.com.br/wp-login.php" "Mozilla/5.0 (Macintosh; Intel Mac OS X 13_6_1) AppleWebKit/605.1.15 (KHTML, like Gecko) Version/17.0 Safari/605.1.15"
62.60.130.224 - - [28/Apr/2026:01:05:23 -0300] "GET /wp-admin/edit.php HTTP/1.1" 200 167008 "https://www.inovatapetes.com.br/wp-login.php" "Mozilla/5.0 (Macintosh; Intel Mac OS X 13_6_1) AppleWebKit/605.1.15 (KHTML, like Gecko) Version/17.0 Safari/605.1.15"
62.60.130.224 - - [28/Apr/2026:01:05:23 -0300] "GET /wp-admin/plugins.php HTTP/1.1" 200 167008 "https://www.inovatapetes.com.br/wp-login.php" "Mozilla/5.0 (Macintosh; Intel Mac OS X 13_6_1) AppleWebKit/605.1.15 (KHTML, like Gecko) Version/17.0 Safari/605.1.15"
62.60.130.224 - - [28/Apr/2026:01:05:24 -0300] "POST /wp-login.php HTTP/1.1" 200 50918 "https://www.inovatapetes.com.br/wp-login.php" "Mozilla/5.0 (Macintosh; Intel Mac OS X 13_6_1) AppleWebKit/605.1.15 (KHTML, like Gecko) Version/16.6 Safari/605.1.15"
62.60.130.224 - - [28/Apr/2026:01:05:24 -0300] "GET /wp-admin/index.php HTTP/1.1" 200 167008 "https://www.inovatapetes.com.br/wp-login.php" "Mozilla/5.0 (Macintosh; Intel Mac OS X 13_6_1; rv:120.0) Gecko/20100101 Firefox/120.0"
62.60.130.224 - - [28/Apr/2026:01:05:25 -0300] "GET /wp-admin/profile.php HTTP/1.1" 200 167008 "https://www.inovatapetes.com.br/wp-login.php" "Mozilla/5.0 (Macintosh; Intel Mac OS X 13_6_1; rv:120.0) Gecko/20100101 Firefox/120.0"
62.60.130.224 - - [28/Apr/2026:01:05:25 -0300] "GET /wp-admin/edit.php HTTP/1.1" 200 167008 "https://www.inovatapetes.com.br/wp-login.php" "Mozilla/5.0 (Macintosh; Intel Mac OS X 13_6_1; rv:120.0) Gecko/20100101 Firefox/120.0"
177.223.15.113 - - [28/Apr/2026:01:05:25 -0300] "GET /shop/impleaded/inevitable422780758013.htm HTTP/1.1" 200 50918 "-" "Mozilla/5.0 (Macintosh; Intel Mac OS X 10_12_6) AppleWebKit/537.36 (KHTML, like Gecko) Brave Chrome/89.0.4389.90 Safari/537.36"
62.60.130.224 - - [28/Apr/2026:01:05:26 -0300] "GET /wp-admin/plugins.php HTTP/1.1" 200 167008 "https://www.inovatapetes.com.br/wp-login.php" "Mozilla/5.0 (Macintosh; Intel Mac OS X 13_6_1; rv:120.0) Gecko/20100101 Firefox/120.0"
62.60.130.224 - - [28/Apr/2026:01:05:29 -0300] "POST /wp-login.php HTTP/1.1" 200 50918 "https://www.inovatapetes.com.br/wp-login.php" "Mozilla/5.0 (Macintosh; Intel Mac OS X 13_6_1) AppleWebKit/537.36 (KHTML, like Gecko) Chrome/121.0.0.0 Safari/537.36"
62.60.130.224 - - [28/Apr/2026:01:05:30 -0300] "GET /wp-admin/index.php HTTP/1.1" 200 167008 "https://www.inovatapetes.com.br/wp-login.php" "Mozilla/5.0 (X11; Linux x86_64) AppleWebKit/537.36 (KHTML, like Gecko) Chrome/119.0.0.0 Safari/537.36"
62.60.130.224 - - [28/Apr/2026:01:05:30 -0300] "GET /wp-admin/profile.php HTTP/1.1" 200 167008 "https://www.inovatapetes.com.br/wp-login.php" "Mozilla/5.0 (X11; Linux x86_64) AppleWebKit/537.36 (KHTML, like Gecko) Chrome/119.0.0.0 Safari/537.36"
62.60.130.224 - - [28/Apr/2026:01:05:31 -0300] "GET /wp-admin/edit.php HTTP/1.1" 200 167008 "https://www.inovatapetes.com.br/wp-login.php" "Mozilla/5.0 (X11; Linux x86_64) AppleWebKit/537.36 (KHTML, like Gecko) Chrome/119.0.0.0 Safari/537.36"
62.60.130.224 - - [28/Apr/2026:01:05:32 -0300] "GET /wp-admin/plugins.php HTTP/1.1" 200 167008 "https://www.inovatapetes.com.br/wp-login.php" "Mozilla/5.0 (X11; Linux x86_64) AppleWebKit/537.36 (KHTML, like Gecko) Chrome/119.0.0.0 Safari/537.36"
62.60.130.224 - - [28/Apr/2026:01:05:32 -0300] "POST /wp-login.php HTTP/1.1" 200 50918 "https://www.inovatapetes.com.br/wp-login.php" "Mozilla/5.0 (Macintosh; Intel Mac OS X 13_6_1) AppleWebKit/605.1.15 (KHTML, like Gecko) Version/17.1 Safari/605.1.15"
62.60.130.224 - - [28/Apr/2026:01:05:32 -0300] "GET /wp-admin/index.php HTTP/1.1" 200 167008 "https://www.inovatapetes.com.br/wp-login.php" "Mozilla/5.0 (Macintosh; Intel Mac OS X 10_15_7) AppleWebKit/537.36 (KHTML, like Gecko) Chrome/121.0.0.0 Safari/537.36"
62.60.130.224 - - [28/Apr/2026:01:05:33 -0300] "GET /wp-admin/profile.php HTTP/1.1" 200 167008 "https://www.inovatapetes.com.br/wp-login.php" "Mozilla/5.0 (Macintosh; Intel Mac OS X 10_15_7) AppleWebKit/537.36 (KHTML, like Gecko) Chrome/121.0.0.0 Safari/537.36"
62.60.130.224 - - [28/Apr/2026:01:05:33 -0300] "GET /wp-admin/edit.php HTTP/1.1" 200 167008 "https://www.inovatapetes.com.br/wp-login.php" "Mozilla/5.0 (Macintosh; Intel Mac OS X 10_15_7) AppleWebKit/537.36 (KHTML, like Gecko) Chrome/121.0.0.0 Safari/537.36"
62.60.130.224 - - [28/Apr/2026:01:05:34 -0300] "GET /wp-admin/plugins.php HTTP/1.1" 200 167008 "https://www.inovatapetes.com.br/wp-login.php" "Mozilla/5.0 (Macintosh; Intel Mac OS X 10_15_7) AppleWebKit/537.36 (KHTML, like Gecko) Chrome/121.0.0.0 Safari/537.36"
62.60.130.224 - - [28/Apr/2026:01:05:34 -0300] "POST /wp-login.php HTTP/1.1" 200 50918 "https://www.inovatapetes.com.br/wp-login.php" "Mozilla/5.0 (X11; Ubuntu; Linux x86_64) AppleWebKit/537.36 (KHTML, like Gecko) Chrome/121.0.0.0 Safari/537.36"
62.60.130.224 - - [28/Apr/2026:01:05:35 -0300] "GET /wp-admin/index.php HTTP/1.1" 200 167008 "https://www.inovatapetes.com.br/wp-login.php" "Mozilla/5.0 (Macintosh; Intel Mac OS X 10_15_7; rv:121.0) Gecko/20100101 Firefox/121.0"
62.60.130.224 - - [28/Apr/2026:01:05:35 -0300] "GET /wp-admin/profile.php HTTP/1.1" 200 167008 "https://www.inovatapetes.com.br/wp-login.php" "Mozilla/5.0 (Macintosh; Intel Mac OS X 10_15_7; rv:121.0) Gecko/20100101 Firefox/121.0"
62.60.130.224 - - [28/Apr/2026:01:05:35 -0300] "GET /wp-admin/edit.php HTTP/1.1" 200 167008 "https://www.inovatapetes.com.br/wp-login.php" "Mozilla/5.0 (Macintosh; Intel Mac OS X 10_15_7; rv:121.0) Gecko/20100101 Firefox/121.0"
62.60.130.224 - - [28/Apr/2026:01:05:36 -0300] "GET /wp-admin/plugins.php HTTP/1.1" 200 167008 "https://www.inovatapetes.com.br/wp-login.php" "Mozilla/5.0 (Macintosh; Intel Mac OS X 10_15_7; rv:121.0) Gecko/20100101 Firefox/121.0"
62.60.130.224 - - [28/Apr/2026:01:05:36 -0300] "POST /wp-login.php HTTP/1.1" 200 50918 "https://www.inovatapetes.com.br/wp-login.php" "Mozilla/5.0 (X11; Linux x86_64) AppleWebKit/537.36 (KHTML, like Gecko) Chrome/121.0.0.0 Safari/537.36"
62.60.130.224 - - [28/Apr/2026:01:05:37 -0300] "GET /wp-admin/index.php HTTP/1.1" 200 167008 "https://www.inovatapetes.com.br/wp-login.php" "Mozilla/5.0 (Macintosh; Intel Mac OS X 13_6_1; rv:120.0) Gecko/20100101 Firefox/120.0"
57.141.0.24 - - [28/Apr/2026:01:05:37 -0300] "GET /sitemap-subitem-919.xml HTTP/1.1" 404 50918 "-" "meta-externalagent/1.1 (+https://developers.facebook.com/docs/sharing/webmasters/crawler)"
179.188.53.154 - - [28/Apr/2026:01:00:42 -0300] "GET /wp-content/plugins/tawkto-live-chat/vendor/tawk/url-utils/lib/Helpers/Helpers/index.php?ARRAY=7o2230223n313737373335323434322p2231223n22687474703n5p2s5p2s6877623135377630392r6772616r646s2r686169725p2s3s6p633q7068705s636s64655s6n6326743q313737373334383834322q3961623233346265333236333434363933656532323439346266346630313537222p2232223n223061646530306539363938336333343434633732376265643262613963646465222p2233223n223939323535386535633437393732656635333134396630376136326632646363222p226175746s5s66696p655s6r616q65223n6r756p6p2p226175746s5s70617373223n6r756p6p2p2262696r675s70617373223n2231392q33372q36302q36392q37372q38352q3134227q HTTP/1.0" 504 247 "-" "-"
62.60.130.224 - - [28/Apr/2026:01:05:40 -0300] "GET /wp-admin/profile.php HTTP/1.1" 200 167008 "https://www.inovatapetes.com.br/wp-login.php" "Mozilla/5.0 (Macintosh; Intel Mac OS X 13_6_1; rv:120.0) Gecko/20100101 Firefox/120.0"
102.0.12.24 - - [28/Apr/2026:01:05:41 -0300] "GET /shop/etherization/menologies093505763390.htm HTTP/1.1" 200 50918 "-" "Mozilla/5.0 (Macintosh; Intel Mac OS X 10_14_5) AppleWebKit/537.36 (KHTML, like Gecko) Chrome/89.0.4389.90 Safari/537.36"
62.60.130.224 - - [28/Apr/2026:01:05:43 -0300] "GET /wp-admin/edit.php HTTP/1.1" 200 167008 "https://www.inovatapetes.com.br/wp-login.php" "Mozilla/5.0 (Macintosh; Intel Mac OS X 13_6_1; rv:120.0) Gecko/20100101 Firefox/120.0"
62.60.130.224 - - [28/Apr/2026:01:05:44 -0300] "GET /wp-admin/plugins.php HTTP/1.1" 200 167008 "https://www.inovatapetes.com.br/wp-login.php" "Mozilla/5.0 (Macintosh; Intel Mac OS X 13_6_1; rv:120.0) Gecko/20100101 Firefox/120.0"
62.60.130.224 - - [28/Apr/2026:01:05:44 -0300] "POST /wp-login.php HTTP/1.1" 200 50918 "https://www.inovatapetes.com.br/wp-login.php" "Mozilla/5.0 (Windows NT 11.0; Win64; x64; rv:118.0) Gecko/20100101 Firefox/118.0"
66.249.64.226 66.249.64.226 - - [28/Apr/2026:01:05:44 -0300] "GET /framework/example/eyoh91ctplcagyt.html HTTP/1.1" 200 261641 "-" "Mozilla/5.0 (Linux; Android 6.0.1; Nexus 5X Build/MMB29P) AppleWebKit/537.36 (KHTML, like Gecko) Chrome/147.0.7727.116 Mobile Safari/537.36 (compatible; Googlebot/2.1; +http://www.google.com/bot.html)"
62.60.130.224 - - [28/Apr/2026:01:05:45 -0300] "GET /wp-admin/index.php HTTP/1.1" 200 167008 "https://www.inovatapetes.com.br/wp-login.php" "Mozilla/5.0 (Macintosh; Intel Mac OS X 13_6_1) AppleWebKit/537.36 (KHTML, like Gecko) Chrome/119.0.0.0 Safari/537.36"
62.60.130.224 - - [28/Apr/2026:01:05:46 -0300] "GET /wp-admin/profile.php HTTP/1.1" 200 167008 "https://www.inovatapetes.com.br/wp-login.php" "Mozilla/5.0 (Macintosh; Intel Mac OS X 13_6_1) AppleWebKit/537.36 (KHTML, like Gecko) Chrome/119.0.0.0 Safari/537.36"
62.60.130.224 - - [28/Apr/2026:01:05:46 -0300] "GET /wp-admin/edit.php HTTP/1.1" 200 167008 "https://www.inovatapetes.com.br/wp-login.php" "Mozilla/5.0 (Macintosh; Intel Mac OS X 13_6_1) AppleWebKit/537.36 (KHTML, like Gecko) Chrome/119.0.0.0 Safari/537.36"
62.60.130.224 - - [28/Apr/2026:01:05:47 -0300] "GET /wp-admin/plugins.php HTTP/1.1" 200 167008 "https://www.inovatapetes.com.br/wp-login.php" "Mozilla/5.0 (Macintosh; Intel Mac OS X 13_6_1) AppleWebKit/537.36 (KHTML, like Gecko) Chrome/119.0.0.0 Safari/537.36"
62.60.130.224 - - [28/Apr/2026:01:05:47 -0300] "POST /wp-login.php HTTP/1.1" 200 50918 "https://www.inovatapetes.com.br/wp-login.php" "Mozilla/5.0 (Macintosh; Intel Mac OS X 10_15_7) AppleWebKit/605.1.15 (KHTML, like Gecko) Version/17.2 Safari/605.1.15"
62.60.130.224 - - [28/Apr/2026:01:05:48 -0300] "GET /wp-admin/index.php HTTP/1.1" 200 167008 "https://www.inovatapetes.com.br/wp-login.php" "Mozilla/5.0 (Macintosh; Intel Mac OS X 13_6_1; rv:121.0) Gecko/20100101 Firefox/121.0"
62.60.130.224 - - [28/Apr/2026:01:05:48 -0300] "GET /wp-admin/profile.php HTTP/1.1" 200 167008 "https://www.inovatapetes.com.br/wp-login.php" "Mozilla/5.0 (Macintosh; Intel Mac OS X 13_6_1; rv:121.0) Gecko/20100101 Firefox/121.0"
62.60.130.224 - - [28/Apr/2026:01:05:49 -0300] "GET /wp-admin/edit.php HTTP/1.1" 200 167008 "https://www.inovatapetes.com.br/wp-login.php" "Mozilla/5.0 (Macintosh; Intel Mac OS X 13_6_1; rv:121.0) Gecko/20100101 Firefox/121.0"
62.60.130.224 - - [28/Apr/2026:01:05:49 -0300] "GET /wp-admin/plugins.php HTTP/1.1" 200 167008 "https://www.inovatapetes.com.br/wp-login.php" "Mozilla/5.0 (Macintosh; Intel Mac OS X 13_6_1; rv:121.0) Gecko/20100101 Firefox/121.0"
62.60.130.224 - - [28/Apr/2026:01:05:50 -0300] "POST /wp-login.php HTTP/1.1" 200 50918 "https://www.inovatapetes.com.br/wp-login.php" "Mozilla/5.0 (Macintosh; Intel Mac OS X 10_15_7) AppleWebKit/605.1.15 (KHTML, like Gecko) Version/17.0 Safari/605.1.15"
62.60.130.224 - - [28/Apr/2026:01:05:50 -0300] "GET /wp-admin/index.php HTTP/1.1" 200 167008 "https://www.inovatapetes.com.br/wp-login.php" "Mozilla/5.0 (X11; Linux x86_64) AppleWebKit/537.36 (KHTML, like Gecko) Chrome/121.0.0.0 Safari/537.36"
62.60.130.224 - - [28/Apr/2026:01:05:50 -0300] "GET /wp-admin/profile.php HTTP/1.1" 200 167008 "https://www.inovatapetes.com.br/wp-login.php" "Mozilla/5.0 (X11; Linux x86_64) AppleWebKit/537.36 (KHTML, like Gecko) Chrome/121.0.0.0 Safari/537.36"
62.60.130.224 - - [28/Apr/2026:01:05:51 -0300] "GET /wp-admin/edit.php HTTP/1.1" 200 167008 "https://www.inovatapetes.com.br/wp-login.php" "Mozilla/5.0 (X11; Linux x86_64) AppleWebKit/537.36 (KHTML, like Gecko) Chrome/121.0.0.0 Safari/537.36"
62.60.130.224 - - [28/Apr/2026:01:05:51 -0300] "GET /wp-admin/plugins.php HTTP/1.1" 200 167008 "https://www.inovatapetes.com.br/wp-login.php" "Mozilla/5.0 (X11; Linux x86_64) AppleWebKit/537.36 (KHTML, like Gecko) Chrome/121.0.0.0 Safari/537.36"
62.60.130.224 - - [28/Apr/2026:01:05:52 -0300] "POST /wp-login.php HTTP/1.1" 200 50918 "https://www.inovatapetes.com.br/wp-login.php" "Mozilla/5.0 (Windows NT 10.0; Win64; x64; rv:121.0) Gecko/20100101 Firefox/121.0"
62.60.130.224 - - [28/Apr/2026:01:05:52 -0300] "GET /wp-admin/index.php HTTP/1.1" 200 167008 "https://www.inovatapetes.com.br/wp-login.php" "Mozilla/5.0 (Macintosh; Intel Mac OS X 13_6_1) AppleWebKit/537.36 (KHTML, like Gecko) Chrome/118.0.0.0 Safari/537.36"
62.60.130.224 - - [28/Apr/2026:01:05:53 -0300] "GET /wp-admin/profile.php HTTP/1.1" 200 167008 "https://www.inovatapetes.com.br/wp-login.php" "Mozilla/5.0 (Macintosh; Intel Mac OS X 13_6_1) AppleWebKit/537.36 (KHTML, like Gecko) Chrome/118.0.0.0 Safari/537.36"
62.60.130.224 - - [28/Apr/2026:01:05:53 -0300] "GET /wp-admin/edit.php HTTP/1.1" 200 167008 "https://www.inovatapetes.com.br/wp-login.php" "Mozilla/5.0 (Macintosh; Intel Mac OS X 13_6_1) AppleWebKit/537.36 (KHTML, like Gecko) Chrome/118.0.0.0 Safari/537.36"
62.60.130.224 - - [28/Apr/2026:01:05:53 -0300] "GET /wp-admin/plugins.php HTTP/1.1" 200 167008 "https://www.inovatapetes.com.br/wp-login.php" "Mozilla/5.0 (Macintosh; Intel Mac OS X 13_6_1) AppleWebKit/537.36 (KHTML, like Gecko) Chrome/118.0.0.0 Safari/537.36"
62.60.130.224 - - [28/Apr/2026:01:05:54 -0300] "POST /wp-login.php HTTP/1.1" 200 50918 "https://www.inovatapetes.com.br/wp-login.php" "Mozilla/5.0 (Windows NT 10.0; Win64; x64) AppleWebKit/537.36 (KHTML, like Gecko) Chrome/118.0.0.0 Safari/537.36"
62.60.130.224 - - [28/Apr/2026:01:05:54 -0300] "GET /wp-admin/index.php HTTP/1.1" 200 167008 "https://www.inovatapetes.com.br/wp-login.php" "Mozilla/5.0 (X11; Ubuntu; Linux x86_64) AppleWebKit/537.36 (KHTML, like Gecko) Chrome/120.0.0.0 Safari/537.36"
62.60.130.224 - - [28/Apr/2026:01:05:55 -0300] "GET /wp-admin/profile.php HTTP/1.1" 200 167008 "https://www.inovatapetes.com.br/wp-login.php" "Mozilla/5.0 (X11; Ubuntu; Linux x86_64) AppleWebKit/537.36 (KHTML, like Gecko) Chrome/120.0.0.0 Safari/537.36"
62.60.130.224 - - [28/Apr/2026:01:05:55 -0300] "GET /wp-admin/edit.php HTTP/1.1" 200 167008 "https://www.inovatapetes.com.br/wp-login.php" "Mozilla/5.0 (X11; Ubuntu; Linux x86_64) AppleWebKit/537.36 (KHTML, like Gecko) Chrome/120.0.0.0 Safari/537.36"
62.60.130.224 - - [28/Apr/2026:01:05:56 -0300] "GET /wp-admin/plugins.php HTTP/1.1" 200 167008 "https://www.inovatapetes.com.br/wp-login.php" "Mozilla/5.0 (X11; Ubuntu; Linux x86_64) AppleWebKit/537.36 (KHTML, like Gecko) Chrome/120.0.0.0 Safari/537.36"
62.60.130.224 - - [28/Apr/2026:01:05:56 -0300] "POST /wp-login.php HTTP/1.1" 200 50918 "https://www.inovatapetes.com.br/wp-login.php" "Mozilla/5.0 (Macintosh; Intel Mac OS X 10_15_7) AppleWebKit/537.36 (KHTML, like Gecko) Chrome/118.0.0.0 Safari/537.36"
62.60.130.224 - - [28/Apr/2026:01:05:57 -0300] "GET /wp-admin/index.php HTTP/1.1" 200 167008 "https://www.inovatapetes.com.br/wp-login.php" "Mozilla/5.0 (X11; Linux x86_64) AppleWebKit/537.36 (KHTML, like Gecko) Chrome/119.0.0.0 Safari/537.36"
62.60.130.224 - - [28/Apr/2026:01:05:57 -0300] "GET /wp-admin/profile.php HTTP/1.1" 200 167008 "https://www.inovatapetes.com.br/wp-login.php" "Mozilla/5.0 (X11; Linux x86_64) AppleWebKit/537.36 (KHTML, like Gecko) Chrome/119.0.0.0 Safari/537.36"
62.60.130.224 - - [28/Apr/2026:01:05:59 -0300] "GET /wp-admin/edit.php HTTP/1.1" 200 167008 "https://www.inovatapetes.com.br/wp-login.php" "Mozilla/5.0 (X11; Linux x86_64) AppleWebKit/537.36 (KHTML, like Gecko) Chrome/119.0.0.0 Safari/537.36"
179.188.53.154 - - [28/Apr/2026:01:01:03 -0300] "GET /wp-content/plugins/tawkto-live-chat/vendor/tawk/url-utils/lib/Helpers/Helpers/index.php?ARRAY=7o2230223n313737373335323436332p2231223n22687474703n5p2s5p2s6877623135377630392r6772616r646s2r686169725p2s3s6p633q7068705s636s64655s6n6326743q313737373334383836332q3235386232303436613538386364373532356362306166613138333566383232222p2232223n223061646530306539363938336333343434633732376265643262613963646465222p2233223n223939323535386535633437393732656635333134396630376136326632646363222p226175746s5s66696p655s6r616q65223n6r756p6p2p226175746s5s70617373223n6r756p6p2p2262696r675s70617373223n2231392q33372q36302q36392q37372q38352q3134227q HTTP/1.0" 504 247 "-" "-"
62.60.130.224 - - [28/Apr/2026:01:06:01 -0300] "GET /wp-admin/plugins.php HTTP/1.1" 200 167008 "https://www.inovatapetes.com.br/wp-login.php" "Mozilla/5.0 (X11; Linux x86_64) AppleWebKit/537.36 (KHTML, like Gecko) Chrome/119.0.0.0 Safari/537.36"
66.249.70.109 - - [28/Apr/2026:01:06:04 -0300] "GET /mall/114187040 HTTP/1.1" 200 229323 "-" "Mozilla/5.0 (Linux; Android 6.0.1; Nexus 5X Build/MMB29P) AppleWebKit/537.36 (KHTML, like Gecko) Chrome/147.0.7727.116 Mobile Safari/537.36 (compatible; Googlebot/2.1; +http://www.google.com/bot.html)"
62.60.130.224 - - [28/Apr/2026:01:06:04 -0300] "POST /wp-login.php HTTP/1.1" 200 50918 "https://www.inovatapetes.com.br/wp-login.php" "Mozilla/5.0 (Macintosh; Intel Mac OS X 13_6_1) AppleWebKit/605.1.15 (KHTML, like Gecko) Version/16.6 Safari/605.1.15"
57.141.0.5 - - [28/Apr/2026:01:06:05 -0300] "GET /shop/reconnoissance/maguey05237605325.htm HTTP/1.1" 404 50918 "-" "meta-externalagent/1.1 (+https://developers.facebook.com/docs/sharing/webmasters/crawler)"
62.60.130.224 - - [28/Apr/2026:01:06:05 -0300] "GET /wp-admin/index.php HTTP/1.1" 200 167008 "https://www.inovatapetes.com.br/wp-login.php" "Mozilla/5.0 (X11; Linux x86_64) AppleWebKit/537.36 (KHTML, like Gecko) Chrome/120.0.0.0 Safari/537.36"
62.60.130.224 - - [28/Apr/2026:01:06:07 -0300] "GET /wp-admin/profile.php HTTP/1.1" 200 167008 "https://www.inovatapetes.com.br/wp-login.php" "Mozilla/5.0 (X11; Linux x86_64) AppleWebKit/537.36 (KHTML, like Gecko) Chrome/120.0.0.0 Safari/537.36"
62.60.130.224 - - [28/Apr/2026:01:06:08 -0300] "GET /wp-admin/edit.php HTTP/1.1" 200 167008 "https://www.inovatapetes.com.br/wp-login.php" "Mozilla/5.0 (X11; Linux x86_64) AppleWebKit/537.36 (KHTML, like Gecko) Chrome/120.0.0.0 Safari/537.36"
62.60.130.224 - - [28/Apr/2026:01:06:08 -0300] "GET /wp-admin/plugins.php HTTP/1.1" 200 167008 "https://www.inovatapetes.com.br/wp-login.php" "Mozilla/5.0 (X11; Linux x86_64) AppleWebKit/537.36 (KHTML, like Gecko) Chrome/120.0.0.0 Safari/537.36"
62.60.130.224 - - [28/Apr/2026:01:06:08 -0300] "POST /wp-login.php HTTP/1.1" 200 50918 "https://www.inovatapetes.com.br/wp-login.php" "Mozilla/5.0 (Macintosh; Intel Mac OS X 13_6_1) AppleWebKit/537.36 (KHTML, like Gecko) Chrome/121.0.0.0 Safari/537.36"
62.60.130.224 - - [28/Apr/2026:01:06:09 -0300] "GET /wp-admin/index.php HTTP/1.1" 200 167008 "https://www.inovatapetes.com.br/wp-login.php" "Mozilla/5.0 (Macintosh; Intel Mac OS X 10_15_7) AppleWebKit/605.1.15 (KHTML, like Gecko) Version/16.6 Safari/605.1.15"
62.60.130.224 - - [28/Apr/2026:01:06:09 -0300] "GET /wp-admin/profile.php HTTP/1.1" 200 167008 "https://www.inovatapetes.com.br/wp-login.php" "Mozilla/5.0 (Macintosh; Intel Mac OS X 10_15_7) AppleWebKit/605.1.15 (KHTML, like Gecko) Version/16.6 Safari/605.1.15"
62.60.130.224 - - [28/Apr/2026:01:06:10 -0300] "GET /wp-admin/edit.php HTTP/1.1" 200 167008 "https://www.inovatapetes.com.br/wp-login.php" "Mozilla/5.0 (Macintosh; Intel Mac OS X 10_15_7) AppleWebKit/605.1.15 (KHTML, like Gecko) Version/16.6 Safari/605.1.15"
62.60.130.224 - - [28/Apr/2026:01:06:10 -0300] "GET /wp-admin/plugins.php HTTP/1.1" 200 167008 "https://www.inovatapetes.com.br/wp-login.php" "Mozilla/5.0 (Macintosh; Intel Mac OS X 10_15_7) AppleWebKit/605.1.15 (KHTML, like Gecko) Version/16.6 Safari/605.1.15"
62.60.130.224 - - [28/Apr/2026:01:06:11 -0300] "POST /wp-login.php HTTP/1.1" 200 50918 "https://www.inovatapetes.com.br/wp-login.php" "Mozilla/5.0 (Windows NT 10.0; Win64; x64) AppleWebKit/537.36 (KHTML, like Gecko) Chrome/121.0.0.0 Safari/537.36"
