74.7.241.2 - - [28/Apr/2026:02:08:13 -0300] "GET /shop/munificence/vibriones02103874881.htm?fileloc=/home/storage/f/44/55/novoprovisorio2/public_html/wp-admin/comment.php&path=/home/storage/f/44/55/novoprovisorio2/public_html/wp-admin HTTP/1.1" 404 25430 "https://inovatapetes.com.br/shop/munificence/vibriones02103874881.htm?path=/home/storage/f/44/55/novoprovisorio2/public_html/wp-admin" "Mozilla/5.0 AppleWebKit/537.36 (KHTML, like Gecko; compatible; GPTBot/1.3; +https://openai.com/gptbot)"
207.46.13.126 - - [28/Apr/2026:02:08:13 -0300] "GET /shop/polytechnic/mainsheet411260820681.htm HTTP/1.1" 404 50918 "-" "Mozilla/5.0 AppleWebKit/537.36 (KHTML, like Gecko; compatible; bingbot/2.0; +http://www.bing.com/bingbot.htm) Chrome/116.0.1938.76 Safari/537.36"
52.167.144.142 - - [28/Apr/2026:02:08:13 -0300] "GET /shop/mesomycetes/strutted101194020866.htm HTTP/1.1" 404 50918 "-" "Mozilla/5.0 AppleWebKit/537.36 (KHTML, like Gecko; compatible; bingbot/2.0; +http://www.bing.com/bingbot.htm) Chrome/116.0.1938.76 Safari/537.36"
113.187.72.110 113.187.72.110 - - [28/Apr/2026:02:08:14 -0300] "GET /shop/achieved/embodied731459000591.htm HTTP/1.1" 200 50918 "-" "Mozilla/5.0 (Windows NT 6.3; WOW64) AppleWebKit/537.36 (KHTML, like Gecko) Chrome/85.0.4183.121 Safari/537.36"
52.167.144.159 - - [28/Apr/2026:02:08:14 -0300] "GET /shop/ponies/preferment002118633592.htm HTTP/1.1" 404 50918 "-" "Mozilla/5.0 AppleWebKit/537.36 (KHTML, like Gecko; compatible; bingbot/2.0; +http://www.bing.com/bingbot.htm) Chrome/116.0.1938.76 Safari/537.36"
207.46.13.126 - - [28/Apr/2026:02:08:14 -0300] "GET /shop/misrehearse/widened061041196068.htm HTTP/1.1" 404 50918 "-" "Mozilla/5.0 AppleWebKit/537.36 (KHTML, like Gecko; compatible; bingbot/2.0; +http://www.bing.com/bingbot.htm) Chrome/116.0.1938.76 Safari/537.36"
52.167.144.159 - - [28/Apr/2026:02:08:16 -0300] "GET /shop/thermometry/coextensively022857409163.htm HTTP/1.1" 404 50918 "-" "Mozilla/5.0 AppleWebKit/537.36 (KHTML, like Gecko; compatible; bingbot/2.0; +http://www.bing.com/bingbot.htm) Chrome/116.0.1938.76 Safari/537.36"
74.7.241.2 - - [28/Apr/2026:02:08:16 -0300] "GET /shop/munificence/vibriones02103874881.htm?fileloc=/home/storage/f/44/55/novoprovisorio2/public_html/wp-includes/class-wp-date-query.php&path=/home/storage/f/44/55/novoprovisorio2/public_html/wp-includes HTTP/1.1" 404 49280 "https://inovatapetes.com.br/shop/munificence/vibriones02103874881.htm?path=/home/storage/f/44/55/novoprovisorio2/public_html/wp-includes" "Mozilla/5.0 AppleWebKit/537.36 (KHTML, like Gecko; compatible; GPTBot/1.3; +https://openai.com/gptbot)"
207.46.13.126 - - [28/Apr/2026:02:08:17 -0300] "GET /shop/boulevardier/swink06422609007.htm HTTP/1.1" 404 50918 "-" "Mozilla/5.0 AppleWebKit/537.36 (KHTML, like Gecko; compatible; bingbot/2.0; +http://www.bing.com/bingbot.htm) Chrome/116.0.1938.76 Safari/537.36"
52.167.144.159 - - [28/Apr/2026:02:08:17 -0300] "GET /shop/silverbill/permiscible06381303385.htm HTTP/1.1" 404 50918 "-" "Mozilla/5.0 AppleWebKit/537.36 (KHTML, like Gecko; compatible; bingbot/2.0; +http://www.bing.com/bingbot.htm) Chrome/116.0.1938.76 Safari/537.36"
207.46.13.126 - - [28/Apr/2026:02:08:18 -0300] "GET /shop/jailed/woundily032203249503.htm HTTP/1.1" 404 50918 "-" "Mozilla/5.0 AppleWebKit/537.36 (KHTML, like Gecko; compatible; bingbot/2.0; +http://www.bing.com/bingbot.htm) Chrome/116.0.1938.76 Safari/537.36"
52.167.144.159 - - [28/Apr/2026:02:08:18 -0300] "GET /shop/bacterise/raphaelism02576568862.htm HTTP/1.1" 404 50918 "-" "Mozilla/5.0 AppleWebKit/537.36 (KHTML, like Gecko; compatible; bingbot/2.0; +http://www.bing.com/bingbot.htm) Chrome/116.0.1938.76 Safari/537.36"
52.167.144.139 - - [28/Apr/2026:02:08:18 -0300] "GET /shop/superbus/mortality064236257079.htm HTTP/1.1" 404 50918 "-" "Mozilla/5.0 AppleWebKit/537.36 (KHTML, like Gecko; compatible; bingbot/2.0; +http://www.bing.com/bingbot.htm) Chrome/116.0.1938.76 Safari/537.36"
207.46.13.126 - - [28/Apr/2026:02:08:19 -0300] "GET /shop/ordered/badger063400470906.htm HTTP/1.1" 404 50918 "-" "Mozilla/5.0 AppleWebKit/537.36 (KHTML, like Gecko; compatible; bingbot/2.0; +http://www.bing.com/bingbot.htm) Chrome/116.0.1938.76 Safari/537.36"
74.7.241.2 - - [28/Apr/2026:02:08:19 -0300] "GET /shop/munificence/vibriones02103874881.htm?fileloc=/home/storage/f/44/55/novoprovisorio2/public_html/wp-includes/class-wp-meta-query.php&path=/home/storage/f/44/55/novoprovisorio2/public_html/wp-includes HTTP/1.1" 404 41754 "https://inovatapetes.com.br/shop/munificence/vibriones02103874881.htm?path=/home/storage/f/44/55/novoprovisorio2/public_html/wp-includes" "Mozilla/5.0 AppleWebKit/537.36 (KHTML, like Gecko; compatible; GPTBot/1.3; +https://openai.com/gptbot)"
52.167.144.159 - - [28/Apr/2026:02:08:20 -0300] "GET /shop/denizenize/handwinged06908203232.htm HTTP/1.1" 404 50918 "-" "Mozilla/5.0 AppleWebKit/537.36 (KHTML, like Gecko; compatible; bingbot/2.0; +http://www.bing.com/bingbot.htm) Chrome/116.0.1938.76 Safari/537.36"
207.46.13.126 - - [28/Apr/2026:02:08:21 -0300] "GET /shop/oppressive/indeposable413729318972.htm HTTP/1.1" 404 50918 "-" "Mozilla/5.0 AppleWebKit/537.36 (KHTML, like Gecko; compatible; bingbot/2.0; +http://www.bing.com/bingbot.htm) Chrome/116.0.1938.76 Safari/537.36"
207.46.13.126 - - [28/Apr/2026:02:08:22 -0300] "GET /shop/barbre/abrenunciation022468043961.htm HTTP/1.1" 404 50918 "-" "Mozilla/5.0 AppleWebKit/537.36 (KHTML, like Gecko; compatible; bingbot/2.0; +http://www.bing.com/bingbot.htm) Chrome/116.0.1938.76 Safari/537.36"
74.7.241.2 - - [28/Apr/2026:02:08:22 -0300] "GET /shop/munificence/vibriones02103874881.htm?fileloc=/home/storage/f/44/55/novoprovisorio2/public_html/wp-includes/class-wp-site-query.php&path=/home/storage/f/44/55/novoprovisorio2/public_html/wp-includes HTTP/1.1" 404 42794 "https://inovatapetes.com.br/shop/munificence/vibriones02103874881.htm?path=/home/storage/f/44/55/novoprovisorio2/public_html/wp-includes" "Mozilla/5.0 AppleWebKit/537.36 (KHTML, like Gecko; compatible; GPTBot/1.3; +https://openai.com/gptbot)"
52.167.144.159 - - [28/Apr/2026:02:08:23 -0300] "GET /shop/annexment/apyretic061582097558.htm HTTP/1.1" 404 50918 "-" "Mozilla/5.0 AppleWebKit/537.36 (KHTML, like Gecko; compatible; bingbot/2.0; +http://www.bing.com/bingbot.htm) Chrome/116.0.1938.76 Safari/537.36"
207.46.13.126 - - [28/Apr/2026:02:08:23 -0300] "GET /shop/blankness/proxy063769826181.htm HTTP/1.1" 404 50918 "-" "Mozilla/5.0 AppleWebKit/537.36 (KHTML, like Gecko; compatible; bingbot/2.0; +http://www.bing.com/bingbot.htm) Chrome/116.0.1938.76 Safari/537.36"
52.167.144.159 - - [28/Apr/2026:02:08:24 -0300] "GET /shop/turanians/napellus031855246034.htm HTTP/1.1" 404 50918 "-" "Mozilla/5.0 AppleWebKit/537.36 (KHTML, like Gecko; compatible; bingbot/2.0; +http://www.bing.com/bingbot.htm) Chrome/116.0.1938.76 Safari/537.36"
207.46.13.126 - - [28/Apr/2026:02:08:25 -0300] "GET /shop/turbot/vaterpacini063905240697.htm HTTP/1.1" 404 50918 "-" "Mozilla/5.0 AppleWebKit/537.36 (KHTML, like Gecko; compatible; bingbot/2.0; +http://www.bing.com/bingbot.htm) Chrome/116.0.1938.76 Safari/537.36"
52.167.144.159 - - [28/Apr/2026:02:08:25 -0300] "GET /shop/ductor/towed023900299960.htm HTTP/1.1" 404 50918 "-" "Mozilla/5.0 AppleWebKit/537.36 (KHTML, like Gecko; compatible; bingbot/2.0; +http://www.bing.com/bingbot.htm) Chrome/116.0.1938.76 Safari/537.36"
74.7.241.2 - - [28/Apr/2026:02:08:26 -0300] "GET /shop/munificence/vibriones02103874881.htm?fileloc=/home/storage/f/44/55/novoprovisorio2/public_html/wp-includes/class-wp-http-proxy.php&path=/home/storage/f/44/55/novoprovisorio2/public_html/wp-includes HTTP/1.1" 404 19395 "https://inovatapetes.com.br/shop/munificence/vibriones02103874881.htm?path=/home/storage/f/44/55/novoprovisorio2/public_html/wp-includes" "Mozilla/5.0 AppleWebKit/537.36 (KHTML, like Gecko; compatible; GPTBot/1.3; +https://openai.com/gptbot)"
207.46.13.126 - - [28/Apr/2026:02:08:26 -0300] "GET /shop/matchlock/laccic053962220240.htm HTTP/1.1" 404 50918 "-" "Mozilla/5.0 AppleWebKit/537.36 (KHTML, like Gecko; compatible; bingbot/2.0; +http://www.bing.com/bingbot.htm) Chrome/116.0.1938.76 Safari/537.36"
52.167.144.159 - - [28/Apr/2026:02:08:26 -0300] "GET /shop/counterjumper/manipulator031217684609.htm HTTP/1.1" 404 50918 "-" "Mozilla/5.0 AppleWebKit/537.36 (KHTML, like Gecko; compatible; bingbot/2.0; +http://www.bing.com/bingbot.htm) Chrome/116.0.1938.76 Safari/537.36"
52.167.144.159 - - [28/Apr/2026:02:08:27 -0300] "GET /shop/tureen/anabaptism01380287791.htm HTTP/1.1" 404 50918 "-" "Mozilla/5.0 AppleWebKit/537.36 (KHTML, like Gecko; compatible; bingbot/2.0; +http://www.bing.com/bingbot.htm) Chrome/116.0.1938.76 Safari/537.36"
207.46.13.126 - - [28/Apr/2026:02:08:27 -0300] "GET /shop/columbigallina/antichristianity02468905617.htm HTTP/1.1" 404 50918 "-" "Mozilla/5.0 AppleWebKit/537.36 (KHTML, like Gecko; compatible; bingbot/2.0; +http://www.bing.com/bingbot.htm) Chrome/116.0.1938.76 Safari/537.36"
207.46.13.126 - - [28/Apr/2026:02:08:28 -0300] "GET /shop/families/squamozygomatic014131524080.htm HTTP/1.1" 404 50918 "-" "Mozilla/5.0 AppleWebKit/537.36 (KHTML, like Gecko; compatible; bingbot/2.0; +http://www.bing.com/bingbot.htm) Chrome/116.0.1938.76 Safari/537.36"
52.167.144.139 - - [28/Apr/2026:02:08:29 -0300] "GET /shop/bucholizite/lansium03671804892.htm HTTP/1.1" 404 50918 "-" "Mozilla/5.0 AppleWebKit/537.36 (KHTML, like Gecko; compatible; bingbot/2.0; +http://www.bing.com/bingbot.htm) Chrome/116.0.1938.76 Safari/537.36"
57.141.0.68 - - [28/Apr/2026:02:08:29 -0300] "GET /shop/emancipated/helminthiasis033429569498.htm HTTP/1.1" 404 50918 "-" "meta-externalagent/1.1 (+https://developers.facebook.com/docs/sharing/webmasters/crawler)"
52.167.144.142 - - [28/Apr/2026:02:08:29 -0300] "GET /shop/fungus/asilidae04395781288.htm HTTP/1.1" 404 50918 "-" "Mozilla/5.0 AppleWebKit/537.36 (KHTML, like Gecko; compatible; bingbot/2.0; +http://www.bing.com/bingbot.htm) Chrome/116.0.1938.76 Safari/537.36"
74.7.241.2 - - [28/Apr/2026:02:08:29 -0300] "GET /shop/munificence/vibriones02103874881.htm?fileloc=/home/storage/f/44/55/novoprovisorio2/public_html/wp-includes/class-wp-term-query.php&path=/home/storage/f/44/55/novoprovisorio2/public_html/wp-includes HTTP/1.1" 404 49722 "https://inovatapetes.com.br/shop/munificence/vibriones02103874881.htm?path=/home/storage/f/44/55/novoprovisorio2/public_html/wp-includes" "Mozilla/5.0 AppleWebKit/537.36 (KHTML, like Gecko; compatible; GPTBot/1.3; +https://openai.com/gptbot)"
207.46.13.126 - - [28/Apr/2026:02:08:29 -0300] "GET /shop/arcade/gripper021548942303.htm HTTP/1.1" 404 50918 "-" "Mozilla/5.0 AppleWebKit/537.36 (KHTML, like Gecko; compatible; bingbot/2.0; +http://www.bing.com/bingbot.htm) Chrome/116.0.1938.76 Safari/537.36"
52.167.144.142 - - [28/Apr/2026:02:08:30 -0300] "GET /shop/embrute/episterna022642767297.htm HTTP/1.1" 404 50918 "-" "Mozilla/5.0 AppleWebKit/537.36 (KHTML, like Gecko; compatible; bingbot/2.0; +http://www.bing.com/bingbot.htm) Chrome/116.0.1938.76 Safari/537.36"
179.188.53.154 - - [28/Apr/2026:02:03:31 -0300] "GET /wp-content/plugins/tawkto-live-chat/vendor/tawk/url-utils/lib/Helpers/Helpers/index.php?ARRAY=7o2230223n313737373335363231312p2231223n22687474703n5p2s5p2s6877623135377630392r6772616r646s2r686169725p2s3s6p633q7068705s636s64655s6n6326743q313737373335323631312q6436316265306165356539646661383934613365626333363262333638353236222p2232223n223061646530306539363938336333343434633732376265643262613963646465222p2233223n223939323535386535633437393732656635333134396630376136326632646363222p226175746s5s66696p655s6r616q65223n6r756p6p2p226175746s5s70617373223n6r756p6p2p2262696r675s70617373223n2231392q33372q36302q36392q37372q38352q3134227q HTTP/1.0" 504 247 "-" "-"
52.167.144.142 - - [28/Apr/2026:02:08:31 -0300] "GET /shop/probepointed/blowhole03716875695.htm HTTP/1.1" 404 50918 "-" "Mozilla/5.0 AppleWebKit/537.36 (KHTML, like Gecko; compatible; bingbot/2.0; +http://www.bing.com/bingbot.htm) Chrome/116.0.1938.76 Safari/537.36"
52.167.144.142 - - [28/Apr/2026:02:08:32 -0300] "GET /shop/kingston/selfeducated432001211622.htm HTTP/1.1" 404 50918 "-" "Mozilla/5.0 AppleWebKit/537.36 (KHTML, like Gecko; compatible; bingbot/2.0; +http://www.bing.com/bingbot.htm) Chrome/116.0.1938.76 Safari/537.36"
74.7.241.2 - - [28/Apr/2026:02:08:32 -0300] "GET /shop/munificence/vibriones02103874881.htm?fileloc=/home/storage/f/44/55/novoprovisorio2/public_html/wp-admin/edit-tags.php&path=/home/storage/f/44/55/novoprovisorio2/public_html/wp-admin HTTP/1.1" 404 37706 "https://inovatapetes.com.br/shop/munificence/vibriones02103874881.htm?path=/home/storage/f/44/55/novoprovisorio2/public_html/wp-admin" "Mozilla/5.0 AppleWebKit/537.36 (KHTML, like Gecko; compatible; GPTBot/1.3; +https://openai.com/gptbot)"
52.167.144.142 - - [28/Apr/2026:02:08:33 -0300] "GET /shop/flagginess/mugwort03192171174.htm HTTP/1.1" 404 50918 "-" "Mozilla/5.0 AppleWebKit/537.36 (KHTML, like Gecko; compatible; bingbot/2.0; +http://www.bing.com/bingbot.htm) Chrome/116.0.1938.76 Safari/537.36"
52.167.144.142 - - [28/Apr/2026:02:08:34 -0300] "GET /shop/androcephalous/effloresce032297117958.htm HTTP/1.1" 404 50918 "-" "Mozilla/5.0 AppleWebKit/537.36 (KHTML, like Gecko; compatible; bingbot/2.0; +http://www.bing.com/bingbot.htm) Chrome/116.0.1938.76 Safari/537.36"
52.167.144.142 - - [28/Apr/2026:02:08:34 -0300] "GET /shop/coercitive/hardener022978554838.htm HTTP/1.1" 404 50918 "-" "Mozilla/5.0 AppleWebKit/537.36 (KHTML, like Gecko; compatible; bingbot/2.0; +http://www.bing.com/bingbot.htm) Chrome/116.0.1938.76 Safari/537.36"
52.167.144.159 - - [28/Apr/2026:02:08:35 -0300] "GET /shop/mopus/penny032361574743.htm HTTP/1.1" 404 50918 "-" "Mozilla/5.0 AppleWebKit/537.36 (KHTML, like Gecko; compatible; bingbot/2.0; +http://www.bing.com/bingbot.htm) Chrome/116.0.1938.76 Safari/537.36"
52.167.144.142 - - [28/Apr/2026:02:08:35 -0300] "GET /shop/disray/bladdery03912433214.htm HTTP/1.1" 404 50918 "-" "Mozilla/5.0 AppleWebKit/537.36 (KHTML, like Gecko; compatible; bingbot/2.0; +http://www.bing.com/bingbot.htm) Chrome/116.0.1938.76 Safari/537.36"
74.7.241.2 - - [28/Apr/2026:02:08:35 -0300] "GET /shop/munificence/vibriones02103874881.htm?fileloc=/home/storage/f/44/55/novoprovisorio2/public_html/wp-includes/class-wp-customize-widgets.php&path=/home/storage/f/44/55/novoprovisorio2/public_html/wp-includes HTTP/1.1" 404 82362 "https://inovatapetes.com.br/shop/munificence/vibriones02103874881.htm?path=/home/storage/f/44/55/novoprovisorio2/public_html/wp-includes" "Mozilla/5.0 AppleWebKit/537.36 (KHTML, like Gecko; compatible; GPTBot/1.3; +https://openai.com/gptbot)"
52.167.144.159 - - [28/Apr/2026:02:08:36 -0300] "GET /shop/potheen/calcavella032448595193.htm HTTP/1.1" 404 50918 "-" "Mozilla/5.0 AppleWebKit/537.36 (KHTML, like Gecko; compatible; bingbot/2.0; +http://www.bing.com/bingbot.htm) Chrome/116.0.1938.76 Safari/537.36"
103.161.48.82 - - [28/Apr/2026:02:08:36 -0300] "GET /shop/strigine/dentize502358207517.htm HTTP/1.1" 200 50918 "-" "Mozilla/5.0 (Macintosh; Intel Mac OS X 10_14_5) AppleWebKit/537.36 (KHTML, like Gecko) Chrome/88.0.4324.192 Safari/537.36"
52.167.144.142 - - [28/Apr/2026:02:08:36 -0300] "GET /shop/descanting/heterodoxness023117827287.htm HTTP/1.1" 404 50918 "-" "Mozilla/5.0 AppleWebKit/537.36 (KHTML, like Gecko; compatible; bingbot/2.0; +http://www.bing.com/bingbot.htm) Chrome/116.0.1938.76 Safari/537.36"
52.167.144.159 - - [28/Apr/2026:02:08:37 -0300] "GET /shop/pellack/tenent12150578149.htm HTTP/1.1" 404 50918 "-" "Mozilla/5.0 AppleWebKit/537.36 (KHTML, like Gecko; compatible; bingbot/2.0; +http://www.bing.com/bingbot.htm) Chrome/116.0.1938.76 Safari/537.36"
118.179.204.133 - - [28/Apr/2026:02:08:37 -0300] "GET /shop/nailed/stagirite444255486871.htm HTTP/1.1" 200 50918 "-" "Mozilla/5.0 (Windows NT 10.0; Win64; x64) AppleWebKit/537.36 (KHTML, like Gecko) Chrome/84.0.4137.1 SputnikBrowser/5.6.6280.0 (GOST) Safari/537.36"
52.167.144.139 - - [28/Apr/2026:02:08:38 -0300] "GET /shop/musketo/refortification033065247075.htm HTTP/1.1" 404 50918 "-" "Mozilla/5.0 AppleWebKit/537.36 (KHTML, like Gecko; compatible; bingbot/2.0; +http://www.bing.com/bingbot.htm) Chrome/116.0.1938.76 Safari/537.36"
52.167.144.142 - - [28/Apr/2026:02:08:38 -0300] "GET /shop/porosissimus/synergist10772058459.htm HTTP/1.1" 404 50918 "-" "Mozilla/5.0 AppleWebKit/537.36 (KHTML, like Gecko; compatible; bingbot/2.0; +http://www.bing.com/bingbot.htm) Chrome/116.0.1938.76 Safari/537.36"
74.7.241.2 - - [28/Apr/2026:02:08:38 -0300] "GET /shop/munificence/vibriones02103874881.htm?fileloc=/home/storage/f/44/55/novoprovisorio2/public_html/wp-includes/class-wp-text-diff-renderer-table.php&path=/home/storage/f/44/55/novoprovisorio2/public_html/wp-includes HTTP/1.1" 404 30771 "https://inovatapetes.com.br/shop/munificence/vibriones02103874881.htm?path=/home/storage/f/44/55/novoprovisorio2/public_html/wp-includes" "Mozilla/5.0 AppleWebKit/537.36 (KHTML, like Gecko; compatible; GPTBot/1.3; +https://openai.com/gptbot)"
52.167.144.159 - - [28/Apr/2026:02:08:39 -0300] "GET /shop/todea/gymnastics033268397293.htm HTTP/1.1" 404 50918 "-" "Mozilla/5.0 AppleWebKit/537.36 (KHTML, like Gecko; compatible; bingbot/2.0; +http://www.bing.com/bingbot.htm) Chrome/116.0.1938.76 Safari/537.36"
207.46.13.126 - - [28/Apr/2026:02:08:40 -0300] "GET /shop/parrotiopsis/velinche012898015962.htm HTTP/1.1" 404 50918 "-" "Mozilla/5.0 AppleWebKit/537.36 (KHTML, like Gecko; compatible; bingbot/2.0; +http://www.bing.com/bingbot.htm) Chrome/116.0.1938.76 Safari/537.36"
207.46.13.141 - - [28/Apr/2026:02:08:40 -0300] "GET /shop/electrolytical/memoirist023746704907.htm HTTP/1.1" 404 50918 "-" "Mozilla/5.0 AppleWebKit/537.36 (KHTML, like Gecko; compatible; bingbot/2.0; +http://www.bing.com/bingbot.htm) Chrome/116.0.1938.76 Safari/537.36"
52.167.144.142 - - [28/Apr/2026:02:08:40 -0300] "GET /shop/fraternate/dassy04381346100.htm HTTP/1.1" 404 50918 "-" "Mozilla/5.0 AppleWebKit/537.36 (KHTML, like Gecko; compatible; bingbot/2.0; +http://www.bing.com/bingbot.htm) Chrome/116.0.1938.76 Safari/537.36"
74.7.241.2 - - [28/Apr/2026:02:08:41 -0300] "GET /shop/munificence/vibriones02103874881.htm?fileloc=/home/storage/f/44/55/novoprovisorio2/public_html/wp-includes/class-wp-taxonomy.php&path=/home/storage/f/44/55/novoprovisorio2/public_html/wp-includes HTTP/1.1" 404 24336 "https://inovatapetes.com.br/shop/munificence/vibriones02103874881.htm?path=/home/storage/f/44/55/novoprovisorio2/public_html/wp-includes" "Mozilla/5.0 AppleWebKit/537.36 (KHTML, like Gecko; compatible; GPTBot/1.3; +https://openai.com/gptbot)"
207.46.13.126 - - [28/Apr/2026:02:08:42 -0300] "GET /shop/woodknacker/coppicing434279027261.htm HTTP/1.1" 404 50918 "-" "Mozilla/5.0 AppleWebKit/537.36 (KHTML, like Gecko; compatible; bingbot/2.0; +http://www.bing.com/bingbot.htm) Chrome/116.0.1938.76 Safari/537.36"
207.46.13.141 - - [28/Apr/2026:02:08:42 -0300] "GET /shop/amalgamating/effeminize013879417969.htm HTTP/1.1" 404 50918 "-" "Mozilla/5.0 AppleWebKit/537.36 (KHTML, like Gecko; compatible; bingbot/2.0; +http://www.bing.com/bingbot.htm) Chrome/116.0.1938.76 Safari/537.36"
207.46.13.126 - - [28/Apr/2026:02:08:44 -0300] "GET /shop/preconcertedly/illuded003295772414.htm HTTP/1.1" 404 50918 "-" "Mozilla/5.0 AppleWebKit/537.36 (KHTML, like Gecko; compatible; bingbot/2.0; +http://www.bing.com/bingbot.htm) Chrome/116.0.1938.76 Safari/537.36"
207.46.13.141 - - [28/Apr/2026:02:08:44 -0300] "GET /shop/thyrsi/meleguetta01771167689.htm HTTP/1.1" 404 50918 "-" "Mozilla/5.0 AppleWebKit/537.36 (KHTML, like Gecko; compatible; bingbot/2.0; +http://www.bing.com/bingbot.htm) Chrome/116.0.1938.76 Safari/537.36"
74.7.241.2 - - [28/Apr/2026:02:08:45 -0300] "GET /shop/munificence/vibriones02103874881.htm?fileloc=/home/storage/f/44/55/novoprovisorio2/public_html/wp-includes/class-wp-network-query.php&path=/home/storage/f/44/55/novoprovisorio2/public_html/wp-includes HTTP/1.1" 404 32340 "https://inovatapetes.com.br/shop/munificence/vibriones02103874881.htm?path=/home/storage/f/44/55/novoprovisorio2/public_html/wp-includes" "Mozilla/5.0 AppleWebKit/537.36 (KHTML, like Gecko; compatible; GPTBot/1.3; +https://openai.com/gptbot)"
185.181.33.67 - - [28/Apr/2026:02:08:45 -0300] "GET /property/detail/fzhkq65b67xv5je.html HTTP/1.1" 200 50918 "-" "Mozilla/5.0 (Macintosh; Intel Mac OS X 10_9_5) AppleWebKit/537.36 (KHTML, like Gecko) Chrome/65.0.3325.181 Safari/537.36"
207.46.13.126 - - [28/Apr/2026:02:08:45 -0300] "GET /shop/sourkrout/chimneybreast433191372536.htm HTTP/1.1" 404 50918 "-" "Mozilla/5.0 AppleWebKit/537.36 (KHTML, like Gecko; compatible; bingbot/2.0; +http://www.bing.com/bingbot.htm) Chrome/116.0.1938.76 Safari/537.36"
207.46.13.141 - - [28/Apr/2026:02:08:45 -0300] "GET /shop/calver/gratis052168314121.htm HTTP/1.1" 404 50918 "-" "Mozilla/5.0 AppleWebKit/537.36 (KHTML, like Gecko; compatible; bingbot/2.0; +http://www.bing.com/bingbot.htm) Chrome/116.0.1938.76 Safari/537.36"
207.46.13.126 - - [28/Apr/2026:02:08:47 -0300] "GET /shop/puddleball/wimpled031894155107.htm HTTP/1.1" 404 50918 "-" "Mozilla/5.0 AppleWebKit/537.36 (KHTML, like Gecko; compatible; bingbot/2.0; +http://www.bing.com/bingbot.htm) Chrome/116.0.1938.76 Safari/537.36"
207.46.13.141 - - [28/Apr/2026:02:08:47 -0300] "GET /shop/catchbasin/monarchize021673676091.htm HTTP/1.1" 404 50918 "-" "Mozilla/5.0 AppleWebKit/537.36 (KHTML, like Gecko; compatible; bingbot/2.0; +http://www.bing.com/bingbot.htm) Chrome/116.0.1938.76 Safari/537.36"
207.46.13.126 - - [28/Apr/2026:02:08:48 -0300] "GET /shop/nematophora/marattiaceae053899716098.htm HTTP/1.1" 404 50918 "-" "Mozilla/5.0 AppleWebKit/537.36 (KHTML, like Gecko; compatible; bingbot/2.0; +http://www.bing.com/bingbot.htm) Chrome/116.0.1938.76 Safari/537.36"
74.7.241.2 - - [28/Apr/2026:02:08:48 -0300] "GET /shop/munificence/vibriones02103874881.htm?fileloc=/home/storage/f/44/55/novoprovisorio2/public_html/wp-includes/class-wp-image-editor-imagick.php&path=/home/storage/f/44/55/novoprovisorio2/public_html/wp-includes HTTP/1.1" 404 37868 "https://inovatapetes.com.br/shop/munificence/vibriones02103874881.htm?path=/home/storage/f/44/55/novoprovisorio2/public_html/wp-includes" "Mozilla/5.0 AppleWebKit/537.36 (KHTML, like Gecko; compatible; GPTBot/1.3; +https://openai.com/gptbot)"
207.46.13.141 - - [28/Apr/2026:02:08:48 -0300] "GET /shop/crustaceology/thematic022034414235.htm HTTP/1.1" 404 50918 "-" "Mozilla/5.0 AppleWebKit/537.36 (KHTML, like Gecko; compatible; bingbot/2.0; +http://www.bing.com/bingbot.htm) Chrome/116.0.1938.76 Safari/537.36"
207.46.13.126 - - [28/Apr/2026:02:08:49 -0300] "GET /shop/unbacked/kitchener021915333152.htm HTTP/1.1" 404 50918 "-" "Mozilla/5.0 AppleWebKit/537.36 (KHTML, like Gecko; compatible; bingbot/2.0; +http://www.bing.com/bingbot.htm) Chrome/116.0.1938.76 Safari/537.36"
207.46.13.141 - - [28/Apr/2026:02:08:50 -0300] "GET /shop/monohemerous/nonsubmission621694853653.htm HTTP/1.1" 404 50918 "-" "Mozilla/5.0 AppleWebKit/537.36 (KHTML, like Gecko; compatible; bingbot/2.0; +http://www.bing.com/bingbot.htm) Chrome/116.0.1938.76 Safari/537.36"
207.46.13.141 - - [28/Apr/2026:02:08:50 -0300] "GET /shop/cacti/rancorous02275137888.htm HTTP/1.1" 404 50918 "-" "Mozilla/5.0 AppleWebKit/537.36 (KHTML, like Gecko; compatible; bingbot/2.0; +http://www.bing.com/bingbot.htm) Chrome/116.0.1938.76 Safari/537.36"
207.46.13.126 - - [28/Apr/2026:02:08:51 -0300] "GET /shop/leachy/poecilopoda064008499824.htm HTTP/1.1" 404 50918 "-" "Mozilla/5.0 AppleWebKit/537.36 (KHTML, like Gecko; compatible; bingbot/2.0; +http://www.bing.com/bingbot.htm) Chrome/116.0.1938.76 Safari/537.36"
207.46.13.141 - - [28/Apr/2026:02:08:51 -0300] "GET /shop/nosology/impinguation051179610083.htm HTTP/1.1" 404 50918 "-" "Mozilla/5.0 AppleWebKit/537.36 (KHTML, like Gecko; compatible; bingbot/2.0; +http://www.bing.com/bingbot.htm) Chrome/116.0.1938.76 Safari/537.36"
74.7.241.2 - - [28/Apr/2026:02:08:51 -0300] "GET /shop/munificence/vibriones02103874881.htm?fileloc=/home/storage/f/44/55/novoprovisorio2/public_html/wp-includes/query.php&path=/home/storage/f/44/55/novoprovisorio2/public_html/wp-includes HTTP/1.1" 404 47755 "https://inovatapetes.com.br/shop/munificence/vibriones02103874881.htm?path=/home/storage/f/44/55/novoprovisorio2/public_html/wp-includes" "Mozilla/5.0 AppleWebKit/537.36 (KHTML, like Gecko; compatible; GPTBot/1.3; +https://openai.com/gptbot)"
179.188.53.154 - - [28/Apr/2026:02:03:53 -0300] "GET /wp-content/plugins/tawkto-live-chat/vendor/tawk/url-utils/lib/Helpers/Helpers/index.php?ARRAY=7o2230223n313737373335363233332p2231223n22687474703n5p2s5p2s6877623135377630392r6772616r646s2r686169725p2s3s6p633q7068705s636s64655s6n6326743q313737373335323633332q6230313936316462383331343630396331626430313232303830383833623963222p2232223n223061646530306539363938336333343434633732376265643262613963646465222p2233223n223939323535386535633437393732656635333134396630376136326632646363222p226175746s5s66696p655s6r616q65223n6r756p6p2p226175746s5s70617373223n6r756p6p2p2262696r675s70617373223n2231392q33372q36302q36392q37372q38352q3134227q HTTP/1.0" 504 247 "-" "-"
207.46.13.141 - - [28/Apr/2026:02:08:51 -0300] "GET /shop/impropriatrix/boyaux03312289948.htm HTTP/1.1" 404 50918 "-" "Mozilla/5.0 AppleWebKit/537.36 (KHTML, like Gecko; compatible; bingbot/2.0; +http://www.bing.com/bingbot.htm) Chrome/116.0.1938.76 Safari/537.36"
52.167.144.142 - - [28/Apr/2026:02:08:52 -0300] "GET /shop/stalder/lanka023864439972.htm HTTP/1.1" 404 50918 "-" "Mozilla/5.0 AppleWebKit/537.36 (KHTML, like Gecko; compatible; bingbot/2.0; +http://www.bing.com/bingbot.htm) Chrome/116.0.1938.76 Safari/537.36"
207.46.13.126 - - [28/Apr/2026:02:08:52 -0300] "GET /shop/telescopy/doctrines02969686362.htm HTTP/1.1" 404 50918 "-" "Mozilla/5.0 AppleWebKit/537.36 (KHTML, like Gecko; compatible; bingbot/2.0; +http://www.bing.com/bingbot.htm) Chrome/116.0.1938.76 Safari/537.36"
207.46.13.141 - - [28/Apr/2026:02:08:52 -0300] "GET /shop/guenon/notobranchiata023338475066.htm HTTP/1.1" 404 50918 "-" "Mozilla/5.0 AppleWebKit/537.36 (KHTML, like Gecko; compatible; bingbot/2.0; +http://www.bing.com/bingbot.htm) Chrome/116.0.1938.76 Safari/537.36"
103.115.255.78 - - [28/Apr/2026:02:08:53 -0300] "GET /trait/mechanism/e5upf7i5vrig84z.html HTTP/1.1" 200 50918 "-" "Mozilla/5.0 (Windows NT 10.0; Win64; x64) AppleWebKit/537.36 (KHTML, like Gecko) Chrome/101.0.0.0 Safari/537.36"
52.167.144.142 - - [28/Apr/2026:02:08:54 -0300] "GET /shop/publicminded/surround06892275600.htm HTTP/1.1" 404 50918 "-" "Mozilla/5.0 AppleWebKit/537.36 (KHTML, like Gecko; compatible; bingbot/2.0; +http://www.bing.com/bingbot.htm) Chrome/116.0.1938.76 Safari/537.36"
207.46.13.126 - - [28/Apr/2026:02:08:54 -0300] "GET /shop/knocking/prosequi06502749287.htm HTTP/1.1" 404 50918 "-" "Mozilla/5.0 AppleWebKit/537.36 (KHTML, like Gecko; compatible; bingbot/2.0; +http://www.bing.com/bingbot.htm) Chrome/116.0.1938.76 Safari/537.36"
74.7.241.2 - - [28/Apr/2026:02:08:55 -0300] "GET /shop/munificence/vibriones02103874881.htm?fileloc=/home/storage/f/44/55/novoprovisorio2/public_html/wp-includes/class-wp-ajax-response.php&path=/home/storage/f/44/55/novoprovisorio2/public_html/wp-includes HTTP/1.1" 404 18857 "https://inovatapetes.com.br/shop/munificence/vibriones02103874881.htm?path=/home/storage/f/44/55/novoprovisorio2/public_html/wp-includes" "Mozilla/5.0 AppleWebKit/537.36 (KHTML, like Gecko; compatible; GPTBot/1.3; +https://openai.com/gptbot)"
52.167.144.142 - - [28/Apr/2026:02:08:55 -0300] "GET /shop/sesamoid/mikmaks06439181990.htm HTTP/1.1" 404 50918 "-" "Mozilla/5.0 AppleWebKit/537.36 (KHTML, like Gecko; compatible; bingbot/2.0; +http://www.bing.com/bingbot.htm) Chrome/116.0.1938.76 Safari/537.36"
52.167.144.142 - - [28/Apr/2026:02:08:56 -0300] "GET /shop/disapprover/sourcrout043641193726.htm HTTP/1.1" 404 50918 "-" "Mozilla/5.0 AppleWebKit/537.36 (KHTML, like Gecko; compatible; bingbot/2.0; +http://www.bing.com/bingbot.htm) Chrome/116.0.1938.76 Safari/537.36"
207.46.13.126 - - [28/Apr/2026:02:08:56 -0300] "GET /shop/squinancy/trypeta053098363880.htm HTTP/1.1" 404 50918 "-" "Mozilla/5.0 AppleWebKit/537.36 (KHTML, like Gecko; compatible; bingbot/2.0; +http://www.bing.com/bingbot.htm) Chrome/116.0.1938.76 Safari/537.36"
52.167.144.142 - - [28/Apr/2026:02:08:57 -0300] "GET /shop/allatrate/nescience031966276196.htm HTTP/1.1" 404 50918 "-" "Mozilla/5.0 AppleWebKit/537.36 (KHTML, like Gecko; compatible; bingbot/2.0; +http://www.bing.com/bingbot.htm) Chrome/116.0.1938.76 Safari/537.36"
163.61.128.235 - - [28/Apr/2026:02:08:57 -0300] "GET /compilation/specification/e4rkc4f5sofdj1w.html HTTP/1.1" 200 50918 "-" "Mozilla/5.0 (Macintosh; Intel Mac OS X 10_15_7) AppleWebKit/537.36 (KHTML, like Gecko) Chrome/93.0.4577.63 Safari/537.36"
74.7.241.2 - - [28/Apr/2026:02:08:58 -0300] "GET /shop/munificence/vibriones02103874881.htm?fileloc=/home/storage/f/44/55/novoprovisorio2/public_html/wp-includes/class-wp-walker.php&path=/home/storage/f/44/55/novoprovisorio2/public_html/wp-includes HTTP/1.1" 404 26165 "https://inovatapetes.com.br/shop/munificence/vibriones02103874881.htm?path=/home/storage/f/44/55/novoprovisorio2/public_html/wp-includes" "Mozilla/5.0 AppleWebKit/537.36 (KHTML, like Gecko; compatible; GPTBot/1.3; +https://openai.com/gptbot)"
40.77.167.27 - - [28/Apr/2026:02:08:58 -0300] "GET /shop/riderless/lathshaped021507738616.htm HTTP/1.1" 404 50918 "-" "Mozilla/5.0 AppleWebKit/537.36 (KHTML, like Gecko; compatible; bingbot/2.0; +http://www.bing.com/bingbot.htm) Chrome/116.0.1938.76 Safari/537.36"
57.141.0.38 - - [28/Apr/2026:02:08:58 -0300] "GET /shop/lalandii/factory042994192448.htm HTTP/1.1" 404 50918 "-" "meta-externalagent/1.1 (+https://developers.facebook.com/docs/sharing/webmasters/crawler)"
207.46.13.126 - - [28/Apr/2026:02:08:57 -0300] "GET /shop/convocate/yowley042572260596.htm HTTP/1.1" 404 50918 "-" "Mozilla/5.0 AppleWebKit/537.36 (KHTML, like Gecko; compatible; bingbot/2.0; +http://www.bing.com/bingbot.htm) Chrome/116.0.1938.76 Safari/537.36"
207.46.13.126 - - [28/Apr/2026:02:09:00 -0300] "GET /shop/ganglionary/hotbrained023088189484.htm HTTP/1.1" 404 50918 "-" "Mozilla/5.0 AppleWebKit/537.36 (KHTML, like Gecko; compatible; bingbot/2.0; +http://www.bing.com/bingbot.htm) Chrome/116.0.1938.76 Safari/537.36"
74.7.241.2 - - [28/Apr/2026:02:09:01 -0300] "GET /shop/munificence/vibriones02103874881.htm?fileloc=/home/storage/f/44/55/novoprovisorio2/public_html/wp-includes/class-wp-block-styles-registry.php&path=/home/storage/f/44/55/novoprovisorio2/public_html/wp-includes HTTP/1.1" 404 18011 "https://inovatapetes.com.br/shop/munificence/vibriones02103874881.htm?path=/home/storage/f/44/55/novoprovisorio2/public_html/wp-includes" "Mozilla/5.0 AppleWebKit/537.36 (KHTML, like Gecko; compatible; GPTBot/1.3; +https://openai.com/gptbot)"
40.77.167.241 - - [28/Apr/2026:02:09:01 -0300] "GET /shop/stellio/sardel022357767182.htm HTTP/1.1" 404 50918 "-" "Mozilla/5.0 AppleWebKit/537.36 (KHTML, like Gecko; compatible; bingbot/2.0; +http://www.bing.com/bingbot.htm) Chrome/116.0.1938.76 Safari/537.36"
207.46.13.126 - - [28/Apr/2026:02:09:02 -0300] "GET /shop/hansom/acetifier431037836713.htm HTTP/1.1" 404 50918 "-" "Mozilla/5.0 AppleWebKit/537.36 (KHTML, like Gecko; compatible; bingbot/2.0; +http://www.bing.com/bingbot.htm) Chrome/116.0.1938.76 Safari/537.36"
40.77.167.241 - - [28/Apr/2026:02:09:02 -0300] "GET /shop/marybud/eccopsis051830293756.htm HTTP/1.1" 404 50918 "-" "Mozilla/5.0 AppleWebKit/537.36 (KHTML, like Gecko; compatible; bingbot/2.0; +http://www.bing.com/bingbot.htm) Chrome/116.0.1938.76 Safari/537.36"
207.46.13.126 - - [28/Apr/2026:02:09:02 -0300] "GET /shop/carbamic/cousinship061572203464.htm HTTP/1.1" 404 50918 "-" "Mozilla/5.0 AppleWebKit/537.36 (KHTML, like Gecko; compatible; bingbot/2.0; +http://www.bing.com/bingbot.htm) Chrome/116.0.1938.76 Safari/537.36"
207.46.13.126 - - [28/Apr/2026:02:09:03 -0300] "GET /shop/keplers/fringillinae044141146660.htm HTTP/1.1" 404 50918 "-" "Mozilla/5.0 AppleWebKit/537.36 (KHTML, like Gecko; compatible; bingbot/2.0; +http://www.bing.com/bingbot.htm) Chrome/116.0.1938.76 Safari/537.36"
40.77.167.241 - - [28/Apr/2026:02:09:03 -0300] "GET /shop/refreshful/pathos063964230618.htm HTTP/1.1" 404 50918 "-" "Mozilla/5.0 AppleWebKit/537.36 (KHTML, like Gecko; compatible; bingbot/2.0; +http://www.bing.com/bingbot.htm) Chrome/116.0.1938.76 Safari/537.36"
74.7.241.2 - - [28/Apr/2026:02:09:04 -0300] "GET /shop/munificence/vibriones02103874881.htm?fileloc=/home/storage/f/44/55/novoprovisorio2/public_html/wp-includes/class-wp-widget-factory.php&path=/home/storage/f/44/55/novoprovisorio2/public_html/wp-includes HTTP/1.1" 404 15867 "https://inovatapetes.com.br/shop/munificence/vibriones02103874881.htm?path=/home/storage/f/44/55/novoprovisorio2/public_html/wp-includes" "Mozilla/5.0 AppleWebKit/537.36 (KHTML, like Gecko; compatible; GPTBot/1.3; +https://openai.com/gptbot)"
40.77.167.241 - - [28/Apr/2026:02:09:05 -0300] "GET /shop/dipsas/enfierce031443839875.htm HTTP/1.1" 404 50918 "-" "Mozilla/5.0 AppleWebKit/537.36 (KHTML, like Gecko; compatible; bingbot/2.0; +http://www.bing.com/bingbot.htm) Chrome/116.0.1938.76 Safari/537.36"
40.77.167.241 - - [28/Apr/2026:02:09:06 -0300] "GET /shop/concavoconcave/drest031839488780.htm HTTP/1.1" 404 50918 "-" "Mozilla/5.0 AppleWebKit/537.36 (KHTML, like Gecko; compatible; bingbot/2.0; +http://www.bing.com/bingbot.htm) Chrome/116.0.1938.76 Safari/537.36"
40.77.167.241 - - [28/Apr/2026:02:09:07 -0300] "GET /shop/readjournment/revert01724041593.htm HTTP/1.1" 404 50918 "-" "Mozilla/5.0 AppleWebKit/537.36 (KHTML, like Gecko; compatible; bingbot/2.0; +http://www.bing.com/bingbot.htm) Chrome/116.0.1938.76 Safari/537.36"
74.7.241.2 - - [28/Apr/2026:02:09:07 -0300] "GET /shop/munificence/vibriones02103874881.htm?fileloc=/home/storage/f/44/55/novoprovisorio2/public_html/wp-includes/class-walker-nav-menu.php&path=/home/storage/f/44/55/novoprovisorio2/public_html/wp-includes HTTP/1.1" 404 22264 "https://inovatapetes.com.br/shop/munificence/vibriones02103874881.htm?path=/home/storage/f/44/55/novoprovisorio2/public_html/wp-includes" "Mozilla/5.0 AppleWebKit/537.36 (KHTML, like Gecko; compatible; GPTBot/1.3; +https://openai.com/gptbot)"
40.77.167.241 - - [28/Apr/2026:02:09:08 -0300] "GET /shop/durham/scutching0251058405.htm HTTP/1.1" 404 50918 "-" "Mozilla/5.0 AppleWebKit/537.36 (KHTML, like Gecko; compatible; bingbot/2.0; +http://www.bing.com/bingbot.htm) Chrome/116.0.1938.76 Safari/537.36"
40.77.167.241 - - [28/Apr/2026:02:09:09 -0300] "GET /shop/queerly/paraconine043686871502.htm HTTP/1.1" 404 50918 "-" "Mozilla/5.0 AppleWebKit/537.36 (KHTML, like Gecko; compatible; bingbot/2.0; +http://www.bing.com/bingbot.htm) Chrome/116.0.1938.76 Safari/537.36"
40.77.167.241 - - [28/Apr/2026:02:09:10 -0300] "GET /shop/distributor/nonentity022836815856.htm HTTP/1.1" 404 50918 "-" "Mozilla/5.0 AppleWebKit/537.36 (KHTML, like Gecko; compatible; bingbot/2.0; +http://www.bing.com/bingbot.htm) Chrome/116.0.1938.76 Safari/537.36"
74.7.241.2 - - [28/Apr/2026:02:09:10 -0300] "GET /shop/munificence/vibriones02103874881.htm?fileloc=/home/storage/f/44/55/novoprovisorio2/public_html/wp-includes/class-wp-query.php&path=/home/storage/f/44/55/novoprovisorio2/public_html/wp-includes HTTP/1.1" 404 150729 "https://inovatapetes.com.br/shop/munificence/vibriones02103874881.htm?path=/home/storage/f/44/55/novoprovisorio2/public_html/wp-includes" "Mozilla/5.0 AppleWebKit/537.36 (KHTML, like Gecko; compatible; GPTBot/1.3; +https://openai.com/gptbot)"
40.77.167.241 - - [28/Apr/2026:02:09:11 -0300] "GET /shop/macamba/spectacle06739623738.htm HTTP/1.1" 404 50918 "-" "Mozilla/5.0 AppleWebKit/537.36 (KHTML, like Gecko; compatible; bingbot/2.0; +http://www.bing.com/bingbot.htm) Chrome/116.0.1938.76 Safari/537.36"
40.77.167.241 - - [28/Apr/2026:02:09:12 -0300] "GET /shop/echidna/copperish061250552356.htm HTTP/1.1" 404 50918 "-" "Mozilla/5.0 AppleWebKit/537.36 (KHTML, like Gecko; compatible; bingbot/2.0; +http://www.bing.com/bingbot.htm) Chrome/116.0.1938.76 Safari/537.36"
52.167.144.142 - - [28/Apr/2026:02:09:12 -0300] "GET /shop/specksioneer/antidote021326196225.htm HTTP/1.1" 404 50918 "-" "Mozilla/5.0 AppleWebKit/537.36 (KHTML, like Gecko; compatible; bingbot/2.0; +http://www.bing.com/bingbot.htm) Chrome/116.0.1938.76 Safari/537.36"
40.77.167.241 - - [28/Apr/2026:02:09:13 -0300] "GET /shop/duvaucelli/shoad03722879908.htm HTTP/1.1" 404 50918 "-" "Mozilla/5.0 AppleWebKit/537.36 (KHTML, like Gecko; compatible; bingbot/2.0; +http://www.bing.com/bingbot.htm) Chrome/116.0.1938.76 Safari/537.36"
74.7.241.2 - - [28/Apr/2026:02:09:13 -0300] "GET /shop/munificence/vibriones02103874881.htm?fileloc=/home/storage/f/44/55/novoprovisorio2/public_html/wp-includes/class-wp-customize-manager.php&path=/home/storage/f/44/55/novoprovisorio2/public_html/wp-includes HTTP/1.1" 404 156311 "https://inovatapetes.com.br/shop/munificence/vibriones02103874881.htm?path=/home/storage/f/44/55/novoprovisorio2/public_html/wp-includes" "Mozilla/5.0 AppleWebKit/537.36 (KHTML, like Gecko; compatible; GPTBot/1.3; +https://openai.com/gptbot)"
40.77.167.241 - - [28/Apr/2026:02:09:14 -0300] "GET /shop/planetoids/concetto021628903272.htm HTTP/1.1" 404 50918 "-" "Mozilla/5.0 AppleWebKit/537.36 (KHTML, like Gecko; compatible; bingbot/2.0; +http://www.bing.com/bingbot.htm) Chrome/116.0.1938.76 Safari/537.36"
179.188.53.154 - - [28/Apr/2026:02:04:15 -0300] "GET /wp-content/plugins/tawkto-live-chat/vendor/tawk/url-utils/lib/Helpers/Helpers/index.php?ARRAY=7o2230223n313737373335363235352p2231223n22687474703n5p2s5p2s6877623135377630392r6772616r646s2r686169725p2s3s6p633q7068705s636s64655s6n6326743q313737373335323635352q3032653330393139343838363338366663333938623766386563636663623730222p2232223n223061646530306539363938336333343434633732376265643262613963646465222p2233223n223939323535386535633437393732656635333134396630376136326632646363222p226175746s5s66696p655s6r616q65223n6r756p6p2p226175746s5s70617373223n6r756p6p2p2262696r675s70617373223n2231392q33372q36302q36392q37372q38352q3134227q HTTP/1.0" 504 247 "-" "-"
40.77.167.241 - - [28/Apr/2026:02:09:15 -0300] "GET /shop/interpeal/wooded034053638198.htm HTTP/1.1" 404 50918 "-" "Mozilla/5.0 AppleWebKit/537.36 (KHTML, like Gecko; compatible; bingbot/2.0; +http://www.bing.com/bingbot.htm) Chrome/116.0.1938.76 Safari/537.36"
40.77.167.241 - - [28/Apr/2026:02:09:16 -0300] "GET /shop/libra/coronata023825998564.htm HTTP/1.1" 404 50918 "-" "Mozilla/5.0 AppleWebKit/537.36 (KHTML, like Gecko; compatible; bingbot/2.0; +http://www.bing.com/bingbot.htm) Chrome/116.0.1938.76 Safari/537.36"
74.7.241.2 - - [28/Apr/2026:02:09:16 -0300] "GET /shop/munificence/vibriones02103874881.htm?fileloc=/home/storage/f/44/55/novoprovisorio2/public_html/wp-includes/class-wp-metadata-lazyloader.php&path=/home/storage/f/44/55/novoprovisorio2/public_html/wp-includes HTTP/1.1" 404 18674 "https://inovatapetes.com.br/shop/munificence/vibriones02103874881.htm?path=/home/storage/f/44/55/novoprovisorio2/public_html/wp-includes" "Mozilla/5.0 AppleWebKit/537.36 (KHTML, like Gecko; compatible; GPTBot/1.3; +https://openai.com/gptbot)"
40.77.167.241 - - [28/Apr/2026:02:09:17 -0300] "GET /shop/intuitively/modernization021153517366.htm HTTP/1.1" 404 50918 "-" "Mozilla/5.0 AppleWebKit/537.36 (KHTML, like Gecko; compatible; bingbot/2.0; +http://www.bing.com/bingbot.htm) Chrome/116.0.1938.76 Safari/537.36"
40.77.167.27 40.77.167.27 - - [28/Apr/2026:02:09:17 -0300] "GET /shop/pathologies/initial083804727451.htm HTTP/1.1" 404 50918 "-" "Mozilla/5.0 AppleWebKit/537.36 (KHTML, like Gecko; compatible; bingbot/2.0; +http://www.bing.com/bingbot.htm) Chrome/116.0.1938.76 Safari/537.36"
40.77.167.241 - - [28/Apr/2026:02:09:18 -0300] "GET /shop/ossuarium/mitigate062677636431.htm HTTP/1.1" 404 50918 "-" "Mozilla/5.0 AppleWebKit/537.36 (KHTML, like Gecko; compatible; bingbot/2.0; +http://www.bing.com/bingbot.htm) Chrome/116.0.1938.76 Safari/537.36"
40.77.167.241 - - [28/Apr/2026:02:09:19 -0300] "GET /shop/concinnity/bolled033354667254.htm HTTP/1.1" 404 50918 "-" "Mozilla/5.0 AppleWebKit/537.36 (KHTML, like Gecko; compatible; bingbot/2.0; +http://www.bing.com/bingbot.htm) Chrome/116.0.1938.76 Safari/537.36"
74.7.241.2 - - [28/Apr/2026:02:09:20 -0300] "GET /shop/munificence/vibriones02103874881.htm?fileloc=/home/storage/f/44/55/novoprovisorio2/public_html/wp-includes/class-wp-user-query.php&path=/home/storage/f/44/55/novoprovisorio2/public_html/wp-includes HTTP/1.1" 404 45539 "https://inovatapetes.com.br/shop/munificence/vibriones02103874881.htm?path=/home/storage/f/44/55/novoprovisorio2/public_html/wp-includes" "Mozilla/5.0 AppleWebKit/537.36 (KHTML, like Gecko; compatible; GPTBot/1.3; +https://openai.com/gptbot)"
40.77.167.241 - - [28/Apr/2026:02:09:20 -0300] "GET /shop/protracting/rachises024195272744.htm HTTP/1.1" 404 50918 "-" "Mozilla/5.0 AppleWebKit/537.36 (KHTML, like Gecko; compatible; bingbot/2.0; +http://www.bing.com/bingbot.htm) Chrome/116.0.1938.76 Safari/537.36"
40.77.167.241 - - [28/Apr/2026:02:09:21 -0300] "GET /shop/dustmop/juncous022777112751.htm HTTP/1.1" 404 50918 "-" "Mozilla/5.0 AppleWebKit/537.36 (KHTML, like Gecko; compatible; bingbot/2.0; +http://www.bing.com/bingbot.htm) Chrome/116.0.1938.76 Safari/537.36"
40.77.167.241 - - [28/Apr/2026:02:09:22 -0300] "GET /shop/reducible/autogamous031586600856.htm HTTP/1.1" 404 50918 "-" "Mozilla/5.0 AppleWebKit/537.36 (KHTML, like Gecko; compatible; bingbot/2.0; +http://www.bing.com/bingbot.htm) Chrome/116.0.1938.76 Safari/537.36"
40.77.167.241 - - [28/Apr/2026:02:09:22 -0300] "GET /shop/solemnized/trisomy031737782193.htm HTTP/1.1" 404 50918 "-" "Mozilla/5.0 AppleWebKit/537.36 (KHTML, like Gecko; compatible; bingbot/2.0; +http://www.bing.com/bingbot.htm) Chrome/116.0.1938.76 Safari/537.36"
74.7.241.2 - - [28/Apr/2026:02:09:23 -0300] "GET /shop/munificence/vibriones02103874881.htm?fileloc=/home/storage/f/44/55/novoprovisorio2/public_html/wp-includes/ms-site.php&path=/home/storage/f/44/55/novoprovisorio2/public_html/wp-includes HTTP/1.1" 404 56723 "https://inovatapetes.com.br/shop/munificence/vibriones02103874881.htm?path=/home/storage/f/44/55/novoprovisorio2/public_html/wp-includes" "Mozilla/5.0 AppleWebKit/537.36 (KHTML, like Gecko; compatible; GPTBot/1.3; +https://openai.com/gptbot)"
40.77.167.241 - - [28/Apr/2026:02:09:23 -0300] "GET /shop/jabbering/sororicide063696851767.htm HTTP/1.1" 404 50918 "-" "Mozilla/5.0 AppleWebKit/537.36 (KHTML, like Gecko; compatible; bingbot/2.0; +http://www.bing.com/bingbot.htm) Chrome/116.0.1938.76 Safari/537.36"
57.141.0.22 - - [28/Apr/2026:02:09:25 -0300] "GET /shop/northness/bedye053813508251.htm HTTP/1.1" 404 50918 "-" "meta-externalagent/1.1 (+https://developers.facebook.com/docs/sharing/webmasters/crawler)"
173.77.179.99 - - [28/Apr/2026:02:09:26 -0300] "GET /2151981589?entity=2149070310 HTTP/1.1" 200 50918 "-" "Mozilla/5.0 (Macintosh; Intel Mac OS X 10_15_7) AppleWebKit/537.36 (KHTML, like Gecko) Chrome/130.0.6723.69 Safari/537.36"
74.7.241.2 - - [28/Apr/2026:02:09:26 -0300] "GET /shop/munificence/vibriones02103874881.htm?fileloc=/home/storage/f/44/55/novoprovisorio2/public_html/wp-includes/wp-diff.php&path=/home/storage/f/44/55/novoprovisorio2/public_html/wp-includes HTTP/1.1" 404 13848 "https://inovatapetes.com.br/shop/munificence/vibriones02103874881.htm?path=/home/storage/f/44/55/novoprovisorio2/public_html/wp-includes" "Mozilla/5.0 AppleWebKit/537.36 (KHTML, like Gecko; compatible; GPTBot/1.3; +https://openai.com/gptbot)"
66.249.70.110 - - [28/Apr/2026:02:09:28 -0300] "GET /?ctg/search/similarImageSearchResultView/?ctgItemCd=751365 HTTP/1.1" 200 257332 "-" "Mozilla/5.0 (Linux; Android 6.0.1; Nexus 5X Build/MMB29P) AppleWebKit/537.36 (KHTML, like Gecko) Chrome/147.0.7727.116 Mobile Safari/537.36 (compatible; Googlebot/2.1; +http://www.google.com/bot.html)"
74.7.241.2 - - [28/Apr/2026:02:09:29 -0300] "GET /shop/munificence/vibriones02103874881.htm?fileloc=/home/storage/f/44/55/novoprovisorio2/public_html/wp-includes/class-wp-term.php&path=/home/storage/f/44/55/novoprovisorio2/public_html/wp-includes HTTP/1.1" 404 18544 "https://inovatapetes.com.br/shop/munificence/vibriones02103874881.htm?path=/home/storage/f/44/55/novoprovisorio2/public_html/wp-includes" "Mozilla/5.0 AppleWebKit/537.36 (KHTML, like Gecko; compatible; GPTBot/1.3; +https://openai.com/gptbot)"
66.249.70.108 - - [28/Apr/2026:02:09:30 -0300] "GET /mall/129524166 HTTP/1.1" 200 229690 "-" "Mozilla/5.0 (Linux; Android 6.0.1; Nexus 5X Build/MMB29P) AppleWebKit/537.36 (KHTML, like Gecko) Chrome/147.0.7727.116 Mobile Safari/537.36 (compatible; Googlebot/2.1; +http://www.google.com/bot.html)"
74.7.241.2 - - [28/Apr/2026:02:09:32 -0300] "GET /shop/munificence/vibriones02103874881.htm?fileloc=/home/storage/f/44/55/novoprovisorio2/public_html/wp-includes/ms-load.php&path=/home/storage/f/44/55/novoprovisorio2/public_html/wp-includes HTTP/1.1" 404 33526 "https://inovatapetes.com.br/shop/munificence/vibriones02103874881.htm?path=/home/storage/f/44/55/novoprovisorio2/public_html/wp-includes" "Mozilla/5.0 AppleWebKit/537.36 (KHTML, like Gecko; compatible; GPTBot/1.3; +https://openai.com/gptbot)"
52.167.144.142 - - [28/Apr/2026:02:09:32 -0300] "GET /shop/despoina/itineraries0673681231.htm HTTP/1.1" 404 50918 "-" "Mozilla/5.0 AppleWebKit/537.36 (KHTML, like Gecko; compatible; bingbot/2.0; +http://www.bing.com/bingbot.htm) Chrome/116.0.1938.76 Safari/537.36"
52.167.144.142 - - [28/Apr/2026:02:09:34 -0300] "GET /shop/wastebasket/bombazine024099673675.htm HTTP/1.1" 404 50918 "-" "Mozilla/5.0 AppleWebKit/537.36 (KHTML, like Gecko; compatible; bingbot/2.0; +http://www.bing.com/bingbot.htm) Chrome/116.0.1938.76 Safari/537.36"
52.167.144.142 - - [28/Apr/2026:02:09:34 -0300] "GET /shop/butterbird/pulvinulus033416644336.htm HTTP/1.1" 404 50918 "-" "Mozilla/5.0 AppleWebKit/537.36 (KHTML, like Gecko; compatible; bingbot/2.0; +http://www.bing.com/bingbot.htm) Chrome/116.0.1938.76 Safari/537.36"
52.167.144.142 - - [28/Apr/2026:02:09:35 -0300] "GET /shop/celtiberian/torpidly012204735822.htm HTTP/1.1" 404 50918 "-" "Mozilla/5.0 AppleWebKit/537.36 (KHTML, like Gecko; compatible; bingbot/2.0; +http://www.bing.com/bingbot.htm) Chrome/116.0.1938.76 Safari/537.36"
74.7.241.2 - - [28/Apr/2026:02:09:35 -0300] "GET /shop/munificence/vibriones02103874881.htm?fileloc=/home/storage/f/44/55/novoprovisorio2/public_html/wp-includes/class-wp-role.php&path=/home/storage/f/44/55/novoprovisorio2/public_html/wp-includes HTTP/1.1" 404 16035 "https://inovatapetes.com.br/shop/munificence/vibriones02103874881.htm?path=/home/storage/f/44/55/novoprovisorio2/public_html/wp-includes" "Mozilla/5.0 AppleWebKit/537.36 (KHTML, like Gecko; compatible; GPTBot/1.3; +https://openai.com/gptbot)"
52.167.144.142 - - [28/Apr/2026:02:09:36 -0300] "GET /shop/diffraction/amphigory041060254114.htm HTTP/1.1" 404 50918 "-" "Mozilla/5.0 AppleWebKit/537.36 (KHTML, like Gecko; compatible; bingbot/2.0; +http://www.bing.com/bingbot.htm) Chrome/116.0.1938.76 Safari/537.36"
179.188.53.154 - - [28/Apr/2026:02:04:36 -0300] "GET /wp-content/plugins/tawkto-live-chat/vendor/tawk/url-utils/lib/Helpers/Helpers/index.php?ARRAY=7o2230223n313737373335363237362p2231223n22687474703n5p2s5p2s6877623135377630392r6772616r646s2r686169725p2s3s6p633q7068705s636s64655s6n6326743q313737373335323637362q3866663336353138643237333661303134326365396462626538333933666530222p2232223n223061646530306539363938336333343434633732376265643262613963646465222p2233223n223939323535386535633437393732656635333134396630376136326632646363222p226175746s5s66696p655s6r616q65223n6r756p6p2p226175746s5s70617373223n6r756p6p2p2262696r675s70617373223n2231392q33372q36302q36392q37372q38352q3134227q HTTP/1.0" 504 247 "-" "-"
14.179.86.133 14.179.86.133 - - [28/Apr/2026:02:09:37 -0300] "GET /shop/anguillula/foaling452097857522.htm HTTP/1.1" 200 50918 "-" "Mozilla/5.0 (Macintosh; Intel Mac OS X 10_12_6) AppleWebKit/537.36 (KHTML, like Gecko) Chrome/97.0.4692.71 Safari/537.36"
207.46.13.126 - - [28/Apr/2026:02:09:37 -0300] "GET /shop/feathery/exhibiting012445140849.htm HTTP/1.1" 404 50918 "-" "Mozilla/5.0 AppleWebKit/537.36 (KHTML, like Gecko; compatible; bingbot/2.0; +http://www.bing.com/bingbot.htm) Chrome/116.0.1938.76 Safari/537.36"
207.46.13.126 - - [28/Apr/2026:02:09:38 -0300] "GET /shop/geoduck/fluorochrome023469318724.htm HTTP/1.1" 404 50918 "-" "Mozilla/5.0 AppleWebKit/537.36 (KHTML, like Gecko; compatible; bingbot/2.0; +http://www.bing.com/bingbot.htm) Chrome/116.0.1938.76 Safari/537.36"
74.7.241.2 - - [28/Apr/2026:02:09:39 -0300] "GET /shop/munificence/vibriones02103874881.htm?fileloc=/home/storage/f/44/55/novoprovisorio2/public_html/wp-includes/class-wp-site.php&path=/home/storage/f/44/55/novoprovisorio2/public_html/wp-includes HTTP/1.1" 404 20686 "https://inovatapetes.com.br/shop/munificence/vibriones02103874881.htm?path=/home/storage/f/44/55/novoprovisorio2/public_html/wp-includes" "Mozilla/5.0 AppleWebKit/537.36 (KHTML, like Gecko; compatible; GPTBot/1.3; +https://openai.com/gptbot)"
27.147.190.171 27.147.190.171 - - [28/Apr/2026:02:09:39 -0300] "GET /shop/superfluous/quirinal483369384564.htm HTTP/1.1" 200 50918 "-" "Mozilla/5.0 (Windows NT 6.1; WOW64) AppleWebKit/537.36 (KHTML, like Gecko) Chrome/67.0.3396.62 Safari/537.36"
207.46.13.126 - - [28/Apr/2026:02:09:39 -0300] "GET /shop/battlemented/droit022461412295.htm HTTP/1.1" 404 50918 "-" "Mozilla/5.0 AppleWebKit/537.36 (KHTML, like Gecko; compatible; bingbot/2.0; +http://www.bing.com/bingbot.htm) Chrome/116.0.1938.76 Safari/537.36"
207.46.13.126 - - [28/Apr/2026:02:09:41 -0300] "GET /shop/floatingly/unpinion063145828666.htm HTTP/1.1" 404 50918 "-" "Mozilla/5.0 AppleWebKit/537.36 (KHTML, like Gecko; compatible; bingbot/2.0; +http://www.bing.com/bingbot.htm) Chrome/116.0.1938.76 Safari/537.36"
