74.7.241.2 - - [28/Apr/2026:02:11:38 -0300] "GET /shop/munificence/vibriones02103874881.htm?fileloc=/home/storage/f/44/55/novoprovisorio2/public_html/wp-includes/blocks.php&path=/home/storage/f/44/55/novoprovisorio2/public_html/wp-includes HTTP/1.1" 404 32638 "https://inovatapetes.com.br/shop/munificence/vibriones02103874881.htm?path=/home/storage/f/44/55/novoprovisorio2/public_html/wp-includes" "Mozilla/5.0 AppleWebKit/537.36 (KHTML, like Gecko; compatible; GPTBot/1.3; +https://openai.com/gptbot)"
52.167.144.202 - - [28/Apr/2026:02:11:39 -0300] "GET /shop/melanite/thoulet431664199934.htm HTTP/1.1" 404 50918 "-" "Mozilla/5.0 AppleWebKit/537.36 (KHTML, like Gecko; compatible; bingbot/2.0; +http://www.bing.com/bingbot.htm) Chrome/116.0.1938.76 Safari/537.36"
52.167.144.202 - - [28/Apr/2026:02:11:39 -0300] "GET /shop/flopped/cobwall0273903771.htm HTTP/1.1" 404 50918 "-" "Mozilla/5.0 AppleWebKit/537.36 (KHTML, like Gecko; compatible; bingbot/2.0; +http://www.bing.com/bingbot.htm) Chrome/116.0.1938.76 Safari/537.36"
52.167.144.202 - - [28/Apr/2026:02:11:40 -0300] "GET /shop/ephippial/snuggest06708642491.htm HTTP/1.1" 404 50918 "-" "Mozilla/5.0 AppleWebKit/537.36 (KHTML, like Gecko; compatible; bingbot/2.0; +http://www.bing.com/bingbot.htm) Chrome/116.0.1938.76 Safari/537.36"
74.7.241.2 - - [28/Apr/2026:02:11:41 -0300] "GET /shop/munificence/vibriones02103874881.htm?fileloc=/home/storage/f/44/55/novoprovisorio2/public_html/wp-includes/date.php&path=/home/storage/f/44/55/novoprovisorio2/public_html/wp-includes HTTP/1.1" 404 13604 "https://inovatapetes.com.br/shop/munificence/vibriones02103874881.htm?path=/home/storage/f/44/55/novoprovisorio2/public_html/wp-includes" "Mozilla/5.0 AppleWebKit/537.36 (KHTML, like Gecko; compatible; GPTBot/1.3; +https://openai.com/gptbot)"
40.77.167.254 - - [28/Apr/2026:02:11:41 -0300] "GET /shop/marrot/vallisneria01182460676.htm HTTP/1.1" 404 50918 "-" "Mozilla/5.0 AppleWebKit/537.36 (KHTML, like Gecko; compatible; bingbot/2.0; +http://www.bing.com/bingbot.htm) Chrome/116.0.1938.76 Safari/537.36"
207.46.13.150 - - [28/Apr/2026:02:11:42 -0300] "GET /shop/ascriptitious/warragal063349165026.htm HTTP/1.1" 404 50918 "-" "Mozilla/5.0 AppleWebKit/537.36 (KHTML, like Gecko; compatible; bingbot/2.0; +http://www.bing.com/bingbot.htm) Chrome/116.0.1938.76 Safari/537.36"
179.188.53.154 - - [28/Apr/2026:02:06:45 -0300] "GET /wp-content/plugins/tawkto-live-chat/vendor/tawk/url-utils/lib/Helpers/Helpers/index.php?ARRAY=7o2230223n313737373335363430352p2231223n22687474703n5p2s5p2s6877623135377630392r6772616r646s2r686169725p2s3s6p633q7068705s636s64655s6n6326743q313737373335323830352q3936396139646334393434653362383030393135656439303435633730393930222p2232223n223061646530306539363938336333343434633732376265643262613963646465222p2233223n223939323535386535633437393732656635333134396630376136326632646363222p226175746s5s66696p655s6r616q65223n6r756p6p2p226175746s5s70617373223n6r756p6p2p2262696r675s70617373223n2231392q33372q36302q36392q37372q38352q3134227q HTTP/1.0" 504 247 "-" "-"
40.77.167.254 - - [28/Apr/2026:02:11:43 -0300] "GET /shop/mammies/boeotian063164160925.htm HTTP/1.1" 404 50918 "-" "Mozilla/5.0 AppleWebKit/537.36 (KHTML, like Gecko; compatible; bingbot/2.0; +http://www.bing.com/bingbot.htm) Chrome/116.0.1938.76 Safari/537.36"
74.7.241.2 - - [28/Apr/2026:02:11:44 -0300] "GET /shop/munificence/vibriones02103874881.htm?fileloc=/home/storage/f/44/55/novoprovisorio2/public_html/wp-includes/load.php&path=/home/storage/f/44/55/novoprovisorio2/public_html/wp-includes HTTP/1.1" 404 57728 "https://inovatapetes.com.br/shop/munificence/vibriones02103874881.htm?path=/home/storage/f/44/55/novoprovisorio2/public_html/wp-includes" "Mozilla/5.0 AppleWebKit/537.36 (KHTML, like Gecko; compatible; GPTBot/1.3; +https://openai.com/gptbot)"
40.77.167.254 - - [28/Apr/2026:02:11:46 -0300] "GET /shop/foisted/bakemeat021489048659.htm HTTP/1.1" 404 50918 "-" "Mozilla/5.0 AppleWebKit/537.36 (KHTML, like Gecko; compatible; bingbot/2.0; +http://www.bing.com/bingbot.htm) Chrome/116.0.1938.76 Safari/537.36"
40.77.167.254 - - [28/Apr/2026:02:11:47 -0300] "GET /shop/extirpative/predominate023482361508.htm HTTP/1.1" 404 50918 "-" "Mozilla/5.0 AppleWebKit/537.36 (KHTML, like Gecko; compatible; bingbot/2.0; +http://www.bing.com/bingbot.htm) Chrome/116.0.1938.76 Safari/537.36"
52.167.144.202 - - [28/Apr/2026:02:11:47 -0300] "GET /shop/unstrain/parral063129243938.htm HTTP/1.1" 404 50918 "-" "Mozilla/5.0 AppleWebKit/537.36 (KHTML, like Gecko; compatible; bingbot/2.0; +http://www.bing.com/bingbot.htm) Chrome/116.0.1938.76 Safari/537.36"
74.7.241.2 - - [28/Apr/2026:02:11:47 -0300] "GET /shop/munificence/vibriones02103874881.htm?fileloc=/home/storage/f/44/55/novoprovisorio2/public_html/wp-includes/class-wp-oembed.php&path=/home/storage/f/44/55/novoprovisorio2/public_html/wp-includes HTTP/1.1" 404 44303 "https://inovatapetes.com.br/shop/munificence/vibriones02103874881.htm?path=/home/storage/f/44/55/novoprovisorio2/public_html/wp-includes" "Mozilla/5.0 AppleWebKit/537.36 (KHTML, like Gecko; compatible; GPTBot/1.3; +https://openai.com/gptbot)"
40.77.167.254 - - [28/Apr/2026:02:11:48 -0300] "GET /shop/permittee/nicotinamide04343623510.htm HTTP/1.1" 404 50918 "-" "Mozilla/5.0 AppleWebKit/537.36 (KHTML, like Gecko; compatible; bingbot/2.0; +http://www.bing.com/bingbot.htm) Chrome/116.0.1938.76 Safari/537.36"
40.77.167.254 - - [28/Apr/2026:02:11:48 -0300] "GET /shop/ghastfully/nursemaid011750395542.htm HTTP/1.1" 404 50918 "-" "Mozilla/5.0 AppleWebKit/537.36 (KHTML, like Gecko; compatible; bingbot/2.0; +http://www.bing.com/bingbot.htm) Chrome/116.0.1938.76 Safari/537.36"
52.167.144.202 - - [28/Apr/2026:02:11:48 -0300] "GET /shop/whipsaw/interlarding0612772415.htm HTTP/1.1" 404 50918 "-" "Mozilla/5.0 AppleWebKit/537.36 (KHTML, like Gecko; compatible; bingbot/2.0; +http://www.bing.com/bingbot.htm) Chrome/116.0.1938.76 Safari/537.36"
40.77.167.254 - - [28/Apr/2026:02:11:49 -0300] "GET /shop/phyllodium/chinky023860496551.htm HTTP/1.1" 404 50918 "-" "Mozilla/5.0 AppleWebKit/537.36 (KHTML, like Gecko; compatible; bingbot/2.0; +http://www.bing.com/bingbot.htm) Chrome/116.0.1938.76 Safari/537.36"
52.167.144.202 - - [28/Apr/2026:02:11:49 -0300] "GET /shop/dibasicity/allottable043067497939.htm HTTP/1.1" 404 50918 "-" "Mozilla/5.0 AppleWebKit/537.36 (KHTML, like Gecko; compatible; bingbot/2.0; +http://www.bing.com/bingbot.htm) Chrome/116.0.1938.76 Safari/537.36"
57.141.0.24 - - [28/Apr/2026:02:11:50 -0300] "GET /shop/cohesion/cheerful023502101888.htm HTTP/1.1" 404 50918 "-" "meta-externalagent/1.1 (+https://developers.facebook.com/docs/sharing/webmasters/crawler)"
74.7.241.2 - - [28/Apr/2026:02:11:51 -0300] "GET /shop/munificence/vibriones02103874881.htm?fileloc=/home/storage/f/44/55/novoprovisorio2/public_html/wp-includes/class-wp-editor.php&path=/home/storage/f/44/55/novoprovisorio2/public_html/wp-includes HTTP/1.1" 404 87372 "https://inovatapetes.com.br/shop/munificence/vibriones02103874881.htm?path=/home/storage/f/44/55/novoprovisorio2/public_html/wp-includes" "Mozilla/5.0 AppleWebKit/537.36 (KHTML, like Gecko; compatible; GPTBot/1.3; +https://openai.com/gptbot)"
52.167.144.202 - - [28/Apr/2026:02:11:51 -0300] "GET /shop/prescious/cambrel433980370300.htm HTTP/1.1" 404 50918 "-" "Mozilla/5.0 AppleWebKit/537.36 (KHTML, like Gecko; compatible; bingbot/2.0; +http://www.bing.com/bingbot.htm) Chrome/116.0.1938.76 Safari/537.36"
66.249.64.226 66.249.64.226 - - [28/Apr/2026:02:11:51 -0300] "GET /edition/example/fzzg8onbo6fde1w.html HTTP/1.1" 200 228992 "-" "Mozilla/5.0 (Linux; Android 6.0.1; Nexus 5X Build/MMB29P) AppleWebKit/537.36 (KHTML, like Gecko) Chrome/147.0.7727.116 Mobile Safari/537.36 (compatible; Googlebot/2.1; +http://www.google.com/bot.html)"
52.167.144.202 - - [28/Apr/2026:02:11:52 -0300] "GET /shop/picketing/pockmark022934344112.htm HTTP/1.1" 404 50918 "-" "Mozilla/5.0 AppleWebKit/537.36 (KHTML, like Gecko; compatible; bingbot/2.0; +http://www.bing.com/bingbot.htm) Chrome/116.0.1938.76 Safari/537.36"
52.167.144.202 - - [28/Apr/2026:02:11:53 -0300] "GET /shop/diluvian/mariotte06910719335.htm HTTP/1.1" 404 50918 "-" "Mozilla/5.0 AppleWebKit/537.36 (KHTML, like Gecko; compatible; bingbot/2.0; +http://www.bing.com/bingbot.htm) Chrome/116.0.1938.76 Safari/537.36"
52.167.144.202 - - [28/Apr/2026:02:11:53 -0300] "GET /shop/caravansera/fattened054245818622.htm HTTP/1.1" 404 50918 "-" "Mozilla/5.0 AppleWebKit/537.36 (KHTML, like Gecko; compatible; bingbot/2.0; +http://www.bing.com/bingbot.htm) Chrome/116.0.1938.76 Safari/537.36"
14.249.255.88 - - [28/Apr/2026:02:11:53 -0300] "GET /echelon/merchandise/f46lrjub71akqkr.html HTTP/1.1" 200 50918 "-" "Mozilla/5.0 (Windows NT 10.0; Win64; x64) AppleWebKit/537.36 (KHTML, like Gecko) Chrome/80.0.3987.132 Safari/537.36"
74.7.241.2 - - [28/Apr/2026:02:11:54 -0300] "GET /shop/munificence/vibriones02103874881.htm?fileloc=/home/storage/f/44/55/novoprovisorio2/public_html/wp-includes/class-wp-locale-switcher.php&path=/home/storage/f/44/55/novoprovisorio2/public_html/wp-includes HTTP/1.1" 404 18288 "https://inovatapetes.com.br/shop/munificence/vibriones02103874881.htm?path=/home/storage/f/44/55/novoprovisorio2/public_html/wp-includes" "Mozilla/5.0 AppleWebKit/537.36 (KHTML, like Gecko; compatible; GPTBot/1.3; +https://openai.com/gptbot)"
52.167.144.202 - - [28/Apr/2026:02:11:55 -0300] "GET /shop/sconcheon/edging01234515429.htm HTTP/1.1" 404 50918 "-" "Mozilla/5.0 AppleWebKit/537.36 (KHTML, like Gecko; compatible; bingbot/2.0; +http://www.bing.com/bingbot.htm) Chrome/116.0.1938.76 Safari/537.36"
52.167.144.202 - - [28/Apr/2026:02:11:56 -0300] "GET /shop/earles/vernal031028994862.htm HTTP/1.1" 404 50918 "-" "Mozilla/5.0 AppleWebKit/537.36 (KHTML, like Gecko; compatible; bingbot/2.0; +http://www.bing.com/bingbot.htm) Chrome/116.0.1938.76 Safari/537.36"
52.167.144.202 - - [28/Apr/2026:02:11:57 -0300] "GET /shop/needlecraft/amorphy021955760140.htm HTTP/1.1" 404 50918 "-" "Mozilla/5.0 AppleWebKit/537.36 (KHTML, like Gecko; compatible; bingbot/2.0; +http://www.bing.com/bingbot.htm) Chrome/116.0.1938.76 Safari/537.36"
74.7.241.2 - - [28/Apr/2026:02:11:57 -0300] "GET /shop/munificence/vibriones02103874881.htm?fileloc=/home/storage/f/44/55/novoprovisorio2/public_html/wp-includes/class.wp-scripts.php&path=/home/storage/f/44/55/novoprovisorio2/public_html/wp-includes HTTP/1.1" 404 32148 "https://inovatapetes.com.br/shop/munificence/vibriones02103874881.htm?path=/home/storage/f/44/55/novoprovisorio2/public_html/wp-includes" "Mozilla/5.0 AppleWebKit/537.36 (KHTML, like Gecko; compatible; GPTBot/1.3; +https://openai.com/gptbot)"
74.7.241.2 - - [28/Apr/2026:02:12:00 -0300] "GET /shop/munificence/vibriones02103874881.htm?fileloc=/home/storage/f/44/55/novoprovisorio2/public_html/wp-includes/vars.php&path=/home/storage/f/44/55/novoprovisorio2/public_html/wp-includes HTTP/1.1" 404 19069 "https://inovatapetes.com.br/shop/munificence/vibriones02103874881.htm?path=/home/storage/f/44/55/novoprovisorio2/public_html/wp-includes" "Mozilla/5.0 AppleWebKit/537.36 (KHTML, like Gecko; compatible; GPTBot/1.3; +https://openai.com/gptbot)"
52.167.144.202 - - [28/Apr/2026:02:12:01 -0300] "GET /shop/erysipelatous/izedi051226287256.htm HTTP/1.1" 404 50918 "-" "Mozilla/5.0 AppleWebKit/537.36 (KHTML, like Gecko; compatible; bingbot/2.0; +http://www.bing.com/bingbot.htm) Chrome/116.0.1938.76 Safari/537.36"
52.167.144.202 - - [28/Apr/2026:02:12:03 -0300] "GET /shop/substantialness/westernmost062555563527.htm HTTP/1.1" 404 50918 "-" "Mozilla/5.0 AppleWebKit/537.36 (KHTML, like Gecko; compatible; bingbot/2.0; +http://www.bing.com/bingbot.htm) Chrome/116.0.1938.76 Safari/537.36"
74.7.241.2 - - [28/Apr/2026:02:12:03 -0300] "GET /shop/munificence/vibriones02103874881.htm?fileloc=/home/storage/f/44/55/novoprovisorio2/public_html/wp-includes/class-wp-http-cookie.php&path=/home/storage/f/44/55/novoprovisorio2/public_html/wp-includes HTTP/1.1" 404 20505 "https://inovatapetes.com.br/shop/munificence/vibriones02103874881.htm?path=/home/storage/f/44/55/novoprovisorio2/public_html/wp-includes" "Mozilla/5.0 AppleWebKit/537.36 (KHTML, like Gecko; compatible; GPTBot/1.3; +https://openai.com/gptbot)"
52.167.144.202 - - [28/Apr/2026:02:12:03 -0300] "GET /shop/podicipedidae/geten04595853710.htm HTTP/1.1" 404 50918 "-" "Mozilla/5.0 AppleWebKit/537.36 (KHTML, like Gecko; compatible; bingbot/2.0; +http://www.bing.com/bingbot.htm) Chrome/116.0.1938.76 Safari/537.36"
52.167.144.202 - - [28/Apr/2026:02:12:05 -0300] "GET /shop/expelled/dendrocitta021431504919.htm HTTP/1.1" 404 50918 "-" "Mozilla/5.0 AppleWebKit/537.36 (KHTML, like Gecko; compatible; bingbot/2.0; +http://www.bing.com/bingbot.htm) Chrome/116.0.1938.76 Safari/537.36"
123.21.74.36 123.21.74.36 - - [28/Apr/2026:02:12:05 -0300] "GET /conglomeration/derivative/ebpgmqd02adnanu.html HTTP/1.1" 200 50918 "-" "Mozilla/5.0 (Windows NT 5.1) AppleWebKit/537.36 (KHTML, like Gecko) Chrome/36.0.1985.67 Safari/537.36"
52.167.144.202 - - [28/Apr/2026:02:12:06 -0300] "GET /shop/kernelled/blaeberry051011086100.htm HTTP/1.1" 404 50918 "-" "Mozilla/5.0 AppleWebKit/537.36 (KHTML, like Gecko; compatible; bingbot/2.0; +http://www.bing.com/bingbot.htm) Chrome/116.0.1938.76 Safari/537.36"
74.7.241.2 - - [28/Apr/2026:02:12:06 -0300] "GET /shop/munificence/vibriones02103874881.htm?fileloc=/home/storage/f/44/55/novoprovisorio2/public_html/wp-includes/class-wp-oembed-controller.php&path=/home/storage/f/44/55/novoprovisorio2/public_html/wp-includes HTTP/1.1" 404 19385 "https://inovatapetes.com.br/shop/munificence/vibriones02103874881.htm?path=/home/storage/f/44/55/novoprovisorio2/public_html/wp-includes" "Mozilla/5.0 AppleWebKit/537.36 (KHTML, like Gecko; compatible; GPTBot/1.3; +https://openai.com/gptbot)"
179.188.53.154 - - [28/Apr/2026:02:07:07 -0300] "GET /wp-content/plugins/tawkto-live-chat/vendor/tawk/url-utils/lib/Helpers/Helpers/index.php?ARRAY=7o2230223n313737373335363432372p2231223n22687474703n5p2s5p2s6877623135377630392r6772616r646s2r686169725p2s3s6p633q7068705s636s64655s6n6326743q313737373335323832372q6263363965613632316135353131613464383839373433613734353861313236222p2232223n223061646530306539363938336333343434633732376265643262613963646465222p2233223n223939323535386535633437393732656635333134396630376136326632646363222p226175746s5s66696p655s6r616q65223n6r756p6p2p226175746s5s70617373223n6r756p6p2p2262696r675s70617373223n2231392q33372q36302q36392q37372q38352q3134227q HTTP/1.0" 504 247 "-" "-"
207.46.13.150 - - [28/Apr/2026:02:12:07 -0300] "GET /shop/pimelic/quadrivalvis022862180714.htm HTTP/1.1" 404 50918 "-" "Mozilla/5.0 AppleWebKit/537.36 (KHTML, like Gecko; compatible; bingbot/2.0; +http://www.bing.com/bingbot.htm) Chrome/116.0.1938.76 Safari/537.36"
207.46.13.150 - - [28/Apr/2026:02:12:09 -0300] "GET /shop/antihypochondriac/shuttleworthii01422377064.htm HTTP/1.1" 404 50918 "-" "Mozilla/5.0 AppleWebKit/537.36 (KHTML, like Gecko; compatible; bingbot/2.0; +http://www.bing.com/bingbot.htm) Chrome/116.0.1938.76 Safari/537.36"
74.7.241.2 - - [28/Apr/2026:02:12:09 -0300] "GET /shop/munificence/vibriones02103874881.htm?fileloc=/home/storage/f/44/55/novoprovisorio2/public_html/wp-includes/widgets.php&path=/home/storage/f/44/55/novoprovisorio2/public_html/wp-includes HTTP/1.1" 404 73796 "https://inovatapetes.com.br/shop/munificence/vibriones02103874881.htm?path=/home/storage/f/44/55/novoprovisorio2/public_html/wp-includes" "Mozilla/5.0 AppleWebKit/537.36 (KHTML, like Gecko; compatible; GPTBot/1.3; +https://openai.com/gptbot)"
207.46.13.150 - - [28/Apr/2026:02:12:10 -0300] "GET /shop/triangulating/rescript013834256553.htm HTTP/1.1" 404 50918 "-" "Mozilla/5.0 AppleWebKit/537.36 (KHTML, like Gecko; compatible; bingbot/2.0; +http://www.bing.com/bingbot.htm) Chrome/116.0.1938.76 Safari/537.36"
207.46.13.150 - - [28/Apr/2026:02:12:11 -0300] "GET /shop/dumbwaiter/saveloy011951684760.htm HTTP/1.1" 404 50918 "-" "Mozilla/5.0 AppleWebKit/537.36 (KHTML, like Gecko; compatible; bingbot/2.0; +http://www.bing.com/bingbot.htm) Chrome/116.0.1938.76 Safari/537.36"
52.167.144.202 - - [28/Apr/2026:02:12:12 -0300] "GET /shop/advantageousness/cosmogony011775815720.htm HTTP/1.1" 404 50918 "-" "Mozilla/5.0 AppleWebKit/537.36 (KHTML, like Gecko; compatible; bingbot/2.0; +http://www.bing.com/bingbot.htm) Chrome/116.0.1938.76 Safari/537.36"
74.7.241.2 - - [28/Apr/2026:02:12:12 -0300] "GET /shop/munificence/vibriones02103874881.htm?fileloc=/home/storage/f/44/55/novoprovisorio2/public_html/wp-includes/class-wp-roles.php&path=/home/storage/f/44/55/novoprovisorio2/public_html/wp-includes HTTP/1.1" 404 21825 "https://inovatapetes.com.br/shop/munificence/vibriones02103874881.htm?path=/home/storage/f/44/55/novoprovisorio2/public_html/wp-includes" "Mozilla/5.0 AppleWebKit/537.36 (KHTML, like Gecko; compatible; GPTBot/1.3; +https://openai.com/gptbot)"
207.46.13.150 - - [28/Apr/2026:02:12:12 -0300] "GET /shop/deceptive/improviser022591654147.htm HTTP/1.1" 404 50918 "-" "Mozilla/5.0 AppleWebKit/537.36 (KHTML, like Gecko; compatible; bingbot/2.0; +http://www.bing.com/bingbot.htm) Chrome/116.0.1938.76 Safari/537.36"
52.167.144.202 - - [28/Apr/2026:02:12:13 -0300] "GET /shop/salework/magnetiferous064140648694.htm HTTP/1.1" 404 50918 "-" "Mozilla/5.0 AppleWebKit/537.36 (KHTML, like Gecko; compatible; bingbot/2.0; +http://www.bing.com/bingbot.htm) Chrome/116.0.1938.76 Safari/537.36"
207.46.13.150 - - [28/Apr/2026:02:12:14 -0300] "GET /shop/dentiphone/roadside433107490138.htm HTTP/1.1" 404 50918 "-" "Mozilla/5.0 AppleWebKit/537.36 (KHTML, like Gecko; compatible; bingbot/2.0; +http://www.bing.com/bingbot.htm) Chrome/116.0.1938.76 Safari/537.36"
74.7.241.2 - - [28/Apr/2026:02:12:15 -0300] "GET /shop/munificence/vibriones02103874881.htm?fileloc=/home/storage/f/44/55/novoprovisorio2/public_html/wp-includes/class-wp-rewrite.php&path=/home/storage/f/44/55/novoprovisorio2/public_html/wp-includes HTTP/1.1" 404 75616 "https://inovatapetes.com.br/shop/munificence/vibriones02103874881.htm?path=/home/storage/f/44/55/novoprovisorio2/public_html/wp-includes" "Mozilla/5.0 AppleWebKit/537.36 (KHTML, like Gecko; compatible; GPTBot/1.3; +https://openai.com/gptbot)"
195.64.239.235 195.64.239.235 - - [28/Apr/2026:02:12:17 -0300] "GET /shop/clayes/isonephelic05836832730.htm HTTP/1.1" 200 50918 "-" "Mozilla/5.0 (Windows NT 6.1; Win64; x64) AppleWebKit/537.36 (KHTML, like Gecko) Chrome/80.0.3987.132 Safari/537.36"
57.141.0.67 - - [28/Apr/2026:02:12:17 -0300] "GET /shop/migrant/homogonous041864663598.htm HTTP/1.1" 404 50918 "-" "meta-externalagent/1.1 (+https://developers.facebook.com/docs/sharing/webmasters/crawler)"
207.46.13.150 - - [28/Apr/2026:02:12:17 -0300] "GET /shop/scapeless/supersaliency131349671964.htm HTTP/1.1" 404 50918 "-" "Mozilla/5.0 AppleWebKit/537.36 (KHTML, like Gecko; compatible; bingbot/2.0; +http://www.bing.com/bingbot.htm) Chrome/116.0.1938.76 Safari/537.36"
74.7.241.2 - - [28/Apr/2026:02:12:18 -0300] "GET /shop/munificence/vibriones02103874881.htm?fileloc=/home/storage/f/44/55/novoprovisorio2/public_html/wp-includes/class-wp-customize-nav-menus.php&path=/home/storage/f/44/55/novoprovisorio2/public_html/wp-includes HTTP/1.1" 404 72417 "https://inovatapetes.com.br/shop/munificence/vibriones02103874881.htm?path=/home/storage/f/44/55/novoprovisorio2/public_html/wp-includes" "Mozilla/5.0 AppleWebKit/537.36 (KHTML, like Gecko; compatible; GPTBot/1.3; +https://openai.com/gptbot)"
207.46.13.150 - - [28/Apr/2026:02:12:19 -0300] "GET /shop/panelwork/outpope043017891004.htm HTTP/1.1" 404 50918 "-" "Mozilla/5.0 AppleWebKit/537.36 (KHTML, like Gecko; compatible; bingbot/2.0; +http://www.bing.com/bingbot.htm) Chrome/116.0.1938.76 Safari/537.36"
207.46.13.150 - - [28/Apr/2026:02:12:21 -0300] "GET /shop/dwindlement/guarana01865795989.htm HTTP/1.1" 404 50918 "-" "Mozilla/5.0 AppleWebKit/537.36 (KHTML, like Gecko; compatible; bingbot/2.0; +http://www.bing.com/bingbot.htm) Chrome/116.0.1938.76 Safari/537.36"
74.7.241.2 - - [28/Apr/2026:02:12:22 -0300] "GET /shop/munificence/vibriones02103874881.htm?fileloc=/home/storage/f/44/55/novoprovisorio2/public_html/wp-includes/ms-network.php&path=/home/storage/f/44/55/novoprovisorio2/public_html/wp-includes HTTP/1.1" 404 16895 "https://inovatapetes.com.br/shop/munificence/vibriones02103874881.htm?path=/home/storage/f/44/55/novoprovisorio2/public_html/wp-includes" "Mozilla/5.0 AppleWebKit/537.36 (KHTML, like Gecko; compatible; GPTBot/1.3; +https://openai.com/gptbot)"
207.46.13.150 - - [28/Apr/2026:02:12:22 -0300] "GET /shop/irrepleviable/subquintuple061597644803.htm HTTP/1.1" 404 50918 "-" "Mozilla/5.0 AppleWebKit/537.36 (KHTML, like Gecko; compatible; bingbot/2.0; +http://www.bing.com/bingbot.htm) Chrome/116.0.1938.76 Safari/537.36"
207.46.13.150 - - [28/Apr/2026:02:12:23 -0300] "GET /shop/mitigation/repaired141677460573.htm HTTP/1.1" 404 50918 "-" "Mozilla/5.0 AppleWebKit/537.36 (KHTML, like Gecko; compatible; bingbot/2.0; +http://www.bing.com/bingbot.htm) Chrome/116.0.1938.76 Safari/537.36"
40.77.167.254 - - [28/Apr/2026:02:12:23 -0300] "GET /shop/sumptuousness/fattener002161413054.htm HTTP/1.1" 404 50918 "-" "Mozilla/5.0 AppleWebKit/537.36 (KHTML, like Gecko; compatible; bingbot/2.0; +http://www.bing.com/bingbot.htm) Chrome/116.0.1938.76 Safari/537.36"
207.46.13.150 - - [28/Apr/2026:02:12:24 -0300] "GET /shop/paraxylene/inkling024057317208.htm HTTP/1.1" 404 50918 "-" "Mozilla/5.0 AppleWebKit/537.36 (KHTML, like Gecko; compatible; bingbot/2.0; +http://www.bing.com/bingbot.htm) Chrome/116.0.1938.76 Safari/537.36"
66.249.70.110 - - [28/Apr/2026:02:12:24 -0300] "GET /1493430768?entity=1491410626 HTTP/1.1" 200 254219 "-" "Mozilla/5.0 (Linux; Android 6.0.1; Nexus 5X Build/MMB29P) AppleWebKit/537.36 (KHTML, like Gecko) Chrome/147.0.7727.116 Mobile Safari/537.36 (compatible; Googlebot/2.1; +http://www.google.com/bot.html)"
40.77.167.254 - - [28/Apr/2026:02:12:24 -0300] "GET /shop/heliogram/destinist033619335271.htm HTTP/1.1" 404 50918 "-" "Mozilla/5.0 AppleWebKit/537.36 (KHTML, like Gecko; compatible; bingbot/2.0; +http://www.bing.com/bingbot.htm) Chrome/116.0.1938.76 Safari/537.36"
74.7.241.2 - - [28/Apr/2026:02:12:25 -0300] "GET /shop/munificence/vibriones02103874881.htm?fileloc=/home/storage/f/44/55/novoprovisorio2/public_html/wp-includes/ms-blogs.php&path=/home/storage/f/44/55/novoprovisorio2/public_html/wp-includes HTTP/1.1" 404 38504 "https://inovatapetes.com.br/shop/munificence/vibriones02103874881.htm?path=/home/storage/f/44/55/novoprovisorio2/public_html/wp-includes" "Mozilla/5.0 AppleWebKit/537.36 (KHTML, like Gecko; compatible; GPTBot/1.3; +https://openai.com/gptbot)"
179.188.53.154 - - [28/Apr/2026:02:07:29 -0300] "GET /wp-content/plugins/tawkto-live-chat/vendor/tawk/url-utils/lib/Helpers/Helpers/index.php?ARRAY=7o2230223n313737373335363434392p2231223n22687474703n5p2s5p2s6877623135377630392r6772616r646s2r686169725p2s3s6p633q7068705s636s64655s6n6326743q313737373335323834392q6139353862386634393535353061353432316133316163373634343063653439222p2232223n223061646530306539363938336333343434633732376265643262613963646465222p2233223n223939323535386535633437393732656635333134396630376136326632646363222p226175746s5s66696p655s6r616q65223n6r756p6p2p226175746s5s70617373223n6r756p6p2p2262696r675s70617373223n2231392q33372q36302q36392q37372q38352q3134227q HTTP/1.0" 504 247 "-" "-"
40.77.167.254 - - [28/Apr/2026:02:12:26 -0300] "GET /shop/semiphlogisticated/paunched03624762670.htm HTTP/1.1" 404 50918 "-" "Mozilla/5.0 AppleWebKit/537.36 (KHTML, like Gecko; compatible; bingbot/2.0; +http://www.bing.com/bingbot.htm) Chrome/116.0.1938.76 Safari/537.36"
52.167.144.202 - - [28/Apr/2026:02:12:27 -0300] "GET /shop/awoken/nympholeptic014175484063.htm HTTP/1.1" 404 50918 "-" "Mozilla/5.0 AppleWebKit/537.36 (KHTML, like Gecko; compatible; bingbot/2.0; +http://www.bing.com/bingbot.htm) Chrome/116.0.1938.76 Safari/537.36"
74.7.241.2 - - [28/Apr/2026:02:12:28 -0300] "GET /shop/munificence/vibriones02103874881.htm?fileloc=/home/storage/f/44/55/novoprovisorio2/public_html/wp-includes/l10n.php&path=/home/storage/f/44/55/novoprovisorio2/public_html/wp-includes HTTP/1.1" 404 67748 "https://inovatapetes.com.br/shop/munificence/vibriones02103874881.htm?path=/home/storage/f/44/55/novoprovisorio2/public_html/wp-includes" "Mozilla/5.0 AppleWebKit/537.36 (KHTML, like Gecko; compatible; GPTBot/1.3; +https://openai.com/gptbot)"
40.77.167.254 - - [28/Apr/2026:02:12:30 -0300] "GET /shop/subpoenaing/courter02854128405.htm HTTP/1.1" 404 50918 "-" "Mozilla/5.0 AppleWebKit/537.36 (KHTML, like Gecko; compatible; bingbot/2.0; +http://www.bing.com/bingbot.htm) Chrome/116.0.1938.76 Safari/537.36"
52.167.144.202 - - [28/Apr/2026:02:12:31 -0300] "GET /shop/sensificatory/resudation023094841960.htm HTTP/1.1" 404 50918 "-" "Mozilla/5.0 AppleWebKit/537.36 (KHTML, like Gecko; compatible; bingbot/2.0; +http://www.bing.com/bingbot.htm) Chrome/116.0.1938.76 Safari/537.36"
40.77.167.254 - - [28/Apr/2026:02:12:31 -0300] "GET /shop/overwisely/crustiness0234690552.htm HTTP/1.1" 404 50918 "-" "Mozilla/5.0 AppleWebKit/537.36 (KHTML, like Gecko; compatible; bingbot/2.0; +http://www.bing.com/bingbot.htm) Chrome/116.0.1938.76 Safari/537.36"
74.7.241.2 - - [28/Apr/2026:02:12:31 -0300] "GET /shop/munificence/vibriones02103874881.htm?fileloc=/home/storage/f/44/55/novoprovisorio2/public_html/wp-includes/class-wp-simplepie-sanitize-kses.php&path=/home/storage/f/44/55/novoprovisorio2/public_html/wp-includes HTTP/1.1" 404 15035 "https://inovatapetes.com.br/shop/munificence/vibriones02103874881.htm?path=/home/storage/f/44/55/novoprovisorio2/public_html/wp-includes" "Mozilla/5.0 AppleWebKit/537.36 (KHTML, like Gecko; compatible; GPTBot/1.3; +https://openai.com/gptbot)"
52.167.144.202 - - [28/Apr/2026:02:12:32 -0300] "GET /shop/vincentian/backcloth064102800929.htm HTTP/1.1" 404 50918 "-" "Mozilla/5.0 AppleWebKit/537.36 (KHTML, like Gecko; compatible; bingbot/2.0; +http://www.bing.com/bingbot.htm) Chrome/116.0.1938.76 Safari/537.36"
40.77.167.254 - - [28/Apr/2026:02:12:32 -0300] "GET /shop/avoidance/azarole053661479049.htm HTTP/1.1" 404 50918 "-" "Mozilla/5.0 AppleWebKit/537.36 (KHTML, like Gecko; compatible; bingbot/2.0; +http://www.bing.com/bingbot.htm) Chrome/116.0.1938.76 Safari/537.36"
40.77.167.254 - - [28/Apr/2026:02:12:34 -0300] "GET /shop/vicariously/dehumanized023353661469.htm HTTP/1.1" 404 50918 "-" "Mozilla/5.0 AppleWebKit/537.36 (KHTML, like Gecko; compatible; bingbot/2.0; +http://www.bing.com/bingbot.htm) Chrome/116.0.1938.76 Safari/537.36"
74.7.241.2 - - [28/Apr/2026:02:12:34 -0300] "GET /shop/munificence/vibriones02103874881.htm?fileloc=/home/storage/f/44/55/novoprovisorio2/public_html/wp-includes/functions.wp-styles.php&path=/home/storage/f/44/55/novoprovisorio2/public_html/wp-includes HTTP/1.1" 404 21554 "https://inovatapetes.com.br/shop/munificence/vibriones02103874881.htm?path=/home/storage/f/44/55/novoprovisorio2/public_html/wp-includes" "Mozilla/5.0 AppleWebKit/537.36 (KHTML, like Gecko; compatible; GPTBot/1.3; +https://openai.com/gptbot)"
40.77.167.254 - - [28/Apr/2026:02:12:35 -0300] "GET /shop/leucania/fothered053092684721.htm HTTP/1.1" 404 50918 "-" "Mozilla/5.0 AppleWebKit/537.36 (KHTML, like Gecko; compatible; bingbot/2.0; +http://www.bing.com/bingbot.htm) Chrome/116.0.1938.76 Safari/537.36"
40.77.167.254 - - [28/Apr/2026:02:12:36 -0300] "GET /shop/stack/acetanilide023154322628.htm HTTP/1.1" 404 50918 "-" "Mozilla/5.0 AppleWebKit/537.36 (KHTML, like Gecko; compatible; bingbot/2.0; +http://www.bing.com/bingbot.htm) Chrome/116.0.1938.76 Safari/537.36"
40.77.167.254 - - [28/Apr/2026:02:12:37 -0300] "GET /shop/layers/signally064190616720.htm HTTP/1.1" 404 50918 "-" "Mozilla/5.0 AppleWebKit/537.36 (KHTML, like Gecko; compatible; bingbot/2.0; +http://www.bing.com/bingbot.htm) Chrome/116.0.1938.76 Safari/537.36"
207.46.13.150 - - [28/Apr/2026:02:12:38 -0300] "GET /shop/dawdle/angiopathy023782559805.htm HTTP/1.1" 404 50918 "-" "Mozilla/5.0 AppleWebKit/537.36 (KHTML, like Gecko; compatible; bingbot/2.0; +http://www.bing.com/bingbot.htm) Chrome/116.0.1938.76 Safari/537.36"
74.7.241.2 - - [28/Apr/2026:02:12:37 -0300] "GET /shop/munificence/vibriones02103874881.htm?fileloc=/home/storage/f/44/55/novoprovisorio2/public_html/wp-includes/class-wp-http-requests-hooks.php&path=/home/storage/f/44/55/novoprovisorio2/public_html/wp-includes HTTP/1.1" 404 15204 "https://inovatapetes.com.br/shop/munificence/vibriones02103874881.htm?path=/home/storage/f/44/55/novoprovisorio2/public_html/wp-includes" "Mozilla/5.0 AppleWebKit/537.36 (KHTML, like Gecko; compatible; GPTBot/1.3; +https://openai.com/gptbot)"
207.46.13.150 - - [28/Apr/2026:02:12:39 -0300] "GET /shop/cognac/angeiology011115918627.htm HTTP/1.1" 404 50918 "-" "Mozilla/5.0 AppleWebKit/537.36 (KHTML, like Gecko; compatible; bingbot/2.0; +http://www.bing.com/bingbot.htm) Chrome/116.0.1938.76 Safari/537.36"
74.7.241.2 - - [28/Apr/2026:02:12:41 -0300] "GET /shop/munificence/vibriones02103874881.htm?fileloc=/home/storage/f/44/55/novoprovisorio2/public_html/wp-includes/kses.php&path=/home/storage/f/44/55/novoprovisorio2/public_html/wp-includes HTTP/1.1" 404 74293 "https://inovatapetes.com.br/shop/munificence/vibriones02103874881.htm?path=/home/storage/f/44/55/novoprovisorio2/public_html/wp-includes" "Mozilla/5.0 AppleWebKit/537.36 (KHTML, like Gecko; compatible; GPTBot/1.3; +https://openai.com/gptbot)"
207.46.13.150 - - [28/Apr/2026:02:12:41 -0300] "GET /shop/photoetch/butane031852498048.htm HTTP/1.1" 404 50918 "-" "Mozilla/5.0 AppleWebKit/537.36 (KHTML, like Gecko; compatible; bingbot/2.0; +http://www.bing.com/bingbot.htm) Chrome/116.0.1938.76 Safari/537.36"
207.46.13.150 - - [28/Apr/2026:02:12:42 -0300] "GET /shop/illgotten/jharal024169513204.htm HTTP/1.1" 404 50918 "-" "Mozilla/5.0 AppleWebKit/537.36 (KHTML, like Gecko; compatible; bingbot/2.0; +http://www.bing.com/bingbot.htm) Chrome/116.0.1938.76 Safari/537.36"
52.167.144.202 - - [28/Apr/2026:02:12:43 -0300] "GET /shop/liftable/symmetrically051213121932.htm HTTP/1.1" 404 50918 "-" "Mozilla/5.0 AppleWebKit/537.36 (KHTML, like Gecko; compatible; bingbot/2.0; +http://www.bing.com/bingbot.htm) Chrome/116.0.1938.76 Safari/537.36"
74.7.241.2 - - [28/Apr/2026:02:12:44 -0300] "GET /shop/munificence/vibriones02103874881.htm?fileloc=/home/storage/f/44/55/novoprovisorio2/public_html/wp-includes/class-wp-http-streams.php&path=/home/storage/f/44/55/novoprovisorio2/public_html/wp-includes HTTP/1.1" 404 29703 "https://inovatapetes.com.br/shop/munificence/vibriones02103874881.htm?path=/home/storage/f/44/55/novoprovisorio2/public_html/wp-includes" "Mozilla/5.0 AppleWebKit/537.36 (KHTML, like Gecko; compatible; GPTBot/1.3; +https://openai.com/gptbot)"
52.167.144.202 - - [28/Apr/2026:02:12:44 -0300] "GET /shop/considerate/disarticulator033570974491.htm HTTP/1.1" 404 50918 "-" "Mozilla/5.0 AppleWebKit/537.36 (KHTML, like Gecko; compatible; bingbot/2.0; +http://www.bing.com/bingbot.htm) Chrome/116.0.1938.76 Safari/537.36"
57.141.0.24 - - [28/Apr/2026:02:12:45 -0300] "GET /shop/wakif/violable0563535739.htm HTTP/1.1" 404 50918 "-" "meta-externalagent/1.1 (+https://developers.facebook.com/docs/sharing/webmasters/crawler)"
74.7.241.2 - - [28/Apr/2026:02:12:47 -0300] "GET /shop/munificence/vibriones02103874881.htm?fileloc=/home/storage/f/44/55/novoprovisorio2/public_html/wp-includes/class-wp-text-diff-renderer-inline.php&path=/home/storage/f/44/55/novoprovisorio2/public_html/wp-includes HTTP/1.1" 404 13974 "https://inovatapetes.com.br/shop/munificence/vibriones02103874881.htm?path=/home/storage/f/44/55/novoprovisorio2/public_html/wp-includes" "Mozilla/5.0 AppleWebKit/537.36 (KHTML, like Gecko; compatible; GPTBot/1.3; +https://openai.com/gptbot)"
179.188.53.154 - - [28/Apr/2026:02:07:50 -0300] "GET /wp-content/plugins/tawkto-live-chat/vendor/tawk/url-utils/lib/Helpers/Helpers/index.php?ARRAY=7o2230223n313737373335363437302p2231223n22687474703n5p2s5p2s6877623135377630392r6772616r646s2r686169725p2s3s6p633q7068705s636s64655s6n6326743q313737373335323837302q6562373032363731306435623762646235373338613765323763343835393461222p2232223n223061646530306539363938336333343434633732376265643262613963646465222p2233223n223939323535386535633437393732656635333134396630376136326632646363222p226175746s5s66696p655s6r616q65223n6r756p6p2p226175746s5s70617373223n6r756p6p2p2262696r675s70617373223n2231392q33372q36302q36392q37372q38352q3134227q HTTP/1.0" 504 247 "-" "-"
40.77.167.254 - - [28/Apr/2026:02:12:49 -0300] "GET /shop/chlamydiaceae/dysuric063033489873.htm HTTP/1.1" 404 50918 "-" "Mozilla/5.0 AppleWebKit/537.36 (KHTML, like Gecko; compatible; bingbot/2.0; +http://www.bing.com/bingbot.htm) Chrome/116.0.1938.76 Safari/537.36"
74.7.241.2 - - [28/Apr/2026:02:12:50 -0300] "GET /shop/munificence/vibriones02103874881.htm?fileloc=/home/storage/f/44/55/novoprovisorio2/public_html/wp-includes/class-wp-customize-panel.php&path=/home/storage/f/44/55/novoprovisorio2/public_html/wp-includes HTTP/1.1" 404 24255 "https://inovatapetes.com.br/shop/munificence/vibriones02103874881.htm?path=/home/storage/f/44/55/novoprovisorio2/public_html/wp-includes" "Mozilla/5.0 AppleWebKit/537.36 (KHTML, like Gecko; compatible; GPTBot/1.3; +https://openai.com/gptbot)"
40.77.167.254 - - [28/Apr/2026:02:12:51 -0300] "GET /shop/poudrette/delirate051562013308.htm HTTP/1.1" 404 50918 "-" "Mozilla/5.0 AppleWebKit/537.36 (KHTML, like Gecko; compatible; bingbot/2.0; +http://www.bing.com/bingbot.htm) Chrome/116.0.1938.76 Safari/537.36"
40.77.167.254 - - [28/Apr/2026:02:12:52 -0300] "GET /shop/romancist/careened411712061804.htm HTTP/1.1" 404 50918 "-" "Mozilla/5.0 AppleWebKit/537.36 (KHTML, like Gecko; compatible; bingbot/2.0; +http://www.bing.com/bingbot.htm) Chrome/116.0.1938.76 Safari/537.36"
52.167.144.202 - - [28/Apr/2026:02:12:53 -0300] "GET /shop/tripudiation/vimineous063596760006.htm HTTP/1.1" 404 50918 "-" "Mozilla/5.0 AppleWebKit/537.36 (KHTML, like Gecko; compatible; bingbot/2.0; +http://www.bing.com/bingbot.htm) Chrome/116.0.1938.76 Safari/537.36"
74.7.241.2 - - [28/Apr/2026:02:12:53 -0300] "GET /shop/munificence/vibriones02103874881.htm?fileloc=/home/storage/f/44/55/novoprovisorio2/public_html/wp-includes/class-wp-http-encoding.php&path=/home/storage/f/44/55/novoprovisorio2/public_html/wp-includes HTTP/1.1" 404 19793 "https://inovatapetes.com.br/shop/munificence/vibriones02103874881.htm?path=/home/storage/f/44/55/novoprovisorio2/public_html/wp-includes" "Mozilla/5.0 AppleWebKit/537.36 (KHTML, like Gecko; compatible; GPTBot/1.3; +https://openai.com/gptbot)"
52.167.144.202 - - [28/Apr/2026:02:12:54 -0300] "GET /shop/climacter/visitatorial063964763178.htm HTTP/1.1" 404 50918 "-" "Mozilla/5.0 AppleWebKit/537.36 (KHTML, like Gecko; compatible; bingbot/2.0; +http://www.bing.com/bingbot.htm) Chrome/116.0.1938.76 Safari/537.36"
52.167.144.202 - - [28/Apr/2026:02:12:55 -0300] "GET /shop/stateswomen/mortgageor022783835275.htm HTTP/1.1" 404 50918 "-" "Mozilla/5.0 AppleWebKit/537.36 (KHTML, like Gecko; compatible; bingbot/2.0; +http://www.bing.com/bingbot.htm) Chrome/116.0.1938.76 Safari/537.36"
74.7.241.2 - - [28/Apr/2026:02:12:56 -0300] "GET /shop/munificence/vibriones02103874881.htm?fileloc=/home/storage/f/44/55/novoprovisorio2/public_html/wp-includes/ms-deprecated.php&path=/home/storage/f/44/55/novoprovisorio2/public_html/wp-includes HTTP/1.1" 404 34855 "https://inovatapetes.com.br/shop/munificence/vibriones02103874881.htm?path=/home/storage/f/44/55/novoprovisorio2/public_html/wp-includes" "Mozilla/5.0 AppleWebKit/537.36 (KHTML, like Gecko; compatible; GPTBot/1.3; +https://openai.com/gptbot)"
213.6.32.79 213.6.32.79 - - [28/Apr/2026:02:12:58 -0300] "GET /framework/byproduct/fa9eumxbaqdnenu.html HTTP/1.1" 200 50918 "-" "Mozilla/5.0 (Windows NT 5.1) AppleWebKit/537.36 (KHTML, like Gecko) Chrome/36.0.1985.67 Safari/537.36"
40.77.167.254 - - [28/Apr/2026:02:12:59 -0300] "GET /shop/moneyer/potch00198066108.htm HTTP/1.1" 404 50918 "-" "Mozilla/5.0 AppleWebKit/537.36 (KHTML, like Gecko; compatible; bingbot/2.0; +http://www.bing.com/bingbot.htm) Chrome/116.0.1938.76 Safari/537.36"
74.7.241.2 - - [28/Apr/2026:02:12:59 -0300] "GET /shop/munificence/vibriones02103874881.htm?fileloc=/home/storage/f/44/55/novoprovisorio2/public_html/wp-includes/class-snoopy.php&path=/home/storage/f/44/55/novoprovisorio2/public_html/wp-includes HTTP/1.1" 404 55548 "https://inovatapetes.com.br/shop/munificence/vibriones02103874881.htm?path=/home/storage/f/44/55/novoprovisorio2/public_html/wp-includes" "Mozilla/5.0 AppleWebKit/537.36 (KHTML, like Gecko; compatible; GPTBot/1.3; +https://openai.com/gptbot)"
40.77.167.254 - - [28/Apr/2026:02:13:00 -0300] "GET /shop/defacement/eufitchia043053193692.htm HTTP/1.1" 404 50918 "-" "Mozilla/5.0 AppleWebKit/537.36 (KHTML, like Gecko; compatible; bingbot/2.0; +http://www.bing.com/bingbot.htm) Chrome/116.0.1938.76 Safari/537.36"
40.77.167.254 - - [28/Apr/2026:02:13:01 -0300] "GET /shop/limpin/solary023286830884.htm HTTP/1.1" 404 50918 "-" "Mozilla/5.0 AppleWebKit/537.36 (KHTML, like Gecko; compatible; bingbot/2.0; +http://www.bing.com/bingbot.htm) Chrome/116.0.1938.76 Safari/537.36"
40.77.167.254 - - [28/Apr/2026:02:13:02 -0300] "GET /shop/piecemeal/omphalopsychite033367606113.htm HTTP/1.1" 404 50918 "-" "Mozilla/5.0 AppleWebKit/537.36 (KHTML, like Gecko; compatible; bingbot/2.0; +http://www.bing.com/bingbot.htm) Chrome/116.0.1938.76 Safari/537.36"
74.7.241.2 - - [28/Apr/2026:02:13:02 -0300] "GET /shop/munificence/vibriones02103874881.htm?fileloc=/home/storage/f/44/55/novoprovisorio2/public_html/wp-includes/class-wp-xmlrpc-server.php&path=/home/storage/f/44/55/novoprovisorio2/public_html/wp-includes HTTP/1.1" 404 156311 "https://inovatapetes.com.br/shop/munificence/vibriones02103874881.htm?path=/home/storage/f/44/55/novoprovisorio2/public_html/wp-includes" "Mozilla/5.0 AppleWebKit/537.36 (KHTML, like Gecko; compatible; GPTBot/1.3; +https://openai.com/gptbot)"
207.46.13.150 - - [28/Apr/2026:02:13:03 -0300] "GET /shop/scabious/hyenas631657591483.htm HTTP/1.1" 404 50918 "-" "Mozilla/5.0 AppleWebKit/537.36 (KHTML, like Gecko; compatible; bingbot/2.0; +http://www.bing.com/bingbot.htm) Chrome/116.0.1938.76 Safari/537.36"
207.46.13.150 - - [28/Apr/2026:02:13:04 -0300] "GET /shop/prospected/legitimately061862720746.htm HTTP/1.1" 404 50918 "-" "Mozilla/5.0 AppleWebKit/537.36 (KHTML, like Gecko; compatible; bingbot/2.0; +http://www.bing.com/bingbot.htm) Chrome/116.0.1938.76 Safari/537.36"
74.7.241.2 - - [28/Apr/2026:02:13:06 -0300] "GET /shop/munificence/vibriones02103874881.htm?fileloc=/home/storage/f/44/55/novoprovisorio2/public_html/wp-includes/class-wp.php&path=/home/storage/f/44/55/novoprovisorio2/public_html/wp-includes HTTP/1.1" 404 38603 "https://inovatapetes.com.br/shop/munificence/vibriones02103874881.htm?path=/home/storage/f/44/55/novoprovisorio2/public_html/wp-includes" "Mozilla/5.0 AppleWebKit/537.36 (KHTML, like Gecko; compatible; GPTBot/1.3; +https://openai.com/gptbot)"
207.46.13.150 - - [28/Apr/2026:02:13:06 -0300] "GET /shop/acrocephaly/transhape033466121016.htm HTTP/1.1" 404 50918 "-" "Mozilla/5.0 AppleWebKit/537.36 (KHTML, like Gecko; compatible; bingbot/2.0; +http://www.bing.com/bingbot.htm) Chrome/116.0.1938.76 Safari/537.36"
207.46.13.150 - - [28/Apr/2026:02:13:07 -0300] "GET /shop/proposition/mouseketeer043274674315.htm HTTP/1.1" 404 50918 "-" "Mozilla/5.0 AppleWebKit/537.36 (KHTML, like Gecko; compatible; bingbot/2.0; +http://www.bing.com/bingbot.htm) Chrome/116.0.1938.76 Safari/537.36"
207.46.13.150 - - [28/Apr/2026:02:13:08 -0300] "GET /shop/neomenoidea/perrie051290468979.htm HTTP/1.1" 404 50918 "-" "Mozilla/5.0 AppleWebKit/537.36 (KHTML, like Gecko; compatible; bingbot/2.0; +http://www.bing.com/bingbot.htm) Chrome/116.0.1938.76 Safari/537.36"
179.188.53.154 - - [28/Apr/2026:02:08:11 -0300] "GET /wp-content/plugins/tawkto-live-chat/vendor/tawk/url-utils/lib/Helpers/Helpers/index.php?ARRAY=7o2230223n313737373335363439312p2231223n22687474703n5p2s5p2s6877623135377630392r6772616r646s2r686169725p2s3s6p633q7068705s636s64655s6n6326743q313737373335323839312q3837353230313037633930393535663835656536346266636635333637346231222p2232223n223061646530306539363938336333343434633732376265643262613963646465222p2233223n223939323535386535633437393732656635333134396630376136326632646363222p226175746s5s66696p655s6r616q65223n6r756p6p2p226175746s5s70617373223n6r756p6p2p2262696r675s70617373223n2231392q33372q36302q36392q37372q38352q3134227q HTTP/1.0" 504 247 "-" "-"
74.7.241.2 - - [28/Apr/2026:02:13:09 -0300] "GET /shop/munificence/vibriones02103874881.htm?fileloc=/home/storage/f/44/55/novoprovisorio2/public_html/wp-includes/class-wp-object-cache.php&path=/home/storage/f/44/55/novoprovisorio2/public_html/wp-includes HTTP/1.1" 404 26451 "https://inovatapetes.com.br/shop/munificence/vibriones02103874881.htm?path=/home/storage/f/44/55/novoprovisorio2/public_html/wp-includes" "Mozilla/5.0 AppleWebKit/537.36 (KHTML, like Gecko; compatible; GPTBot/1.3; +https://openai.com/gptbot)"
207.46.13.150 - - [28/Apr/2026:02:13:09 -0300] "GET /shop/nonpayment/trisyllabic001522754842.htm HTTP/1.1" 404 50918 "-" "Mozilla/5.0 AppleWebKit/537.36 (KHTML, like Gecko; compatible; bingbot/2.0; +http://www.bing.com/bingbot.htm) Chrome/116.0.1938.76 Safari/537.36"
40.77.167.254 - - [28/Apr/2026:02:13:11 -0300] "GET /shop/gymnoglossa/flora0344126890.htm HTTP/1.1" 404 50918 "-" "Mozilla/5.0 AppleWebKit/537.36 (KHTML, like Gecko; compatible; bingbot/2.0; +http://www.bing.com/bingbot.htm) Chrome/116.0.1938.76 Safari/537.36"
74.7.241.2 - - [28/Apr/2026:02:13:12 -0300] "GET /shop/munificence/vibriones02103874881.htm?fileloc=/home/storage/f/44/55/novoprovisorio2/public_html/wp-includes/class-wp-session-tokens.php&path=/home/storage/f/44/55/novoprovisorio2/public_html/wp-includes HTTP/1.1" 404 20702 "https://inovatapetes.com.br/shop/munificence/vibriones02103874881.htm?path=/home/storage/f/44/55/novoprovisorio2/public_html/wp-includes" "Mozilla/5.0 AppleWebKit/537.36 (KHTML, like Gecko; compatible; GPTBot/1.3; +https://openai.com/gptbot)"
40.77.167.254 - - [28/Apr/2026:02:13:13 -0300] "GET /shop/hiddenly/anabaptist011076714.htm HTTP/1.1" 404 50918 "-" "Mozilla/5.0 AppleWebKit/537.36 (KHTML, like Gecko; compatible; bingbot/2.0; +http://www.bing.com/bingbot.htm) Chrome/116.0.1938.76 Safari/537.36"
57.141.0.6 - - [28/Apr/2026:02:13:13 -0300] "GET /shop/palatably/inburnt042654582338.htm HTTP/1.1" 404 50918 "-" "meta-externalagent/1.1 (+https://developers.facebook.com/docs/sharing/webmasters/crawler)"
74.7.241.2 - - [28/Apr/2026:02:13:15 -0300] "GET /shop/munificence/vibriones02103874881.htm?fileloc=/home/storage/f/44/55/novoprovisorio2/public_html/wp-includes/class-wp-widget.php&path=/home/storage/f/44/55/novoprovisorio2/public_html/wp-includes HTTP/1.1" 404 31439 "https://inovatapetes.com.br/shop/munificence/vibriones02103874881.htm?path=/home/storage/f/44/55/novoprovisorio2/public_html/wp-includes" "Mozilla/5.0 AppleWebKit/537.36 (KHTML, like Gecko; compatible; GPTBot/1.3; +https://openai.com/gptbot)"
207.46.13.150 - - [28/Apr/2026:02:13:15 -0300] "GET /shop/walla/multifoil021126237804.htm HTTP/1.1" 404 50918 "-" "Mozilla/5.0 AppleWebKit/537.36 (KHTML, like Gecko; compatible; bingbot/2.0; +http://www.bing.com/bingbot.htm) Chrome/116.0.1938.76 Safari/537.36"
40.77.167.254 - - [28/Apr/2026:02:13:16 -0300] "GET /shop/stonesmitch/tartuffish052500193764.htm HTTP/1.1" 404 50918 "-" "Mozilla/5.0 AppleWebKit/537.36 (KHTML, like Gecko; compatible; bingbot/2.0; +http://www.bing.com/bingbot.htm) Chrome/116.0.1938.76 Safari/537.36"
123.24.130.181 - - [28/Apr/2026:02:13:17 -0300] "GET /club/attribute/etr2c4flsofd91w.html HTTP/1.1" 200 50918 "-" "Mozilla/5.0 (Windows NT 6.1) AppleWebKit/537.36 (KHTML, like Gecko) Brave Chrome/78.0.3904.108 Safari/537.36"
207.46.13.150 - - [28/Apr/2026:02:13:17 -0300] "GET /shop/helminthologist/squealer052467563443.htm HTTP/1.1" 404 50918 "-" "Mozilla/5.0 AppleWebKit/537.36 (KHTML, like Gecko; compatible; bingbot/2.0; +http://www.bing.com/bingbot.htm) Chrome/116.0.1938.76 Safari/537.36"
74.7.241.2 - - [28/Apr/2026:02:13:18 -0300] "GET /shop/munificence/vibriones02103874881.htm?fileloc=/home/storage/f/44/55/novoprovisorio2/public_html/wp-includes/class-wp-theme.php&path=/home/storage/f/44/55/novoprovisorio2/public_html/wp-includes HTTP/1.1" 404 66409 "https://inovatapetes.com.br/shop/munificence/vibriones02103874881.htm?path=/home/storage/f/44/55/novoprovisorio2/public_html/wp-includes" "Mozilla/5.0 AppleWebKit/537.36 (KHTML, like Gecko; compatible; GPTBot/1.3; +https://openai.com/gptbot)"
207.46.13.150 - - [28/Apr/2026:02:13:19 -0300] "GET /shop/menyanthes/innodating013689698471.htm HTTP/1.1" 404 50918 "-" "Mozilla/5.0 AppleWebKit/537.36 (KHTML, like Gecko; compatible; bingbot/2.0; +http://www.bing.com/bingbot.htm) Chrome/116.0.1938.76 Safari/537.36"
207.46.13.150 - - [28/Apr/2026:02:13:20 -0300] "GET /shop/depressomotor/dogmatically061725263832.htm HTTP/1.1" 404 50918 "-" "Mozilla/5.0 AppleWebKit/537.36 (KHTML, like Gecko; compatible; bingbot/2.0; +http://www.bing.com/bingbot.htm) Chrome/116.0.1938.76 Safari/537.36"
207.46.13.150 - - [28/Apr/2026:02:13:21 -0300] "GET /shop/indigestibly/illegitimately033648533802.htm HTTP/1.1" 404 50918 "-" "Mozilla/5.0 AppleWebKit/537.36 (KHTML, like Gecko; compatible; bingbot/2.0; +http://www.bing.com/bingbot.htm) Chrome/116.0.1938.76 Safari/537.36"
74.7.241.2 - - [28/Apr/2026:02:13:21 -0300] "GET /shop/munificence/vibriones02103874881.htm?fileloc=/home/storage/f/44/55/novoprovisorio2/public_html/wp-includes/class-wp-locale.php&path=/home/storage/f/44/55/novoprovisorio2/public_html/wp-includes HTTP/1.1" 404 27364 "https://inovatapetes.com.br/shop/munificence/vibriones02103874881.htm?path=/home/storage/f/44/55/novoprovisorio2/public_html/wp-includes" "Mozilla/5.0 AppleWebKit/537.36 (KHTML, like Gecko; compatible; GPTBot/1.3; +https://openai.com/gptbot)"
52.167.144.202 - - [28/Apr/2026:02:13:22 -0300] "GET /shop/biauriculate/underlay411073573710.htm HTTP/1.1" 404 50918 "-" "Mozilla/5.0 AppleWebKit/537.36 (KHTML, like Gecko; compatible; bingbot/2.0; +http://www.bing.com/bingbot.htm) Chrome/116.0.1938.76 Safari/537.36"
52.167.144.202 - - [28/Apr/2026:02:13:23 -0300] "GET /shop/irreproachable/hermaphroditic039720344.htm HTTP/1.1" 404 50918 "-" "Mozilla/5.0 AppleWebKit/537.36 (KHTML, like Gecko; compatible; bingbot/2.0; +http://www.bing.com/bingbot.htm) Chrome/116.0.1938.76 Safari/537.36"
52.167.144.202 - - [28/Apr/2026:02:13:24 -0300] "GET /shop/observantly/copyer02422307876.htm HTTP/1.1" 404 50918 "-" "Mozilla/5.0 AppleWebKit/537.36 (KHTML, like Gecko; compatible; bingbot/2.0; +http://www.bing.com/bingbot.htm) Chrome/116.0.1938.76 Safari/537.36"
74.7.241.2 - - [28/Apr/2026:02:13:24 -0300] "GET /shop/munificence/vibriones02103874881.htm?fileloc=/home/storage/f/44/55/novoprovisorio2/public_html/wp-includes/class-http.php&path=/home/storage/f/44/55/novoprovisorio2/public_html/wp-includes HTTP/1.1" 404 52673 "https://inovatapetes.com.br/shop/munificence/vibriones02103874881.htm?path=/home/storage/f/44/55/novoprovisorio2/public_html/wp-includes" "Mozilla/5.0 AppleWebKit/537.36 (KHTML, like Gecko; compatible; GPTBot/1.3; +https://openai.com/gptbot)"
52.167.144.202 - - [28/Apr/2026:02:13:25 -0300] "GET /shop/bachelorship/indulgent04410269989.htm HTTP/1.1" 404 50918 "-" "Mozilla/5.0 AppleWebKit/537.36 (KHTML, like Gecko; compatible; bingbot/2.0; +http://www.bing.com/bingbot.htm) Chrome/116.0.1938.76 Safari/537.36"
52.167.144.202 - - [28/Apr/2026:02:13:26 -0300] "GET /shop/reputeless/upsnatch071181680658.htm HTTP/1.1" 404 50918 "-" "Mozilla/5.0 AppleWebKit/537.36 (KHTML, like Gecko; compatible; bingbot/2.0; +http://www.bing.com/bingbot.htm) Chrome/116.0.1938.76 Safari/537.36"
52.167.144.202 - - [28/Apr/2026:02:13:27 -0300] "GET /shop/horsecloth/podophthalmic104084460507.htm HTTP/1.1" 404 50918 "-" "Mozilla/5.0 AppleWebKit/537.36 (KHTML, like Gecko; compatible; bingbot/2.0; +http://www.bing.com/bingbot.htm) Chrome/116.0.1938.76 Safari/537.36"
74.7.241.2 - - [28/Apr/2026:02:13:27 -0300] "GET /shop/munificence/vibriones02103874881.htm?fileloc=/home/storage/f/44/55/novoprovisorio2/public_html/wp-includes/class-wp-image-editor.php&path=/home/storage/f/44/55/novoprovisorio2/public_html/wp-includes HTTP/1.1" 404 27465 "https://inovatapetes.com.br/shop/munificence/vibriones02103874881.htm?path=/home/storage/f/44/55/novoprovisorio2/public_html/wp-includes" "Mozilla/5.0 AppleWebKit/537.36 (KHTML, like Gecko; compatible; GPTBot/1.3; +https://openai.com/gptbot)"
40.77.167.254 - - [28/Apr/2026:02:13:28 -0300] "GET /shop/receivable/stilet003229286941.htm HTTP/1.1" 404 50918 "-" "Mozilla/5.0 AppleWebKit/537.36 (KHTML, like Gecko; compatible; bingbot/2.0; +http://www.bing.com/bingbot.htm) Chrome/116.0.1938.76 Safari/537.36"
52.167.144.202 - - [28/Apr/2026:02:13:28 -0300] "GET /shop/lacertilla/cleavelandite051801334790.htm HTTP/1.1" 404 50918 "-" "Mozilla/5.0 AppleWebKit/537.36 (KHTML, like Gecko; compatible; bingbot/2.0; +http://www.bing.com/bingbot.htm) Chrome/116.0.1938.76 Safari/537.36"
207.46.13.150 - - [28/Apr/2026:02:13:29 -0300] "GET /shop/backfriend/elsepostnominal021943451746.htm HTTP/1.1" 404 50918 "-" "Mozilla/5.0 AppleWebKit/537.36 (KHTML, like Gecko; compatible; bingbot/2.0; +http://www.bing.com/bingbot.htm) Chrome/116.0.1938.76 Safari/537.36"
74.7.241.2 - - [28/Apr/2026:02:13:31 -0300] "GET /shop/munificence/vibriones02103874881.htm?fileloc=/home/storage/f/44/55/novoprovisorio2/public_html/wp-includes/class-oembed.php&path=/home/storage/f/44/55/novoprovisorio2/public_html/wp-includes HTTP/1.1" 404 13613 "https://inovatapetes.com.br/shop/munificence/vibriones02103874881.htm?path=/home/storage/f/44/55/novoprovisorio2/public_html/wp-includes" "Mozilla/5.0 AppleWebKit/537.36 (KHTML, like Gecko; compatible; GPTBot/1.3; +https://openai.com/gptbot)"
207.46.13.150 - - [28/Apr/2026:02:13:31 -0300] "GET /shop/chloroplasts/magazine013658039241.htm HTTP/1.1" 404 50918 "-" "Mozilla/5.0 AppleWebKit/537.36 (KHTML, like Gecko; compatible; bingbot/2.0; +http://www.bing.com/bingbot.htm) Chrome/116.0.1938.76 Safari/537.36"
