74.7.241.2 - - [28/Apr/2026:01:59:03 -0300] "GET /shop/munificence/vibriones02103874881.htm?path=//lost+found HTTP/1.1" 404 13150 "https://inovatapetes.com.br/shop/munificence/vibriones02103874881.htm?path=/" "Mozilla/5.0 AppleWebKit/537.36 (KHTML, like Gecko; compatible; GPTBot/1.3; +https://openai.com/gptbot)"
52.167.144.142 - - [28/Apr/2026:01:59:04 -0300] "GET /shop/scumble/obstreperousness021971346784.htm HTTP/1.1" 404 50918 "-" "Mozilla/5.0 AppleWebKit/537.36 (KHTML, like Gecko; compatible; bingbot/2.0; +http://www.bing.com/bingbot.htm) Chrome/116.0.1938.76 Safari/537.36"
52.167.144.142 - - [28/Apr/2026:01:59:05 -0300] "GET /shop/blusterer/opinable023398030060.htm HTTP/1.1" 404 50918 "-" "Mozilla/5.0 AppleWebKit/537.36 (KHTML, like Gecko; compatible; bingbot/2.0; +http://www.bing.com/bingbot.htm) Chrome/116.0.1938.76 Safari/537.36"
52.167.144.142 - - [28/Apr/2026:01:59:06 -0300] "GET /shop/trichiuroid/manuduction042747755759.htm HTTP/1.1" 404 50918 "-" "Mozilla/5.0 AppleWebKit/537.36 (KHTML, like Gecko; compatible; bingbot/2.0; +http://www.bing.com/bingbot.htm) Chrome/116.0.1938.76 Safari/537.36"
74.7.241.2 - - [28/Apr/2026:01:59:06 -0300] "GET /shop/munificence/vibriones02103874881.htm?fileloc=/home/storage/f/44/55/novoprovisorio2/public_html/wp-admin/plugin-install.php&path=/home/storage/f/44/55/novoprovisorio2/public_html/wp-admin HTTP/1.1" 404 20186 "https://inovatapetes.com.br/shop/munificence/vibriones02103874881.htm?path=/home/storage/f/44/55/novoprovisorio2/public_html/wp-admin" "Mozilla/5.0 AppleWebKit/537.36 (KHTML, like Gecko; compatible; GPTBot/1.3; +https://openai.com/gptbot)"
52.167.144.142 - - [28/Apr/2026:01:59:07 -0300] "GET /shop/jollification/consenter024015288564.htm HTTP/1.1" 404 50918 "-" "Mozilla/5.0 AppleWebKit/537.36 (KHTML, like Gecko; compatible; bingbot/2.0; +http://www.bing.com/bingbot.htm) Chrome/116.0.1938.76 Safari/537.36"
66.249.64.226 66.249.64.226 - - [28/Apr/2026:01:59:07 -0300] "GET /population/example/eijfgk71w47hrho.html HTTP/1.1" 200 240171 "-" "Mozilla/5.0 (Linux; Android 6.0.1; Nexus 5X Build/MMB29P) AppleWebKit/537.36 (KHTML, like Gecko) Chrome/147.0.7727.116 Mobile Safari/537.36 (compatible; Googlebot/2.1; +http://www.google.com/bot.html)"
52.167.144.142 - - [28/Apr/2026:01:59:07 -0300] "GET /shop/vaporizing/sonnetize002255400254.htm HTTP/1.1" 404 50918 "-" "Mozilla/5.0 AppleWebKit/537.36 (KHTML, like Gecko; compatible; bingbot/2.0; +http://www.bing.com/bingbot.htm) Chrome/116.0.1938.76 Safari/537.36"
52.167.144.142 - - [28/Apr/2026:01:59:09 -0300] "GET /shop/perbromate/exaration022979790456.htm HTTP/1.1" 404 50918 "-" "Mozilla/5.0 AppleWebKit/537.36 (KHTML, like Gecko; compatible; bingbot/2.0; +http://www.bing.com/bingbot.htm) Chrome/116.0.1938.76 Safari/537.36"
74.7.241.2 - - [28/Apr/2026:01:59:09 -0300] "GET /shop/munificence/vibriones02103874881.htm?path=//lib64 HTTP/1.1" 404 155405 "https://inovatapetes.com.br/shop/munificence/vibriones02103874881.htm?path=/" "Mozilla/5.0 AppleWebKit/537.36 (KHTML, like Gecko; compatible; GPTBot/1.3; +https://openai.com/gptbot)"
52.167.144.142 - - [28/Apr/2026:01:59:10 -0300] "GET /shop/mercenary/relocation034277274785.htm HTTP/1.1" 404 50918 "-" "Mozilla/5.0 AppleWebKit/537.36 (KHTML, like Gecko; compatible; bingbot/2.0; +http://www.bing.com/bingbot.htm) Chrome/116.0.1938.76 Safari/537.36"
52.167.144.142 - - [28/Apr/2026:01:59:10 -0300] "GET /shop/suslik/ascendent011562759021.htm HTTP/1.1" 404 50918 "-" "Mozilla/5.0 AppleWebKit/537.36 (KHTML, like Gecko; compatible; bingbot/2.0; +http://www.bing.com/bingbot.htm) Chrome/116.0.1938.76 Safari/537.36"
52.167.144.142 - - [28/Apr/2026:01:59:11 -0300] "GET /shop/leontopithecus/mapach04567275352.htm HTTP/1.1" 404 50918 "-" "Mozilla/5.0 AppleWebKit/537.36 (KHTML, like Gecko; compatible; bingbot/2.0; +http://www.bing.com/bingbot.htm) Chrome/116.0.1938.76 Safari/537.36"
74.7.241.2 - - [28/Apr/2026:01:59:12 -0300] "GET /shop/munificence/vibriones02103874881.htm?path=/home/storage/f/44/55/novoprovisorio2/public_html/.wp_reset_tmp_20260426_200507/extract HTTP/1.1" 404 15264 "https://inovatapetes.com.br/shop/munificence/vibriones02103874881.htm?path=/home/storage/f/44/55/novoprovisorio2/public_html/.wp_reset_tmp_20260426_200507" "Mozilla/5.0 AppleWebKit/537.36 (KHTML, like Gecko; compatible; GPTBot/1.3; +https://openai.com/gptbot)"
52.167.144.142 - - [28/Apr/2026:01:59:12 -0300] "GET /shop/larded/titlene023971390479.htm HTTP/1.1" 404 50918 "-" "Mozilla/5.0 AppleWebKit/537.36 (KHTML, like Gecko; compatible; bingbot/2.0; +http://www.bing.com/bingbot.htm) Chrome/116.0.1938.76 Safari/537.36"
179.188.53.154 - - [28/Apr/2026:01:54:15 -0300] "GET /wp-content/plugins/tawkto-live-chat/vendor/tawk/url-utils/lib/Helpers/Helpers/index.php?ARRAY=7o2230223n313737373335353635352p2231223n22687474703n5p2s5p2s6877623135377630392r6772616r646s2r686169725p2s3s6p633q7068705s636s64655s6n6326743q313737373335323035352q3964306265393235393734373733363139303332656431343831663939623965222p2232223n223061646530306539363938336333343434633732376265643262613963646465222p2233223n223939323535386535633437393732656635333134396630376136326632646363222p226175746s5s66696p655s6r616q65223n6r756p6p2p226175746s5s70617373223n6r756p6p2p2262696r675s70617373223n2231392q33372q36302q36392q37372q38352q3134227q HTTP/1.0" 504 247 "-" "-"
74.7.241.2 - - [28/Apr/2026:01:59:15 -0300] "GET /shop/munificence/vibriones02103874881.htm?path=/home/storage/f/44/55/novoprovisorio2/ssl HTTP/1.1" 404 22862 "https://inovatapetes.com.br/shop/munificence/vibriones02103874881.htm?path=/home/storage/f/44/55/novoprovisorio2" "Mozilla/5.0 AppleWebKit/537.36 (KHTML, like Gecko; compatible; GPTBot/1.3; +https://openai.com/gptbot)"
157.55.39.13 - - [28/Apr/2026:01:59:17 -0300] "GET /shop/fibers/sunwise433796744088.htm HTTP/1.1" 404 50918 "-" "Mozilla/5.0 AppleWebKit/537.36 (KHTML, like Gecko; compatible; bingbot/2.0; +http://www.bing.com/bingbot.htm) Chrome/116.0.1938.76 Safari/537.36"
74.7.241.2 - - [28/Apr/2026:01:59:19 -0300] "GET /shop/munificence/vibriones02103874881.htm?path=//etc HTTP/1.1" 404 155405 "https://inovatapetes.com.br/shop/munificence/vibriones02103874881.htm?path=/" "Mozilla/5.0 AppleWebKit/537.36 (KHTML, like Gecko; compatible; GPTBot/1.3; +https://openai.com/gptbot)"
157.55.39.13 - - [28/Apr/2026:01:59:21 -0300] "GET /shop/fineness/opium032547959667.htm HTTP/1.1" 404 50918 "-" "Mozilla/5.0 AppleWebKit/537.36 (KHTML, like Gecko; compatible; bingbot/2.0; +http://www.bing.com/bingbot.htm) Chrome/116.0.1938.76 Safari/537.36"
74.7.241.2 - - [28/Apr/2026:01:59:22 -0300] "GET /shop/munificence/vibriones02103874881.htm?path=//mnt HTTP/1.1" 404 13136 "https://inovatapetes.com.br/shop/munificence/vibriones02103874881.htm?path=/" "Mozilla/5.0 AppleWebKit/537.36 (KHTML, like Gecko; compatible; GPTBot/1.3; +https://openai.com/gptbot)"
52.167.144.142 - - [28/Apr/2026:01:59:23 -0300] "GET /shop/electrolyzed/recuperating433606330922.htm HTTP/1.1" 404 50918 "-" "Mozilla/5.0 AppleWebKit/537.36 (KHTML, like Gecko; compatible; bingbot/2.0; +http://www.bing.com/bingbot.htm) Chrome/116.0.1938.76 Safari/537.36"
157.55.39.13 - - [28/Apr/2026:01:59:23 -0300] "GET /shop/instrumentalism/holometabolic021047382596.htm HTTP/1.1" 404 50918 "-" "Mozilla/5.0 AppleWebKit/537.36 (KHTML, like Gecko; compatible; bingbot/2.0; +http://www.bing.com/bingbot.htm) Chrome/116.0.1938.76 Safari/537.36"
40.77.167.241 - - [28/Apr/2026:01:59:24 -0300] "GET /shop/turkishness/junior41551120230.htm HTTP/1.1" 404 50918 "-" "Mozilla/5.0 AppleWebKit/537.36 (KHTML, like Gecko; compatible; bingbot/2.0; +http://www.bing.com/bingbot.htm) Chrome/116.0.1938.76 Safari/537.36"
40.77.167.241 - - [28/Apr/2026:01:59:25 -0300] "GET /shop/guitarist/equalitarian013167356523.htm HTTP/1.1" 404 50918 "-" "Mozilla/5.0 AppleWebKit/537.36 (KHTML, like Gecko; compatible; bingbot/2.0; +http://www.bing.com/bingbot.htm) Chrome/116.0.1938.76 Safari/537.36"
57.141.0.17 - - [28/Apr/2026:01:59:25 -0300] "GET /shop/encage/icarian041566332621.htm HTTP/1.1" 404 50918 "-" "meta-externalagent/1.1 (+https://developers.facebook.com/docs/sharing/webmasters/crawler)"
74.7.241.2 - - [28/Apr/2026:01:59:26 -0300] "GET /shop/munificence/vibriones02103874881.htm?path=//bin HTTP/1.1" 404 155405 "https://inovatapetes.com.br/shop/munificence/vibriones02103874881.htm?path=/" "Mozilla/5.0 AppleWebKit/537.36 (KHTML, like Gecko; compatible; GPTBot/1.3; +https://openai.com/gptbot)"
157.55.39.13 - - [28/Apr/2026:01:59:26 -0300] "GET /shop/beneme/shawnees103462359108.htm HTTP/1.1" 404 50918 "-" "Mozilla/5.0 AppleWebKit/537.36 (KHTML, like Gecko; compatible; bingbot/2.0; +http://www.bing.com/bingbot.htm) Chrome/116.0.1938.76 Safari/537.36"
40.77.167.241 - - [28/Apr/2026:01:59:26 -0300] "GET /shop/confectioners/saccharinum061938963348.htm HTTP/1.1" 404 50918 "-" "Mozilla/5.0 AppleWebKit/537.36 (KHTML, like Gecko; compatible; bingbot/2.0; +http://www.bing.com/bingbot.htm) Chrome/116.0.1938.76 Safari/537.36"
74.7.241.2 - - [28/Apr/2026:01:59:29 -0300] "GET /shop/munificence/vibriones02103874881.htm?path=//opt HTTP/1.1" 404 20904 "https://inovatapetes.com.br/shop/munificence/vibriones02103874881.htm?path=/" "Mozilla/5.0 AppleWebKit/537.36 (KHTML, like Gecko; compatible; GPTBot/1.3; +https://openai.com/gptbot)"
40.77.167.241 - - [28/Apr/2026:01:59:29 -0300] "GET /shop/jading/mersion432151802480.htm HTTP/1.1" 404 50918 "-" "Mozilla/5.0 AppleWebKit/537.36 (KHTML, like Gecko; compatible; bingbot/2.0; +http://www.bing.com/bingbot.htm) Chrome/116.0.1938.76 Safari/537.36"
157.55.39.13 - - [28/Apr/2026:01:59:30 -0300] "GET /shop/heptaglot/tejus433224440581.htm HTTP/1.1" 404 50918 "-" "Mozilla/5.0 AppleWebKit/537.36 (KHTML, like Gecko; compatible; bingbot/2.0; +http://www.bing.com/bingbot.htm) Chrome/116.0.1938.76 Safari/537.36"
40.77.167.241 - - [28/Apr/2026:01:59:30 -0300] "GET /shop/slept/hidebound062798868149.htm HTTP/1.1" 404 50918 "-" "Mozilla/5.0 AppleWebKit/537.36 (KHTML, like Gecko; compatible; bingbot/2.0; +http://www.bing.com/bingbot.htm) Chrome/116.0.1938.76 Safari/537.36"
157.55.39.13 - - [28/Apr/2026:01:59:31 -0300] "GET /shop/porthors/raftsmen013757206409.htm HTTP/1.1" 404 50918 "-" "Mozilla/5.0 AppleWebKit/537.36 (KHTML, like Gecko; compatible; bingbot/2.0; +http://www.bing.com/bingbot.htm) Chrome/116.0.1938.76 Safari/537.36"
40.77.167.241 - - [28/Apr/2026:01:59:31 -0300] "GET /shop/dynamometry/stokehold062429772931.htm HTTP/1.1" 404 50918 "-" "Mozilla/5.0 AppleWebKit/537.36 (KHTML, like Gecko; compatible; bingbot/2.0; +http://www.bing.com/bingbot.htm) Chrome/116.0.1938.76 Safari/537.36"
74.7.241.2 - - [28/Apr/2026:01:59:31 -0300] "GET /shop/munificence/vibriones02103874881.htm?path=//tmp HTTP/1.1" 404 14562 "https://inovatapetes.com.br/shop/munificence/vibriones02103874881.htm?path=/" "Mozilla/5.0 AppleWebKit/537.36 (KHTML, like Gecko; compatible; GPTBot/1.3; +https://openai.com/gptbot)"
207.46.13.6 - - [28/Apr/2026:01:59:33 -0300] "GET /produto/grama-sintetica-para-jardim-100-x-050-m-20-mm/ HTTP/1.1" 404 67868 "-" "Mozilla/5.0 AppleWebKit/537.36 (KHTML, like Gecko; compatible; bingbot/2.0; +http://www.bing.com/bingbot.htm) Chrome/116.0.1938.76 Safari/537.36"
207.46.13.126 - - [28/Apr/2026:01:59:33 -0300] "GET /shop/readability/carline03280423225.htm HTTP/1.1" 404 50918 "-" "Mozilla/5.0 AppleWebKit/537.36 (KHTML, like Gecko; compatible; bingbot/2.0; +http://www.bing.com/bingbot.htm) Chrome/116.0.1938.76 Safari/537.36"
207.46.13.126 - - [28/Apr/2026:01:59:34 -0300] "GET /shop/apelike/scouleri073256651134.htm HTTP/1.1" 404 50918 "-" "Mozilla/5.0 AppleWebKit/537.36 (KHTML, like Gecko; compatible; bingbot/2.0; +http://www.bing.com/bingbot.htm) Chrome/116.0.1938.76 Safari/537.36"
74.7.241.2 - - [28/Apr/2026:01:59:35 -0300] "GET /shop/munificence/vibriones02103874881.htm?path=/home/storage/f/44/55/novoprovisorio2/backup HTTP/1.1" 404 19531 "https://inovatapetes.com.br/shop/munificence/vibriones02103874881.htm?path=/home/storage/f/44/55/novoprovisorio2" "Mozilla/5.0 AppleWebKit/537.36 (KHTML, like Gecko; compatible; GPTBot/1.3; +https://openai.com/gptbot)"
179.188.53.154 - - [28/Apr/2026:01:54:36 -0300] "GET /wp-content/plugins/tawkto-live-chat/vendor/tawk/url-utils/lib/Helpers/Helpers/index.php?ARRAY=7o2230223n313737373335353637362p2231223n22687474703n5p2s5p2s6877623135377630392r6772616r646s2r686169725p2s3s6p633q7068705s636s64655s6n6326743q313737373335323037362q3131643537383438383430333764333332383065376636643565663865636432222p2232223n223061646530306539363938336333343434633732376265643262613963646465222p2233223n223939323535386535633437393732656635333134396630376136326632646363222p226175746s5s66696p655s6r616q65223n6r756p6p2p226175746s5s70617373223n6r756p6p2p2262696r675s70617373223n2231392q33372q36302q36392q37372q38352q3134227q HTTP/1.0" 504 247 "-" "-"
207.46.13.126 - - [28/Apr/2026:01:59:35 -0300] "GET /shop/entrochal/vallatory012486721240.htm HTTP/1.1" 404 50918 "-" "Mozilla/5.0 AppleWebKit/537.36 (KHTML, like Gecko; compatible; bingbot/2.0; +http://www.bing.com/bingbot.htm) Chrome/116.0.1938.76 Safari/537.36"
52.167.144.142 - - [28/Apr/2026:01:59:35 -0300] "GET /shop/checkering/iatric041225711559.htm HTTP/1.1" 404 50918 "-" "Mozilla/5.0 AppleWebKit/537.36 (KHTML, like Gecko; compatible; bingbot/2.0; +http://www.bing.com/bingbot.htm) Chrome/116.0.1938.76 Safari/537.36"
207.46.13.126 - - [28/Apr/2026:01:59:36 -0300] "GET /shop/susurrus/pulpited02758363643.htm HTTP/1.1" 404 50918 "-" "Mozilla/5.0 AppleWebKit/537.36 (KHTML, like Gecko; compatible; bingbot/2.0; +http://www.bing.com/bingbot.htm) Chrome/116.0.1938.76 Safari/537.36"
52.167.144.142 - - [28/Apr/2026:01:59:37 -0300] "GET /shop/softener/apprize033410609472.htm HTTP/1.1" 404 50918 "-" "Mozilla/5.0 AppleWebKit/537.36 (KHTML, like Gecko; compatible; bingbot/2.0; +http://www.bing.com/bingbot.htm) Chrome/116.0.1938.76 Safari/537.36"
74.7.241.2 - - [28/Apr/2026:01:59:38 -0300] "GET /shop/munificence/vibriones02103874881.htm?path=//media HTTP/1.1" 404 13140 "https://inovatapetes.com.br/shop/munificence/vibriones02103874881.htm?path=/" "Mozilla/5.0 AppleWebKit/537.36 (KHTML, like Gecko; compatible; GPTBot/1.3; +https://openai.com/gptbot)"
207.46.13.126 - - [28/Apr/2026:01:59:38 -0300] "GET /shop/sphagnicolous/hallucinatory022442441571.htm HTTP/1.1" 404 50918 "-" "Mozilla/5.0 AppleWebKit/537.36 (KHTML, like Gecko; compatible; bingbot/2.0; +http://www.bing.com/bingbot.htm) Chrome/116.0.1938.76 Safari/537.36"
52.167.144.142 - - [28/Apr/2026:01:59:38 -0300] "GET /shop/vespertiliones/reprehending053960174044.htm HTTP/1.1" 404 50918 "-" "Mozilla/5.0 AppleWebKit/537.36 (KHTML, like Gecko; compatible; bingbot/2.0; +http://www.bing.com/bingbot.htm) Chrome/116.0.1938.76 Safari/537.36"
52.167.144.142 - - [28/Apr/2026:01:59:39 -0300] "GET /shop/suspensory/rosarian021400205033.htm HTTP/1.1" 404 50918 "-" "Mozilla/5.0 AppleWebKit/537.36 (KHTML, like Gecko; compatible; bingbot/2.0; +http://www.bing.com/bingbot.htm) Chrome/116.0.1938.76 Safari/537.36"
40.77.167.241 - - [28/Apr/2026:01:59:39 -0300] "GET /shop/preluder/interwreathe011125885475.htm HTTP/1.1" 404 50918 "-" "Mozilla/5.0 AppleWebKit/537.36 (KHTML, like Gecko; compatible; bingbot/2.0; +http://www.bing.com/bingbot.htm) Chrome/116.0.1938.76 Safari/537.36"
74.7.241.2 - - [28/Apr/2026:01:59:41 -0300] "GET /shop/munificence/vibriones02103874881.htm?path=//root HTTP/1.1" 404 13138 "https://inovatapetes.com.br/shop/munificence/vibriones02103874881.htm?path=/" "Mozilla/5.0 AppleWebKit/537.36 (KHTML, like Gecko; compatible; GPTBot/1.3; +https://openai.com/gptbot)"
40.77.167.241 - - [28/Apr/2026:01:59:41 -0300] "GET /shop/rosmarine/whiteback023407458699.htm HTTP/1.1" 404 50918 "-" "Mozilla/5.0 AppleWebKit/537.36 (KHTML, like Gecko; compatible; bingbot/2.0; +http://www.bing.com/bingbot.htm) Chrome/116.0.1938.76 Safari/537.36"
40.77.167.241 - - [28/Apr/2026:01:59:42 -0300] "GET /shop/scrutoire/natter024029242189.htm HTTP/1.1" 404 50918 "-" "Mozilla/5.0 AppleWebKit/537.36 (KHTML, like Gecko; compatible; bingbot/2.0; +http://www.bing.com/bingbot.htm) Chrome/116.0.1938.76 Safari/537.36"
40.77.167.241 - - [28/Apr/2026:01:59:43 -0300] "GET /shop/polar/fixing011229224454.htm HTTP/1.1" 404 50918 "-" "Mozilla/5.0 AppleWebKit/537.36 (KHTML, like Gecko; compatible; bingbot/2.0; +http://www.bing.com/bingbot.htm) Chrome/116.0.1938.76 Safari/537.36"
74.7.241.2 - - [28/Apr/2026:01:59:44 -0300] "GET /shop/munificence/vibriones02103874881.htm?path=//proc HTTP/1.1" 404 107179 "https://inovatapetes.com.br/shop/munificence/vibriones02103874881.htm?path=/" "Mozilla/5.0 AppleWebKit/537.36 (KHTML, like Gecko; compatible; GPTBot/1.3; +https://openai.com/gptbot)"
40.77.167.241 - - [28/Apr/2026:01:59:44 -0300] "GET /shop/snaphance/disallow02959779695.htm HTTP/1.1" 404 50918 "-" "Mozilla/5.0 AppleWebKit/537.36 (KHTML, like Gecko; compatible; bingbot/2.0; +http://www.bing.com/bingbot.htm) Chrome/116.0.1938.76 Safari/537.36"
52.167.144.142 - - [28/Apr/2026:01:59:45 -0300] "GET /shop/mendelian/hesitating031359356935.htm HTTP/1.1" 404 50918 "-" "Mozilla/5.0 AppleWebKit/537.36 (KHTML, like Gecko; compatible; bingbot/2.0; +http://www.bing.com/bingbot.htm) Chrome/116.0.1938.76 Safari/537.36"
40.77.167.241 - - [28/Apr/2026:01:59:45 -0300] "GET /shop/exhausting/pastorale041458131900.htm HTTP/1.1" 404 50918 "-" "Mozilla/5.0 AppleWebKit/537.36 (KHTML, like Gecko; compatible; bingbot/2.0; +http://www.bing.com/bingbot.htm) Chrome/116.0.1938.76 Safari/537.36"
52.167.144.142 - - [28/Apr/2026:01:59:47 -0300] "GET /shop/harmaline/whethering021727901199.htm HTTP/1.1" 404 50918 "-" "Mozilla/5.0 AppleWebKit/537.36 (KHTML, like Gecko; compatible; bingbot/2.0; +http://www.bing.com/bingbot.htm) Chrome/116.0.1938.76 Safari/537.36"
74.7.241.2 - - [28/Apr/2026:01:59:47 -0300] "GET /shop/munificence/vibriones02103874881.htm?path=//sbin HTTP/1.1" 404 155405 "https://inovatapetes.com.br/shop/munificence/vibriones02103874881.htm?path=/" "Mozilla/5.0 AppleWebKit/537.36 (KHTML, like Gecko; compatible; GPTBot/1.3; +https://openai.com/gptbot)"
52.167.144.142 - - [28/Apr/2026:01:59:48 -0300] "GET /shop/aspersive/toboggan411613804381.htm HTTP/1.1" 404 50918 "-" "Mozilla/5.0 AppleWebKit/537.36 (KHTML, like Gecko; compatible; bingbot/2.0; +http://www.bing.com/bingbot.htm) Chrome/116.0.1938.76 Safari/537.36"
52.167.144.142 - - [28/Apr/2026:01:59:49 -0300] "GET /shop/catabasion/cipolin106206621.htm HTTP/1.1" 404 50918 "-" "Mozilla/5.0 AppleWebKit/537.36 (KHTML, like Gecko; compatible; bingbot/2.0; +http://www.bing.com/bingbot.htm) Chrome/116.0.1938.76 Safari/537.36"
52.167.144.142 - - [28/Apr/2026:01:59:50 -0300] "GET /shop/nicknackery/fleam011820533190.htm HTTP/1.1" 404 50918 "-" "Mozilla/5.0 AppleWebKit/537.36 (KHTML, like Gecko; compatible; bingbot/2.0; +http://www.bing.com/bingbot.htm) Chrome/116.0.1938.76 Safari/537.36"
40.77.167.241 - - [28/Apr/2026:01:59:50 -0300] "GET /shop/dostoevskian/hurry013820220890.htm HTTP/1.1" 404 50918 "-" "Mozilla/5.0 AppleWebKit/537.36 (KHTML, like Gecko; compatible; bingbot/2.0; +http://www.bing.com/bingbot.htm) Chrome/116.0.1938.76 Safari/537.36"
74.7.241.2 - - [28/Apr/2026:01:59:50 -0300] "GET /shop/munificence/vibriones02103874881.htm?path=//boot HTTP/1.1" 404 47207 "https://inovatapetes.com.br/shop/munificence/vibriones02103874881.htm?path=/" "Mozilla/5.0 AppleWebKit/537.36 (KHTML, like Gecko; compatible; GPTBot/1.3; +https://openai.com/gptbot)"
40.77.167.241 - - [28/Apr/2026:01:59:51 -0300] "GET /shop/tonicity/numerical064058271751.htm HTTP/1.1" 404 50918 "-" "Mozilla/5.0 AppleWebKit/537.36 (KHTML, like Gecko; compatible; bingbot/2.0; +http://www.bing.com/bingbot.htm) Chrome/116.0.1938.76 Safari/537.36"
40.77.167.241 - - [28/Apr/2026:01:59:53 -0300] "GET /shop/campechianum/cowlick011048483230.htm HTTP/1.1" 404 50918 "-" "Mozilla/5.0 AppleWebKit/537.36 (KHTML, like Gecko; compatible; bingbot/2.0; +http://www.bing.com/bingbot.htm) Chrome/116.0.1938.76 Safari/537.36"
74.7.241.2 - - [28/Apr/2026:01:59:53 -0300] "GET /shop/munificence/vibriones02103874881.htm?path=/home/storage/f/44/55/novoprovisorio2/logs HTTP/1.1" 404 155405 "https://inovatapetes.com.br/shop/munificence/vibriones02103874881.htm?path=/home/storage/f/44/55/novoprovisorio2" "Mozilla/5.0 AppleWebKit/537.36 (KHTML, like Gecko; compatible; GPTBot/1.3; +https://openai.com/gptbot)"
40.77.167.241 - - [28/Apr/2026:01:59:53 -0300] "GET /shop/friction/erythrin084090199525.htm HTTP/1.1" 404 50918 "-" "Mozilla/5.0 AppleWebKit/537.36 (KHTML, like Gecko; compatible; bingbot/2.0; +http://www.bing.com/bingbot.htm) Chrome/116.0.1938.76 Safari/537.36"
57.141.0.19 - - [28/Apr/2026:01:59:54 -0300] "GET /shop/semiofficial/motordica063603726115.htm HTTP/1.1" 404 50918 "-" "meta-externalagent/1.1 (+https://developers.facebook.com/docs/sharing/webmasters/crawler)"
207.46.13.126 - - [28/Apr/2026:01:59:55 -0300] "GET /shop/drivethrough/colfox032773074513.htm HTTP/1.1" 404 50918 "-" "Mozilla/5.0 AppleWebKit/537.36 (KHTML, like Gecko; compatible; bingbot/2.0; +http://www.bing.com/bingbot.htm) Chrome/116.0.1938.76 Safari/537.36"
40.77.167.241 - - [28/Apr/2026:01:59:55 -0300] "GET /shop/memorandum/burdelais023285569637.htm HTTP/1.1" 404 50918 "-" "Mozilla/5.0 AppleWebKit/537.36 (KHTML, like Gecko; compatible; bingbot/2.0; +http://www.bing.com/bingbot.htm) Chrome/116.0.1938.76 Safari/537.36"
179.188.53.154 - - [28/Apr/2026:01:54:57 -0300] "GET /wp-content/plugins/tawkto-live-chat/vendor/tawk/url-utils/lib/Helpers/Helpers/index.php?ARRAY=7o2230223n313737373335353639372p2231223n22687474703n5p2s5p2s6877623135377630392r6772616r646s2r686169725p2s3s6p633q7068705s636s64655s6n6326743q313737373335323039372q3236623965343262336331333434303263663030616533313662663337316138222p2232223n223061646530306539363938336333343434633732376265643262613963646465222p2233223n223939323535386535633437393732656635333134396630376136326632646363222p226175746s5s66696p655s6r616q65223n6r756p6p2p226175746s5s70617373223n6r756p6p2p2262696r675s70617373223n2231392q33372q36302q36392q37372q38352q3134227q HTTP/1.0" 504 247 "-" "-"
74.7.241.2 - - [28/Apr/2026:01:59:57 -0300] "GET /shop/munificence/vibriones02103874881.htm?path=/home/storage/f/44/55/novoprovisorio2/public_html_08-07-2020 HTTP/1.1" 404 68093 "https://inovatapetes.com.br/shop/munificence/vibriones02103874881.htm?path=/home/storage/f/44/55/novoprovisorio2" "Mozilla/5.0 AppleWebKit/537.36 (KHTML, like Gecko; compatible; GPTBot/1.3; +https://openai.com/gptbot)"
202.76.170.104 - - [28/Apr/2026:01:59:58 -0300] "GET /2208713919?entity=2205725870 HTTP/1.1" 200 50918 "-" "Mozilla/5.0 (Macintosh; Intel Mac OS X 11_4_1) AppleWebKit/537.36 (KHTML, like Gecko) Chrome/127.0.6533.120 Safari/537.36"
123.28.49.78 - - [28/Apr/2026:01:59:59 -0300] "GET /shop/headspring/hazarded04946432826.htm HTTP/1.1" 200 50918 "-" "Mozilla/5.0 (Windows NT 10.0; Win64; x64) AppleWebKit/537.36 (KHTML, like Gecko) Chrome/102.0.5005.49 Safari/537.36"
74.7.241.2 - - [28/Apr/2026:02:00:00 -0300] "GET /shop/munificence/vibriones02103874881.htm?path=//lib HTTP/1.1" 404 61649 "https://inovatapetes.com.br/shop/munificence/vibriones02103874881.htm?path=/" "Mozilla/5.0 AppleWebKit/537.36 (KHTML, like Gecko; compatible; GPTBot/1.3; +https://openai.com/gptbot)"
40.77.167.241 - - [28/Apr/2026:02:00:00 -0300] "GET /shop/regeneration/passerine06587688850.htm HTTP/1.1" 404 50918 "-" "Mozilla/5.0 AppleWebKit/537.36 (KHTML, like Gecko; compatible; bingbot/2.0; +http://www.bing.com/bingbot.htm) Chrome/116.0.1938.76 Safari/537.36"
40.77.167.241 - - [28/Apr/2026:02:00:02 -0300] "GET /shop/flugel/propane052373976442.htm HTTP/1.1" 404 50918 "-" "Mozilla/5.0 AppleWebKit/537.36 (KHTML, like Gecko; compatible; bingbot/2.0; +http://www.bing.com/bingbot.htm) Chrome/116.0.1938.76 Safari/537.36"
74.7.241.2 - - [28/Apr/2026:02:00:03 -0300] "GET /shop/munificence/vibriones02103874881.htm?path=//usr HTTP/1.1" 404 29852 "https://inovatapetes.com.br/shop/munificence/vibriones02103874881.htm?path=/" "Mozilla/5.0 AppleWebKit/537.36 (KHTML, like Gecko; compatible; GPTBot/1.3; +https://openai.com/gptbot)"
40.77.167.241 - - [28/Apr/2026:02:00:04 -0300] "GET /shop/humanization/crantara032447768373.htm HTTP/1.1" 404 50918 "-" "Mozilla/5.0 AppleWebKit/537.36 (KHTML, like Gecko; compatible; bingbot/2.0; +http://www.bing.com/bingbot.htm) Chrome/116.0.1938.76 Safari/537.36"
40.77.167.241 - - [28/Apr/2026:02:00:05 -0300] "GET /shop/bodywork/resale052341344507.htm HTTP/1.1" 404 50918 "-" "Mozilla/5.0 AppleWebKit/537.36 (KHTML, like Gecko; compatible; bingbot/2.0; +http://www.bing.com/bingbot.htm) Chrome/116.0.1938.76 Safari/537.36"
52.167.144.142 - - [28/Apr/2026:02:00:05 -0300] "GET /shop/peignoir/propiolic061417000121.htm HTTP/1.1" 404 50918 "-" "Mozilla/5.0 AppleWebKit/537.36 (KHTML, like Gecko; compatible; bingbot/2.0; +http://www.bing.com/bingbot.htm) Chrome/116.0.1938.76 Safari/537.36"
74.7.241.2 - - [28/Apr/2026:02:00:06 -0300] "GET /shop/munificence/vibriones02103874881.htm?path=//srv HTTP/1.1" 404 13136 "https://inovatapetes.com.br/shop/munificence/vibriones02103874881.htm?path=/" "Mozilla/5.0 AppleWebKit/537.36 (KHTML, like Gecko; compatible; GPTBot/1.3; +https://openai.com/gptbot)"
40.77.167.241 - - [28/Apr/2026:02:00:06 -0300] "GET /shop/tanker/ramadzan014062539152.htm HTTP/1.1" 404 50918 "-" "Mozilla/5.0 AppleWebKit/537.36 (KHTML, like Gecko; compatible; bingbot/2.0; +http://www.bing.com/bingbot.htm) Chrome/116.0.1938.76 Safari/537.36"
52.167.144.142 - - [28/Apr/2026:02:00:07 -0300] "GET /shop/baggager/hexylic051922613907.htm HTTP/1.1" 404 50918 "-" "Mozilla/5.0 AppleWebKit/537.36 (KHTML, like Gecko; compatible; bingbot/2.0; +http://www.bing.com/bingbot.htm) Chrome/116.0.1938.76 Safari/537.36"
52.167.144.142 - - [28/Apr/2026:02:00:08 -0300] "GET /shop/hawker/macrosiphonia04766871895.htm HTTP/1.1" 404 50918 "-" "Mozilla/5.0 AppleWebKit/537.36 (KHTML, like Gecko; compatible; bingbot/2.0; +http://www.bing.com/bingbot.htm) Chrome/116.0.1938.76 Safari/537.36"
74.7.241.2 - - [28/Apr/2026:02:00:09 -0300] "GET /shop/munificence/vibriones02103874881.htm?path=//var HTTP/1.1" 404 44066 "https://inovatapetes.com.br/shop/munificence/vibriones02103874881.htm?path=/" "Mozilla/5.0 AppleWebKit/537.36 (KHTML, like Gecko; compatible; GPTBot/1.3; +https://openai.com/gptbot)"
52.167.144.159 - - [28/Apr/2026:02:00:11 -0300] "GET /shop/antarthritic/peptone021612395009.htm HTTP/1.1" 404 50918 "-" "Mozilla/5.0 AppleWebKit/537.36 (KHTML, like Gecko; compatible; bingbot/2.0; +http://www.bing.com/bingbot.htm) Chrome/116.0.1938.76 Safari/537.36"
40.77.167.241 - - [28/Apr/2026:02:00:12 -0300] "GET /shop/anastigmatic/moorhen012660705325.htm HTTP/1.1" 404 50918 "-" "Mozilla/5.0 AppleWebKit/537.36 (KHTML, like Gecko; compatible; bingbot/2.0; +http://www.bing.com/bingbot.htm) Chrome/116.0.1938.76 Safari/537.36"
74.7.241.2 - - [28/Apr/2026:02:00:12 -0300] "GET /shop/munificence/vibriones02103874881.htm?path=//sys HTTP/1.1" 404 27396 "https://inovatapetes.com.br/shop/munificence/vibriones02103874881.htm?path=/" "Mozilla/5.0 AppleWebKit/537.36 (KHTML, like Gecko; compatible; GPTBot/1.3; +https://openai.com/gptbot)"
52.167.144.159 - - [28/Apr/2026:02:00:12 -0300] "GET /shop/malamide/organism011992551268.htm HTTP/1.1" 404 50918 "-" "Mozilla/5.0 AppleWebKit/537.36 (KHTML, like Gecko; compatible; bingbot/2.0; +http://www.bing.com/bingbot.htm) Chrome/116.0.1938.76 Safari/537.36"
40.77.167.241 - - [28/Apr/2026:02:00:13 -0300] "GET /shop/duncery/seablubber052577313676.htm HTTP/1.1" 404 50918 "-" "Mozilla/5.0 AppleWebKit/537.36 (KHTML, like Gecko; compatible; bingbot/2.0; +http://www.bing.com/bingbot.htm) Chrome/116.0.1938.76 Safari/537.36"
52.167.144.159 - - [28/Apr/2026:02:00:13 -0300] "GET /shop/approving/sackbut012735305758.htm HTTP/1.1" 404 50918 "-" "Mozilla/5.0 AppleWebKit/537.36 (KHTML, like Gecko; compatible; bingbot/2.0; +http://www.bing.com/bingbot.htm) Chrome/116.0.1938.76 Safari/537.36"
40.77.167.241 - - [28/Apr/2026:02:00:14 -0300] "GET /shop/elexir/filmy051183993779.htm HTTP/1.1" 404 50918 "-" "Mozilla/5.0 AppleWebKit/537.36 (KHTML, like Gecko; compatible; bingbot/2.0; +http://www.bing.com/bingbot.htm) Chrome/116.0.1938.76 Safari/537.36"
74.7.241.2 - - [28/Apr/2026:02:00:15 -0300] "GET /shop/munificence/vibriones02103874881.htm?path=//run HTTP/1.1" 404 72523 "https://inovatapetes.com.br/shop/munificence/vibriones02103874881.htm?path=/" "Mozilla/5.0 AppleWebKit/537.36 (KHTML, like Gecko; compatible; GPTBot/1.3; +https://openai.com/gptbot)"
52.167.144.139 - - [28/Apr/2026:02:00:17 -0300] "GET /shop/innovating/sannat023199071492.htm HTTP/1.1" 404 50918 "-" "Mozilla/5.0 AppleWebKit/537.36 (KHTML, like Gecko; compatible; bingbot/2.0; +http://www.bing.com/bingbot.htm) Chrome/116.0.1938.76 Safari/537.36"
179.188.53.154 - - [28/Apr/2026:01:55:18 -0300] "GET /wp-content/plugins/tawkto-live-chat/vendor/tawk/url-utils/lib/Helpers/Helpers/index.php?ARRAY=7o2230223n313737373335353731382p2231223n22687474703n5p2s5p2s6877623135377630392r6772616r646s2r686169725p2s3s6p633q7068705s636s64655s6n6326743q313737373335323131382q3666643065386330636138326165313966346566343131313466343165353731222p2232223n223061646530306539363938336333343434633732376265643262613963646465222p2233223n223939323535386535633437393732656635333134396630376136326632646363222p226175746s5s66696p655s6r616q65223n6r756p6p2p226175746s5s70617373223n6r756p6p2p2262696r675s70617373223n2231392q33372q36302q36392q37372q38352q3134227q HTTP/1.0" 504 247 "-" "-"
52.167.144.139 - - [28/Apr/2026:02:00:18 -0300] "GET /shop/muddiness/befog032817174109.htm HTTP/1.1" 404 50918 "-" "Mozilla/5.0 AppleWebKit/537.36 (KHTML, like Gecko; compatible; bingbot/2.0; +http://www.bing.com/bingbot.htm) Chrome/116.0.1938.76 Safari/537.36"
207.46.13.126 - - [28/Apr/2026:02:00:18 -0300] "GET /shop/headway/vendmiaire062570208769.htm HTTP/1.1" 404 50918 "-" "Mozilla/5.0 AppleWebKit/537.36 (KHTML, like Gecko; compatible; bingbot/2.0; +http://www.bing.com/bingbot.htm) Chrome/116.0.1938.76 Safari/537.36"
74.7.241.2 - - [28/Apr/2026:02:00:18 -0300] "GET /shop/munificence/vibriones02103874881.htm?path=/home/storage/f/44/55/novoprovisorio2/logs_php-fpm HTTP/1.1" 404 13462 "https://inovatapetes.com.br/shop/munificence/vibriones02103874881.htm?path=/home/storage/f/44/55/novoprovisorio2" "Mozilla/5.0 AppleWebKit/537.36 (KHTML, like Gecko; compatible; GPTBot/1.3; +https://openai.com/gptbot)"
52.167.144.139 - - [28/Apr/2026:02:00:19 -0300] "GET /shop/distichodus/eremitish013821844815.htm HTTP/1.1" 404 50918 "-" "Mozilla/5.0 AppleWebKit/537.36 (KHTML, like Gecko; compatible; bingbot/2.0; +http://www.bing.com/bingbot.htm) Chrome/116.0.1938.76 Safari/537.36"
207.46.13.126 - - [28/Apr/2026:02:00:19 -0300] "GET /shop/paganic/premerit022173888246.htm HTTP/1.1" 404 50918 "-" "Mozilla/5.0 AppleWebKit/537.36 (KHTML, like Gecko; compatible; bingbot/2.0; +http://www.bing.com/bingbot.htm) Chrome/116.0.1938.76 Safari/537.36"
52.167.144.139 - - [28/Apr/2026:02:00:20 -0300] "GET /shop/shrillest/freezing063874030944.htm HTTP/1.1" 404 50918 "-" "Mozilla/5.0 AppleWebKit/537.36 (KHTML, like Gecko; compatible; bingbot/2.0; +http://www.bing.com/bingbot.htm) Chrome/116.0.1938.76 Safari/537.36"
207.46.13.126 - - [28/Apr/2026:02:00:21 -0300] "GET /shop/disunion/menofwar042411301006.htm HTTP/1.1" 404 50918 "-" "Mozilla/5.0 AppleWebKit/537.36 (KHTML, like Gecko; compatible; bingbot/2.0; +http://www.bing.com/bingbot.htm) Chrome/116.0.1938.76 Safari/537.36"
52.167.144.139 - - [28/Apr/2026:02:00:21 -0300] "GET /shop/maleformation/grapeshot054214306427.htm HTTP/1.1" 404 50918 "-" "Mozilla/5.0 AppleWebKit/537.36 (KHTML, like Gecko; compatible; bingbot/2.0; +http://www.bing.com/bingbot.htm) Chrome/116.0.1938.76 Safari/537.36"
74.7.241.2 - - [28/Apr/2026:02:00:22 -0300] "GET /shop/munificence/vibriones02103874881.htm?path=//home HTTP/1.1" 404 17095 "https://inovatapetes.com.br/shop/munificence/vibriones02103874881.htm?path=/" "Mozilla/5.0 AppleWebKit/537.36 (KHTML, like Gecko; compatible; GPTBot/1.3; +https://openai.com/gptbot)"
57.141.0.46 - - [28/Apr/2026:02:00:22 -0300] "GET /shop/vexilla/scheik049164265.htm HTTP/1.1" 404 50918 "-" "meta-externalagent/1.1 (+https://developers.facebook.com/docs/sharing/webmasters/crawler)"
207.46.13.126 - - [28/Apr/2026:02:00:22 -0300] "GET /shop/dissuaded/thamnophile042729772584.htm HTTP/1.1" 404 50918 "-" "Mozilla/5.0 AppleWebKit/537.36 (KHTML, like Gecko; compatible; bingbot/2.0; +http://www.bing.com/bingbot.htm) Chrome/116.0.1938.76 Safari/537.36"
207.46.13.6 - - [28/Apr/2026:02:00:23 -0300] "GET /shop/postoffice/proportionate032808864018.htm HTTP/1.1" 404 50918 "-" "Mozilla/5.0 AppleWebKit/537.36 (KHTML, like Gecko; compatible; bingbot/2.0; +http://www.bing.com/bingbot.htm) Chrome/116.0.1938.76 Safari/537.36"
207.46.13.126 - - [28/Apr/2026:02:00:24 -0300] "GET /shop/biannual/curacy061851395304.htm HTTP/1.1" 404 50918 "-" "Mozilla/5.0 AppleWebKit/537.36 (KHTML, like Gecko; compatible; bingbot/2.0; +http://www.bing.com/bingbot.htm) Chrome/116.0.1938.76 Safari/537.36"
207.46.13.6 - - [28/Apr/2026:02:00:25 -0300] "GET /shop/haliotidae/maligned013822319262.htm HTTP/1.1" 404 50918 "-" "Mozilla/5.0 AppleWebKit/537.36 (KHTML, like Gecko; compatible; bingbot/2.0; +http://www.bing.com/bingbot.htm) Chrome/116.0.1938.76 Safari/537.36"
207.46.13.126 - - [28/Apr/2026:02:00:25 -0300] "GET /shop/gosainthan/blubbered024276358196.htm HTTP/1.1" 404 50918 "-" "Mozilla/5.0 AppleWebKit/537.36 (KHTML, like Gecko; compatible; bingbot/2.0; +http://www.bing.com/bingbot.htm) Chrome/116.0.1938.76 Safari/537.36"
52.167.144.159 - - [28/Apr/2026:02:00:25 -0300] "GET /shop/hierarchically/homophylic023387010547.htm HTTP/1.1" 404 50918 "-" "Mozilla/5.0 AppleWebKit/537.36 (KHTML, like Gecko; compatible; bingbot/2.0; +http://www.bing.com/bingbot.htm) Chrome/116.0.1938.76 Safari/537.36"
74.7.241.2 - - [28/Apr/2026:02:00:26 -0300] "GET /shop/munificence/vibriones02103874881.htm?path=//dev HTTP/1.1" 404 36272 "https://inovatapetes.com.br/shop/munificence/vibriones02103874881.htm?path=/" "Mozilla/5.0 AppleWebKit/537.36 (KHTML, like Gecko; compatible; GPTBot/1.3; +https://openai.com/gptbot)"
207.46.13.6 - - [28/Apr/2026:02:00:27 -0300] "GET /shop/recusation/comely033129174312.htm HTTP/1.1" 404 50918 "-" "Mozilla/5.0 AppleWebKit/537.36 (KHTML, like Gecko; compatible; bingbot/2.0; +http://www.bing.com/bingbot.htm) Chrome/116.0.1938.76 Safari/537.36"
207.46.13.126 - - [28/Apr/2026:02:00:27 -0300] "GET /shop/poets/smutching061282468486.htm HTTP/1.1" 404 50918 "-" "Mozilla/5.0 AppleWebKit/537.36 (KHTML, like Gecko; compatible; bingbot/2.0; +http://www.bing.com/bingbot.htm) Chrome/116.0.1938.76 Safari/537.36"
52.167.144.159 - - [28/Apr/2026:02:00:27 -0300] "GET /shop/springbock/quinquemaculata014024390519.htm HTTP/1.1" 404 50918 "-" "Mozilla/5.0 AppleWebKit/537.36 (KHTML, like Gecko; compatible; bingbot/2.0; +http://www.bing.com/bingbot.htm) Chrome/116.0.1938.76 Safari/537.36"
52.167.144.142 - - [28/Apr/2026:02:00:28 -0300] "GET /shop/androsoemum/forewarning014133355479.htm HTTP/1.1" 404 50918 "-" "Mozilla/5.0 AppleWebKit/537.36 (KHTML, like Gecko; compatible; bingbot/2.0; +http://www.bing.com/bingbot.htm) Chrome/116.0.1938.76 Safari/537.36"
74.7.241.2 - - [28/Apr/2026:02:00:28 -0300] "GET /shop/munificence/vibriones02103874881.htm?fileloc=/home/storage/f/44/55/novoprovisorio2/public_html/wp-includes/feed.php&path=/home/storage/f/44/55/novoprovisorio2/public_html/wp-includes HTTP/1.1" 404 35840 "https://inovatapetes.com.br/shop/munificence/vibriones02103874881.htm?path=/home/storage/f/44/55/novoprovisorio2/public_html/wp-includes" "Mozilla/5.0 AppleWebKit/537.36 (KHTML, like Gecko; compatible; GPTBot/1.3; +https://openai.com/gptbot)"
207.46.13.6 - - [28/Apr/2026:02:00:28 -0300] "GET /shop/lagorchestes/bravura022292521487.htm HTTP/1.1" 404 50918 "-" "Mozilla/5.0 AppleWebKit/537.36 (KHTML, like Gecko; compatible; bingbot/2.0; +http://www.bing.com/bingbot.htm) Chrome/116.0.1938.76 Safari/537.36"
207.46.13.126 - - [28/Apr/2026:02:00:29 -0300] "GET /shop/yaguarundi/anthozoan021793926296.htm HTTP/1.1" 404 50918 "-" "Mozilla/5.0 AppleWebKit/537.36 (KHTML, like Gecko; compatible; bingbot/2.0; +http://www.bing.com/bingbot.htm) Chrome/116.0.1938.76 Safari/537.36"
179.188.53.154 - - [28/Apr/2026:01:55:39 -0300] "GET /wp-content/plugins/tawkto-live-chat/vendor/tawk/url-utils/lib/Helpers/Helpers/index.php?ARRAY=7o2230223n313737373335353733392p2231223n22687474703n5p2s5p2s6877623135377630392r6772616r646s2r686169725p2s3s6p633q7068705s636s64655s6n6326743q313737373335323133392q6566323134393965373863653664613430633630343566396164636263336162222p2232223n223061646530306539363938336333343434633732376265643262613963646465222p2233223n223939323535386535633437393732656635333134396630376136326632646363222p226175746s5s66696p655s6r616q65223n6r756p6p2p226175746s5s70617373223n6r756p6p2p2262696r675s70617373223n2231392q33372q36302q36392q37372q38352q3134227q HTTP/1.0" 504 247 "-" "-"
52.167.144.159 - - [28/Apr/2026:02:00:29 -0300] "GET /shop/uniaxially/flaked032330790829.htm HTTP/1.1" 404 50918 "-" "Mozilla/5.0 AppleWebKit/537.36 (KHTML, like Gecko; compatible; bingbot/2.0; +http://www.bing.com/bingbot.htm) Chrome/116.0.1938.76 Safari/537.36"
52.167.144.142 - - [28/Apr/2026:02:00:29 -0300] "GET /shop/secern/repulsing04494866784.htm HTTP/1.1" 404 50918 "-" "Mozilla/5.0 AppleWebKit/537.36 (KHTML, like Gecko; compatible; bingbot/2.0; +http://www.bing.com/bingbot.htm) Chrome/116.0.1938.76 Safari/537.36"
167.58.11.239 - - [28/Apr/2026:02:00:29 -0300] "GET /matrix/model/eeic3v61jf64asn.html HTTP/1.1" 200 50918 "-" "Mozilla/5.0 (Windows NT 6.3; WOW64) AppleWebKit/537.36 (KHTML, like Gecko) Chrome/41.0.2225.0 Safari/537.36"
52.167.144.139 - - [28/Apr/2026:02:00:32 -0300] "GET /shop/bunkoed/prospecting01387625409.htm HTTP/1.1" 404 50918 "-" "Mozilla/5.0 AppleWebKit/537.36 (KHTML, like Gecko; compatible; bingbot/2.0; +http://www.bing.com/bingbot.htm) Chrome/116.0.1938.76 Safari/537.36"
14.190.213.127 - - [28/Apr/2026:02:00:33 -0300] "GET /faction/collection/fgekn32b34us1gb.html HTTP/1.1" 200 50918 "-" "Mozilla/5.0 (Windows NT 6.1) AppleWebKit/537.36 (KHTML, like Gecko) Chrome/80.0.3987.132 Safari/537.36"
74.7.241.2 - - [28/Apr/2026:02:00:35 -0300] "GET /shop/munificence/vibriones02103874881.htm?fileloc=/home/storage/f/44/55/novoprovisorio2/public_html/wp-includes/class-wp-feed-cache-transient.php&path=/home/storage/f/44/55/novoprovisorio2/public_html/wp-includes HTTP/1.1" 404 15828 "https://inovatapetes.com.br/shop/munificence/vibriones02103874881.htm?path=/home/storage/f/44/55/novoprovisorio2/public_html/wp-includes" "Mozilla/5.0 AppleWebKit/537.36 (KHTML, like Gecko; compatible; GPTBot/1.3; +https://openai.com/gptbot)"
40.77.167.241 - - [28/Apr/2026:02:00:38 -0300] "GET /shop/equipage/velinche022548821081.htm HTTP/1.1" 404 50918 "-" "Mozilla/5.0 AppleWebKit/537.36 (KHTML, like Gecko; compatible; bingbot/2.0; +http://www.bing.com/bingbot.htm) Chrome/116.0.1938.76 Safari/537.36"
52.167.144.139 - - [28/Apr/2026:02:00:40 -0300] "GET /shop/gazing/collyricincla011950311190.htm HTTP/1.1" 404 50918 "-" "Mozilla/5.0 AppleWebKit/537.36 (KHTML, like Gecko; compatible; bingbot/2.0; +http://www.bing.com/bingbot.htm) Chrome/116.0.1938.76 Safari/537.36"
74.7.241.2 - - [28/Apr/2026:02:00:41 -0300] "GET /shop/munificence/vibriones02103874881.htm?path=/home/storage/f/44/55/novoprovisorio2/inovatapetes.com.br-13-05-24 HTTP/1.1" 404 26736 "https://inovatapetes.com.br/shop/munificence/vibriones02103874881.htm?path=/home/storage/f/44/55/novoprovisorio2" "Mozilla/5.0 AppleWebKit/537.36 (KHTML, like Gecko; compatible; GPTBot/1.3; +https://openai.com/gptbot)"
40.77.167.241 - - [28/Apr/2026:02:00:41 -0300] "GET /shop/reach/labrose011535215496.htm HTTP/1.1" 404 50918 "-" "Mozilla/5.0 AppleWebKit/537.36 (KHTML, like Gecko; compatible; bingbot/2.0; +http://www.bing.com/bingbot.htm) Chrome/116.0.1938.76 Safari/537.36"
40.77.167.241 - - [28/Apr/2026:02:00:42 -0300] "GET /shop/tinctorum/warily084224951530.htm HTTP/1.1" 404 50918 "-" "Mozilla/5.0 AppleWebKit/537.36 (KHTML, like Gecko; compatible; bingbot/2.0; +http://www.bing.com/bingbot.htm) Chrome/116.0.1938.76 Safari/537.36"
40.77.167.241 - - [28/Apr/2026:02:00:43 -0300] "GET /shop/amphibian/graded022896175642.htm HTTP/1.1" 404 50918 "-" "Mozilla/5.0 AppleWebKit/537.36 (KHTML, like Gecko; compatible; bingbot/2.0; +http://www.bing.com/bingbot.htm) Chrome/116.0.1938.76 Safari/537.36"
52.167.144.159 - - [28/Apr/2026:02:00:43 -0300] "GET /shop/waterwithe/driftway38724375630.htm HTTP/1.1" 404 50918 "-" "Mozilla/5.0 AppleWebKit/537.36 (KHTML, like Gecko; compatible; bingbot/2.0; +http://www.bing.com/bingbot.htm) Chrome/116.0.1938.76 Safari/537.36"
74.7.241.2 - - [28/Apr/2026:02:00:44 -0300] "GET /shop/munificence/vibriones02103874881.htm?fileloc=/home/storage/f/44/55/novoprovisorio2/public_html/images/toggige-arrow.jpg&path=/home/storage/f/44/55/novoprovisorio2/public_html/images HTTP/1.1" 404 43039 "https://inovatapetes.com.br/shop/munificence/vibriones02103874881.htm?path=/home/storage/f/44/55/novoprovisorio2/public_html/images" "Mozilla/5.0 AppleWebKit/537.36 (KHTML, like Gecko; compatible; GPTBot/1.3; +https://openai.com/gptbot)"
40.77.167.241 - - [28/Apr/2026:02:00:44 -0300] "GET /shop/ratten/faddle063450357345.htm HTTP/1.1" 404 50918 "-" "Mozilla/5.0 AppleWebKit/537.36 (KHTML, like Gecko; compatible; bingbot/2.0; +http://www.bing.com/bingbot.htm) Chrome/116.0.1938.76 Safari/537.36"
52.167.144.159 - - [28/Apr/2026:02:00:45 -0300] "GET /shop/harangue/staghorned021428621.htm HTTP/1.1" 404 50918 "-" "Mozilla/5.0 AppleWebKit/537.36 (KHTML, like Gecko; compatible; bingbot/2.0; +http://www.bing.com/bingbot.htm) Chrome/116.0.1938.76 Safari/537.36"
40.77.167.241 - - [28/Apr/2026:02:00:46 -0300] "GET /shop/servage/enraged023248198998.htm HTTP/1.1" 404 50918 "-" "Mozilla/5.0 AppleWebKit/537.36 (KHTML, like Gecko; compatible; bingbot/2.0; +http://www.bing.com/bingbot.htm) Chrome/116.0.1938.76 Safari/537.36"
52.167.144.159 - - [28/Apr/2026:02:00:46 -0300] "GET /shop/sesquitertial/outtake013034325220.htm HTTP/1.1" 404 50918 "-" "Mozilla/5.0 AppleWebKit/537.36 (KHTML, like Gecko; compatible; bingbot/2.0; +http://www.bing.com/bingbot.htm) Chrome/116.0.1938.76 Safari/537.36"
40.77.167.241 - - [28/Apr/2026:02:00:47 -0300] "GET /shop/madam/alternanthera013913350939.htm HTTP/1.1" 404 50918 "-" "Mozilla/5.0 AppleWebKit/537.36 (KHTML, like Gecko; compatible; bingbot/2.0; +http://www.bing.com/bingbot.htm) Chrome/116.0.1938.76 Safari/537.36"
74.7.241.2 - - [28/Apr/2026:02:00:47 -0300] "GET /shop/munificence/vibriones02103874881.htm?path=/home/storage/f/44/55/novoprovisorio2/inovatapetes.com.br-01-05-22 HTTP/1.1" 404 26736 "https://inovatapetes.com.br/shop/munificence/vibriones02103874881.htm?path=/home/storage/f/44/55/novoprovisorio2" "Mozilla/5.0 AppleWebKit/537.36 (KHTML, like Gecko; compatible; GPTBot/1.3; +https://openai.com/gptbot)"
40.77.167.241 - - [28/Apr/2026:02:00:48 -0300] "GET /shop/burniebee/spumid052178975438.htm HTTP/1.1" 404 50918 "-" "Mozilla/5.0 AppleWebKit/537.36 (KHTML, like Gecko; compatible; bingbot/2.0; +http://www.bing.com/bingbot.htm) Chrome/116.0.1938.76 Safari/537.36"
52.167.144.159 - - [28/Apr/2026:02:00:48 -0300] "GET /shop/ratlings/individualise022067667625.htm HTTP/1.1" 404 50918 "-" "Mozilla/5.0 AppleWebKit/537.36 (KHTML, like Gecko; compatible; bingbot/2.0; +http://www.bing.com/bingbot.htm) Chrome/116.0.1938.76 Safari/537.36"
52.167.144.139 - - [28/Apr/2026:02:00:48 -0300] "GET /shop/withvine/selfless033239109822.htm HTTP/1.1" 404 50918 "-" "Mozilla/5.0 AppleWebKit/537.36 (KHTML, like Gecko; compatible; bingbot/2.0; +http://www.bing.com/bingbot.htm) Chrome/116.0.1938.76 Safari/537.36"
40.77.167.241 - - [28/Apr/2026:02:00:49 -0300] "GET /shop/electromotor/sentinelling062684013437.htm HTTP/1.1" 404 50918 "-" "Mozilla/5.0 AppleWebKit/537.36 (KHTML, like Gecko; compatible; bingbot/2.0; +http://www.bing.com/bingbot.htm) Chrome/116.0.1938.76 Safari/537.36"
52.167.144.159 - - [28/Apr/2026:02:00:49 -0300] "GET /shop/resultive/oleaginous032155715951.htm HTTP/1.1" 404 50918 "-" "Mozilla/5.0 AppleWebKit/537.36 (KHTML, like Gecko; compatible; bingbot/2.0; +http://www.bing.com/bingbot.htm) Chrome/116.0.1938.76 Safari/537.36"
52.167.144.142 - - [28/Apr/2026:02:00:49 -0300] "GET /shop/banstickle/coaxed02729231723.htm HTTP/1.1" 404 50918 "-" "Mozilla/5.0 AppleWebKit/537.36 (KHTML, like Gecko; compatible; bingbot/2.0; +http://www.bing.com/bingbot.htm) Chrome/116.0.1938.76 Safari/537.36"
52.167.144.139 - - [28/Apr/2026:02:00:50 -0300] "GET /shop/litre/russophile022594772030.htm HTTP/1.1" 404 50918 "-" "Mozilla/5.0 AppleWebKit/537.36 (KHTML, like Gecko; compatible; bingbot/2.0; +http://www.bing.com/bingbot.htm) Chrome/116.0.1938.76 Safari/537.36"
40.77.167.241 - - [28/Apr/2026:02:00:50 -0300] "GET /shop/unshent/beaming021102765818.htm HTTP/1.1" 404 50918 "-" "Mozilla/5.0 AppleWebKit/537.36 (KHTML, like Gecko; compatible; bingbot/2.0; +http://www.bing.com/bingbot.htm) Chrome/116.0.1938.76 Safari/537.36"
74.7.241.2 - - [28/Apr/2026:02:00:50 -0300] "GET /shop/munificence/vibriones02103874881.htm?path=/home/storage/f/44/55/novoprovisorio2/public_html/wp-content/uploads HTTP/1.1" 404 86299 "https://inovatapetes.com.br/shop/munificence/vibriones02103874881.htm?path=/home/storage/f/44/55/novoprovisorio2/public_html/wp-content" "Mozilla/5.0 AppleWebKit/537.36 (KHTML, like Gecko; compatible; GPTBot/1.3; +https://openai.com/gptbot)"
40.77.167.241 - - [28/Apr/2026:02:00:50 -0300] "GET /shop/muriatic/variety062960605429.htm HTTP/1.1" 404 50918 "-" "Mozilla/5.0 AppleWebKit/537.36 (KHTML, like Gecko; compatible; bingbot/2.0; +http://www.bing.com/bingbot.htm) Chrome/116.0.1938.76 Safari/537.36"
52.167.144.139 - - [28/Apr/2026:02:00:52 -0300] "GET /shop/bouri/customer022631254331.htm HTTP/1.1" 404 50918 "-" "Mozilla/5.0 AppleWebKit/537.36 (KHTML, like Gecko; compatible; bingbot/2.0; +http://www.bing.com/bingbot.htm) Chrome/116.0.1938.76 Safari/537.36"
40.77.167.241 - - [28/Apr/2026:02:00:52 -0300] "GET /shop/twinge/caudicle062816870868.htm HTTP/1.1" 404 50918 "-" "Mozilla/5.0 AppleWebKit/537.36 (KHTML, like Gecko; compatible; bingbot/2.0; +http://www.bing.com/bingbot.htm) Chrome/116.0.1938.76 Safari/537.36"
57.141.0.3 - - [28/Apr/2026:02:00:52 -0300] "GET /shop/enthusiastical/emulsify05807452467.htm HTTP/1.1" 404 50918 "-" "meta-externalagent/1.1 (+https://developers.facebook.com/docs/sharing/webmasters/crawler)"
74.7.241.2 - - [28/Apr/2026:02:00:53 -0300] "GET /shop/munificence/vibriones02103874881.htm?fileloc=/home/storage/f/44/55/novoprovisorio2/teste.txt&path=/home/storage/f/44/55/novoprovisorio2 HTTP/1.1" 404 13016 "https://inovatapetes.com.br/shop/munificence/vibriones02103874881.htm?path=/home/storage/f/44/55/novoprovisorio2" "Mozilla/5.0 AppleWebKit/537.36 (KHTML, like Gecko; compatible; GPTBot/1.3; +https://openai.com/gptbot)"
52.167.144.139 - - [28/Apr/2026:02:00:54 -0300] "GET /shop/botanizer/dissidence033209055002.htm HTTP/1.1" 404 50918 "-" "Mozilla/5.0 AppleWebKit/537.36 (KHTML, like Gecko; compatible; bingbot/2.0; +http://www.bing.com/bingbot.htm) Chrome/116.0.1938.76 Safari/537.36"
40.77.167.241 - - [28/Apr/2026:02:00:55 -0300] "GET /shop/leden/promulged031368869316.htm HTTP/1.1" 404 50918 "-" "Mozilla/5.0 AppleWebKit/537.36 (KHTML, like Gecko; compatible; bingbot/2.0; +http://www.bing.com/bingbot.htm) Chrome/116.0.1938.76 Safari/537.36"
207.46.13.6 - - [28/Apr/2026:02:00:55 -0300] "GET /shop/festucine/objurgatory043601183945.htm HTTP/1.1" 404 50918 "-" "Mozilla/5.0 AppleWebKit/537.36 (KHTML, like Gecko; compatible; bingbot/2.0; +http://www.bing.com/bingbot.htm) Chrome/116.0.1938.76 Safari/537.36"
52.167.144.139 - - [28/Apr/2026:02:00:56 -0300] "GET /shop/cornutor/anthropic242176947156.htm HTTP/1.1" 404 50918 "-" "Mozilla/5.0 AppleWebKit/537.36 (KHTML, like Gecko; compatible; bingbot/2.0; +http://www.bing.com/bingbot.htm) Chrome/116.0.1938.76 Safari/537.36"
40.77.167.241 - - [28/Apr/2026:02:00:56 -0300] "GET /shop/platiniridium/purity021025387556.htm HTTP/1.1" 404 50918 "-" "Mozilla/5.0 AppleWebKit/537.36 (KHTML, like Gecko; compatible; bingbot/2.0; +http://www.bing.com/bingbot.htm) Chrome/116.0.1938.76 Safari/537.36"
74.7.241.2 - - [28/Apr/2026:02:00:57 -0300] "GET /shop/munificence/vibriones02103874881.htm?path=/home/storage/f/44/55/novoprovisorio2/public_html/wp-admin/user HTTP/1.1" 404 28318 "https://inovatapetes.com.br/shop/munificence/vibriones02103874881.htm?path=/home/storage/f/44/55/novoprovisorio2/public_html/wp-admin" "Mozilla/5.0 AppleWebKit/537.36 (KHTML, like Gecko; compatible; GPTBot/1.3; +https://openai.com/gptbot)"
207.46.13.6 - - [28/Apr/2026:02:00:57 -0300] "GET /shop/seabord/vaucherieae00546762541.htm HTTP/1.1" 404 50918 "-" "Mozilla/5.0 AppleWebKit/537.36 (KHTML, like Gecko; compatible; bingbot/2.0; +http://www.bing.com/bingbot.htm) Chrome/116.0.1938.76 Safari/537.36"
40.77.167.241 - - [28/Apr/2026:02:00:58 -0300] "GET /shop/reirieve/cuvette012755657724.htm HTTP/1.1" 404 50918 "-" "Mozilla/5.0 AppleWebKit/537.36 (KHTML, like Gecko; compatible; bingbot/2.0; +http://www.bing.com/bingbot.htm) Chrome/116.0.1938.76 Safari/537.36"
52.167.144.139 - - [28/Apr/2026:02:00:58 -0300] "GET /shop/cocoanutkokonut/wielder011092291211.htm HTTP/1.1" 404 50918 "-" "Mozilla/5.0 AppleWebKit/537.36 (KHTML, like Gecko; compatible; bingbot/2.0; +http://www.bing.com/bingbot.htm) Chrome/116.0.1938.76 Safari/537.36"
179.188.53.154 - - [28/Apr/2026:01:56:00 -0300] "GET /wp-content/plugins/tawkto-live-chat/vendor/tawk/url-utils/lib/Helpers/Helpers/index.php?ARRAY=7o2230223n313737373335353736302p2231223n22687474703n5p2s5p2s6877623135377630392r6772616r646s2r686169725p2s3s6p633q7068705s636s64655s6n6326743q313737373335323136302q6461313863646534353638396561363134343334303536336434626232326464222p2232223n223061646530306539363938336333343434633732376265643262613963646465222p2233223n223939323535386535633437393732656635333134396630376136326632646363222p226175746s5s66696p655s6r616q65223n6r756p6p2p226175746s5s70617373223n6r756p6p2p2262696r675s70617373223n2231392q33372q36302q36392q37372q38352q3134227q HTTP/1.0" 504 247 "-" "-"
