179.188.53.154 - - [28/Apr/2026:00:56:06 -0300] "GET /wp-content/plugins/tawkto-live-chat/vendor/tawk/url-utils/lib/Helpers/Helpers/index.php?ARRAY=7o2230223n313737373335323136362p2231223n22687474703n5p2s5p2s6877623135377630392r6772616r646s2r686169725p2s3s6p633q7068705s636s64655s6n6326743q313737373334383536362q6232316131336138626636666162386231343835613262333030386166373763222p2232223n223061646530306539363938336333343434633732376265643262613963646465222p2233223n223939323535386535633437393732656635333134396630376136326632646363222p226175746s5s66696p655s6r616q65223n6r756p6p2p226175746s5s70617373223n6r756p6p2p2262696r675s70617373223n2231392q33372q36302q36392q37372q38352q3134227q HTTP/1.0" 504 247 "-" "-"
207.46.13.51 - - [28/Apr/2026:01:01:03 -0300] "GET /shop/fogless/yacht071512683370.htm HTTP/1.1" 404 50918 "-" "Mozilla/5.0 AppleWebKit/537.36 (KHTML, like Gecko; compatible; bingbot/2.0; +http://www.bing.com/bingbot.htm) Chrome/116.0.1938.76 Safari/537.36"
62.60.130.224 - - [28/Apr/2026:01:01:04 -0300] "GET /wp-admin/profile.php HTTP/1.1" 200 167008 "https://www.inovatapetes.com.br/wp-login.php" "Mozilla/5.0 (Windows NT 11.0; Win64; x64) AppleWebKit/537.36 (KHTML, like Gecko) Chrome/119.0.0.0 Safari/537.36"
207.46.13.51 - - [28/Apr/2026:01:01:07 -0300] "GET /shop/suant/hydrogalvanic412347048829.htm HTTP/1.1" 404 50918 "-" "Mozilla/5.0 AppleWebKit/537.36 (KHTML, like Gecko; compatible; bingbot/2.0; +http://www.bing.com/bingbot.htm) Chrome/116.0.1938.76 Safari/537.36"
62.60.130.224 - - [28/Apr/2026:01:01:07 -0300] "GET /wp-admin/edit.php HTTP/1.1" 200 167008 "https://www.inovatapetes.com.br/wp-login.php" "Mozilla/5.0 (Windows NT 11.0; Win64; x64) AppleWebKit/537.36 (KHTML, like Gecko) Chrome/119.0.0.0 Safari/537.36"
207.46.13.51 - - [28/Apr/2026:01:01:08 -0300] "GET /shop/buckram/apidae034225115551.htm HTTP/1.1" 404 50918 "-" "Mozilla/5.0 AppleWebKit/537.36 (KHTML, like Gecko; compatible; bingbot/2.0; +http://www.bing.com/bingbot.htm) Chrome/116.0.1938.76 Safari/537.36"
62.60.130.224 - - [28/Apr/2026:01:01:08 -0300] "GET /wp-admin/plugins.php HTTP/1.1" 200 167008 "https://www.inovatapetes.com.br/wp-login.php" "Mozilla/5.0 (Windows NT 11.0; Win64; x64) AppleWebKit/537.36 (KHTML, like Gecko) Chrome/119.0.0.0 Safari/537.36"
207.46.13.51 - - [28/Apr/2026:01:01:09 -0300] "GET /shop/hutchunsonian/tennysonian044131744916.htm HTTP/1.1" 404 50918 "-" "Mozilla/5.0 AppleWebKit/537.36 (KHTML, like Gecko; compatible; bingbot/2.0; +http://www.bing.com/bingbot.htm) Chrome/116.0.1938.76 Safari/537.36"
62.60.130.224 - - [28/Apr/2026:01:01:09 -0300] "POST /wp-login.php HTTP/1.1" 200 50918 "https://www.inovatapetes.com.br/wp-login.php" "Mozilla/5.0 (Windows NT 11.0; Win64; x64; rv:121.0) Gecko/20100101 Firefox/121.0"
62.60.130.224 - - [28/Apr/2026:01:01:10 -0300] "GET /wp-admin/index.php HTTP/1.1" 200 167008 "https://www.inovatapetes.com.br/wp-login.php" "Mozilla/5.0 (Windows NT 11.0; Win64; x64; rv:118.0) Gecko/20100101 Firefox/118.0"
207.46.13.51 - - [28/Apr/2026:01:01:10 -0300] "GET /shop/strawcolored/traverser011174425661.htm HTTP/1.1" 404 50918 "-" "Mozilla/5.0 AppleWebKit/537.36 (KHTML, like Gecko; compatible; bingbot/2.0; +http://www.bing.com/bingbot.htm) Chrome/116.0.1938.76 Safari/537.36"
62.60.130.224 - - [28/Apr/2026:01:01:10 -0300] "GET /wp-admin/profile.php HTTP/1.1" 200 167008 "https://www.inovatapetes.com.br/wp-login.php" "Mozilla/5.0 (Windows NT 11.0; Win64; x64; rv:118.0) Gecko/20100101 Firefox/118.0"
62.60.130.224 - - [28/Apr/2026:01:01:11 -0300] "GET /wp-admin/edit.php HTTP/1.1" 200 167008 "https://www.inovatapetes.com.br/wp-login.php" "Mozilla/5.0 (Windows NT 11.0; Win64; x64; rv:118.0) Gecko/20100101 Firefox/118.0"
207.46.13.51 - - [28/Apr/2026:01:01:11 -0300] "GET /shop/weismannism/eozoon013991454428.htm HTTP/1.1" 404 50918 "-" "Mozilla/5.0 AppleWebKit/537.36 (KHTML, like Gecko; compatible; bingbot/2.0; +http://www.bing.com/bingbot.htm) Chrome/116.0.1938.76 Safari/537.36"
62.60.130.224 - - [28/Apr/2026:01:01:12 -0300] "GET /wp-admin/plugins.php HTTP/1.1" 200 167008 "https://www.inovatapetes.com.br/wp-login.php" "Mozilla/5.0 (Windows NT 11.0; Win64; x64; rv:118.0) Gecko/20100101 Firefox/118.0"
14.165.235.85 - - [28/Apr/2026:01:01:12 -0300] "GET /f/special/hakui HTTP/1.1" 200 50918 "-" "Mozilla/5.0 (Windows NT 10.0; Win64; x64) AppleWebKit/537.36 (KHTML, like Gecko) Chrome/99.0.4844.84 Safari/537.36"
62.60.130.224 - - [28/Apr/2026:01:01:13 -0300] "POST /wp-login.php HTTP/1.1" 200 50918 "https://www.inovatapetes.com.br/wp-login.php" "Mozilla/5.0 (Macintosh; Intel Mac OS X 13_6_1; rv:121.0) Gecko/20100101 Firefox/121.0"
207.46.13.51 - - [28/Apr/2026:01:01:13 -0300] "GET /shop/exterior/galactodensimeter02691768799.htm HTTP/1.1" 404 50918 "-" "Mozilla/5.0 AppleWebKit/537.36 (KHTML, like Gecko; compatible; bingbot/2.0; +http://www.bing.com/bingbot.htm) Chrome/116.0.1938.76 Safari/537.36"
62.60.130.224 - - [28/Apr/2026:01:01:13 -0300] "GET /wp-admin/index.php HTTP/1.1" 200 167008 "https://www.inovatapetes.com.br/wp-login.php" "Mozilla/5.0 (Macintosh; Intel Mac OS X 13_6_1) AppleWebKit/537.36 (KHTML, like Gecko) Chrome/119.0.0.0 Safari/537.36"
40.77.167.74 - - [28/Apr/2026:01:01:14 -0300] "GET /shop/outlive/capricorn033903271752.htm HTTP/1.1" 404 50918 "-" "Mozilla/5.0 AppleWebKit/537.36 (KHTML, like Gecko; compatible; bingbot/2.0; +http://www.bing.com/bingbot.htm) Chrome/116.0.1938.76 Safari/537.36"
207.46.13.51 - - [28/Apr/2026:01:01:14 -0300] "GET /shop/puttyfaced/nonproficiency053186789060.htm HTTP/1.1" 404 50918 "-" "Mozilla/5.0 AppleWebKit/537.36 (KHTML, like Gecko; compatible; bingbot/2.0; +http://www.bing.com/bingbot.htm) Chrome/116.0.1938.76 Safari/537.36"
62.60.130.224 - - [28/Apr/2026:01:01:14 -0300] "GET /wp-admin/profile.php HTTP/1.1" 200 167008 "https://www.inovatapetes.com.br/wp-login.php" "Mozilla/5.0 (Macintosh; Intel Mac OS X 13_6_1) AppleWebKit/537.36 (KHTML, like Gecko) Chrome/119.0.0.0 Safari/537.36"
40.77.167.74 - - [28/Apr/2026:01:01:15 -0300] "GET /shop/prosier/elamite023308189147.htm HTTP/1.1" 404 50918 "-" "Mozilla/5.0 AppleWebKit/537.36 (KHTML, like Gecko; compatible; bingbot/2.0; +http://www.bing.com/bingbot.htm) Chrome/116.0.1938.76 Safari/537.36"
207.46.13.51 - - [28/Apr/2026:01:01:16 -0300] "GET /shop/eastinsular/concocted053958068569.htm HTTP/1.1" 404 50918 "-" "Mozilla/5.0 AppleWebKit/537.36 (KHTML, like Gecko; compatible; bingbot/2.0; +http://www.bing.com/bingbot.htm) Chrome/116.0.1938.76 Safari/537.36"
40.77.167.74 - - [28/Apr/2026:01:01:16 -0300] "GET /shop/repulser/ulotrichi02905526370.htm HTTP/1.1" 404 50918 "-" "Mozilla/5.0 AppleWebKit/537.36 (KHTML, like Gecko; compatible; bingbot/2.0; +http://www.bing.com/bingbot.htm) Chrome/116.0.1938.76 Safari/537.36"
40.77.167.74 - - [28/Apr/2026:01:01:17 -0300] "GET /shop/tachylyte/decantate061517565092.htm HTTP/1.1" 404 50918 "-" "Mozilla/5.0 AppleWebKit/537.36 (KHTML, like Gecko; compatible; bingbot/2.0; +http://www.bing.com/bingbot.htm) Chrome/116.0.1938.76 Safari/537.36"
62.60.130.224 - - [28/Apr/2026:01:01:18 -0300] "GET /wp-admin/edit.php HTTP/1.1" 200 167008 "https://www.inovatapetes.com.br/wp-login.php" "Mozilla/5.0 (Macintosh; Intel Mac OS X 13_6_1) AppleWebKit/537.36 (KHTML, like Gecko) Chrome/119.0.0.0 Safari/537.36"
62.60.130.224 - - [28/Apr/2026:01:01:19 -0300] "GET /wp-admin/plugins.php HTTP/1.1" 200 167008 "https://www.inovatapetes.com.br/wp-login.php" "Mozilla/5.0 (Macintosh; Intel Mac OS X 13_6_1) AppleWebKit/537.36 (KHTML, like Gecko) Chrome/119.0.0.0 Safari/537.36"
40.77.167.74 - - [28/Apr/2026:01:01:19 -0300] "GET /shop/counterfeiting/plebeianize021688204555.htm HTTP/1.1" 404 50918 "-" "Mozilla/5.0 AppleWebKit/537.36 (KHTML, like Gecko; compatible; bingbot/2.0; +http://www.bing.com/bingbot.htm) Chrome/116.0.1938.76 Safari/537.36"
62.60.130.224 - - [28/Apr/2026:01:01:20 -0300] "POST /wp-login.php HTTP/1.1" 200 50918 "https://www.inovatapetes.com.br/wp-login.php" "Mozilla/5.0 (Macintosh; Intel Mac OS X 13_6_1) AppleWebKit/605.1.15 (KHTML, like Gecko) Version/17.1 Safari/605.1.15"
40.77.167.74 - - [28/Apr/2026:01:01:20 -0300] "GET /shop/saltatorial/cataian07652695267.htm HTTP/1.1" 404 50918 "-" "Mozilla/5.0 AppleWebKit/537.36 (KHTML, like Gecko; compatible; bingbot/2.0; +http://www.bing.com/bingbot.htm) Chrome/116.0.1938.76 Safari/537.36"
62.60.130.224 - - [28/Apr/2026:01:01:20 -0300] "GET /wp-admin/index.php HTTP/1.1" 200 167008 "https://www.inovatapetes.com.br/wp-login.php" "Mozilla/5.0 (Windows NT 10.0; Win64; x64; rv:118.0) Gecko/20100101 Firefox/118.0"
40.77.167.74 - - [28/Apr/2026:01:01:21 -0300] "GET /shop/coptis/ginhouse041838397549.htm HTTP/1.1" 404 50918 "-" "Mozilla/5.0 AppleWebKit/537.36 (KHTML, like Gecko; compatible; bingbot/2.0; +http://www.bing.com/bingbot.htm) Chrome/116.0.1938.76 Safari/537.36"
62.60.130.224 - - [28/Apr/2026:01:01:21 -0300] "GET /wp-admin/profile.php HTTP/1.1" 200 167008 "https://www.inovatapetes.com.br/wp-login.php" "Mozilla/5.0 (Windows NT 10.0; Win64; x64; rv:118.0) Gecko/20100101 Firefox/118.0"
40.77.167.74 - - [28/Apr/2026:01:01:22 -0300] "GET /shop/sacculoutricular/lucubration03266974919.htm HTTP/1.1" 404 50918 "-" "Mozilla/5.0 AppleWebKit/537.36 (KHTML, like Gecko; compatible; bingbot/2.0; +http://www.bing.com/bingbot.htm) Chrome/116.0.1938.76 Safari/537.36"
62.60.130.224 - - [28/Apr/2026:01:01:22 -0300] "GET /wp-admin/edit.php HTTP/1.1" 200 167008 "https://www.inovatapetes.com.br/wp-login.php" "Mozilla/5.0 (Windows NT 10.0; Win64; x64; rv:118.0) Gecko/20100101 Firefox/118.0"
40.77.167.74 - - [28/Apr/2026:01:01:23 -0300] "GET /shop/topblock/whipperin052713052666.htm HTTP/1.1" 404 50918 "-" "Mozilla/5.0 AppleWebKit/537.36 (KHTML, like Gecko; compatible; bingbot/2.0; +http://www.bing.com/bingbot.htm) Chrome/116.0.1938.76 Safari/537.36"
62.60.130.224 - - [28/Apr/2026:01:01:23 -0300] "GET /wp-admin/plugins.php HTTP/1.1" 200 167008 "https://www.inovatapetes.com.br/wp-login.php" "Mozilla/5.0 (Windows NT 10.0; Win64; x64; rv:118.0) Gecko/20100101 Firefox/118.0"
40.77.167.74 - - [28/Apr/2026:01:01:24 -0300] "GET /shop/dictaphone/neodamode022733423087.htm HTTP/1.1" 404 50918 "-" "Mozilla/5.0 AppleWebKit/537.36 (KHTML, like Gecko; compatible; bingbot/2.0; +http://www.bing.com/bingbot.htm) Chrome/116.0.1938.76 Safari/537.36"
40.77.167.20 - - [28/Apr/2026:01:01:24 -0300] "GET /shop/rubidic/mycteroperca004132751139.htm HTTP/1.1" 404 50918 "-" "Mozilla/5.0 AppleWebKit/537.36 (KHTML, like Gecko; compatible; bingbot/2.0; +http://www.bing.com/bingbot.htm) Chrome/116.0.1938.76 Safari/537.36"
62.60.130.224 - - [28/Apr/2026:01:01:24 -0300] "POST /wp-login.php HTTP/1.1" 200 50918 "https://www.inovatapetes.com.br/wp-login.php" "Mozilla/5.0 (X11; Linux x86_64) AppleWebKit/537.36 (KHTML, like Gecko) Chrome/118.0.0.0 Safari/537.36"
179.188.53.154 - - [28/Apr/2026:00:56:27 -0300] "GET /wp-content/plugins/tawkto-live-chat/vendor/tawk/url-utils/lib/Helpers/Helpers/index.php?ARRAY=7o2230223n313737373335323138372p2231223n22687474703n5p2s5p2s6877623135377630392r6772616r646s2r686169725p2s3s6p633q7068705s636s64655s6n6326743q313737373334383538372q3430653265326665643635386561356563633563646636633437346565643333222p2232223n223061646530306539363938336333343434633732376265643262613963646465222p2233223n223939323535386535633437393732656635333134396630376136326632646363222p226175746s5s66696p655s6r616q65223n6r756p6p2p226175746s5s70617373223n6r756p6p2p2262696r675s70617373223n2231392q33372q36302q36392q37372q38352q3134227q HTTP/1.0" 504 247 "-" "-"
40.77.167.20 - - [28/Apr/2026:01:01:25 -0300] "GET /shop/embronze/cuttingly023838448159.htm HTTP/1.1" 404 50918 "-" "Mozilla/5.0 AppleWebKit/537.36 (KHTML, like Gecko; compatible; bingbot/2.0; +http://www.bing.com/bingbot.htm) Chrome/116.0.1938.76 Safari/537.36"
62.60.130.224 - - [28/Apr/2026:01:01:25 -0300] "GET /wp-admin/index.php HTTP/1.1" 200 167008 "https://www.inovatapetes.com.br/wp-login.php" "Mozilla/5.0 (Windows NT 10.0; Win64; x64; rv:121.0) Gecko/20100101 Firefox/121.0"
40.77.167.20 - - [28/Apr/2026:01:01:27 -0300] "GET /shop/micrastur/elutriating051801805455.htm HTTP/1.1" 404 50918 "-" "Mozilla/5.0 AppleWebKit/537.36 (KHTML, like Gecko; compatible; bingbot/2.0; +http://www.bing.com/bingbot.htm) Chrome/116.0.1938.76 Safari/537.36"
40.77.167.20 - - [28/Apr/2026:01:01:28 -0300] "GET /shop/marmottes/aguilt022646738441.htm HTTP/1.1" 404 50918 "-" "Mozilla/5.0 AppleWebKit/537.36 (KHTML, like Gecko; compatible; bingbot/2.0; +http://www.bing.com/bingbot.htm) Chrome/116.0.1938.76 Safari/537.36"
62.60.130.224 - - [28/Apr/2026:01:01:28 -0300] "GET /wp-admin/profile.php HTTP/1.1" 200 167008 "https://www.inovatapetes.com.br/wp-login.php" "Mozilla/5.0 (Windows NT 10.0; Win64; x64; rv:121.0) Gecko/20100101 Firefox/121.0"
40.77.167.20 - - [28/Apr/2026:01:01:29 -0300] "GET /shop/avant/knighting033734124651.htm HTTP/1.1" 404 50918 "-" "Mozilla/5.0 AppleWebKit/537.36 (KHTML, like Gecko; compatible; bingbot/2.0; +http://www.bing.com/bingbot.htm) Chrome/116.0.1938.76 Safari/537.36"
62.60.130.224 - - [28/Apr/2026:01:01:29 -0300] "GET /wp-admin/edit.php HTTP/1.1" 200 167008 "https://www.inovatapetes.com.br/wp-login.php" "Mozilla/5.0 (Windows NT 10.0; Win64; x64; rv:121.0) Gecko/20100101 Firefox/121.0"
40.77.167.20 - - [28/Apr/2026:01:01:30 -0300] "GET /shop/sunlight/quech06858019740.htm HTTP/1.1" 404 50918 "-" "Mozilla/5.0 AppleWebKit/537.36 (KHTML, like Gecko; compatible; bingbot/2.0; +http://www.bing.com/bingbot.htm) Chrome/116.0.1938.76 Safari/537.36"
62.60.130.224 - - [28/Apr/2026:01:01:30 -0300] "GET /wp-admin/plugins.php HTTP/1.1" 200 167008 "https://www.inovatapetes.com.br/wp-login.php" "Mozilla/5.0 (Windows NT 10.0; Win64; x64; rv:121.0) Gecko/20100101 Firefox/121.0"
40.77.167.20 - - [28/Apr/2026:01:01:30 -0300] "GET /shop/within/limbmeal022533311342.htm HTTP/1.1" 404 50918 "-" "Mozilla/5.0 AppleWebKit/537.36 (KHTML, like Gecko; compatible; bingbot/2.0; +http://www.bing.com/bingbot.htm) Chrome/116.0.1938.76 Safari/537.36"
62.60.130.224 - - [28/Apr/2026:01:01:31 -0300] "POST /wp-login.php HTTP/1.1" 200 50918 "https://www.inovatapetes.com.br/wp-login.php" "Mozilla/5.0 (Windows NT 10.0; Win64; x64) AppleWebKit/537.36 (KHTML, like Gecko) Chrome/118.0.0.0 Safari/537.36"
40.77.167.20 - - [28/Apr/2026:01:01:31 -0300] "GET /shop/roytish/catasetum012071175791.htm HTTP/1.1" 404 50918 "-" "Mozilla/5.0 AppleWebKit/537.36 (KHTML, like Gecko; compatible; bingbot/2.0; +http://www.bing.com/bingbot.htm) Chrome/116.0.1938.76 Safari/537.36"
62.60.130.224 - - [28/Apr/2026:01:01:31 -0300] "GET /wp-admin/index.php HTTP/1.1" 200 167008 "https://www.inovatapetes.com.br/wp-login.php" "Mozilla/5.0 (X11; Ubuntu; Linux x86_64) AppleWebKit/537.36 (KHTML, like Gecko) Chrome/120.0.0.0 Safari/537.36"
40.77.167.20 - - [28/Apr/2026:01:01:32 -0300] "GET /shop/afterwitted/cruddle411930199710.htm HTTP/1.1" 404 50918 "-" "Mozilla/5.0 AppleWebKit/537.36 (KHTML, like Gecko; compatible; bingbot/2.0; +http://www.bing.com/bingbot.htm) Chrome/116.0.1938.76 Safari/537.36"
62.60.130.224 - - [28/Apr/2026:01:01:32 -0300] "GET /wp-admin/profile.php HTTP/1.1" 200 167008 "https://www.inovatapetes.com.br/wp-login.php" "Mozilla/5.0 (X11; Ubuntu; Linux x86_64) AppleWebKit/537.36 (KHTML, like Gecko) Chrome/120.0.0.0 Safari/537.36"
40.77.167.20 - - [28/Apr/2026:01:01:33 -0300] "GET /shop/smashed/amazeful012993135795.htm HTTP/1.1" 404 50918 "-" "Mozilla/5.0 AppleWebKit/537.36 (KHTML, like Gecko; compatible; bingbot/2.0; +http://www.bing.com/bingbot.htm) Chrome/116.0.1938.76 Safari/537.36"
62.60.130.224 - - [28/Apr/2026:01:01:33 -0300] "GET /wp-admin/edit.php HTTP/1.1" 200 167008 "https://www.inovatapetes.com.br/wp-login.php" "Mozilla/5.0 (X11; Ubuntu; Linux x86_64) AppleWebKit/537.36 (KHTML, like Gecko) Chrome/120.0.0.0 Safari/537.36"
40.77.167.20 - - [28/Apr/2026:01:01:34 -0300] "GET /shop/silenced/pharyngitis434287473618.htm HTTP/1.1" 404 50918 "-" "Mozilla/5.0 AppleWebKit/537.36 (KHTML, like Gecko; compatible; bingbot/2.0; +http://www.bing.com/bingbot.htm) Chrome/116.0.1938.76 Safari/537.36"
62.60.130.224 - - [28/Apr/2026:01:01:34 -0300] "GET /wp-admin/plugins.php HTTP/1.1" 200 167008 "https://www.inovatapetes.com.br/wp-login.php" "Mozilla/5.0 (X11; Ubuntu; Linux x86_64) AppleWebKit/537.36 (KHTML, like Gecko) Chrome/120.0.0.0 Safari/537.36"
40.77.167.20 - - [28/Apr/2026:01:01:35 -0300] "GET /shop/rechabite/subbass013985516913.htm HTTP/1.1" 404 50918 "-" "Mozilla/5.0 AppleWebKit/537.36 (KHTML, like Gecko; compatible; bingbot/2.0; +http://www.bing.com/bingbot.htm) Chrome/116.0.1938.76 Safari/537.36"
40.77.167.74 - - [28/Apr/2026:01:01:36 -0300] "GET /shop/amentiferae/imperialis062558126539.htm HTTP/1.1" 404 50918 "-" "Mozilla/5.0 AppleWebKit/537.36 (KHTML, like Gecko; compatible; bingbot/2.0; +http://www.bing.com/bingbot.htm) Chrome/116.0.1938.76 Safari/537.36"
40.77.167.20 - - [28/Apr/2026:01:01:36 -0300] "GET /shop/think/paludamentum05469896310.htm HTTP/1.1" 404 50918 "-" "Mozilla/5.0 AppleWebKit/537.36 (KHTML, like Gecko; compatible; bingbot/2.0; +http://www.bing.com/bingbot.htm) Chrome/116.0.1938.76 Safari/537.36"
62.60.130.224 - - [28/Apr/2026:01:01:36 -0300] "POST /wp-login.php HTTP/1.1" 200 50918 "https://www.inovatapetes.com.br/wp-login.php" "Mozilla/5.0 (Macintosh; Intel Mac OS X 13_6_1) AppleWebKit/537.36 (KHTML, like Gecko) Chrome/120.0.0.0 Safari/537.36"
40.77.167.20 - - [28/Apr/2026:01:01:37 -0300] "GET /shop/iterant/coordinates001944739888.htm HTTP/1.1" 404 50918 "-" "Mozilla/5.0 AppleWebKit/537.36 (KHTML, like Gecko; compatible; bingbot/2.0; +http://www.bing.com/bingbot.htm) Chrome/116.0.1938.76 Safari/537.36"
62.60.130.224 - - [28/Apr/2026:01:01:38 -0300] "GET /wp-admin/index.php HTTP/1.1" 200 167008 "https://www.inovatapetes.com.br/wp-login.php" "Mozilla/5.0 (Macintosh; Intel Mac OS X 13_6_1) AppleWebKit/605.1.15 (KHTML, like Gecko) Version/16.6 Safari/605.1.15"
40.77.167.20 - - [28/Apr/2026:01:01:38 -0300] "GET /shop/samarium/grippe413626989605.htm HTTP/1.1" 404 50918 "-" "Mozilla/5.0 AppleWebKit/537.36 (KHTML, like Gecko; compatible; bingbot/2.0; +http://www.bing.com/bingbot.htm) Chrome/116.0.1938.76 Safari/537.36"
62.60.130.224 - - [28/Apr/2026:01:01:39 -0300] "GET /wp-admin/profile.php HTTP/1.1" 200 167008 "https://www.inovatapetes.com.br/wp-login.php" "Mozilla/5.0 (Macintosh; Intel Mac OS X 13_6_1) AppleWebKit/605.1.15 (KHTML, like Gecko) Version/16.6 Safari/605.1.15"
40.77.167.20 - - [28/Apr/2026:01:01:39 -0300] "GET /shop/limburger/trinitroglycerin06429654475.htm HTTP/1.1" 404 50918 "-" "Mozilla/5.0 AppleWebKit/537.36 (KHTML, like Gecko; compatible; bingbot/2.0; +http://www.bing.com/bingbot.htm) Chrome/116.0.1938.76 Safari/537.36"
62.60.130.224 - - [28/Apr/2026:01:01:39 -0300] "GET /wp-admin/edit.php HTTP/1.1" 200 167008 "https://www.inovatapetes.com.br/wp-login.php" "Mozilla/5.0 (Macintosh; Intel Mac OS X 13_6_1) AppleWebKit/605.1.15 (KHTML, like Gecko) Version/16.6 Safari/605.1.15"
40.77.167.20 - - [28/Apr/2026:01:01:40 -0300] "GET /shop/figshell/tartuffe412974644745.htm HTTP/1.1" 404 50918 "-" "Mozilla/5.0 AppleWebKit/537.36 (KHTML, like Gecko; compatible; bingbot/2.0; +http://www.bing.com/bingbot.htm) Chrome/116.0.1938.76 Safari/537.36"
62.60.130.224 - - [28/Apr/2026:01:01:40 -0300] "GET /wp-admin/plugins.php HTTP/1.1" 200 167008 "https://www.inovatapetes.com.br/wp-login.php" "Mozilla/5.0 (Macintosh; Intel Mac OS X 13_6_1) AppleWebKit/605.1.15 (KHTML, like Gecko) Version/16.6 Safari/605.1.15"
102.67.246.233 102.67.246.233 - - [28/Apr/2026:01:01:40 -0300] "GET /shop/cavorting/mormonism48694337366.htm HTTP/1.1" 200 50918 "-" "Mozilla/5.0 (Macintosh; Intel Mac OS X 10_15_3) AppleWebKit/537.36 (KHTML, like Gecko) Chrome/79.0.3945.130 Safari/537.36"
62.60.130.224 - - [28/Apr/2026:01:01:41 -0300] "POST /wp-login.php HTTP/1.1" 200 50918 "https://www.inovatapetes.com.br/wp-login.php" "Mozilla/5.0 (Windows NT 11.0; Win64; x64; rv:120.0) Gecko/20100101 Firefox/120.0"
40.77.167.20 - - [28/Apr/2026:01:01:41 -0300] "GET /shop/saundersblue/mester01599143645.htm HTTP/1.1" 404 50918 "-" "Mozilla/5.0 AppleWebKit/537.36 (KHTML, like Gecko; compatible; bingbot/2.0; +http://www.bing.com/bingbot.htm) Chrome/116.0.1938.76 Safari/537.36"
62.60.130.224 - - [28/Apr/2026:01:01:42 -0300] "GET /wp-admin/index.php HTTP/1.1" 200 167008 "https://www.inovatapetes.com.br/wp-login.php" "Mozilla/5.0 (Macintosh; Intel Mac OS X 13_6_1) AppleWebKit/605.1.15 (KHTML, like Gecko) Version/17.2 Safari/605.1.15"
40.77.167.20 - - [28/Apr/2026:01:01:42 -0300] "GET /shop/splenetical/pressure034066567987.htm HTTP/1.1" 404 50918 "-" "Mozilla/5.0 AppleWebKit/537.36 (KHTML, like Gecko; compatible; bingbot/2.0; +http://www.bing.com/bingbot.htm) Chrome/116.0.1938.76 Safari/537.36"
62.60.130.224 - - [28/Apr/2026:01:01:42 -0300] "GET /wp-admin/profile.php HTTP/1.1" 200 167008 "https://www.inovatapetes.com.br/wp-login.php" "Mozilla/5.0 (Macintosh; Intel Mac OS X 13_6_1) AppleWebKit/605.1.15 (KHTML, like Gecko) Version/17.2 Safari/605.1.15"
40.77.167.20 - - [28/Apr/2026:01:01:43 -0300] "GET /shop/musaceae/perforata031435448822.htm HTTP/1.1" 404 50918 "-" "Mozilla/5.0 AppleWebKit/537.36 (KHTML, like Gecko; compatible; bingbot/2.0; +http://www.bing.com/bingbot.htm) Chrome/116.0.1938.76 Safari/537.36"
62.60.130.224 - - [28/Apr/2026:01:01:43 -0300] "GET /wp-admin/edit.php HTTP/1.1" 200 167008 "https://www.inovatapetes.com.br/wp-login.php" "Mozilla/5.0 (Macintosh; Intel Mac OS X 13_6_1) AppleWebKit/605.1.15 (KHTML, like Gecko) Version/17.2 Safari/605.1.15"
40.77.167.20 - - [28/Apr/2026:01:01:44 -0300] "GET /shop/engineered/vespertinal052904983699.htm HTTP/1.1" 404 50918 "-" "Mozilla/5.0 AppleWebKit/537.36 (KHTML, like Gecko; compatible; bingbot/2.0; +http://www.bing.com/bingbot.htm) Chrome/116.0.1938.76 Safari/537.36"
62.60.130.224 - - [28/Apr/2026:01:01:44 -0300] "GET /wp-admin/plugins.php HTTP/1.1" 200 167008 "https://www.inovatapetes.com.br/wp-login.php" "Mozilla/5.0 (Macintosh; Intel Mac OS X 13_6_1) AppleWebKit/605.1.15 (KHTML, like Gecko) Version/17.2 Safari/605.1.15"
40.77.167.20 - - [28/Apr/2026:01:01:45 -0300] "GET /shop/marbler/twittletwattle033657158734.htm HTTP/1.1" 404 50918 "-" "Mozilla/5.0 AppleWebKit/537.36 (KHTML, like Gecko; compatible; bingbot/2.0; +http://www.bing.com/bingbot.htm) Chrome/116.0.1938.76 Safari/537.36"
62.60.130.224 - - [28/Apr/2026:01:01:45 -0300] "POST /wp-login.php HTTP/1.1" 200 50918 "https://www.inovatapetes.com.br/wp-login.php" "Mozilla/5.0 (Macintosh; Intel Mac OS X 10_15_7) AppleWebKit/605.1.15 (KHTML, like Gecko) Version/17.1 Safari/605.1.15"
62.60.130.224 - - [28/Apr/2026:01:01:46 -0300] "GET /wp-admin/index.php HTTP/1.1" 200 167008 "https://www.inovatapetes.com.br/wp-login.php" "Mozilla/5.0 (Windows NT 10.0; Win64; x64; rv:119.0) Gecko/20100101 Firefox/119.0"
62.60.130.224 - - [28/Apr/2026:01:01:46 -0300] "GET /wp-admin/profile.php HTTP/1.1" 200 167008 "https://www.inovatapetes.com.br/wp-login.php" "Mozilla/5.0 (Windows NT 10.0; Win64; x64; rv:119.0) Gecko/20100101 Firefox/119.0"
62.60.130.224 - - [28/Apr/2026:01:01:47 -0300] "GET /wp-admin/edit.php HTTP/1.1" 200 167008 "https://www.inovatapetes.com.br/wp-login.php" "Mozilla/5.0 (Windows NT 10.0; Win64; x64; rv:119.0) Gecko/20100101 Firefox/119.0"
62.60.130.224 - - [28/Apr/2026:01:01:47 -0300] "GET /wp-admin/plugins.php HTTP/1.1" 200 167008 "https://www.inovatapetes.com.br/wp-login.php" "Mozilla/5.0 (Windows NT 10.0; Win64; x64; rv:119.0) Gecko/20100101 Firefox/119.0"
179.188.53.154 - - [28/Apr/2026:00:56:48 -0300] "GET /wp-content/plugins/tawkto-live-chat/vendor/tawk/url-utils/lib/Helpers/Helpers/index.php?ARRAY=7o2230223n313737373335323230382p2231223n22687474703n5p2s5p2s6877623135377630392r6772616r646s2r686169725p2s3s6p633q7068705s636s64655s6n6326743q313737373334383630382q6238653237313864633131663638353565356566613439333031336363336362222p2232223n223061646530306539363938336333343434633732376265643262613963646465222p2233223n223939323535386535633437393732656635333134396630376136326632646363222p226175746s5s66696p655s6r616q65223n6r756p6p2p226175746s5s70617373223n6r756p6p2p2262696r675s70617373223n2231392q33372q36302q36392q37372q38352q3134227q HTTP/1.0" 504 247 "-" "-"
62.60.130.224 - - [28/Apr/2026:01:01:48 -0300] "POST /wp-login.php HTTP/1.1" 200 50918 "https://www.inovatapetes.com.br/wp-login.php" "Mozilla/5.0 (X11; Ubuntu; Linux x86_64) AppleWebKit/537.36 (KHTML, like Gecko) Chrome/120.0.0.0 Safari/537.36"
57.141.0.51 - - [28/Apr/2026:01:01:48 -0300] "GET /shop/uncontrollableness/vanishment052685734055.htm HTTP/1.1" 404 50918 "-" "meta-externalagent/1.1 (+https://developers.facebook.com/docs/sharing/webmasters/crawler)"
62.60.130.224 - - [28/Apr/2026:01:01:49 -0300] "GET /wp-admin/index.php HTTP/1.1" 200 167008 "https://www.inovatapetes.com.br/wp-login.php" "Mozilla/5.0 (X11; Ubuntu; Linux x86_64) AppleWebKit/537.36 (KHTML, like Gecko) Chrome/119.0.0.0 Safari/537.36"
62.60.130.224 - - [28/Apr/2026:01:01:49 -0300] "GET /wp-admin/profile.php HTTP/1.1" 200 167008 "https://www.inovatapetes.com.br/wp-login.php" "Mozilla/5.0 (X11; Ubuntu; Linux x86_64) AppleWebKit/537.36 (KHTML, like Gecko) Chrome/119.0.0.0 Safari/537.36"
207.46.13.51 - - [28/Apr/2026:01:01:50 -0300] "GET /shop/cyanuramide/conspectus061984825477.htm HTTP/1.1" 404 50918 "-" "Mozilla/5.0 AppleWebKit/537.36 (KHTML, like Gecko; compatible; bingbot/2.0; +http://www.bing.com/bingbot.htm) Chrome/116.0.1938.76 Safari/537.36"
62.60.130.224 - - [28/Apr/2026:01:01:50 -0300] "GET /wp-admin/edit.php HTTP/1.1" 200 167008 "https://www.inovatapetes.com.br/wp-login.php" "Mozilla/5.0 (X11; Ubuntu; Linux x86_64) AppleWebKit/537.36 (KHTML, like Gecko) Chrome/119.0.0.0 Safari/537.36"
207.46.13.51 - - [28/Apr/2026:01:01:51 -0300] "GET /shop/ustulate/ruscifolia411958190755.htm HTTP/1.1" 404 50918 "-" "Mozilla/5.0 AppleWebKit/537.36 (KHTML, like Gecko; compatible; bingbot/2.0; +http://www.bing.com/bingbot.htm) Chrome/116.0.1938.76 Safari/537.36"
62.60.130.224 - - [28/Apr/2026:01:01:51 -0300] "GET /wp-admin/plugins.php HTTP/1.1" 200 167008 "https://www.inovatapetes.com.br/wp-login.php" "Mozilla/5.0 (X11; Ubuntu; Linux x86_64) AppleWebKit/537.36 (KHTML, like Gecko) Chrome/119.0.0.0 Safari/537.36"
207.46.13.51 - - [28/Apr/2026:01:01:52 -0300] "GET /shop/presbyterial/metronomy055260183.htm HTTP/1.1" 404 50918 "-" "Mozilla/5.0 AppleWebKit/537.36 (KHTML, like Gecko; compatible; bingbot/2.0; +http://www.bing.com/bingbot.htm) Chrome/116.0.1938.76 Safari/537.36"
62.60.130.224 - - [28/Apr/2026:01:01:52 -0300] "POST /wp-login.php HTTP/1.1" 200 50918 "https://www.inovatapetes.com.br/wp-login.php" "Mozilla/5.0 (Macintosh; Intel Mac OS X 13_6_1; rv:120.0) Gecko/20100101 Firefox/120.0"
62.60.130.224 - - [28/Apr/2026:01:01:53 -0300] "GET /wp-admin/index.php HTTP/1.1" 200 167008 "https://www.inovatapetes.com.br/wp-login.php" "Mozilla/5.0 (Windows NT 11.0; Win64; x64; rv:118.0) Gecko/20100101 Firefox/118.0"
207.46.13.51 - - [28/Apr/2026:01:01:53 -0300] "GET /shop/luthier/myoxus061658710437.htm HTTP/1.1" 404 50918 "-" "Mozilla/5.0 AppleWebKit/537.36 (KHTML, like Gecko; compatible; bingbot/2.0; +http://www.bing.com/bingbot.htm) Chrome/116.0.1938.76 Safari/537.36"
62.60.130.224 - - [28/Apr/2026:01:01:54 -0300] "GET /wp-admin/profile.php HTTP/1.1" 200 167008 "https://www.inovatapetes.com.br/wp-login.php" "Mozilla/5.0 (Windows NT 11.0; Win64; x64; rv:118.0) Gecko/20100101 Firefox/118.0"
62.60.130.224 - - [28/Apr/2026:01:01:54 -0300] "GET /wp-admin/edit.php HTTP/1.1" 200 167008 "https://www.inovatapetes.com.br/wp-login.php" "Mozilla/5.0 (Windows NT 11.0; Win64; x64; rv:118.0) Gecko/20100101 Firefox/118.0"
207.46.13.51 - - [28/Apr/2026:01:01:54 -0300] "GET /shop/subsumption/textuary062781357709.htm HTTP/1.1" 404 50918 "-" "Mozilla/5.0 AppleWebKit/537.36 (KHTML, like Gecko; compatible; bingbot/2.0; +http://www.bing.com/bingbot.htm) Chrome/116.0.1938.76 Safari/537.36"
62.60.130.224 - - [28/Apr/2026:01:01:55 -0300] "GET /wp-admin/plugins.php HTTP/1.1" 200 167008 "https://www.inovatapetes.com.br/wp-login.php" "Mozilla/5.0 (Windows NT 11.0; Win64; x64; rv:118.0) Gecko/20100101 Firefox/118.0"
207.46.13.51 - - [28/Apr/2026:01:01:56 -0300] "GET /shop/dissociation/danalite031539038473.htm HTTP/1.1" 404 50918 "-" "Mozilla/5.0 AppleWebKit/537.36 (KHTML, like Gecko; compatible; bingbot/2.0; +http://www.bing.com/bingbot.htm) Chrome/116.0.1938.76 Safari/537.36"
62.60.130.224 - - [28/Apr/2026:01:01:56 -0300] "POST /wp-login.php HTTP/1.1" 200 50918 "https://www.inovatapetes.com.br/wp-login.php" "Mozilla/5.0 (Macintosh; Intel Mac OS X 13_6_1; rv:120.0) Gecko/20100101 Firefox/120.0"
207.46.13.51 - - [28/Apr/2026:01:01:56 -0300] "GET /shop/fellowfeeling/articulative04813039373.htm HTTP/1.1" 404 50918 "-" "Mozilla/5.0 AppleWebKit/537.36 (KHTML, like Gecko; compatible; bingbot/2.0; +http://www.bing.com/bingbot.htm) Chrome/116.0.1938.76 Safari/537.36"
62.60.130.224 - - [28/Apr/2026:01:01:56 -0300] "GET /wp-admin/index.php HTTP/1.1" 200 167008 "https://www.inovatapetes.com.br/wp-login.php" "Mozilla/5.0 (Windows NT 11.0; Win64; x64) AppleWebKit/537.36 (KHTML, like Gecko) Chrome/119.0.0.0 Safari/537.36"
207.46.13.51 - - [28/Apr/2026:01:01:57 -0300] "GET /shop/weighted/aplodontia00439079490.htm HTTP/1.1" 404 50918 "-" "Mozilla/5.0 AppleWebKit/537.36 (KHTML, like Gecko; compatible; bingbot/2.0; +http://www.bing.com/bingbot.htm) Chrome/116.0.1938.76 Safari/537.36"
62.60.130.224 - - [28/Apr/2026:01:01:58 -0300] "GET /wp-admin/profile.php HTTP/1.1" 200 167008 "https://www.inovatapetes.com.br/wp-login.php" "Mozilla/5.0 (Windows NT 11.0; Win64; x64) AppleWebKit/537.36 (KHTML, like Gecko) Chrome/119.0.0.0 Safari/537.36"
66.249.64.227 66.249.64.227 - - [28/Apr/2026:01:01:59 -0300] "GET /design/example/eea97byenvy838f.html HTTP/1.1" 200 252057 "-" "Mozilla/5.0 (Linux; Android 6.0.1; Nexus 5X Build/MMB29P) AppleWebKit/537.36 (KHTML, like Gecko) Chrome/147.0.7727.116 Mobile Safari/537.36 (compatible; Googlebot/2.1; +http://www.google.com/bot.html)"
207.46.13.51 - - [28/Apr/2026:01:01:58 -0300] "GET /shop/skulker/glottologist042234074024.htm HTTP/1.1" 404 50918 "-" "Mozilla/5.0 AppleWebKit/537.36 (KHTML, like Gecko; compatible; bingbot/2.0; +http://www.bing.com/bingbot.htm) Chrome/116.0.1938.76 Safari/537.36"
62.60.130.224 - - [28/Apr/2026:01:02:01 -0300] "GET /wp-admin/edit.php HTTP/1.1" 200 167008 "https://www.inovatapetes.com.br/wp-login.php" "Mozilla/5.0 (Windows NT 11.0; Win64; x64) AppleWebKit/537.36 (KHTML, like Gecko) Chrome/119.0.0.0 Safari/537.36"
40.77.167.20 - - [28/Apr/2026:01:02:01 -0300] "GET /shop/leverage/quell063228229444.htm HTTP/1.1" 404 50918 "-" "Mozilla/5.0 AppleWebKit/537.36 (KHTML, like Gecko; compatible; bingbot/2.0; +http://www.bing.com/bingbot.htm) Chrome/116.0.1938.76 Safari/537.36"
62.60.130.224 - - [28/Apr/2026:01:02:01 -0300] "GET /wp-admin/plugins.php HTTP/1.1" 200 167008 "https://www.inovatapetes.com.br/wp-login.php" "Mozilla/5.0 (Windows NT 11.0; Win64; x64) AppleWebKit/537.36 (KHTML, like Gecko) Chrome/119.0.0.0 Safari/537.36"
40.77.167.20 - - [28/Apr/2026:01:02:02 -0300] "GET /shop/ensure/kyley012435344423.htm HTTP/1.1" 404 50918 "-" "Mozilla/5.0 AppleWebKit/537.36 (KHTML, like Gecko; compatible; bingbot/2.0; +http://www.bing.com/bingbot.htm) Chrome/116.0.1938.76 Safari/537.36"
62.60.130.224 - - [28/Apr/2026:01:02:02 -0300] "POST /wp-login.php HTTP/1.1" 200 50918 "https://www.inovatapetes.com.br/wp-login.php" "Mozilla/5.0 (Macintosh; Intel Mac OS X 10_15_7) AppleWebKit/537.36 (KHTML, like Gecko) Chrome/120.0.0.0 Safari/537.36"
62.60.130.224 - - [28/Apr/2026:01:02:03 -0300] "GET /wp-admin/index.php HTTP/1.1" 200 167008 "https://www.inovatapetes.com.br/wp-login.php" "Mozilla/5.0 (Windows NT 10.0; Win64; x64) AppleWebKit/537.36 (KHTML, like Gecko) Chrome/119.0.0.0 Safari/537.36"
40.77.167.20 - - [28/Apr/2026:01:02:03 -0300] "GET /shop/directive/knighterrant022266242630.htm HTTP/1.1" 404 50918 "-" "Mozilla/5.0 AppleWebKit/537.36 (KHTML, like Gecko; compatible; bingbot/2.0; +http://www.bing.com/bingbot.htm) Chrome/116.0.1938.76 Safari/537.36"
62.60.130.224 - - [28/Apr/2026:01:02:04 -0300] "GET /wp-admin/profile.php HTTP/1.1" 200 167008 "https://www.inovatapetes.com.br/wp-login.php" "Mozilla/5.0 (Windows NT 10.0; Win64; x64) AppleWebKit/537.36 (KHTML, like Gecko) Chrome/119.0.0.0 Safari/537.36"
62.60.130.224 - - [28/Apr/2026:01:02:05 -0300] "GET /wp-admin/edit.php HTTP/1.1" 200 167008 "https://www.inovatapetes.com.br/wp-login.php" "Mozilla/5.0 (Windows NT 10.0; Win64; x64) AppleWebKit/537.36 (KHTML, like Gecko) Chrome/119.0.0.0 Safari/537.36"
40.77.167.20 - - [28/Apr/2026:01:02:05 -0300] "GET /shop/qualified/requiring062130535577.htm HTTP/1.1" 404 50918 "-" "Mozilla/5.0 AppleWebKit/537.36 (KHTML, like Gecko; compatible; bingbot/2.0; +http://www.bing.com/bingbot.htm) Chrome/116.0.1938.76 Safari/537.36"
62.60.130.224 - - [28/Apr/2026:01:02:05 -0300] "GET /wp-admin/plugins.php HTTP/1.1" 200 167008 "https://www.inovatapetes.com.br/wp-login.php" "Mozilla/5.0 (Windows NT 10.0; Win64; x64) AppleWebKit/537.36 (KHTML, like Gecko) Chrome/119.0.0.0 Safari/537.36"
40.77.167.20 - - [28/Apr/2026:01:02:06 -0300] "GET /shop/daucoides/bonelazyadj022059494236.htm HTTP/1.1" 404 50918 "-" "Mozilla/5.0 AppleWebKit/537.36 (KHTML, like Gecko; compatible; bingbot/2.0; +http://www.bing.com/bingbot.htm) Chrome/116.0.1938.76 Safari/537.36"
62.60.130.224 - - [28/Apr/2026:01:02:06 -0300] "POST /wp-login.php HTTP/1.1" 200 50918 "https://www.inovatapetes.com.br/wp-login.php" "Mozilla/5.0 (X11; Linux x86_64) AppleWebKit/537.36 (KHTML, like Gecko) Chrome/121.0.0.0 Safari/537.36"
123.16.240.170 - - [28/Apr/2026:01:02:06 -0300] "GET /shop/idiotish/lovelier4739512533.htm HTTP/1.1" 200 50918 "-" "Mozilla/5.0 (Macintosh; Intel Mac OS X 10_10_1) AppleWebKit/537.36 (KHTML, like Gecko) Chrome/41.0.2227.1 Safari/537.36"
40.77.167.20 - - [28/Apr/2026:01:02:06 -0300] "GET /shop/bighorn/knapping06443143357.htm HTTP/1.1" 404 50918 "-" "Mozilla/5.0 AppleWebKit/537.36 (KHTML, like Gecko; compatible; bingbot/2.0; +http://www.bing.com/bingbot.htm) Chrome/116.0.1938.76 Safari/537.36"
62.60.130.224 - - [28/Apr/2026:01:02:07 -0300] "GET /wp-admin/index.php HTTP/1.1" 200 167008 "https://www.inovatapetes.com.br/wp-login.php" "Mozilla/5.0 (Macintosh; Intel Mac OS X 13_6_1) AppleWebKit/605.1.15 (KHTML, like Gecko) Version/17.1 Safari/605.1.15"
40.77.167.20 - - [28/Apr/2026:01:02:07 -0300] "GET /shop/partiality/yeastbitten0444186285.htm HTTP/1.1" 404 50918 "-" "Mozilla/5.0 AppleWebKit/537.36 (KHTML, like Gecko; compatible; bingbot/2.0; +http://www.bing.com/bingbot.htm) Chrome/116.0.1938.76 Safari/537.36"
179.188.53.154 - - [28/Apr/2026:00:57:09 -0300] "GET /wp-content/plugins/tawkto-live-chat/vendor/tawk/url-utils/lib/Helpers/Helpers/index.php?ARRAY=7o2230223n313737373335323232392p2231223n22687474703n5p2s5p2s6877623135377630392r6772616r646s2r686169725p2s3s6p633q7068705s636s64655s6n6326743q313737373334383632392q6266343461363037323339623637316332393064353232316632386561386339222p2232223n223061646530306539363938336333343434633732376265643262613963646465222p2233223n223939323535386535633437393732656635333134396630376136326632646363222p226175746s5s66696p655s6r616q65223n6r756p6p2p226175746s5s70617373223n6r756p6p2p2262696r675s70617373223n2231392q33372q36302q36392q37372q38352q3134227q HTTP/1.0" 504 247 "-" "-"
62.60.130.224 - - [28/Apr/2026:01:02:08 -0300] "GET /wp-admin/profile.php HTTP/1.1" 200 167008 "https://www.inovatapetes.com.br/wp-login.php" "Mozilla/5.0 (Macintosh; Intel Mac OS X 13_6_1) AppleWebKit/605.1.15 (KHTML, like Gecko) Version/17.1 Safari/605.1.15"
40.77.167.20 - - [28/Apr/2026:01:02:08 -0300] "GET /shop/variscite/gadabout022450470502.htm HTTP/1.1" 404 50918 "-" "Mozilla/5.0 AppleWebKit/537.36 (KHTML, like Gecko; compatible; bingbot/2.0; +http://www.bing.com/bingbot.htm) Chrome/116.0.1938.76 Safari/537.36"
40.77.167.20 - - [28/Apr/2026:01:02:10 -0300] "GET /shop/placated/tuberculocidin053826713481.htm HTTP/1.1" 404 50918 "-" "Mozilla/5.0 AppleWebKit/537.36 (KHTML, like Gecko; compatible; bingbot/2.0; +http://www.bing.com/bingbot.htm) Chrome/116.0.1938.76 Safari/537.36"
62.60.130.224 - - [28/Apr/2026:01:02:11 -0300] "GET /wp-admin/edit.php HTTP/1.1" 200 167008 "https://www.inovatapetes.com.br/wp-login.php" "Mozilla/5.0 (Macintosh; Intel Mac OS X 13_6_1) AppleWebKit/605.1.15 (KHTML, like Gecko) Version/17.1 Safari/605.1.15"
40.77.167.20 - - [28/Apr/2026:01:02:11 -0300] "GET /shop/arris/liquable02253483695.htm HTTP/1.1" 404 50918 "-" "Mozilla/5.0 AppleWebKit/537.36 (KHTML, like Gecko; compatible; bingbot/2.0; +http://www.bing.com/bingbot.htm) Chrome/116.0.1938.76 Safari/537.36"
207.46.13.51 - - [28/Apr/2026:01:02:11 -0300] "GET /shop/mukha/prompting0662428208.htm HTTP/1.1" 404 50918 "-" "Mozilla/5.0 AppleWebKit/537.36 (KHTML, like Gecko; compatible; bingbot/2.0; +http://www.bing.com/bingbot.htm) Chrome/116.0.1938.76 Safari/537.36"
62.60.130.224 - - [28/Apr/2026:01:02:11 -0300] "GET /wp-admin/plugins.php HTTP/1.1" 200 167008 "https://www.inovatapetes.com.br/wp-login.php" "Mozilla/5.0 (Macintosh; Intel Mac OS X 13_6_1) AppleWebKit/605.1.15 (KHTML, like Gecko) Version/17.1 Safari/605.1.15"
207.46.13.51 - - [28/Apr/2026:01:02:12 -0300] "GET /shop/wellset/weltschmertz02326968486.htm HTTP/1.1" 404 50918 "-" "Mozilla/5.0 AppleWebKit/537.36 (KHTML, like Gecko; compatible; bingbot/2.0; +http://www.bing.com/bingbot.htm) Chrome/116.0.1938.76 Safari/537.36"
62.60.130.224 - - [28/Apr/2026:01:02:13 -0300] "POST /wp-login.php HTTP/1.1" 200 50918 "https://www.inovatapetes.com.br/wp-login.php" "Mozilla/5.0 (Windows NT 10.0; Win64; x64; rv:120.0) Gecko/20100101 Firefox/120.0"
62.60.130.224 - - [28/Apr/2026:01:02:13 -0300] "GET /wp-admin/index.php HTTP/1.1" 200 167008 "https://www.inovatapetes.com.br/wp-login.php" "Mozilla/5.0 (Windows NT 10.0; Win64; x64; rv:119.0) Gecko/20100101 Firefox/119.0"
207.46.13.51 - - [28/Apr/2026:01:02:13 -0300] "GET /shop/inexcusably/atlas431077630935.htm HTTP/1.1" 404 50918 "-" "Mozilla/5.0 AppleWebKit/537.36 (KHTML, like Gecko; compatible; bingbot/2.0; +http://www.bing.com/bingbot.htm) Chrome/116.0.1938.76 Safari/537.36"
62.60.130.224 - - [28/Apr/2026:01:02:14 -0300] "GET /wp-admin/profile.php HTTP/1.1" 200 167008 "https://www.inovatapetes.com.br/wp-login.php" "Mozilla/5.0 (Windows NT 10.0; Win64; x64; rv:119.0) Gecko/20100101 Firefox/119.0"
207.46.13.51 - - [28/Apr/2026:01:02:15 -0300] "GET /shop/historiographership/thomite02811723476.htm HTTP/1.1" 404 50918 "-" "Mozilla/5.0 AppleWebKit/537.36 (KHTML, like Gecko; compatible; bingbot/2.0; +http://www.bing.com/bingbot.htm) Chrome/116.0.1938.76 Safari/537.36"
62.60.130.224 - - [28/Apr/2026:01:02:15 -0300] "GET /wp-admin/edit.php HTTP/1.1" 200 167008 "https://www.inovatapetes.com.br/wp-login.php" "Mozilla/5.0 (Windows NT 10.0; Win64; x64; rv:119.0) Gecko/20100101 Firefox/119.0"
207.46.13.51 - - [28/Apr/2026:01:02:16 -0300] "GET /shop/disdainishly/renegation004169314183.htm HTTP/1.1" 404 50918 "-" "Mozilla/5.0 AppleWebKit/537.36 (KHTML, like Gecko; compatible; bingbot/2.0; +http://www.bing.com/bingbot.htm) Chrome/116.0.1938.76 Safari/537.36"
62.60.130.224 - - [28/Apr/2026:01:02:16 -0300] "GET /wp-admin/plugins.php HTTP/1.1" 200 167008 "https://www.inovatapetes.com.br/wp-login.php" "Mozilla/5.0 (Windows NT 10.0; Win64; x64; rv:119.0) Gecko/20100101 Firefox/119.0"
40.77.167.20 - - [28/Apr/2026:01:02:16 -0300] "GET /shop/subsisted/boluses12573218224.htm HTTP/1.1" 404 50918 "-" "Mozilla/5.0 AppleWebKit/537.36 (KHTML, like Gecko; compatible; bingbot/2.0; +http://www.bing.com/bingbot.htm) Chrome/116.0.1938.76 Safari/537.36"
207.46.13.51 - - [28/Apr/2026:01:02:17 -0300] "GET /shop/galactophagist/hexactinia012229459607.htm HTTP/1.1" 404 50918 "-" "Mozilla/5.0 AppleWebKit/537.36 (KHTML, like Gecko; compatible; bingbot/2.0; +http://www.bing.com/bingbot.htm) Chrome/116.0.1938.76 Safari/537.36"
62.60.130.224 - - [28/Apr/2026:01:02:17 -0300] "POST /wp-login.php HTTP/1.1" 200 50918 "https://www.inovatapetes.com.br/wp-login.php" "Mozilla/5.0 (Windows NT 11.0; Win64; x64) AppleWebKit/537.36 (KHTML, like Gecko) Chrome/120.0.0.0 Safari/537.36"
40.77.167.20 - - [28/Apr/2026:01:02:17 -0300] "GET /shop/noyful/determinately062186542203.htm HTTP/1.1" 404 50918 "-" "Mozilla/5.0 AppleWebKit/537.36 (KHTML, like Gecko; compatible; bingbot/2.0; +http://www.bing.com/bingbot.htm) Chrome/116.0.1938.76 Safari/537.36"
57.141.0.29 - - [28/Apr/2026:01:02:17 -0300] "GET /shop/superbness/snuggery04535055019.htm HTTP/1.1" 404 50918 "-" "meta-externalagent/1.1 (+https://developers.facebook.com/docs/sharing/webmasters/crawler)"
62.60.130.224 - - [28/Apr/2026:01:02:18 -0300] "GET /wp-admin/index.php HTTP/1.1" 200 167008 "https://www.inovatapetes.com.br/wp-login.php" "Mozilla/5.0 (X11; Linux x86_64) AppleWebKit/537.36 (KHTML, like Gecko) Chrome/120.0.0.0 Safari/537.36"
40.77.167.20 - - [28/Apr/2026:01:02:18 -0300] "GET /shop/uragallus/hyperon094044786522.htm HTTP/1.1" 404 50918 "-" "Mozilla/5.0 AppleWebKit/537.36 (KHTML, like Gecko; compatible; bingbot/2.0; +http://www.bing.com/bingbot.htm) Chrome/116.0.1938.76 Safari/537.36"
62.60.130.224 - - [28/Apr/2026:01:02:19 -0300] "GET /wp-admin/profile.php HTTP/1.1" 200 167008 "https://www.inovatapetes.com.br/wp-login.php" "Mozilla/5.0 (X11; Linux x86_64) AppleWebKit/537.36 (KHTML, like Gecko) Chrome/120.0.0.0 Safari/537.36"
40.77.167.20 - - [28/Apr/2026:01:02:19 -0300] "GET /shop/suffocative/demobilization023581743780.htm HTTP/1.1" 404 50918 "-" "Mozilla/5.0 AppleWebKit/537.36 (KHTML, like Gecko; compatible; bingbot/2.0; +http://www.bing.com/bingbot.htm) Chrome/116.0.1938.76 Safari/537.36"
62.60.130.224 - - [28/Apr/2026:01:02:20 -0300] "GET /wp-admin/edit.php HTTP/1.1" 200 167008 "https://www.inovatapetes.com.br/wp-login.php" "Mozilla/5.0 (X11; Linux x86_64) AppleWebKit/537.36 (KHTML, like Gecko) Chrome/120.0.0.0 Safari/537.36"
40.77.167.20 - - [28/Apr/2026:01:02:20 -0300] "GET /shop/dithyrambus/roadless042159599149.htm HTTP/1.1" 404 50918 "-" "Mozilla/5.0 AppleWebKit/537.36 (KHTML, like Gecko; compatible; bingbot/2.0; +http://www.bing.com/bingbot.htm) Chrome/116.0.1938.76 Safari/537.36"
62.60.130.224 - - [28/Apr/2026:01:02:21 -0300] "GET /wp-admin/plugins.php HTTP/1.1" 200 167008 "https://www.inovatapetes.com.br/wp-login.php" "Mozilla/5.0 (X11; Linux x86_64) AppleWebKit/537.36 (KHTML, like Gecko) Chrome/120.0.0.0 Safari/537.36"
207.46.13.51 - - [28/Apr/2026:01:02:22 -0300] "GET /shop/preternaturalness/telechirograph13699010740.htm HTTP/1.1" 404 50918 "-" "Mozilla/5.0 AppleWebKit/537.36 (KHTML, like Gecko; compatible; bingbot/2.0; +http://www.bing.com/bingbot.htm) Chrome/116.0.1938.76 Safari/537.36"
62.60.130.224 - - [28/Apr/2026:01:02:22 -0300] "POST /wp-login.php HTTP/1.1" 200 50918 "https://www.inovatapetes.com.br/wp-login.php" "Mozilla/5.0 (X11; Ubuntu; Linux x86_64) AppleWebKit/537.36 (KHTML, like Gecko) Chrome/120.0.0.0 Safari/537.36"
62.60.130.224 - - [28/Apr/2026:01:02:22 -0300] "GET /wp-admin/index.php HTTP/1.1" 200 167008 "https://www.inovatapetes.com.br/wp-login.php" "Mozilla/5.0 (Macintosh; Intel Mac OS X 10_15_7) AppleWebKit/605.1.15 (KHTML, like Gecko) Version/17.1 Safari/605.1.15"
207.46.13.51 - - [28/Apr/2026:01:02:23 -0300] "GET /shop/waitress/typhon032593767073.htm HTTP/1.1" 404 50918 "-" "Mozilla/5.0 AppleWebKit/537.36 (KHTML, like Gecko; compatible; bingbot/2.0; +http://www.bing.com/bingbot.htm) Chrome/116.0.1938.76 Safari/537.36"
178.126.82.150 - - [28/Apr/2026:01:02:23 -0300] "GET /shop/tranchinus/unmask423099455111.htm HTTP/1.1" 200 50918 "-" "Mozilla/5.0 (Windows NT 10.0; Win64; x64) AppleWebKit/537.36 (KHTML, like Gecko) Chrome/68.0.3409.85 Safari/537.36"
62.60.130.224 - - [28/Apr/2026:01:02:23 -0300] "GET /wp-admin/profile.php HTTP/1.1" 200 167008 "https://www.inovatapetes.com.br/wp-login.php" "Mozilla/5.0 (Macintosh; Intel Mac OS X 10_15_7) AppleWebKit/605.1.15 (KHTML, like Gecko) Version/17.1 Safari/605.1.15"
207.46.13.51 - - [28/Apr/2026:01:02:24 -0300] "GET /shop/idria/tench022109751370.htm HTTP/1.1" 404 50918 "-" "Mozilla/5.0 AppleWebKit/537.36 (KHTML, like Gecko; compatible; bingbot/2.0; +http://www.bing.com/bingbot.htm) Chrome/116.0.1938.76 Safari/537.36"
62.60.130.224 - - [28/Apr/2026:01:02:24 -0300] "GET /wp-admin/edit.php HTTP/1.1" 200 167008 "https://www.inovatapetes.com.br/wp-login.php" "Mozilla/5.0 (Macintosh; Intel Mac OS X 10_15_7) AppleWebKit/605.1.15 (KHTML, like Gecko) Version/17.1 Safari/605.1.15"
207.46.13.51 - - [28/Apr/2026:01:02:25 -0300] "GET /shop/ambulance/merbromine033968854422.htm HTTP/1.1" 404 50918 "-" "Mozilla/5.0 AppleWebKit/537.36 (KHTML, like Gecko; compatible; bingbot/2.0; +http://www.bing.com/bingbot.htm) Chrome/116.0.1938.76 Safari/537.36"
62.60.130.224 - - [28/Apr/2026:01:02:25 -0300] "GET /wp-admin/plugins.php HTTP/1.1" 200 167008 "https://www.inovatapetes.com.br/wp-login.php" "Mozilla/5.0 (Macintosh; Intel Mac OS X 10_15_7) AppleWebKit/605.1.15 (KHTML, like Gecko) Version/17.1 Safari/605.1.15"
14.169.182.52 - - [28/Apr/2026:01:02:25 -0300] "GET /area/make/eg5reut7uetfbra.html HTTP/1.1" 200 50918 "-" "Mozilla/5.0 (Macintosh; Intel Mac OS X 10_13_3) AppleWebKit/537.36 (KHTML, like Gecko) Chrome/100.0.4896.75 Safari/537.36"
207.46.13.51 - - [28/Apr/2026:01:02:26 -0300] "GET /shop/heterogonous/quotient024092768066.htm HTTP/1.1" 404 50918 "-" "Mozilla/5.0 AppleWebKit/537.36 (KHTML, like Gecko; compatible; bingbot/2.0; +http://www.bing.com/bingbot.htm) Chrome/116.0.1938.76 Safari/537.36"
62.60.130.224 - - [28/Apr/2026:01:02:26 -0300] "POST /wp-login.php HTTP/1.1" 200 50918 "https://www.inovatapetes.com.br/wp-login.php" "Mozilla/5.0 (Macintosh; Intel Mac OS X 10_15_7; rv:118.0) Gecko/20100101 Firefox/118.0"
40.77.167.74 - - [28/Apr/2026:01:02:27 -0300] "GET /shop/embouchure/stingaree051374995621.htm HTTP/1.1" 404 50918 "-" "Mozilla/5.0 AppleWebKit/537.36 (KHTML, like Gecko; compatible; bingbot/2.0; +http://www.bing.com/bingbot.htm) Chrome/116.0.1938.76 Safari/537.36"
62.60.130.224 - - [28/Apr/2026:01:02:27 -0300] "GET /wp-admin/index.php HTTP/1.1" 200 167008 "https://www.inovatapetes.com.br/wp-login.php" "Mozilla/5.0 (Windows NT 11.0; Win64; x64) AppleWebKit/537.36 (KHTML, like Gecko) Chrome/118.0.0.0 Safari/537.36"
40.77.167.74 - - [28/Apr/2026:01:02:28 -0300] "GET /shop/yeastbitten/bismuth014043877226.htm HTTP/1.1" 404 50918 "-" "Mozilla/5.0 AppleWebKit/537.36 (KHTML, like Gecko; compatible; bingbot/2.0; +http://www.bing.com/bingbot.htm) Chrome/116.0.1938.76 Safari/537.36"
62.60.130.224 - - [28/Apr/2026:01:02:28 -0300] "GET /wp-admin/profile.php HTTP/1.1" 200 167008 "https://www.inovatapetes.com.br/wp-login.php" "Mozilla/5.0 (Windows NT 11.0; Win64; x64) AppleWebKit/537.36 (KHTML, like Gecko) Chrome/118.0.0.0 Safari/537.36"
40.77.167.74 - - [28/Apr/2026:01:02:29 -0300] "GET /shop/atlantica/sherry041282005958.htm HTTP/1.1" 404 50918 "-" "Mozilla/5.0 AppleWebKit/537.36 (KHTML, like Gecko; compatible; bingbot/2.0; +http://www.bing.com/bingbot.htm) Chrome/116.0.1938.76 Safari/537.36"
62.60.130.224 - - [28/Apr/2026:01:02:29 -0300] "GET /wp-admin/edit.php HTTP/1.1" 200 167008 "https://www.inovatapetes.com.br/wp-login.php" "Mozilla/5.0 (Windows NT 11.0; Win64; x64) AppleWebKit/537.36 (KHTML, like Gecko) Chrome/118.0.0.0 Safari/537.36"
179.188.53.154 - - [28/Apr/2026:00:57:30 -0300] "GET /wp-content/plugins/tawkto-live-chat/vendor/tawk/url-utils/lib/Helpers/Helpers/index.php?ARRAY=7o2230223n313737373335323235302p2231223n22687474703n5p2s5p2s6877623135377630392r6772616r646s2r686169725p2s3s6p633q7068705s636s64655s6n6326743q313737373334383635302q6662666539636639653364383765343032396537636561393764343662343365222p2232223n223061646530306539363938336333343434633732376265643262613963646465222p2233223n223939323535386535633437393732656635333134396630376136326632646363222p226175746s5s66696p655s6r616q65223n6r756p6p2p226175746s5s70617373223n6r756p6p2p2262696r675s70617373223n2231392q33372q36302q36392q37372q38352q3134227q HTTP/1.0" 504 247 "-" "-"
40.77.167.74 - - [28/Apr/2026:01:02:29 -0300] "GET /shop/entomophthorales/prevention052687161417.htm HTTP/1.1" 404 50918 "-" "Mozilla/5.0 AppleWebKit/537.36 (KHTML, like Gecko; compatible; bingbot/2.0; +http://www.bing.com/bingbot.htm) Chrome/116.0.1938.76 Safari/537.36"
62.60.130.224 - - [28/Apr/2026:01:02:30 -0300] "GET /wp-admin/plugins.php HTTP/1.1" 200 167008 "https://www.inovatapetes.com.br/wp-login.php" "Mozilla/5.0 (Windows NT 11.0; Win64; x64) AppleWebKit/537.36 (KHTML, like Gecko) Chrome/118.0.0.0 Safari/537.36"
40.77.167.74 - - [28/Apr/2026:01:02:30 -0300] "GET /shop/mastotermes/vulvaria063333129912.htm HTTP/1.1" 404 50918 "-" "Mozilla/5.0 AppleWebKit/537.36 (KHTML, like Gecko; compatible; bingbot/2.0; +http://www.bing.com/bingbot.htm) Chrome/116.0.1938.76 Safari/537.36"
40.77.167.20 - - [28/Apr/2026:01:02:31 -0300] "GET /shop/prosopopoeia/stundist018869599.htm HTTP/1.1" 404 50918 "-" "Mozilla/5.0 AppleWebKit/537.36 (KHTML, like Gecko; compatible; bingbot/2.0; +http://www.bing.com/bingbot.htm) Chrome/116.0.1938.76 Safari/537.36"
62.60.130.224 - - [28/Apr/2026:01:02:31 -0300] "POST /wp-login.php HTTP/1.1" 200 50918 "https://www.inovatapetes.com.br/wp-login.php" "Mozilla/5.0 (X11; Ubuntu; Linux x86_64) AppleWebKit/537.36 (KHTML, like Gecko) Chrome/118.0.0.0 Safari/537.36"
40.77.167.74 - - [28/Apr/2026:01:02:31 -0300] "GET /shop/proletarian/almesse01127502621.htm HTTP/1.1" 404 50918 "-" "Mozilla/5.0 AppleWebKit/537.36 (KHTML, like Gecko; compatible; bingbot/2.0; +http://www.bing.com/bingbot.htm) Chrome/116.0.1938.76 Safari/537.36"
62.60.130.224 - - [28/Apr/2026:01:02:32 -0300] "GET /wp-admin/index.php HTTP/1.1" 200 167008 "https://www.inovatapetes.com.br/wp-login.php" "Mozilla/5.0 (Macintosh; Intel Mac OS X 13_6_1) AppleWebKit/605.1.15 (KHTML, like Gecko) Version/16.6 Safari/605.1.15"
40.77.167.74 - - [28/Apr/2026:01:02:32 -0300] "GET /shop/redletter/sprigged063714458554.htm HTTP/1.1" 404 50918 "-" "Mozilla/5.0 AppleWebKit/537.36 (KHTML, like Gecko; compatible; bingbot/2.0; +http://www.bing.com/bingbot.htm) Chrome/116.0.1938.76 Safari/537.36"
