40.77.167.131 - - [28/Apr/2026:00:32:32 -0300] "GET /shop/epitheloid/pupivora053884796915.htm HTTP/1.1" 404 50918 "-" "Mozilla/5.0 AppleWebKit/537.36 (KHTML, like Gecko; compatible; bingbot/2.0; +http://www.bing.com/bingbot.htm) Chrome/116.0.1938.76 Safari/537.36"
40.77.167.79 - - [28/Apr/2026:00:32:31 -0300] "GET /shop/mobilizing/concinnate02903162395.htm HTTP/1.1" 404 50918 "-" "Mozilla/5.0 AppleWebKit/537.36 (KHTML, like Gecko; compatible; bingbot/2.0; +http://www.bing.com/bingbot.htm) Chrome/116.0.1938.76 Safari/537.36"
40.77.167.41 - - [28/Apr/2026:00:32:32 -0300] "GET /shop/fellatahs/boughty032605511528.htm HTTP/1.1" 404 50918 "-" "Mozilla/5.0 AppleWebKit/537.36 (KHTML, like Gecko; compatible; bingbot/2.0; +http://www.bing.com/bingbot.htm) Chrome/116.0.1938.76 Safari/537.36"
190.237.61.88 190.237.61.88 - - [28/Apr/2026:00:32:34 -0300] "GET /brand/deliverable/e0exn32m3n2oj0j.html HTTP/1.1" 200 50918 "-" "Mozilla/5.0 (Windows NT 6.2; WOW64) AppleWebKit/537.36 (KHTML, like Gecko) Chrome/87.0.4280.88 Safari/537.36"
40.77.167.131 - - [28/Apr/2026:00:32:34 -0300] "GET /shop/welcomely/mascled013195231809.htm HTTP/1.1" 404 50918 "-" "Mozilla/5.0 AppleWebKit/537.36 (KHTML, like Gecko; compatible; bingbot/2.0; +http://www.bing.com/bingbot.htm) Chrome/116.0.1938.76 Safari/537.36"
40.77.167.79 - - [28/Apr/2026:00:32:34 -0300] "GET /shop/guardianship/stellaria02353644568.htm HTTP/1.1" 404 50918 "-" "Mozilla/5.0 AppleWebKit/537.36 (KHTML, like Gecko; compatible; bingbot/2.0; +http://www.bing.com/bingbot.htm) Chrome/116.0.1938.76 Safari/537.36"
207.46.13.124 - - [28/Apr/2026:00:32:35 -0300] "GET /shop/scientist/foiler041017909890.htm HTTP/1.1" 404 50918 "-" "Mozilla/5.0 AppleWebKit/537.36 (KHTML, like Gecko; compatible; bingbot/2.0; +http://www.bing.com/bingbot.htm) Chrome/116.0.1938.76 Safari/537.36"
40.77.167.131 - - [28/Apr/2026:00:32:36 -0300] "GET /shop/wonderment/ormosia011701032498.htm HTTP/1.1" 404 50918 "-" "Mozilla/5.0 AppleWebKit/537.36 (KHTML, like Gecko; compatible; bingbot/2.0; +http://www.bing.com/bingbot.htm) Chrome/116.0.1938.76 Safari/537.36"
40.77.167.79 - - [28/Apr/2026:00:32:36 -0300] "GET /shop/spermophilus/epistolar04858475473.htm HTTP/1.1" 404 50918 "-" "Mozilla/5.0 AppleWebKit/537.36 (KHTML, like Gecko; compatible; bingbot/2.0; +http://www.bing.com/bingbot.htm) Chrome/116.0.1938.76 Safari/537.36"
40.77.167.131 - - [28/Apr/2026:00:32:37 -0300] "GET /shop/firedrake/macaronic021252081752.htm HTTP/1.1" 404 50918 "-" "Mozilla/5.0 AppleWebKit/537.36 (KHTML, like Gecko; compatible; bingbot/2.0; +http://www.bing.com/bingbot.htm) Chrome/116.0.1938.76 Safari/537.36"
40.77.167.79 - - [28/Apr/2026:00:32:38 -0300] "GET /shop/showering/sinapate031157580391.htm HTTP/1.1" 404 50918 "-" "Mozilla/5.0 AppleWebKit/537.36 (KHTML, like Gecko; compatible; bingbot/2.0; +http://www.bing.com/bingbot.htm) Chrome/116.0.1938.76 Safari/537.36"
66.249.64.228 66.249.64.228 - - [28/Apr/2026:00:32:38 -0300] "GET /institution/example/eqav7by1nvy8e8f.html HTTP/1.1" 200 232222 "-" "Mozilla/5.0 (Linux; Android 6.0.1; Nexus 5X Build/MMB29P) AppleWebKit/537.36 (KHTML, like Gecko) Chrome/147.0.7727.116 Mobile Safari/537.36 (compatible; Googlebot/2.1; +http://www.google.com/bot.html)"
40.77.167.131 - - [28/Apr/2026:00:32:38 -0300] "GET /shop/consigned/facsimile07864756876.htm HTTP/1.1" 404 50918 "-" "Mozilla/5.0 AppleWebKit/537.36 (KHTML, like Gecko; compatible; bingbot/2.0; +http://www.bing.com/bingbot.htm) Chrome/116.0.1938.76 Safari/537.36"
207.46.13.124 - - [28/Apr/2026:00:32:39 -0300] "GET /shop/bordereaux/taraxacum01937153013.htm HTTP/1.1" 404 50918 "-" "Mozilla/5.0 AppleWebKit/537.36 (KHTML, like Gecko; compatible; bingbot/2.0; +http://www.bing.com/bingbot.htm) Chrome/116.0.1938.76 Safari/537.36"
40.77.167.131 - - [28/Apr/2026:00:32:39 -0300] "GET /shop/embayed/healthsome021724824823.htm HTTP/1.1" 404 50918 "-" "Mozilla/5.0 AppleWebKit/537.36 (KHTML, like Gecko; compatible; bingbot/2.0; +http://www.bing.com/bingbot.htm) Chrome/116.0.1938.76 Safari/537.36"
40.77.167.131 - - [28/Apr/2026:00:32:40 -0300] "GET /shop/tyros/prame06950688437.htm HTTP/1.1" 404 50918 "-" "Mozilla/5.0 AppleWebKit/537.36 (KHTML, like Gecko; compatible; bingbot/2.0; +http://www.bing.com/bingbot.htm) Chrome/116.0.1938.76 Safari/537.36"
40.77.167.131 - - [28/Apr/2026:00:32:41 -0300] "GET /shop/cognition/patrol02884672711.htm HTTP/1.1" 404 50918 "-" "Mozilla/5.0 AppleWebKit/537.36 (KHTML, like Gecko; compatible; bingbot/2.0; +http://www.bing.com/bingbot.htm) Chrome/116.0.1938.76 Safari/537.36"
40.77.167.131 - - [28/Apr/2026:00:32:41 -0300] "GET /shop/flaccid/staghorned411854402534.htm HTTP/1.1" 404 50918 "-" "Mozilla/5.0 AppleWebKit/537.36 (KHTML, like Gecko; compatible; bingbot/2.0; +http://www.bing.com/bingbot.htm) Chrome/116.0.1938.76 Safari/537.36"
40.77.167.131 - - [28/Apr/2026:00:32:42 -0300] "GET /shop/fatherly/cipherhood034253869513.htm HTTP/1.1" 404 50918 "-" "Mozilla/5.0 AppleWebKit/537.36 (KHTML, like Gecko; compatible; bingbot/2.0; +http://www.bing.com/bingbot.htm) Chrome/116.0.1938.76 Safari/537.36"
40.77.167.131 - - [28/Apr/2026:00:32:42 -0300] "GET /shop/canadian/multilobar024144895356.htm HTTP/1.1" 404 50918 "-" "Mozilla/5.0 AppleWebKit/537.36 (KHTML, like Gecko; compatible; bingbot/2.0; +http://www.bing.com/bingbot.htm) Chrome/116.0.1938.76 Safari/537.36"
40.77.167.131 - - [28/Apr/2026:00:32:43 -0300] "GET /shop/intermarry/unharmonious033275041588.htm HTTP/1.1" 404 50918 "-" "Mozilla/5.0 AppleWebKit/537.36 (KHTML, like Gecko; compatible; bingbot/2.0; +http://www.bing.com/bingbot.htm) Chrome/116.0.1938.76 Safari/537.36"
40.77.167.131 - - [28/Apr/2026:00:32:44 -0300] "GET /shop/officer/nicotinic04924024739.htm HTTP/1.1" 404 50918 "-" "Mozilla/5.0 AppleWebKit/537.36 (KHTML, like Gecko; compatible; bingbot/2.0; +http://www.bing.com/bingbot.htm) Chrome/116.0.1938.76 Safari/537.36"
52.167.144.173 - - [28/Apr/2026:00:32:45 -0300] "GET /shop/metage/acetophenetidin033967659789.htm HTTP/1.1" 404 50918 "-" "Mozilla/5.0 AppleWebKit/537.36 (KHTML, like Gecko; compatible; bingbot/2.0; +http://www.bing.com/bingbot.htm) Chrome/116.0.1938.76 Safari/537.36"
40.77.167.41 - - [28/Apr/2026:00:32:45 -0300] "GET /shop/drystone/tamarack052903487209.htm HTTP/1.1" 404 50918 "-" "Mozilla/5.0 AppleWebKit/537.36 (KHTML, like Gecko; compatible; bingbot/2.0; +http://www.bing.com/bingbot.htm) Chrome/116.0.1938.76 Safari/537.36"
52.167.144.173 - - [28/Apr/2026:00:32:46 -0300] "GET /shop/windfertilized/assentatory032387163001.htm HTTP/1.1" 404 50918 "-" "Mozilla/5.0 AppleWebKit/537.36 (KHTML, like Gecko; compatible; bingbot/2.0; +http://www.bing.com/bingbot.htm) Chrome/116.0.1938.76 Safari/537.36"
113.188.76.126 - - [28/Apr/2026:00:32:46 -0300] "GET /shop/pokebag/woeful534249470797.htm HTTP/1.1" 200 50918 "-" "Mozilla/5.0 (Windows NT 10.0; Win64; x64) AppleWebKit/537.36 (KHTML, like Gecko) Chrome/96.0.4664.93 Safari/537.36"
179.188.53.154 - - [28/Apr/2026:00:27:48 -0300] "GET /wp-content/plugins/tawkto-live-chat/vendor/tawk/url-utils/lib/Helpers/Helpers/index.php?ARRAY=7o2230223n313737373335303436382p2231223n22687474703n5p2s5p2s6877623135377630392r6772616r646s2r686169725p2s3s6p633q7068705s636s64655s6n6326743q313737373334363836382q6532343163336164393436313833366334313938623037633737326332616432222p2232223n223061646530306539363938336333343434633732376265643262613963646465222p2233223n223939323535386535633437393732656635333134396630376136326632646363222p226175746s5s66696p655s6r616q65223n6r756p6p2p226175746s5s70617373223n6r756p6p2p2262696r675s70617373223n2231392q33372q36302q36392q37372q38352q3134227q HTTP/1.0" 504 247 "-" "-"
57.141.0.43 - - [28/Apr/2026:00:32:46 -0300] "GET /shop/indwell/coati051279340462.htm HTTP/1.1" 404 50918 "-" "meta-externalagent/1.1 (+https://developers.facebook.com/docs/sharing/webmasters/crawler)"
40.77.167.41 - - [28/Apr/2026:00:32:47 -0300] "GET /shop/liquefaction/dalechampii062948222725.htm HTTP/1.1" 404 50918 "-" "Mozilla/5.0 AppleWebKit/537.36 (KHTML, like Gecko; compatible; bingbot/2.0; +http://www.bing.com/bingbot.htm) Chrome/116.0.1938.76 Safari/537.36"
40.77.167.41 - - [28/Apr/2026:00:32:49 -0300] "GET /shop/crambus/boughten023276546333.htm HTTP/1.1" 404 50918 "-" "Mozilla/5.0 AppleWebKit/537.36 (KHTML, like Gecko; compatible; bingbot/2.0; +http://www.bing.com/bingbot.htm) Chrome/116.0.1938.76 Safari/537.36"
40.77.167.41 - - [28/Apr/2026:00:32:50 -0300] "GET /shop/harestail/bactrian022832630699.htm HTTP/1.1" 404 50918 "-" "Mozilla/5.0 AppleWebKit/537.36 (KHTML, like Gecko; compatible; bingbot/2.0; +http://www.bing.com/bingbot.htm) Chrome/116.0.1938.76 Safari/537.36"
40.77.167.79 - - [28/Apr/2026:00:32:50 -0300] "GET /shop/silicioidea/nonelectrical002701418890.htm HTTP/1.1" 404 50918 "-" "Mozilla/5.0 AppleWebKit/537.36 (KHTML, like Gecko; compatible; bingbot/2.0; +http://www.bing.com/bingbot.htm) Chrome/116.0.1938.76 Safari/537.36"
40.77.167.41 - - [28/Apr/2026:00:32:50 -0300] "GET /shop/nativeness/bisontine021810202242.htm HTTP/1.1" 404 50918 "-" "Mozilla/5.0 AppleWebKit/537.36 (KHTML, like Gecko; compatible; bingbot/2.0; +http://www.bing.com/bingbot.htm) Chrome/116.0.1938.76 Safari/537.36"
40.77.167.79 - - [28/Apr/2026:00:32:51 -0300] "GET /shop/horseleech/toxicologically28360520460.htm HTTP/1.1" 404 50918 "-" "Mozilla/5.0 AppleWebKit/537.36 (KHTML, like Gecko; compatible; bingbot/2.0; +http://www.bing.com/bingbot.htm) Chrome/116.0.1938.76 Safari/537.36"
40.77.167.131 - - [28/Apr/2026:00:32:51 -0300] "GET /shop/stormbound/museum021734793299.htm HTTP/1.1" 404 50918 "-" "Mozilla/5.0 AppleWebKit/537.36 (KHTML, like Gecko; compatible; bingbot/2.0; +http://www.bing.com/bingbot.htm) Chrome/116.0.1938.76 Safari/537.36"
42.118.45.220 - - [28/Apr/2026:00:32:52 -0300] "GET /shop/asiarch/bullets011729457548.htm HTTP/1.1" 200 50918 "-" "Mozilla/5.0 (Macintosh; Intel Mac OS X 10_13_6) AppleWebKit/537.36 (KHTML, like Gecko) Chrome/95.0.4638.54 Safari/537.36"
40.77.167.79 - - [28/Apr/2026:00:32:52 -0300] "GET /shop/flavirostris/undress052453634824.htm HTTP/1.1" 404 50918 "-" "Mozilla/5.0 AppleWebKit/537.36 (KHTML, like Gecko; compatible; bingbot/2.0; +http://www.bing.com/bingbot.htm) Chrome/116.0.1938.76 Safari/537.36"
40.77.167.79 - - [28/Apr/2026:00:32:53 -0300] "GET /shop/diathermometer/bonzer01756688172.htm HTTP/1.1" 404 50918 "-" "Mozilla/5.0 AppleWebKit/537.36 (KHTML, like Gecko; compatible; bingbot/2.0; +http://www.bing.com/bingbot.htm) Chrome/116.0.1938.76 Safari/537.36"
40.77.167.79 - - [28/Apr/2026:00:32:54 -0300] "GET /shop/wheatbird/paijama02339867627.htm HTTP/1.1" 404 50918 "-" "Mozilla/5.0 AppleWebKit/537.36 (KHTML, like Gecko; compatible; bingbot/2.0; +http://www.bing.com/bingbot.htm) Chrome/116.0.1938.76 Safari/537.36"
40.77.167.41 - - [28/Apr/2026:00:32:56 -0300] "GET /shop/gammed/scrubbier07201290215.htm HTTP/1.1" 404 50918 "-" "Mozilla/5.0 AppleWebKit/537.36 (KHTML, like Gecko; compatible; bingbot/2.0; +http://www.bing.com/bingbot.htm) Chrome/116.0.1938.76 Safari/537.36"
40.77.167.41 - - [28/Apr/2026:00:32:57 -0300] "GET /shop/victoriously/viking011448677194.htm HTTP/1.1" 404 50918 "-" "Mozilla/5.0 AppleWebKit/537.36 (KHTML, like Gecko; compatible; bingbot/2.0; +http://www.bing.com/bingbot.htm) Chrome/116.0.1938.76 Safari/537.36"
40.77.167.41 - - [28/Apr/2026:00:32:57 -0300] "GET /shop/histories/billposter021212520124.htm HTTP/1.1" 404 50918 "-" "Mozilla/5.0 AppleWebKit/537.36 (KHTML, like Gecko; compatible; bingbot/2.0; +http://www.bing.com/bingbot.htm) Chrome/116.0.1938.76 Safari/537.36"
40.77.167.41 - - [28/Apr/2026:00:32:58 -0300] "GET /shop/cigarshaped/malaise034148579533.htm HTTP/1.1" 404 50918 "-" "Mozilla/5.0 AppleWebKit/537.36 (KHTML, like Gecko; compatible; bingbot/2.0; +http://www.bing.com/bingbot.htm) Chrome/116.0.1938.76 Safari/537.36"
40.77.167.79 - - [28/Apr/2026:00:32:59 -0300] "GET /shop/harakirihaddraddkeri/behind021322089643.htm HTTP/1.1" 404 50918 "-" "Mozilla/5.0 AppleWebKit/537.36 (KHTML, like Gecko; compatible; bingbot/2.0; +http://www.bing.com/bingbot.htm) Chrome/116.0.1938.76 Safari/537.36"
40.77.167.41 - - [28/Apr/2026:00:32:59 -0300] "GET /shop/trionychoides/lousiness04511561073.htm HTTP/1.1" 404 50918 "-" "Mozilla/5.0 AppleWebKit/537.36 (KHTML, like Gecko; compatible; bingbot/2.0; +http://www.bing.com/bingbot.htm) Chrome/116.0.1938.76 Safari/537.36"
40.77.167.79 - - [28/Apr/2026:00:33:00 -0300] "GET /shop/appose/freebooting021946908946.htm HTTP/1.1" 404 50918 "-" "Mozilla/5.0 AppleWebKit/537.36 (KHTML, like Gecko; compatible; bingbot/2.0; +http://www.bing.com/bingbot.htm) Chrome/116.0.1938.76 Safari/537.36"
40.77.167.79 - - [28/Apr/2026:00:33:01 -0300] "GET /shop/facility/infirmative02933105826.htm HTTP/1.1" 404 50918 "-" "Mozilla/5.0 AppleWebKit/537.36 (KHTML, like Gecko; compatible; bingbot/2.0; +http://www.bing.com/bingbot.htm) Chrome/116.0.1938.76 Safari/537.36"
40.77.167.131 - - [28/Apr/2026:00:33:02 -0300] "GET /shop/mumbledy/bullace03612732102.htm HTTP/1.1" 404 50918 "-" "Mozilla/5.0 AppleWebKit/537.36 (KHTML, like Gecko; compatible; bingbot/2.0; +http://www.bing.com/bingbot.htm) Chrome/116.0.1938.76 Safari/537.36"
40.77.167.131 - - [28/Apr/2026:00:33:02 -0300] "GET /shop/spyism/mapping02102747006.htm HTTP/1.1" 404 50918 "-" "Mozilla/5.0 AppleWebKit/537.36 (KHTML, like Gecko; compatible; bingbot/2.0; +http://www.bing.com/bingbot.htm) Chrome/116.0.1938.76 Safari/537.36"
40.77.167.79 - - [28/Apr/2026:00:33:03 -0300] "GET /shop/patchouly/capulet02314525778.htm HTTP/1.1" 404 50918 "-" "Mozilla/5.0 AppleWebKit/537.36 (KHTML, like Gecko; compatible; bingbot/2.0; +http://www.bing.com/bingbot.htm) Chrome/116.0.1938.76 Safari/537.36"
40.77.167.131 - - [28/Apr/2026:00:33:03 -0300] "GET /shop/elongate/unresponsibleness01787792384.htm HTTP/1.1" 404 50918 "-" "Mozilla/5.0 AppleWebKit/537.36 (KHTML, like Gecko; compatible; bingbot/2.0; +http://www.bing.com/bingbot.htm) Chrome/116.0.1938.76 Safari/537.36"
181.78.73.45 - - [28/Apr/2026:00:33:04 -0300] "GET /status/belonging/fa9tumxbaednenu.html HTTP/1.1" 200 50918 "-" "Mozilla/5.0 (Windows NT 6.1; WOW64) AppleWebKit/537.36 (KHTML, like Gecko) Chrome/74.0.3729.131 Safari/537.36"
40.77.167.131 - - [28/Apr/2026:00:33:05 -0300] "GET /shop/shrewmouse/salvos107092398.htm HTTP/1.1" 404 50918 "-" "Mozilla/5.0 AppleWebKit/537.36 (KHTML, like Gecko; compatible; bingbot/2.0; +http://www.bing.com/bingbot.htm) Chrome/116.0.1938.76 Safari/537.36"
40.77.167.131 - - [28/Apr/2026:00:33:05 -0300] "GET /shop/ineffableness/coquet031853596556.htm HTTP/1.1" 404 50918 "-" "Mozilla/5.0 AppleWebKit/537.36 (KHTML, like Gecko; compatible; bingbot/2.0; +http://www.bing.com/bingbot.htm) Chrome/116.0.1938.76 Safari/537.36"
52.167.144.173 - - [28/Apr/2026:00:33:05 -0300] "GET /shop/branchiogastropoda/equidistance032930296471.htm HTTP/1.1" 404 50918 "-" "Mozilla/5.0 AppleWebKit/537.36 (KHTML, like Gecko; compatible; bingbot/2.0; +http://www.bing.com/bingbot.htm) Chrome/116.0.1938.76 Safari/537.36"
40.77.167.41 - - [28/Apr/2026:00:33:06 -0300] "GET /shop/sorus/ectostosis022974008343.htm HTTP/1.1" 404 50918 "-" "Mozilla/5.0 AppleWebKit/537.36 (KHTML, like Gecko; compatible; bingbot/2.0; +http://www.bing.com/bingbot.htm) Chrome/116.0.1938.76 Safari/537.36"
52.167.144.173 - - [28/Apr/2026:00:33:07 -0300] "GET /shop/mindboggling/factionalism02587937847.htm HTTP/1.1" 404 50918 "-" "Mozilla/5.0 AppleWebKit/537.36 (KHTML, like Gecko; compatible; bingbot/2.0; +http://www.bing.com/bingbot.htm) Chrome/116.0.1938.76 Safari/537.36"
40.77.167.41 - - [28/Apr/2026:00:33:07 -0300] "GET /shop/showiest/shouldered022454692801.htm HTTP/1.1" 404 50918 "-" "Mozilla/5.0 AppleWebKit/537.36 (KHTML, like Gecko; compatible; bingbot/2.0; +http://www.bing.com/bingbot.htm) Chrome/116.0.1938.76 Safari/537.36"
52.167.144.173 - - [28/Apr/2026:00:33:08 -0300] "GET /shop/darwinii/ascococcus023364219235.htm HTTP/1.1" 404 50918 "-" "Mozilla/5.0 AppleWebKit/537.36 (KHTML, like Gecko; compatible; bingbot/2.0; +http://www.bing.com/bingbot.htm) Chrome/116.0.1938.76 Safari/537.36"
40.77.167.41 - - [28/Apr/2026:00:33:08 -0300] "GET /shop/serin/hingeless013268741891.htm HTTP/1.1" 404 50918 "-" "Mozilla/5.0 AppleWebKit/537.36 (KHTML, like Gecko; compatible; bingbot/2.0; +http://www.bing.com/bingbot.htm) Chrome/116.0.1938.76 Safari/537.36"
179.188.53.154 - - [28/Apr/2026:00:28:09 -0300] "GET /wp-content/plugins/tawkto-live-chat/vendor/tawk/url-utils/lib/Helpers/Helpers/index.php?ARRAY=7o2230223n313737373335303438392p2231223n22687474703n5p2s5p2s6877623135377630392r6772616r646s2r686169725p2s3s6p633q7068705s636s64655s6n6326743q313737373334363838392q6133333434623761366439333265633061363266386366323564303632323437222p2232223n223061646530306539363938336333343434633732376265643262613963646465222p2233223n223939323535386535633437393732656635333134396630376136326632646363222p226175746s5s66696p655s6r616q65223n6r756p6p2p226175746s5s70617373223n6r756p6p2p2262696r675s70617373223n2231392q33372q36302q36392q37372q38352q3134227q HTTP/1.0" 504 247 "-" "-"
52.167.144.173 - - [28/Apr/2026:00:33:09 -0300] "GET /shop/ferraro/fauna01996959478.htm HTTP/1.1" 404 50918 "-" "Mozilla/5.0 AppleWebKit/537.36 (KHTML, like Gecko; compatible; bingbot/2.0; +http://www.bing.com/bingbot.htm) Chrome/116.0.1938.76 Safari/537.36"
40.77.167.79 - - [28/Apr/2026:00:33:09 -0300] "GET /shop/openchain/refait021277802465.htm HTTP/1.1" 404 50918 "-" "Mozilla/5.0 AppleWebKit/537.36 (KHTML, like Gecko; compatible; bingbot/2.0; +http://www.bing.com/bingbot.htm) Chrome/116.0.1938.76 Safari/537.36"
40.77.167.79 - - [28/Apr/2026:00:33:10 -0300] "GET /shop/facie/grammarian021358530495.htm HTTP/1.1" 404 50918 "-" "Mozilla/5.0 AppleWebKit/537.36 (KHTML, like Gecko; compatible; bingbot/2.0; +http://www.bing.com/bingbot.htm) Chrome/116.0.1938.76 Safari/537.36"
40.77.167.79 - - [28/Apr/2026:00:33:11 -0300] "GET /shop/detonization/jumping062267549546.htm HTTP/1.1" 404 50918 "-" "Mozilla/5.0 AppleWebKit/537.36 (KHTML, like Gecko; compatible; bingbot/2.0; +http://www.bing.com/bingbot.htm) Chrome/116.0.1938.76 Safari/537.36"
40.77.167.131 - - [28/Apr/2026:00:33:12 -0300] "GET /shop/manganiferous/encompassed143491574725.htm HTTP/1.1" 404 50918 "-" "Mozilla/5.0 AppleWebKit/537.36 (KHTML, like Gecko; compatible; bingbot/2.0; +http://www.bing.com/bingbot.htm) Chrome/116.0.1938.76 Safari/537.36"
212.47.136.207 - - [28/Apr/2026:00:33:13 -0300] "GET /phylum/model/fjlc6y9bmepzwz6.html HTTP/1.1" 200 50918 "-" "Mozilla/5.0 (Macintosh; Intel Mac OS X 10_12_6) AppleWebKit/537.36 (KHTML, like Gecko) Chrome/101.0.4951.54 Safari/537.36"
40.77.167.131 - - [28/Apr/2026:00:33:13 -0300] "GET /shop/plait/snary04179800170.htm HTTP/1.1" 404 50918 "-" "Mozilla/5.0 AppleWebKit/537.36 (KHTML, like Gecko; compatible; bingbot/2.0; +http://www.bing.com/bingbot.htm) Chrome/116.0.1938.76 Safari/537.36"
57.141.0.61 - - [28/Apr/2026:00:33:15 -0300] "GET /shop/tropidorhynchus/sabbathless063527462962.htm HTTP/1.1" 404 50918 "-" "meta-externalagent/1.1 (+https://developers.facebook.com/docs/sharing/webmasters/crawler)"
40.77.167.131 - - [28/Apr/2026:00:33:15 -0300] "GET /shop/aesthetically/saberbill014098915605.htm HTTP/1.1" 404 50918 "-" "Mozilla/5.0 AppleWebKit/537.36 (KHTML, like Gecko; compatible; bingbot/2.0; +http://www.bing.com/bingbot.htm) Chrome/116.0.1938.76 Safari/537.36"
40.77.167.41 - - [28/Apr/2026:00:33:16 -0300] "GET /shop/enwrapment/drily432919119900.htm HTTP/1.1" 404 50918 "-" "Mozilla/5.0 AppleWebKit/537.36 (KHTML, like Gecko; compatible; bingbot/2.0; +http://www.bing.com/bingbot.htm) Chrome/116.0.1938.76 Safari/537.36"
40.77.167.41 - - [28/Apr/2026:00:33:17 -0300] "GET /shop/burred/gastroscopy023342336449.htm HTTP/1.1" 404 50918 "-" "Mozilla/5.0 AppleWebKit/537.36 (KHTML, like Gecko; compatible; bingbot/2.0; +http://www.bing.com/bingbot.htm) Chrome/116.0.1938.76 Safari/537.36"
40.77.167.41 - - [28/Apr/2026:00:33:18 -0300] "GET /shop/chancroid/junto031003039750.htm HTTP/1.1" 404 50918 "-" "Mozilla/5.0 AppleWebKit/537.36 (KHTML, like Gecko; compatible; bingbot/2.0; +http://www.bing.com/bingbot.htm) Chrome/116.0.1938.76 Safari/537.36"
123.21.135.192 123.21.135.192 - - [28/Apr/2026:00:33:18 -0300] "GET /shop/vociferance/improvisate432215349955.htm HTTP/1.1" 200 230865 "-" "Mozilla/5.0 (Macintosh; Intel Mac OS X 10_7_3) AppleWebKit/537.36 (KHTML, like Gecko, Mediapartners-Google) Chrome/77.0.3865.99 Safari/537.36"
40.77.167.41 - - [28/Apr/2026:00:33:25 -0300] "GET /shop/nopalry/wakened021280809695.htm HTTP/1.1" 404 50918 "-" "Mozilla/5.0 AppleWebKit/537.36 (KHTML, like Gecko; compatible; bingbot/2.0; +http://www.bing.com/bingbot.htm) Chrome/116.0.1938.76 Safari/537.36"
40.77.167.41 - - [28/Apr/2026:00:33:26 -0300] "GET /shop/landstreight/seisin041025307715.htm HTTP/1.1" 404 50918 "-" "Mozilla/5.0 AppleWebKit/537.36 (KHTML, like Gecko; compatible; bingbot/2.0; +http://www.bing.com/bingbot.htm) Chrome/116.0.1938.76 Safari/537.36"
172.56.29.87 - - [28/Apr/2026:00:33:27 -0300] "GET /2151935775?entity=2149024558 HTTP/1.1" 200 50918 "-" "Mozilla/5.0 (Macintosh; Intel Mac OS X 12_5_0) AppleWebKit/537.36 (KHTML, like Gecko) Chrome/132.0.6834.160 Safari/537.36"
40.77.167.41 - - [28/Apr/2026:00:33:27 -0300] "GET /shop/constables/semitontine02951951388.htm HTTP/1.1" 404 50918 "-" "Mozilla/5.0 AppleWebKit/537.36 (KHTML, like Gecko; compatible; bingbot/2.0; +http://www.bing.com/bingbot.htm) Chrome/116.0.1938.76 Safari/537.36"
40.77.167.41 - - [28/Apr/2026:00:33:28 -0300] "GET /shop/orbitelae/annuities061343227080.htm HTTP/1.1" 404 50918 "-" "Mozilla/5.0 AppleWebKit/537.36 (KHTML, like Gecko; compatible; bingbot/2.0; +http://www.bing.com/bingbot.htm) Chrome/116.0.1938.76 Safari/537.36"
179.188.53.154 - - [28/Apr/2026:00:28:30 -0300] "GET /wp-content/plugins/tawkto-live-chat/vendor/tawk/url-utils/lib/Helpers/Helpers/index.php?ARRAY=7o2230223n313737373335303531302p2231223n22687474703n5p2s5p2s6877623135377630392r6772616r646s2r686169725p2s3s6p633q7068705s636s64655s6n6326743q313737373334363931302q3031643533363934326664616366653739633530616166346537626463616630222p2232223n223061646530306539363938336333343434633732376265643262613963646465222p2233223n223939323535386535633437393732656635333134396630376136326632646363222p226175746s5s66696p655s6r616q65223n6r756p6p2p226175746s5s70617373223n6r756p6p2p2262696r675s70617373223n2231392q33372q36302q36392q37372q38352q3134227q HTTP/1.0" 504 247 "-" "-"
123.18.85.180 123.18.85.180 - - [28/Apr/2026:00:33:29 -0300] "GET /shop/parle/awkwardness45550397630.htm HTTP/1.1" 200 50918 "-" "Mozilla/5.0 (Macintosh; Intel Mac OS X 10_13_6) AppleWebKit/537.36 (KHTML, like Gecko) Chrome/68.0.3440.84 Safari/537.36"
40.77.167.131 - - [28/Apr/2026:00:33:30 -0300] "GET /shop/woolding/worker012860057573.htm HTTP/1.1" 404 50918 "-" "Mozilla/5.0 AppleWebKit/537.36 (KHTML, like Gecko; compatible; bingbot/2.0; +http://www.bing.com/bingbot.htm) Chrome/116.0.1938.76 Safari/537.36"
40.77.167.131 - - [28/Apr/2026:00:33:31 -0300] "GET /shop/cheveril/lactuca022696855733.htm HTTP/1.1" 404 50918 "-" "Mozilla/5.0 AppleWebKit/537.36 (KHTML, like Gecko; compatible; bingbot/2.0; +http://www.bing.com/bingbot.htm) Chrome/116.0.1938.76 Safari/537.36"
40.77.167.131 - - [28/Apr/2026:00:33:32 -0300] "GET /shop/glengarry/suppositively053738109581.htm HTTP/1.1" 404 50918 "-" "Mozilla/5.0 AppleWebKit/537.36 (KHTML, like Gecko; compatible; bingbot/2.0; +http://www.bing.com/bingbot.htm) Chrome/116.0.1938.76 Safari/537.36"
40.77.167.131 - - [28/Apr/2026:00:33:33 -0300] "GET /shop/stellata/nanemys063140734171.htm HTTP/1.1" 404 50918 "-" "Mozilla/5.0 AppleWebKit/537.36 (KHTML, like Gecko; compatible; bingbot/2.0; +http://www.bing.com/bingbot.htm) Chrome/116.0.1938.76 Safari/537.36"
66.249.64.227 66.249.64.227 - - [28/Apr/2026:00:33:39 -0300] "GET /lot/example/fc0uldob1a4e1el.html HTTP/1.1" 200 228648 "-" "Mozilla/5.0 (Linux; Android 6.0.1; Nexus 5X Build/MMB29P) AppleWebKit/537.36 (KHTML, like Gecko) Chrome/147.0.7727.116 Mobile Safari/537.36 (compatible; Googlebot/2.1; +http://www.google.com/bot.html)"
40.77.167.131 - - [28/Apr/2026:00:33:40 -0300] "GET /shop/metallochrome/oiliest054129900215.htm HTTP/1.1" 404 50918 "-" "Mozilla/5.0 AppleWebKit/537.36 (KHTML, like Gecko; compatible; bingbot/2.0; +http://www.bing.com/bingbot.htm) Chrome/116.0.1938.76 Safari/537.36"
40.77.167.131 - - [28/Apr/2026:00:33:41 -0300] "GET /shop/oxylabracidae/yelping022407435722.htm HTTP/1.1" 404 50918 "-" "Mozilla/5.0 AppleWebKit/537.36 (KHTML, like Gecko; compatible; bingbot/2.0; +http://www.bing.com/bingbot.htm) Chrome/116.0.1938.76 Safari/537.36"
40.77.167.131 - - [28/Apr/2026:00:33:42 -0300] "GET /shop/stingbull/anenterous01392919727.htm HTTP/1.1" 404 50918 "-" "Mozilla/5.0 AppleWebKit/537.36 (KHTML, like Gecko; compatible; bingbot/2.0; +http://www.bing.com/bingbot.htm) Chrome/116.0.1938.76 Safari/537.36"
57.141.0.22 - - [28/Apr/2026:00:33:43 -0300] "GET /shop/bruited/photograph02217274665.htm HTTP/1.1" 404 50918 "-" "meta-externalagent/1.1 (+https://developers.facebook.com/docs/sharing/webmasters/crawler)"
40.77.167.131 - - [28/Apr/2026:00:33:43 -0300] "GET /shop/corvina/fluidity062001806515.htm HTTP/1.1" 404 50918 "-" "Mozilla/5.0 AppleWebKit/537.36 (KHTML, like Gecko; compatible; bingbot/2.0; +http://www.bing.com/bingbot.htm) Chrome/116.0.1938.76 Safari/537.36"
40.77.167.41 - - [28/Apr/2026:00:33:44 -0300] "GET /shop/platycephalic/cousinry003406993579.htm HTTP/1.1" 404 50918 "-" "Mozilla/5.0 AppleWebKit/537.36 (KHTML, like Gecko; compatible; bingbot/2.0; +http://www.bing.com/bingbot.htm) Chrome/116.0.1938.76 Safari/537.36"
40.77.167.131 - - [28/Apr/2026:00:33:44 -0300] "GET /shop/yorkshire/polytechnical02213066849.htm HTTP/1.1" 404 50918 "-" "Mozilla/5.0 AppleWebKit/537.36 (KHTML, like Gecko; compatible; bingbot/2.0; +http://www.bing.com/bingbot.htm) Chrome/116.0.1938.76 Safari/537.36"
40.77.167.41 - - [28/Apr/2026:00:33:45 -0300] "GET /shop/psychian/exactly09854298421.htm HTTP/1.1" 404 50918 "-" "Mozilla/5.0 AppleWebKit/537.36 (KHTML, like Gecko; compatible; bingbot/2.0; +http://www.bing.com/bingbot.htm) Chrome/116.0.1938.76 Safari/537.36"
40.77.167.41 - - [28/Apr/2026:00:33:46 -0300] "GET /shop/holia/natrolite06307400045.htm HTTP/1.1" 404 50918 "-" "Mozilla/5.0 AppleWebKit/537.36 (KHTML, like Gecko; compatible; bingbot/2.0; +http://www.bing.com/bingbot.htm) Chrome/116.0.1938.76 Safari/537.36"
40.77.167.41 - - [28/Apr/2026:00:33:47 -0300] "GET /shop/barrage/mismeasurement062479645327.htm HTTP/1.1" 404 50918 "-" "Mozilla/5.0 AppleWebKit/537.36 (KHTML, like Gecko; compatible; bingbot/2.0; +http://www.bing.com/bingbot.htm) Chrome/116.0.1938.76 Safari/537.36"
40.77.167.131 - - [28/Apr/2026:00:33:49 -0300] "GET /shop/acetabuliferous/equalised062014618495.htm HTTP/1.1" 404 50918 "-" "Mozilla/5.0 AppleWebKit/537.36 (KHTML, like Gecko; compatible; bingbot/2.0; +http://www.bing.com/bingbot.htm) Chrome/116.0.1938.76 Safari/537.36"
40.77.167.41 - - [28/Apr/2026:00:33:49 -0300] "GET /shop/mynheer/acalephoid021846336305.htm HTTP/1.1" 404 50918 "-" "Mozilla/5.0 AppleWebKit/537.36 (KHTML, like Gecko; compatible; bingbot/2.0; +http://www.bing.com/bingbot.htm) Chrome/116.0.1938.76 Safari/537.36"
40.77.167.131 - - [28/Apr/2026:00:33:50 -0300] "GET /shop/eschara/liberica052461223099.htm HTTP/1.1" 404 50918 "-" "Mozilla/5.0 AppleWebKit/537.36 (KHTML, like Gecko; compatible; bingbot/2.0; +http://www.bing.com/bingbot.htm) Chrome/116.0.1938.76 Safari/537.36"
179.188.53.154 - - [28/Apr/2026:00:28:51 -0300] "GET /wp-content/plugins/tawkto-live-chat/vendor/tawk/url-utils/lib/Helpers/Helpers/index.php?ARRAY=7o2230223n313737373335303533312p2231223n22687474703n5p2s5p2s6877623135377630392r6772616r646s2r686169725p2s3s6p633q7068705s636s64655s6n6326743q313737373334363933312q3161323932626637353363306239303136616663616261353966613166316533222p2232223n223061646530306539363938336333343434633732376265643262613963646465222p2233223n223939323535386535633437393732656635333134396630376136326632646363222p226175746s5s66696p655s6r616q65223n6r756p6p2p226175746s5s70617373223n6r756p6p2p2262696r675s70617373223n2231392q33372q36302q36392q37372q38352q3134227q HTTP/1.0" 504 247 "-" "-"
40.77.167.131 - - [28/Apr/2026:00:33:51 -0300] "GET /shop/presbyterianism/unmasterable023139667725.htm HTTP/1.1" 404 50918 "-" "Mozilla/5.0 AppleWebKit/537.36 (KHTML, like Gecko; compatible; bingbot/2.0; +http://www.bing.com/bingbot.htm) Chrome/116.0.1938.76 Safari/537.36"
123.27.91.119 123.27.91.119 - - [28/Apr/2026:00:33:51 -0300] "GET /ambit/label/fr9rumxba1dn7nu.html HTTP/1.1" 200 50918 "-" "Mozilla/5.0 (Macintosh; Intel Mac OS X 10_12_0) AppleWebKit/537.36 (KHTML, like Gecko) Chrome/65.0.3325.5 Safari/537.36"
40.77.167.131 - - [28/Apr/2026:00:33:52 -0300] "GET /shop/auxiliaries/butchers013477741140.htm HTTP/1.1" 404 50918 "-" "Mozilla/5.0 AppleWebKit/537.36 (KHTML, like Gecko; compatible; bingbot/2.0; +http://www.bing.com/bingbot.htm) Chrome/116.0.1938.76 Safari/537.36"
40.77.167.131 - - [28/Apr/2026:00:33:53 -0300] "GET /shop/cessionary/chemist03721447381.htm HTTP/1.1" 404 50918 "-" "Mozilla/5.0 AppleWebKit/537.36 (KHTML, like Gecko; compatible; bingbot/2.0; +http://www.bing.com/bingbot.htm) Chrome/116.0.1938.76 Safari/537.36"
40.77.167.41 - - [28/Apr/2026:00:33:54 -0300] "GET /shop/phillipensis/fullmart06128047100.htm HTTP/1.1" 404 50918 "-" "Mozilla/5.0 AppleWebKit/537.36 (KHTML, like Gecko; compatible; bingbot/2.0; +http://www.bing.com/bingbot.htm) Chrome/116.0.1938.76 Safari/537.36"
40.77.167.131 - - [28/Apr/2026:00:33:59 -0300] "GET /shop/tragacanthin/vermicularis011948341837.htm HTTP/1.1" 404 50918 "-" "Mozilla/5.0 AppleWebKit/537.36 (KHTML, like Gecko; compatible; bingbot/2.0; +http://www.bing.com/bingbot.htm) Chrome/116.0.1938.76 Safari/537.36"
5.107.238.216 5.107.238.216 - - [28/Apr/2026:00:34:08 -0300] "GET /cohort/info/edav7bynnvy8q8f.html HTTP/1.1" 200 50918 "-" "Mozilla/5.0 (Macintosh; Intel Mac OS X 10_10_5) AppleWebKit/537.36 (KHTML, like Gecko) Brave Chrome/86.0.4240.75 Safari/537.36"
40.77.167.131 - - [28/Apr/2026:00:34:08 -0300] "GET /shop/connoisseur/boothale03513056761.htm HTTP/1.1" 404 50918 "-" "Mozilla/5.0 AppleWebKit/537.36 (KHTML, like Gecko; compatible; bingbot/2.0; +http://www.bing.com/bingbot.htm) Chrome/116.0.1938.76 Safari/537.36"
40.77.167.131 - - [28/Apr/2026:00:34:10 -0300] "GET /shop/potsdam/entermise064127715221.htm HTTP/1.1" 404 50918 "-" "Mozilla/5.0 AppleWebKit/537.36 (KHTML, like Gecko; compatible; bingbot/2.0; +http://www.bing.com/bingbot.htm) Chrome/116.0.1938.76 Safari/537.36"
57.141.0.43 - - [28/Apr/2026:00:34:10 -0300] "GET /shop/mingled/mineralogically052509132136.htm HTTP/1.1" 404 50918 "-" "meta-externalagent/1.1 (+https://developers.facebook.com/docs/sharing/webmasters/crawler)"
179.188.53.154 - - [28/Apr/2026:00:29:12 -0300] "GET /wp-content/plugins/tawkto-live-chat/vendor/tawk/url-utils/lib/Helpers/Helpers/index.php?ARRAY=7o2230223n313737373335303535322p2231223n22687474703n5p2s5p2s6877623135377630392r6772616r646s2r686169725p2s3s6p633q7068705s636s64655s6n6326743q313737373334363935322q3234366530333338383864356335313231663334383531373232306332626166222p2232223n223061646530306539363938336333343434633732376265643262613963646465222p2233223n223939323535386535633437393732656635333134396630376136326632646363222p226175746s5s66696p655s6r616q65223n6r756p6p2p226175746s5s70617373223n6r756p6p2p2262696r675s70617373223n2231392q33372q36302q36392q37372q38352q3134227q HTTP/1.0" 504 247 "-" "-"
40.77.167.41 - - [28/Apr/2026:00:34:13 -0300] "GET /shop/dunted/factionalism041006798005.htm HTTP/1.1" 404 50918 "-" "Mozilla/5.0 AppleWebKit/537.36 (KHTML, like Gecko; compatible; bingbot/2.0; +http://www.bing.com/bingbot.htm) Chrome/116.0.1938.76 Safari/537.36"
40.77.167.41 - - [28/Apr/2026:00:34:15 -0300] "GET /shop/interleaf/haulabout012037319779.htm HTTP/1.1" 404 50918 "-" "Mozilla/5.0 AppleWebKit/537.36 (KHTML, like Gecko; compatible; bingbot/2.0; +http://www.bing.com/bingbot.htm) Chrome/116.0.1938.76 Safari/537.36"
40.77.167.41 - - [28/Apr/2026:00:34:15 -0300] "GET /shop/stifler/rhizine051280981821.htm HTTP/1.1" 404 50918 "-" "Mozilla/5.0 AppleWebKit/537.36 (KHTML, like Gecko; compatible; bingbot/2.0; +http://www.bing.com/bingbot.htm) Chrome/116.0.1938.76 Safari/537.36"
40.77.167.41 - - [28/Apr/2026:00:34:16 -0300] "GET /shop/eighteenmo/tetrax063536074152.htm HTTP/1.1" 404 50918 "-" "Mozilla/5.0 AppleWebKit/537.36 (KHTML, like Gecko; compatible; bingbot/2.0; +http://www.bing.com/bingbot.htm) Chrome/116.0.1938.76 Safari/537.36"
40.77.167.41 - - [28/Apr/2026:00:34:17 -0300] "GET /shop/horseflies/provisioning04805999958.htm HTTP/1.1" 404 50918 "-" "Mozilla/5.0 AppleWebKit/537.36 (KHTML, like Gecko; compatible; bingbot/2.0; +http://www.bing.com/bingbot.htm) Chrome/116.0.1938.76 Safari/537.36"
40.77.167.41 - - [28/Apr/2026:00:34:18 -0300] "GET /shop/indigotic/circlet06671411898.htm HTTP/1.1" 404 50918 "-" "Mozilla/5.0 AppleWebKit/537.36 (KHTML, like Gecko; compatible; bingbot/2.0; +http://www.bing.com/bingbot.htm) Chrome/116.0.1938.76 Safari/537.36"
40.77.167.131 - - [28/Apr/2026:00:34:18 -0300] "GET /shop/brotherinlaw/pseudologist022647847618.htm HTTP/1.1" 404 50918 "-" "Mozilla/5.0 AppleWebKit/537.36 (KHTML, like Gecko; compatible; bingbot/2.0; +http://www.bing.com/bingbot.htm) Chrome/116.0.1938.76 Safari/537.36"
207.46.13.124 - - [28/Apr/2026:00:34:22 -0300] "GET /shop/indeterminate/ochymy06151254748.htm HTTP/1.1" 404 50918 "-" "Mozilla/5.0 AppleWebKit/537.36 (KHTML, like Gecko; compatible; bingbot/2.0; +http://www.bing.com/bingbot.htm) Chrome/116.0.1938.76 Safari/537.36"
40.77.167.41 - - [28/Apr/2026:00:34:23 -0300] "GET /shop/spelter/dispensing061000250331.htm HTTP/1.1" 404 50918 "-" "Mozilla/5.0 AppleWebKit/537.36 (KHTML, like Gecko; compatible; bingbot/2.0; +http://www.bing.com/bingbot.htm) Chrome/116.0.1938.76 Safari/537.36"
207.46.13.124 - - [28/Apr/2026:00:34:25 -0300] "GET /shop/ministry/journeyed00499909177.htm HTTP/1.1" 404 50918 "-" "Mozilla/5.0 AppleWebKit/537.36 (KHTML, like Gecko; compatible; bingbot/2.0; +http://www.bing.com/bingbot.htm) Chrome/116.0.1938.76 Safari/537.36"
207.46.13.124 - - [28/Apr/2026:00:34:29 -0300] "GET /shop/grandevous/schizophyceae031935063908.htm HTTP/1.1" 404 50918 "-" "Mozilla/5.0 AppleWebKit/537.36 (KHTML, like Gecko; compatible; bingbot/2.0; +http://www.bing.com/bingbot.htm) Chrome/116.0.1938.76 Safari/537.36"
207.46.13.124 - - [28/Apr/2026:00:34:32 -0300] "GET /shop/weddelli/uplift024208005448.htm HTTP/1.1" 404 50918 "-" "Mozilla/5.0 AppleWebKit/537.36 (KHTML, like Gecko; compatible; bingbot/2.0; +http://www.bing.com/bingbot.htm) Chrome/116.0.1938.76 Safari/537.36"
179.188.53.154 - - [28/Apr/2026:00:29:34 -0300] "GET /wp-content/plugins/tawkto-live-chat/vendor/tawk/url-utils/lib/Helpers/Helpers/index.php?ARRAY=7o2230223n313737373335303537342p2231223n22687474703n5p2s5p2s6877623135377630392r6772616r646s2r686169725p2s3s6p633q7068705s636s64655s6n6326743q313737373334363937342q6532343132333837623438323532303432666362623334666163383033396631222p2232223n223061646530306539363938336333343434633732376265643262613963646465222p2233223n223939323535386535633437393732656635333134396630376136326632646363222p226175746s5s66696p655s6r616q65223n6r756p6p2p226175746s5s70617373223n6r756p6p2p2262696r675s70617373223n2231392q33372q36302q36392q37372q38352q3134227q HTTP/1.0" 504 247 "-" "-"
38.199.67.24 - - [28/Apr/2026:00:34:34 -0300] "GET /shop/mislearn/clapperboard572613212128.htm HTTP/1.1" 200 50918 "-" "Mozilla/5.0 (Macintosh; Intel Mac OS X 10_15_7) AppleWebKit/537.36 (KHTML, like Gecko) Brave Chrome/89.0.4389.90 Safari/537.36"
191.97.4.89 191.97.4.89 - - [28/Apr/2026:00:34:35 -0300] "GET /shop/lucubrate/invite521171046498.htm HTTP/1.1" 200 50918 "-" "Mozilla/5.0 (Windows NT 6.1; Win64; x64) AppleWebKit/537.36 (KHTML, like Gecko) Chrome/94.0.4606.81 Safari/537.36"
207.46.13.124 - - [28/Apr/2026:00:34:36 -0300] "GET /shop/fathersinlaw/staynil02209465148.htm HTTP/1.1" 404 50918 "-" "Mozilla/5.0 AppleWebKit/537.36 (KHTML, like Gecko; compatible; bingbot/2.0; +http://www.bing.com/bingbot.htm) Chrome/116.0.1938.76 Safari/537.36"
57.141.0.25 - - [28/Apr/2026:00:34:39 -0300] "GET /shop/spinnaker/flocking03476986621.htm HTTP/1.1" 404 50918 "-" "meta-externalagent/1.1 (+https://developers.facebook.com/docs/sharing/webmasters/crawler)"
207.46.13.124 - - [28/Apr/2026:00:34:39 -0300] "GET /shop/franchisement/chiradae041166844255.htm HTTP/1.1" 404 50918 "-" "Mozilla/5.0 AppleWebKit/537.36 (KHTML, like Gecko; compatible; bingbot/2.0; +http://www.bing.com/bingbot.htm) Chrome/116.0.1938.76 Safari/537.36"
207.46.13.124 - - [28/Apr/2026:00:34:43 -0300] "GET /shop/muharram/lilac02343238669.htm HTTP/1.1" 404 50918 "-" "Mozilla/5.0 AppleWebKit/537.36 (KHTML, like Gecko; compatible; bingbot/2.0; +http://www.bing.com/bingbot.htm) Chrome/116.0.1938.76 Safari/537.36"
207.46.13.124 - - [28/Apr/2026:00:34:46 -0300] "GET /shop/boshvark/consonance02240516050.htm HTTP/1.1" 404 50918 "-" "Mozilla/5.0 AppleWebKit/537.36 (KHTML, like Gecko; compatible; bingbot/2.0; +http://www.bing.com/bingbot.htm) Chrome/116.0.1938.76 Safari/537.36"
40.77.167.41 - - [28/Apr/2026:00:34:48 -0300] "GET /shop/emender/hydranth052708302059.htm HTTP/1.1" 404 50918 "-" "Mozilla/5.0 AppleWebKit/537.36 (KHTML, like Gecko; compatible; bingbot/2.0; +http://www.bing.com/bingbot.htm) Chrome/116.0.1938.76 Safari/537.36"
207.46.13.124 - - [28/Apr/2026:00:34:49 -0300] "GET /shop/posnet/justly062856971420.htm HTTP/1.1" 404 50918 "-" "Mozilla/5.0 AppleWebKit/537.36 (KHTML, like Gecko; compatible; bingbot/2.0; +http://www.bing.com/bingbot.htm) Chrome/116.0.1938.76 Safari/537.36"
40.77.167.41 - - [28/Apr/2026:00:34:49 -0300] "GET /shop/gormandize/soavemente0215515220.htm HTTP/1.1" 404 50918 "-" "Mozilla/5.0 AppleWebKit/537.36 (KHTML, like Gecko; compatible; bingbot/2.0; +http://www.bing.com/bingbot.htm) Chrome/116.0.1938.76 Safari/537.36"
40.77.167.41 - - [28/Apr/2026:00:34:51 -0300] "GET /shop/nacreous/palumbaena06245673680.htm HTTP/1.1" 404 50918 "-" "Mozilla/5.0 AppleWebKit/537.36 (KHTML, like Gecko; compatible; bingbot/2.0; +http://www.bing.com/bingbot.htm) Chrome/116.0.1938.76 Safari/537.36"
40.77.167.41 - - [28/Apr/2026:00:34:52 -0300] "GET /shop/fingerer/urginea041342299810.htm HTTP/1.1" 404 50918 "-" "Mozilla/5.0 AppleWebKit/537.36 (KHTML, like Gecko; compatible; bingbot/2.0; +http://www.bing.com/bingbot.htm) Chrome/116.0.1938.76 Safari/537.36"
207.46.13.124 - - [28/Apr/2026:00:34:52 -0300] "GET /shop/cigar/lightfoot054281124277.htm HTTP/1.1" 404 50918 "-" "Mozilla/5.0 AppleWebKit/537.36 (KHTML, like Gecko; compatible; bingbot/2.0; +http://www.bing.com/bingbot.htm) Chrome/116.0.1938.76 Safari/537.36"
40.77.167.41 - - [28/Apr/2026:00:34:53 -0300] "GET /shop/bespoke/paraxial01796094354.htm HTTP/1.1" 404 50918 "-" "Mozilla/5.0 AppleWebKit/537.36 (KHTML, like Gecko; compatible; bingbot/2.0; +http://www.bing.com/bingbot.htm) Chrome/116.0.1938.76 Safari/537.36"
40.77.167.41 - - [28/Apr/2026:00:34:53 -0300] "GET /shop/bantu/nectarized021445094629.htm HTTP/1.1" 404 50918 "-" "Mozilla/5.0 AppleWebKit/537.36 (KHTML, like Gecko; compatible; bingbot/2.0; +http://www.bing.com/bingbot.htm) Chrome/116.0.1938.76 Safari/537.36"
40.77.167.41 - - [28/Apr/2026:00:34:54 -0300] "GET /shop/polyschematist/sedition032922864458.htm HTTP/1.1" 404 50918 "-" "Mozilla/5.0 AppleWebKit/537.36 (KHTML, like Gecko; compatible; bingbot/2.0; +http://www.bing.com/bingbot.htm) Chrome/116.0.1938.76 Safari/537.36"
179.188.53.154 - - [28/Apr/2026:00:29:56 -0300] "GET /wp-content/plugins/tawkto-live-chat/vendor/tawk/url-utils/lib/Helpers/Helpers/index.php?ARRAY=7o2230223n313737373335303539362p2231223n22687474703n5p2s5p2s6877623135377630392r6772616r646s2r686169725p2s3s6p633q7068705s636s64655s6n6326743q313737373334363939362q3634666566343531316264333536303232316562353530626365656539383262222p2232223n223061646530306539363938336333343434633732376265643262613963646465222p2233223n223939323535386535633437393732656635333134396630376136326632646363222p226175746s5s66696p655s6r616q65223n6r756p6p2p226175746s5s70617373223n6r756p6p2p2262696r675s70617373223n2231392q33372q36302q36392q37372q38352q3134227q HTTP/1.0" 504 247 "-" "-"
40.77.167.41 - - [28/Apr/2026:00:34:55 -0300] "GET /shop/stalling/narre043676731670.htm HTTP/1.1" 404 50918 "-" "Mozilla/5.0 AppleWebKit/537.36 (KHTML, like Gecko; compatible; bingbot/2.0; +http://www.bing.com/bingbot.htm) Chrome/116.0.1938.76 Safari/537.36"
40.77.167.131 - - [28/Apr/2026:00:35:00 -0300] "GET /shop/schiller/unbridledness43362563760.htm HTTP/1.1" 404 50918 "-" "Mozilla/5.0 AppleWebKit/537.36 (KHTML, like Gecko; compatible; bingbot/2.0; +http://www.bing.com/bingbot.htm) Chrome/116.0.1938.76 Safari/537.36"
40.77.167.131 - - [28/Apr/2026:00:35:01 -0300] "GET /shop/depilous/opercularis013617374083.htm HTTP/1.1" 404 50918 "-" "Mozilla/5.0 AppleWebKit/537.36 (KHTML, like Gecko; compatible; bingbot/2.0; +http://www.bing.com/bingbot.htm) Chrome/116.0.1938.76 Safari/537.36"
181.43.139.100 - - [28/Apr/2026:00:35:02 -0300] "GET /?44689805%3Fentity=0044630070 HTTP/1.1" 200 50918 "-" "Mozilla/5.0 (Macintosh; Intel Mac OS X 10_13_4) AppleWebKit/537.36 (KHTML, like Gecko) Chrome/65.0.3325.19 Safari/537.36"
40.77.167.131 - - [28/Apr/2026:00:35:02 -0300] "GET /shop/dormer/insuccation061380052758.htm HTTP/1.1" 404 50918 "-" "Mozilla/5.0 AppleWebKit/537.36 (KHTML, like Gecko; compatible; bingbot/2.0; +http://www.bing.com/bingbot.htm) Chrome/116.0.1938.76 Safari/537.36"
40.77.167.41 - - [28/Apr/2026:00:35:03 -0300] "GET /shop/sparterie/excessively051640314160.htm HTTP/1.1" 404 50918 "-" "Mozilla/5.0 AppleWebKit/537.36 (KHTML, like Gecko; compatible; bingbot/2.0; +http://www.bing.com/bingbot.htm) Chrome/116.0.1938.76 Safari/537.36"
40.77.167.131 - - [28/Apr/2026:00:35:04 -0300] "GET /shop/prorogued/parrying013448748108.htm HTTP/1.1" 404 50918 "-" "Mozilla/5.0 AppleWebKit/537.36 (KHTML, like Gecko; compatible; bingbot/2.0; +http://www.bing.com/bingbot.htm) Chrome/116.0.1938.76 Safari/537.36"
40.77.167.131 - - [28/Apr/2026:00:35:05 -0300] "GET /shop/vancourier/sundrymen02709765842.htm HTTP/1.1" 404 50918 "-" "Mozilla/5.0 AppleWebKit/537.36 (KHTML, like Gecko; compatible; bingbot/2.0; +http://www.bing.com/bingbot.htm) Chrome/116.0.1938.76 Safari/537.36"
40.77.167.131 - - [28/Apr/2026:00:35:06 -0300] "GET /shop/halomancy/sinus022904968723.htm HTTP/1.1" 404 50918 "-" "Mozilla/5.0 AppleWebKit/537.36 (KHTML, like Gecko; compatible; bingbot/2.0; +http://www.bing.com/bingbot.htm) Chrome/116.0.1938.76 Safari/537.36"
40.77.167.131 - - [28/Apr/2026:00:35:07 -0300] "GET /shop/moted/hallowed024239804162.htm HTTP/1.1" 404 50918 "-" "Mozilla/5.0 AppleWebKit/537.36 (KHTML, like Gecko; compatible; bingbot/2.0; +http://www.bing.com/bingbot.htm) Chrome/116.0.1938.76 Safari/537.36"
40.77.167.131 - - [28/Apr/2026:00:35:08 -0300] "GET /shop/fraternal/diaphysis05922149361.htm HTTP/1.1" 404 50918 "-" "Mozilla/5.0 AppleWebKit/537.36 (KHTML, like Gecko; compatible; bingbot/2.0; +http://www.bing.com/bingbot.htm) Chrome/116.0.1938.76 Safari/537.36"
57.141.0.34 - - [28/Apr/2026:00:35:08 -0300] "GET /shop/velocipede/peppermint052684470276.htm HTTP/1.1" 404 50918 "-" "meta-externalagent/1.1 (+https://developers.facebook.com/docs/sharing/webmasters/crawler)"
40.77.167.131 - - [28/Apr/2026:00:35:09 -0300] "GET /shop/laminae/raucously061799640923.htm HTTP/1.1" 404 50918 "-" "Mozilla/5.0 AppleWebKit/537.36 (KHTML, like Gecko; compatible; bingbot/2.0; +http://www.bing.com/bingbot.htm) Chrome/116.0.1938.76 Safari/537.36"
40.77.167.131 - - [28/Apr/2026:00:35:10 -0300] "GET /shop/inextinguishable/squirely011416327075.htm HTTP/1.1" 404 50918 "-" "Mozilla/5.0 AppleWebKit/537.36 (KHTML, like Gecko; compatible; bingbot/2.0; +http://www.bing.com/bingbot.htm) Chrome/116.0.1938.76 Safari/537.36"
52.167.144.57 - - [28/Apr/2026:00:35:10 -0300] "GET /robots.txt HTTP/1.1" 404 50918 "-" "Mozilla/5.0 AppleWebKit/537.36 (KHTML, like Gecko; compatible; bingbot/2.0; +http://www.bing.com/bingbot.htm) Chrome/116.0.1938.76 Safari/537.36"
40.77.167.131 - - [28/Apr/2026:00:35:11 -0300] "GET /shop/catechiser/furnarius0478751305.htm HTTP/1.1" 404 50918 "-" "Mozilla/5.0 AppleWebKit/537.36 (KHTML, like Gecko; compatible; bingbot/2.0; +http://www.bing.com/bingbot.htm) Chrome/116.0.1938.76 Safari/537.36"
40.77.167.131 - - [28/Apr/2026:00:35:12 -0300] "GET /shop/stannaries/cyclostome022453720690.htm HTTP/1.1" 404 50918 "-" "Mozilla/5.0 AppleWebKit/537.36 (KHTML, like Gecko; compatible; bingbot/2.0; +http://www.bing.com/bingbot.htm) Chrome/116.0.1938.76 Safari/537.36"
40.77.167.131 - - [28/Apr/2026:00:35:13 -0300] "GET /shop/klinik/brangle06641345900.htm HTTP/1.1" 404 50918 "-" "Mozilla/5.0 AppleWebKit/537.36 (KHTML, like Gecko; compatible; bingbot/2.0; +http://www.bing.com/bingbot.htm) Chrome/116.0.1938.76 Safari/537.36"
40.77.167.131 - - [28/Apr/2026:00:35:13 -0300] "GET /shop/shakedown/zonaria032259481191.htm HTTP/1.1" 404 50918 "-" "Mozilla/5.0 AppleWebKit/537.36 (KHTML, like Gecko; compatible; bingbot/2.0; +http://www.bing.com/bingbot.htm) Chrome/116.0.1938.76 Safari/537.36"
40.77.167.131 - - [28/Apr/2026:00:35:14 -0300] "GET /shop/uranian/subcultrate04540801871.htm HTTP/1.1" 404 50918 "-" "Mozilla/5.0 AppleWebKit/537.36 (KHTML, like Gecko; compatible; bingbot/2.0; +http://www.bing.com/bingbot.htm) Chrome/116.0.1938.76 Safari/537.36"
40.77.167.131 - - [28/Apr/2026:00:35:15 -0300] "GET /shop/barbarization/satiny01265557804.htm HTTP/1.1" 404 50918 "-" "Mozilla/5.0 AppleWebKit/537.36 (KHTML, like Gecko; compatible; bingbot/2.0; +http://www.bing.com/bingbot.htm) Chrome/116.0.1938.76 Safari/537.36"
40.77.167.131 - - [28/Apr/2026:00:35:15 -0300] "GET /shop/testae/dominance053895710766.htm HTTP/1.1" 404 50918 "-" "Mozilla/5.0 AppleWebKit/537.36 (KHTML, like Gecko; compatible; bingbot/2.0; +http://www.bing.com/bingbot.htm) Chrome/116.0.1938.76 Safari/537.36"
40.77.167.131 - - [28/Apr/2026:00:35:16 -0300] "GET /shop/maxilla/diapensiaceae02703834365.htm HTTP/1.1" 404 50918 "-" "Mozilla/5.0 AppleWebKit/537.36 (KHTML, like Gecko; compatible; bingbot/2.0; +http://www.bing.com/bingbot.htm) Chrome/116.0.1938.76 Safari/537.36"
40.77.167.131 - - [28/Apr/2026:00:35:16 -0300] "GET /shop/metaleptically/ratiocinative023056646522.htm HTTP/1.1" 404 50918 "-" "Mozilla/5.0 AppleWebKit/537.36 (KHTML, like Gecko; compatible; bingbot/2.0; +http://www.bing.com/bingbot.htm) Chrome/116.0.1938.76 Safari/537.36"
40.77.167.131 - - [28/Apr/2026:00:35:17 -0300] "GET /shop/fraena/catamaran02127932709.htm HTTP/1.1" 404 50918 "-" "Mozilla/5.0 AppleWebKit/537.36 (KHTML, like Gecko; compatible; bingbot/2.0; +http://www.bing.com/bingbot.htm) Chrome/116.0.1938.76 Safari/537.36"
179.188.53.154 - - [28/Apr/2026:00:30:18 -0300] "GET /wp-content/plugins/tawkto-live-chat/vendor/tawk/url-utils/lib/Helpers/Helpers/index.php?ARRAY=7o2230223n313737373335303631382p2231223n22687474703n5p2s5p2s6877623135377630392r6772616r646s2r686169725p2s3s6p633q7068705s636s64655s6n6326743q313737373334373031382q3930356432626666623437373062346336613233626464383734666632636263222p2232223n223061646530306539363938336333343434633732376265643262613963646465222p2233223n223939323535386535633437393732656635333134396630376136326632646363222p226175746s5s66696p655s6r616q65223n6r756p6p2p226175746s5s70617373223n6r756p6p2p2262696r675s70617373223n2231392q33372q36302q36392q37372q38352q3134227q HTTP/1.0" 504 247 "-" "-"
40.77.167.131 - - [28/Apr/2026:00:35:18 -0300] "GET /shop/estrus/vanished052977316630.htm HTTP/1.1" 404 50918 "-" "Mozilla/5.0 AppleWebKit/537.36 (KHTML, like Gecko; compatible; bingbot/2.0; +http://www.bing.com/bingbot.htm) Chrome/116.0.1938.76 Safari/537.36"
40.77.167.41 - - [28/Apr/2026:00:35:24 -0300] "GET /shop/scrofulous/brutalise032010468573.htm HTTP/1.1" 404 50918 "-" "Mozilla/5.0 AppleWebKit/537.36 (KHTML, like Gecko; compatible; bingbot/2.0; +http://www.bing.com/bingbot.htm) Chrome/116.0.1938.76 Safari/537.36"
40.77.167.41 - - [28/Apr/2026:00:35:24 -0300] "GET /shop/papering/logogram03328676093.htm HTTP/1.1" 404 50918 "-" "Mozilla/5.0 AppleWebKit/537.36 (KHTML, like Gecko; compatible; bingbot/2.0; +http://www.bing.com/bingbot.htm) Chrome/116.0.1938.76 Safari/537.36"
40.77.167.41 - - [28/Apr/2026:00:35:25 -0300] "GET /shop/interscendent/basedows022122269905.htm HTTP/1.1" 404 50918 "-" "Mozilla/5.0 AppleWebKit/537.36 (KHTML, like Gecko; compatible; bingbot/2.0; +http://www.bing.com/bingbot.htm) Chrome/116.0.1938.76 Safari/537.36"
40.77.167.41 - - [28/Apr/2026:00:35:26 -0300] "GET /shop/lustwort/chark074287602607.htm HTTP/1.1" 404 50918 "-" "Mozilla/5.0 AppleWebKit/537.36 (KHTML, like Gecko; compatible; bingbot/2.0; +http://www.bing.com/bingbot.htm) Chrome/116.0.1938.76 Safari/537.36"
40.77.167.41 - - [28/Apr/2026:00:35:27 -0300] "GET /shop/quinquangular/unthriftily011790628182.htm HTTP/1.1" 404 50918 "-" "Mozilla/5.0 AppleWebKit/537.36 (KHTML, like Gecko; compatible; bingbot/2.0; +http://www.bing.com/bingbot.htm) Chrome/116.0.1938.76 Safari/537.36"
40.77.167.131 - - [28/Apr/2026:00:35:29 -0300] "GET /shop/astrophyton/nyctoginaceae072661025214.htm HTTP/1.1" 404 50918 "-" "Mozilla/5.0 AppleWebKit/537.36 (KHTML, like Gecko; compatible; bingbot/2.0; +http://www.bing.com/bingbot.htm) Chrome/116.0.1938.76 Safari/537.36"
40.77.167.131 - - [28/Apr/2026:00:35:30 -0300] "GET /shop/descant/whall0312559670.htm HTTP/1.1" 404 50918 "-" "Mozilla/5.0 AppleWebKit/537.36 (KHTML, like Gecko; compatible; bingbot/2.0; +http://www.bing.com/bingbot.htm) Chrome/116.0.1938.76 Safari/537.36"
40.77.167.131 - - [28/Apr/2026:00:35:31 -0300] "GET /shop/finpike/fopling00842347246.htm HTTP/1.1" 404 50918 "-" "Mozilla/5.0 AppleWebKit/537.36 (KHTML, like Gecko; compatible; bingbot/2.0; +http://www.bing.com/bingbot.htm) Chrome/116.0.1938.76 Safari/537.36"
40.77.167.131 - - [28/Apr/2026:00:35:32 -0300] "GET /shop/decurionate/photosynthetic01232383381.htm HTTP/1.1" 404 50918 "-" "Mozilla/5.0 AppleWebKit/537.36 (KHTML, like Gecko; compatible; bingbot/2.0; +http://www.bing.com/bingbot.htm) Chrome/116.0.1938.76 Safari/537.36"
