62.60.130.224 - - [28/Apr/2026:01:08:15 -0300] "POST /wp-login.php HTTP/1.1" 200 50918 "https://www.inovatapetes.com.br/wp-login.php" "Mozilla/5.0 (Windows NT 10.0; Win64; x64) AppleWebKit/537.36 (KHTML, like Gecko) Chrome/121.0.0.0 Safari/537.36"
62.60.130.224 - - [28/Apr/2026:01:08:15 -0300] "GET /wp-admin/index.php HTTP/1.1" 200 167008 "https://www.inovatapetes.com.br/wp-login.php" "Mozilla/5.0 (X11; Ubuntu; Linux x86_64) AppleWebKit/537.36 (KHTML, like Gecko) Chrome/121.0.0.0 Safari/537.36"
62.60.130.224 - - [28/Apr/2026:01:08:15 -0300] "GET /wp-admin/profile.php HTTP/1.1" 200 167008 "https://www.inovatapetes.com.br/wp-login.php" "Mozilla/5.0 (X11; Ubuntu; Linux x86_64) AppleWebKit/537.36 (KHTML, like Gecko) Chrome/121.0.0.0 Safari/537.36"
62.60.130.224 - - [28/Apr/2026:01:08:20 -0300] "GET /wp-admin/edit.php HTTP/1.1" 200 167008 "https://www.inovatapetes.com.br/wp-login.php" "Mozilla/5.0 (X11; Ubuntu; Linux x86_64) AppleWebKit/537.36 (KHTML, like Gecko) Chrome/121.0.0.0 Safari/537.36"
62.60.130.224 - - [28/Apr/2026:01:08:21 -0300] "GET /wp-admin/plugins.php HTTP/1.1" 200 167008 "https://www.inovatapetes.com.br/wp-login.php" "Mozilla/5.0 (X11; Ubuntu; Linux x86_64) AppleWebKit/537.36 (KHTML, like Gecko) Chrome/121.0.0.0 Safari/537.36"
62.60.130.224 - - [28/Apr/2026:01:08:21 -0300] "POST /wp-login.php HTTP/1.1" 200 50918 "https://www.inovatapetes.com.br/wp-login.php" "Mozilla/5.0 (Windows NT 11.0; Win64; x64; rv:118.0) Gecko/20100101 Firefox/118.0"
62.60.130.224 - - [28/Apr/2026:01:08:22 -0300] "GET /wp-admin/index.php HTTP/1.1" 200 167008 "https://www.inovatapetes.com.br/wp-login.php" "Mozilla/5.0 (X11; Linux x86_64) AppleWebKit/537.36 (KHTML, like Gecko) Chrome/118.0.0.0 Safari/537.36"
62.60.130.224 - - [28/Apr/2026:01:08:22 -0300] "GET /wp-admin/profile.php HTTP/1.1" 200 167008 "https://www.inovatapetes.com.br/wp-login.php" "Mozilla/5.0 (X11; Linux x86_64) AppleWebKit/537.36 (KHTML, like Gecko) Chrome/118.0.0.0 Safari/537.36"
62.60.130.224 - - [28/Apr/2026:01:08:22 -0300] "GET /wp-admin/edit.php HTTP/1.1" 200 167008 "https://www.inovatapetes.com.br/wp-login.php" "Mozilla/5.0 (X11; Linux x86_64) AppleWebKit/537.36 (KHTML, like Gecko) Chrome/118.0.0.0 Safari/537.36"
62.60.130.224 - - [28/Apr/2026:01:08:23 -0300] "GET /wp-admin/plugins.php HTTP/1.1" 200 167008 "https://www.inovatapetes.com.br/wp-login.php" "Mozilla/5.0 (X11; Linux x86_64) AppleWebKit/537.36 (KHTML, like Gecko) Chrome/118.0.0.0 Safari/537.36"
62.60.130.224 - - [28/Apr/2026:01:08:23 -0300] "POST /wp-login.php HTTP/1.1" 200 50918 "https://www.inovatapetes.com.br/wp-login.php" "Mozilla/5.0 (Macintosh; Intel Mac OS X 10_15_7; rv:120.0) Gecko/20100101 Firefox/120.0"
62.60.130.224 - - [28/Apr/2026:01:08:24 -0300] "GET /wp-admin/index.php HTTP/1.1" 200 167008 "https://www.inovatapetes.com.br/wp-login.php" "Mozilla/5.0 (Macintosh; Intel Mac OS X 10_15_7) AppleWebKit/537.36 (KHTML, like Gecko) Chrome/118.0.0.0 Safari/537.36"
62.60.130.224 - - [28/Apr/2026:01:08:24 -0300] "GET /wp-admin/profile.php HTTP/1.1" 200 167008 "https://www.inovatapetes.com.br/wp-login.php" "Mozilla/5.0 (Macintosh; Intel Mac OS X 10_15_7) AppleWebKit/537.36 (KHTML, like Gecko) Chrome/118.0.0.0 Safari/537.36"
62.60.130.224 - - [28/Apr/2026:01:08:25 -0300] "GET /wp-admin/edit.php HTTP/1.1" 200 167008 "https://www.inovatapetes.com.br/wp-login.php" "Mozilla/5.0 (Macintosh; Intel Mac OS X 10_15_7) AppleWebKit/537.36 (KHTML, like Gecko) Chrome/118.0.0.0 Safari/537.36"
62.60.130.224 - - [28/Apr/2026:01:08:25 -0300] "GET /wp-admin/plugins.php HTTP/1.1" 200 167008 "https://www.inovatapetes.com.br/wp-login.php" "Mozilla/5.0 (Macintosh; Intel Mac OS X 10_15_7) AppleWebKit/537.36 (KHTML, like Gecko) Chrome/118.0.0.0 Safari/537.36"
62.60.130.224 - - [28/Apr/2026:01:08:25 -0300] "POST /wp-login.php HTTP/1.1" 200 50918 "https://www.inovatapetes.com.br/wp-login.php" "Mozilla/5.0 (Windows NT 11.0; Win64; x64) AppleWebKit/537.36 (KHTML, like Gecko) Chrome/121.0.0.0 Safari/537.36"
62.60.130.224 - - [28/Apr/2026:01:08:26 -0300] "GET /wp-admin/index.php HTTP/1.1" 200 167008 "https://www.inovatapetes.com.br/wp-login.php" "Mozilla/5.0 (X11; Ubuntu; Linux x86_64) AppleWebKit/537.36 (KHTML, like Gecko) Chrome/121.0.0.0 Safari/537.36"
201.252.75.3 - - [28/Apr/2026:01:08:26 -0300] "GET /shop/complement/meagerness461634774131.htm HTTP/1.1" 200 50918 "-" "Mozilla/5.0 (Windows NT 6.1) AppleWebKit/537.36 (KHTML, like Gecko) Chrome/69.0.3497.100 Safari/537.36"
113.163.98.175 113.163.98.175 - - [28/Apr/2026:01:08:26 -0300] "GET /shop/undigestible/chinch461424620940.htm HTTP/1.1" 200 50918 "-" "Mozilla/5.0 (Macintosh; Intel Mac OS X 10_14_5) AppleWebKit/537.36 (KHTML, like Gecko) Chrome/74.0.3729.169 Safari/537.36"
62.60.130.224 - - [28/Apr/2026:01:08:28 -0300] "GET /wp-admin/profile.php HTTP/1.1" 200 167008 "https://www.inovatapetes.com.br/wp-login.php" "Mozilla/5.0 (X11; Ubuntu; Linux x86_64) AppleWebKit/537.36 (KHTML, like Gecko) Chrome/121.0.0.0 Safari/537.36"
57.141.0.51 - - [28/Apr/2026:01:08:28 -0300] "GET /shop/scythemen/jostled051171459456.htm HTTP/1.1" 404 50918 "-" "meta-externalagent/1.1 (+https://developers.facebook.com/docs/sharing/webmasters/crawler)"
62.60.130.224 - - [28/Apr/2026:01:08:29 -0300] "GET /wp-admin/edit.php HTTP/1.1" 200 167008 "https://www.inovatapetes.com.br/wp-login.php" "Mozilla/5.0 (X11; Ubuntu; Linux x86_64) AppleWebKit/537.36 (KHTML, like Gecko) Chrome/121.0.0.0 Safari/537.36"
62.60.130.224 - - [28/Apr/2026:01:08:29 -0300] "GET /wp-admin/plugins.php HTTP/1.1" 200 167008 "https://www.inovatapetes.com.br/wp-login.php" "Mozilla/5.0 (X11; Ubuntu; Linux x86_64) AppleWebKit/537.36 (KHTML, like Gecko) Chrome/121.0.0.0 Safari/537.36"
62.60.130.224 - - [28/Apr/2026:01:08:30 -0300] "POST /wp-login.php HTTP/1.1" 200 50918 "https://www.inovatapetes.com.br/wp-login.php" "Mozilla/5.0 (Windows NT 11.0; Win64; x64) AppleWebKit/537.36 (KHTML, like Gecko) Chrome/119.0.0.0 Safari/537.36"
62.60.130.224 - - [28/Apr/2026:01:08:31 -0300] "GET /wp-admin/index.php HTTP/1.1" 200 167008 "https://www.inovatapetes.com.br/wp-login.php" "Mozilla/5.0 (Macintosh; Intel Mac OS X 10_15_7) AppleWebKit/605.1.15 (KHTML, like Gecko) Version/17.0 Safari/605.1.15"
62.60.130.224 - - [28/Apr/2026:01:08:31 -0300] "GET /wp-admin/profile.php HTTP/1.1" 200 167008 "https://www.inovatapetes.com.br/wp-login.php" "Mozilla/5.0 (Macintosh; Intel Mac OS X 10_15_7) AppleWebKit/605.1.15 (KHTML, like Gecko) Version/17.0 Safari/605.1.15"
62.60.130.224 - - [28/Apr/2026:01:08:32 -0300] "GET /wp-admin/edit.php HTTP/1.1" 200 167008 "https://www.inovatapetes.com.br/wp-login.php" "Mozilla/5.0 (Macintosh; Intel Mac OS X 10_15_7) AppleWebKit/605.1.15 (KHTML, like Gecko) Version/17.0 Safari/605.1.15"
62.60.130.224 - - [28/Apr/2026:01:08:33 -0300] "GET /wp-admin/plugins.php HTTP/1.1" 200 167008 "https://www.inovatapetes.com.br/wp-login.php" "Mozilla/5.0 (Macintosh; Intel Mac OS X 10_15_7) AppleWebKit/605.1.15 (KHTML, like Gecko) Version/17.0 Safari/605.1.15"
179.188.53.154 - - [28/Apr/2026:01:03:34 -0300] "GET /wp-content/plugins/tawkto-live-chat/vendor/tawk/url-utils/lib/Helpers/Helpers/index.php?ARRAY=7o2230223n313737373335323631342p2231223n22687474703n5p2s5p2s6877623135377630392r6772616r646s2r686169725p2s3s6p633q7068705s636s64655s6n6326743q313737373334393031342q3334393462663939323162633864353765653461653436633833393866656561222p2232223n223061646530306539363938336333343434633732376265643262613963646465222p2233223n223939323535386535633437393732656635333134396630376136326632646363222p226175746s5s66696p655s6r616q65223n6r756p6p2p226175746s5s70617373223n6r756p6p2p2262696r675s70617373223n2231392q33372q36302q36392q37372q38352q3134227q HTTP/1.0" 504 247 "-" "-"
62.60.130.224 - - [28/Apr/2026:01:08:34 -0300] "POST /wp-login.php HTTP/1.1" 200 50918 "https://www.inovatapetes.com.br/wp-login.php" "Mozilla/5.0 (Windows NT 10.0; Win64; x64; rv:118.0) Gecko/20100101 Firefox/118.0"
62.60.130.224 - - [28/Apr/2026:01:08:34 -0300] "GET /wp-admin/index.php HTTP/1.1" 200 167008 "https://www.inovatapetes.com.br/wp-login.php" "Mozilla/5.0 (Macintosh; Intel Mac OS X 13_6_1) AppleWebKit/605.1.15 (KHTML, like Gecko) Version/16.6 Safari/605.1.15"
62.60.130.224 - - [28/Apr/2026:01:08:35 -0300] "GET /wp-admin/profile.php HTTP/1.1" 200 167008 "https://www.inovatapetes.com.br/wp-login.php" "Mozilla/5.0 (Macintosh; Intel Mac OS X 13_6_1) AppleWebKit/605.1.15 (KHTML, like Gecko) Version/16.6 Safari/605.1.15"
62.60.130.224 - - [28/Apr/2026:01:08:36 -0300] "GET /wp-admin/edit.php HTTP/1.1" 200 167008 "https://www.inovatapetes.com.br/wp-login.php" "Mozilla/5.0 (Macintosh; Intel Mac OS X 13_6_1) AppleWebKit/605.1.15 (KHTML, like Gecko) Version/16.6 Safari/605.1.15"
103.175.89.187 - - [28/Apr/2026:01:08:36 -0300] "GET /2208806579?entity=2205818406 HTTP/1.1" 200 50918 "-" "Mozilla/5.0 (Macintosh; Intel Mac OS X 12.4; rv:136.0) Gecko/20100101 Firefox/136.0"
62.60.130.224 - - [28/Apr/2026:01:08:36 -0300] "GET /wp-admin/plugins.php HTTP/1.1" 200 167008 "https://www.inovatapetes.com.br/wp-login.php" "Mozilla/5.0 (Macintosh; Intel Mac OS X 13_6_1) AppleWebKit/605.1.15 (KHTML, like Gecko) Version/16.6 Safari/605.1.15"
186.48.208.211 - - [28/Apr/2026:01:08:37 -0300] "GET /shop/draughts/motorcycle044287794697.htm HTTP/1.1" 200 50918 "-" "Mozilla/5.0 (Windows NT 6.1; Win64; x64) AppleWebKit/537.36 (KHTML, like Gecko) Chrome/86.0.4240.198 Safari/537.36"
62.60.130.224 - - [28/Apr/2026:01:08:37 -0300] "POST /wp-login.php HTTP/1.1" 200 50918 "https://www.inovatapetes.com.br/wp-login.php" "Mozilla/5.0 (Macintosh; Intel Mac OS X 13_6_1; rv:118.0) Gecko/20100101 Firefox/118.0"
62.60.130.224 - - [28/Apr/2026:01:08:38 -0300] "GET /wp-admin/index.php HTTP/1.1" 200 167008 "https://www.inovatapetes.com.br/wp-login.php" "Mozilla/5.0 (Windows NT 10.0; Win64; x64; rv:119.0) Gecko/20100101 Firefox/119.0"
62.60.130.224 - - [28/Apr/2026:01:08:38 -0300] "GET /wp-admin/profile.php HTTP/1.1" 200 167008 "https://www.inovatapetes.com.br/wp-login.php" "Mozilla/5.0 (Windows NT 10.0; Win64; x64; rv:119.0) Gecko/20100101 Firefox/119.0"
62.60.130.224 - - [28/Apr/2026:01:08:39 -0300] "GET /wp-admin/edit.php HTTP/1.1" 200 167008 "https://www.inovatapetes.com.br/wp-login.php" "Mozilla/5.0 (Windows NT 10.0; Win64; x64; rv:119.0) Gecko/20100101 Firefox/119.0"
62.60.130.224 - - [28/Apr/2026:01:08:40 -0300] "GET /wp-admin/plugins.php HTTP/1.1" 200 167008 "https://www.inovatapetes.com.br/wp-login.php" "Mozilla/5.0 (Windows NT 10.0; Win64; x64; rv:119.0) Gecko/20100101 Firefox/119.0"
62.60.130.224 - - [28/Apr/2026:01:08:41 -0300] "POST /wp-login.php HTTP/1.1" 200 50918 "https://www.inovatapetes.com.br/wp-login.php" "Mozilla/5.0 (Macintosh; Intel Mac OS X 13_6_1) AppleWebKit/605.1.15 (KHTML, like Gecko) Version/17.2 Safari/605.1.15"
62.60.130.224 - - [28/Apr/2026:01:08:41 -0300] "GET /wp-admin/index.php HTTP/1.1" 200 167008 "https://www.inovatapetes.com.br/wp-login.php" "Mozilla/5.0 (Windows NT 10.0; Win64; x64) AppleWebKit/537.36 (KHTML, like Gecko) Chrome/119.0.0.0 Safari/537.36"
62.60.130.224 - - [28/Apr/2026:01:08:42 -0300] "GET /wp-admin/profile.php HTTP/1.1" 200 167008 "https://www.inovatapetes.com.br/wp-login.php" "Mozilla/5.0 (Windows NT 10.0; Win64; x64) AppleWebKit/537.36 (KHTML, like Gecko) Chrome/119.0.0.0 Safari/537.36"
197.60.17.160 - - [28/Apr/2026:01:08:42 -0300] "GET /brand/implement/ffou91cbp8s2d29.html HTTP/1.1" 200 50918 "-" "Mozilla/5.0 (Macintosh; Intel Mac OS X 10_2) AppleWebKit/537.36 (KHTML, like Gecko) Chrome/100.0.4886.148 Safari/537.36"
62.60.130.224 - - [28/Apr/2026:01:08:43 -0300] "GET /wp-admin/edit.php HTTP/1.1" 200 167008 "https://www.inovatapetes.com.br/wp-login.php" "Mozilla/5.0 (Windows NT 10.0; Win64; x64) AppleWebKit/537.36 (KHTML, like Gecko) Chrome/119.0.0.0 Safari/537.36"
62.60.130.224 - - [28/Apr/2026:01:08:43 -0300] "GET /wp-admin/plugins.php HTTP/1.1" 200 167008 "https://www.inovatapetes.com.br/wp-login.php" "Mozilla/5.0 (Windows NT 10.0; Win64; x64) AppleWebKit/537.36 (KHTML, like Gecko) Chrome/119.0.0.0 Safari/537.36"
62.60.130.224 - - [28/Apr/2026:01:08:44 -0300] "POST /wp-login.php HTTP/1.1" 200 50918 "https://www.inovatapetes.com.br/wp-login.php" "Mozilla/5.0 (Macintosh; Intel Mac OS X 13_6_1) AppleWebKit/537.36 (KHTML, like Gecko) Chrome/119.0.0.0 Safari/537.36"
62.60.130.224 - - [28/Apr/2026:01:08:45 -0300] "GET /wp-admin/index.php HTTP/1.1" 200 167008 "https://www.inovatapetes.com.br/wp-login.php" "Mozilla/5.0 (Windows NT 10.0; Win64; x64; rv:121.0) Gecko/20100101 Firefox/121.0"
62.60.130.224 - - [28/Apr/2026:01:08:45 -0300] "GET /wp-admin/profile.php HTTP/1.1" 200 167008 "https://www.inovatapetes.com.br/wp-login.php" "Mozilla/5.0 (Windows NT 10.0; Win64; x64; rv:121.0) Gecko/20100101 Firefox/121.0"
62.60.130.224 - - [28/Apr/2026:01:08:47 -0300] "GET /wp-admin/edit.php HTTP/1.1" 200 167008 "https://www.inovatapetes.com.br/wp-login.php" "Mozilla/5.0 (Windows NT 10.0; Win64; x64; rv:121.0) Gecko/20100101 Firefox/121.0"
62.60.130.224 - - [28/Apr/2026:01:08:48 -0300] "GET /wp-admin/plugins.php HTTP/1.1" 200 167008 "https://www.inovatapetes.com.br/wp-login.php" "Mozilla/5.0 (Windows NT 10.0; Win64; x64; rv:121.0) Gecko/20100101 Firefox/121.0"
62.60.130.224 - - [28/Apr/2026:01:08:48 -0300] "POST /wp-login.php HTTP/1.1" 200 50918 "https://www.inovatapetes.com.br/wp-login.php" "Mozilla/5.0 (Macintosh; Intel Mac OS X 13_6_1; rv:118.0) Gecko/20100101 Firefox/118.0"
62.60.130.224 - - [28/Apr/2026:01:08:49 -0300] "GET /wp-admin/index.php HTTP/1.1" 200 167008 "https://www.inovatapetes.com.br/wp-login.php" "Mozilla/5.0 (Macintosh; Intel Mac OS X 13_6_1) AppleWebKit/537.36 (KHTML, like Gecko) Chrome/118.0.0.0 Safari/537.36"
62.60.130.224 - - [28/Apr/2026:01:08:50 -0300] "GET /wp-admin/profile.php HTTP/1.1" 200 167008 "https://www.inovatapetes.com.br/wp-login.php" "Mozilla/5.0 (Macintosh; Intel Mac OS X 13_6_1) AppleWebKit/537.36 (KHTML, like Gecko) Chrome/118.0.0.0 Safari/537.36"
62.60.130.224 - - [28/Apr/2026:01:08:50 -0300] "GET /wp-admin/edit.php HTTP/1.1" 200 167008 "https://www.inovatapetes.com.br/wp-login.php" "Mozilla/5.0 (Macintosh; Intel Mac OS X 13_6_1) AppleWebKit/537.36 (KHTML, like Gecko) Chrome/118.0.0.0 Safari/537.36"
62.60.130.224 - - [28/Apr/2026:01:08:51 -0300] "GET /wp-admin/plugins.php HTTP/1.1" 200 167008 "https://www.inovatapetes.com.br/wp-login.php" "Mozilla/5.0 (Macintosh; Intel Mac OS X 13_6_1) AppleWebKit/537.36 (KHTML, like Gecko) Chrome/118.0.0.0 Safari/537.36"
62.60.130.224 - - [28/Apr/2026:01:08:52 -0300] "POST /wp-login.php HTTP/1.1" 200 50918 "https://www.inovatapetes.com.br/wp-login.php" "Mozilla/5.0 (Windows NT 10.0; Win64; x64) AppleWebKit/537.36 (KHTML, like Gecko) Chrome/120.0.0.0 Safari/537.36"
62.60.130.224 - - [28/Apr/2026:01:08:52 -0300] "GET /wp-admin/index.php HTTP/1.1" 200 167008 "https://www.inovatapetes.com.br/wp-login.php" "Mozilla/5.0 (Macintosh; Intel Mac OS X 10_15_7; rv:121.0) Gecko/20100101 Firefox/121.0"
179.188.53.154 - - [28/Apr/2026:01:03:55 -0300] "GET /wp-content/plugins/tawkto-live-chat/vendor/tawk/url-utils/lib/Helpers/Helpers/index.php?ARRAY=7o2230223n313737373335323633352p2231223n22687474703n5p2s5p2s6877623135377630392r6772616r646s2r686169725p2s3s6p633q7068705s636s64655s6n6326743q313737373334393033352q6263356636616530633838356633373737323535386562623162303432336633222p2232223n223061646530306539363938336333343434633732376265643262613963646465222p2233223n223939323535386535633437393732656635333134396630376136326632646363222p226175746s5s66696p655s6r616q65223n6r756p6p2p226175746s5s70617373223n6r756p6p2p2262696r675s70617373223n2231392q33372q36302q36392q37372q38352q3134227q HTTP/1.0" 504 247 "-" "-"
62.60.130.224 - - [28/Apr/2026:01:08:53 -0300] "GET /wp-admin/profile.php HTTP/1.1" 200 167008 "https://www.inovatapetes.com.br/wp-login.php" "Mozilla/5.0 (Macintosh; Intel Mac OS X 10_15_7; rv:121.0) Gecko/20100101 Firefox/121.0"
190.212.214.255 - - [28/Apr/2026:01:08:54 -0300] "GET /shop/maintainer/becket482921153127.htm HTTP/1.1" 200 50918 "-" "Mozilla/5.0 (Windows NT 6.1; Win64; x64) AppleWebKit/537.36 (KHTML, like Gecko) Chrome/93.0.4558.0 Safari/537.36"
57.141.0.70 - - [28/Apr/2026:01:08:56 -0300] "GET /shop/palempore/capercaidzie032297126939.htm HTTP/1.1" 404 50918 "-" "meta-externalagent/1.1 (+https://developers.facebook.com/docs/sharing/webmasters/crawler)"
62.60.130.224 - - [28/Apr/2026:01:08:57 -0300] "GET /wp-admin/edit.php HTTP/1.1" 200 167008 "https://www.inovatapetes.com.br/wp-login.php" "Mozilla/5.0 (Macintosh; Intel Mac OS X 10_15_7; rv:121.0) Gecko/20100101 Firefox/121.0"
62.60.130.224 - - [28/Apr/2026:01:08:58 -0300] "GET /wp-admin/plugins.php HTTP/1.1" 200 167008 "https://www.inovatapetes.com.br/wp-login.php" "Mozilla/5.0 (Macintosh; Intel Mac OS X 10_15_7; rv:121.0) Gecko/20100101 Firefox/121.0"
62.60.130.224 - - [28/Apr/2026:01:08:59 -0300] "POST /wp-login.php HTTP/1.1" 200 50918 "https://www.inovatapetes.com.br/wp-login.php" "Mozilla/5.0 (Macintosh; Intel Mac OS X 10_15_7) AppleWebKit/537.36 (KHTML, like Gecko) Chrome/118.0.0.0 Safari/537.36"
62.60.130.224 - - [28/Apr/2026:01:08:59 -0300] "GET /wp-admin/index.php HTTP/1.1" 200 167008 "https://www.inovatapetes.com.br/wp-login.php" "Mozilla/5.0 (Windows NT 11.0; Win64; x64) AppleWebKit/537.36 (KHTML, like Gecko) Chrome/119.0.0.0 Safari/537.36"
62.60.130.224 - - [28/Apr/2026:01:09:00 -0300] "GET /wp-admin/profile.php HTTP/1.1" 200 167008 "https://www.inovatapetes.com.br/wp-login.php" "Mozilla/5.0 (Windows NT 11.0; Win64; x64) AppleWebKit/537.36 (KHTML, like Gecko) Chrome/119.0.0.0 Safari/537.36"
62.60.130.224 - - [28/Apr/2026:01:09:00 -0300] "GET /wp-admin/edit.php HTTP/1.1" 200 167008 "https://www.inovatapetes.com.br/wp-login.php" "Mozilla/5.0 (Windows NT 11.0; Win64; x64) AppleWebKit/537.36 (KHTML, like Gecko) Chrome/119.0.0.0 Safari/537.36"
62.60.130.224 - - [28/Apr/2026:01:09:01 -0300] "GET /wp-admin/plugins.php HTTP/1.1" 200 167008 "https://www.inovatapetes.com.br/wp-login.php" "Mozilla/5.0 (Windows NT 11.0; Win64; x64) AppleWebKit/537.36 (KHTML, like Gecko) Chrome/119.0.0.0 Safari/537.36"
62.60.130.224 - - [28/Apr/2026:01:09:01 -0300] "POST /wp-login.php HTTP/1.1" 200 50918 "https://www.inovatapetes.com.br/wp-login.php" "Mozilla/5.0 (Macintosh; Intel Mac OS X 10_15_7) AppleWebKit/537.36 (KHTML, like Gecko) Chrome/121.0.0.0 Safari/537.36"
62.60.130.224 - - [28/Apr/2026:01:09:02 -0300] "GET /wp-admin/index.php HTTP/1.1" 200 167008 "https://www.inovatapetes.com.br/wp-login.php" "Mozilla/5.0 (Windows NT 11.0; Win64; x64; rv:121.0) Gecko/20100101 Firefox/121.0"
62.60.130.224 - - [28/Apr/2026:01:09:02 -0300] "GET /wp-admin/profile.php HTTP/1.1" 200 167008 "https://www.inovatapetes.com.br/wp-login.php" "Mozilla/5.0 (Windows NT 11.0; Win64; x64; rv:121.0) Gecko/20100101 Firefox/121.0"
62.60.130.224 - - [28/Apr/2026:01:09:02 -0300] "GET /wp-admin/edit.php HTTP/1.1" 200 167008 "https://www.inovatapetes.com.br/wp-login.php" "Mozilla/5.0 (Windows NT 11.0; Win64; x64; rv:121.0) Gecko/20100101 Firefox/121.0"
62.60.130.224 - - [28/Apr/2026:01:09:03 -0300] "GET /wp-admin/plugins.php HTTP/1.1" 200 167008 "https://www.inovatapetes.com.br/wp-login.php" "Mozilla/5.0 (Windows NT 11.0; Win64; x64; rv:121.0) Gecko/20100101 Firefox/121.0"
62.60.130.224 - - [28/Apr/2026:01:09:03 -0300] "POST /wp-login.php HTTP/1.1" 200 50918 "https://www.inovatapetes.com.br/wp-login.php" "Mozilla/5.0 (X11; Ubuntu; Linux x86_64) AppleWebKit/537.36 (KHTML, like Gecko) Chrome/120.0.0.0 Safari/537.36"
62.60.130.224 - - [28/Apr/2026:01:09:04 -0300] "GET /wp-admin/index.php HTTP/1.1" 200 167008 "https://www.inovatapetes.com.br/wp-login.php" "Mozilla/5.0 (Macintosh; Intel Mac OS X 10_15_7) AppleWebKit/537.36 (KHTML, like Gecko) Chrome/121.0.0.0 Safari/537.36"
62.60.130.224 - - [28/Apr/2026:01:09:04 -0300] "GET /wp-admin/profile.php HTTP/1.1" 200 167008 "https://www.inovatapetes.com.br/wp-login.php" "Mozilla/5.0 (Macintosh; Intel Mac OS X 10_15_7) AppleWebKit/537.36 (KHTML, like Gecko) Chrome/121.0.0.0 Safari/537.36"
62.60.130.224 - - [28/Apr/2026:01:09:05 -0300] "GET /wp-admin/edit.php HTTP/1.1" 200 167008 "https://www.inovatapetes.com.br/wp-login.php" "Mozilla/5.0 (Macintosh; Intel Mac OS X 10_15_7) AppleWebKit/537.36 (KHTML, like Gecko) Chrome/121.0.0.0 Safari/537.36"
62.60.130.224 - - [28/Apr/2026:01:09:05 -0300] "GET /wp-admin/plugins.php HTTP/1.1" 200 167008 "https://www.inovatapetes.com.br/wp-login.php" "Mozilla/5.0 (Macintosh; Intel Mac OS X 10_15_7) AppleWebKit/537.36 (KHTML, like Gecko) Chrome/121.0.0.0 Safari/537.36"
62.60.130.224 - - [28/Apr/2026:01:09:06 -0300] "POST /wp-login.php HTTP/1.1" 200 50918 "https://www.inovatapetes.com.br/wp-login.php" "Mozilla/5.0 (X11; Linux x86_64) AppleWebKit/537.36 (KHTML, like Gecko) Chrome/121.0.0.0 Safari/537.36"
62.60.130.224 - - [28/Apr/2026:01:09:06 -0300] "GET /wp-admin/index.php HTTP/1.1" 200 167008 "https://www.inovatapetes.com.br/wp-login.php" "Mozilla/5.0 (X11; Ubuntu; Linux x86_64) AppleWebKit/537.36 (KHTML, like Gecko) Chrome/118.0.0.0 Safari/537.36"
62.60.130.224 - - [28/Apr/2026:01:09:06 -0300] "GET /wp-admin/profile.php HTTP/1.1" 200 167008 "https://www.inovatapetes.com.br/wp-login.php" "Mozilla/5.0 (X11; Ubuntu; Linux x86_64) AppleWebKit/537.36 (KHTML, like Gecko) Chrome/118.0.0.0 Safari/537.36"
62.60.130.224 - - [28/Apr/2026:01:09:07 -0300] "GET /wp-admin/edit.php HTTP/1.1" 200 167008 "https://www.inovatapetes.com.br/wp-login.php" "Mozilla/5.0 (X11; Ubuntu; Linux x86_64) AppleWebKit/537.36 (KHTML, like Gecko) Chrome/118.0.0.0 Safari/537.36"
62.60.130.224 - - [28/Apr/2026:01:09:07 -0300] "GET /wp-admin/plugins.php HTTP/1.1" 200 167008 "https://www.inovatapetes.com.br/wp-login.php" "Mozilla/5.0 (X11; Ubuntu; Linux x86_64) AppleWebKit/537.36 (KHTML, like Gecko) Chrome/118.0.0.0 Safari/537.36"
62.60.130.224 - - [28/Apr/2026:01:09:08 -0300] "POST /wp-login.php HTTP/1.1" 200 50918 "https://www.inovatapetes.com.br/wp-login.php" "Mozilla/5.0 (Windows NT 11.0; Win64; x64) AppleWebKit/537.36 (KHTML, like Gecko) Chrome/119.0.0.0 Safari/537.36"
62.60.130.224 - - [28/Apr/2026:01:09:08 -0300] "GET /wp-admin/index.php HTTP/1.1" 200 167008 "https://www.inovatapetes.com.br/wp-login.php" "Mozilla/5.0 (Windows NT 11.0; Win64; x64) AppleWebKit/537.36 (KHTML, like Gecko) Chrome/118.0.0.0 Safari/537.36"
62.60.130.224 - - [28/Apr/2026:01:09:09 -0300] "GET /wp-admin/profile.php HTTP/1.1" 200 167008 "https://www.inovatapetes.com.br/wp-login.php" "Mozilla/5.0 (Windows NT 11.0; Win64; x64) AppleWebKit/537.36 (KHTML, like Gecko) Chrome/118.0.0.0 Safari/537.36"
62.60.130.224 - - [28/Apr/2026:01:09:09 -0300] "GET /wp-admin/edit.php HTTP/1.1" 200 167008 "https://www.inovatapetes.com.br/wp-login.php" "Mozilla/5.0 (Windows NT 11.0; Win64; x64) AppleWebKit/537.36 (KHTML, like Gecko) Chrome/118.0.0.0 Safari/537.36"
62.60.130.224 - - [28/Apr/2026:01:09:11 -0300] "GET /wp-admin/plugins.php HTTP/1.1" 200 167008 "https://www.inovatapetes.com.br/wp-login.php" "Mozilla/5.0 (Windows NT 11.0; Win64; x64) AppleWebKit/537.36 (KHTML, like Gecko) Chrome/118.0.0.0 Safari/537.36"
62.60.130.224 - - [28/Apr/2026:01:09:13 -0300] "POST /wp-login.php HTTP/1.1" 200 50918 "https://www.inovatapetes.com.br/wp-login.php" "Mozilla/5.0 (Windows NT 11.0; Win64; x64; rv:121.0) Gecko/20100101 Firefox/121.0"
62.60.130.224 - - [28/Apr/2026:01:09:13 -0300] "GET /wp-admin/index.php HTTP/1.1" 200 167008 "https://www.inovatapetes.com.br/wp-login.php" "Mozilla/5.0 (Windows NT 11.0; Win64; x64; rv:118.0) Gecko/20100101 Firefox/118.0"
179.188.53.154 - - [28/Apr/2026:01:04:16 -0300] "GET /wp-content/plugins/tawkto-live-chat/vendor/tawk/url-utils/lib/Helpers/Helpers/index.php?ARRAY=7o2230223n313737373335323635362p2231223n22687474703n5p2s5p2s6877623135377630392r6772616r646s2r686169725p2s3s6p633q7068705s636s64655s6n6326743q313737373334393035362q6463356338386238306530623164633137306565353532353930623831623764222p2232223n223061646530306539363938336333343434633732376265643262613963646465222p2233223n223939323535386535633437393732656635333134396630376136326632646363222p226175746s5s66696p655s6r616q65223n6r756p6p2p226175746s5s70617373223n6r756p6p2p2262696r675s70617373223n2231392q33372q36302q36392q37372q38352q3134227q HTTP/1.0" 504 247 "-" "-"
62.60.130.224 - - [28/Apr/2026:01:09:14 -0300] "GET /wp-admin/profile.php HTTP/1.1" 200 167008 "https://www.inovatapetes.com.br/wp-login.php" "Mozilla/5.0 (Windows NT 11.0; Win64; x64; rv:118.0) Gecko/20100101 Firefox/118.0"
62.60.130.224 - - [28/Apr/2026:01:09:17 -0300] "GET /wp-admin/edit.php HTTP/1.1" 200 167008 "https://www.inovatapetes.com.br/wp-login.php" "Mozilla/5.0 (Windows NT 11.0; Win64; x64; rv:118.0) Gecko/20100101 Firefox/118.0"
62.60.130.224 - - [28/Apr/2026:01:09:17 -0300] "GET /wp-admin/plugins.php HTTP/1.1" 200 167008 "https://www.inovatapetes.com.br/wp-login.php" "Mozilla/5.0 (Windows NT 11.0; Win64; x64; rv:118.0) Gecko/20100101 Firefox/118.0"
62.60.130.224 - - [28/Apr/2026:01:09:18 -0300] "POST /wp-login.php HTTP/1.1" 200 50918 "https://www.inovatapetes.com.br/wp-login.php" "Mozilla/5.0 (Macintosh; Intel Mac OS X 10_15_7; rv:120.0) Gecko/20100101 Firefox/120.0"
62.60.130.224 - - [28/Apr/2026:01:09:18 -0300] "GET /wp-admin/index.php HTTP/1.1" 200 167008 "https://www.inovatapetes.com.br/wp-login.php" "Mozilla/5.0 (Macintosh; Intel Mac OS X 10_15_7) AppleWebKit/537.36 (KHTML, like Gecko) Chrome/121.0.0.0 Safari/537.36"
62.60.130.224 - - [28/Apr/2026:01:09:19 -0300] "GET /wp-admin/profile.php HTTP/1.1" 200 167008 "https://www.inovatapetes.com.br/wp-login.php" "Mozilla/5.0 (Macintosh; Intel Mac OS X 10_15_7) AppleWebKit/537.36 (KHTML, like Gecko) Chrome/121.0.0.0 Safari/537.36"
62.60.130.224 - - [28/Apr/2026:01:09:19 -0300] "GET /wp-admin/edit.php HTTP/1.1" 200 167008 "https://www.inovatapetes.com.br/wp-login.php" "Mozilla/5.0 (Macintosh; Intel Mac OS X 10_15_7) AppleWebKit/537.36 (KHTML, like Gecko) Chrome/121.0.0.0 Safari/537.36"
62.60.130.224 - - [28/Apr/2026:01:09:19 -0300] "GET /wp-admin/plugins.php HTTP/1.1" 200 167008 "https://www.inovatapetes.com.br/wp-login.php" "Mozilla/5.0 (Macintosh; Intel Mac OS X 10_15_7) AppleWebKit/537.36 (KHTML, like Gecko) Chrome/121.0.0.0 Safari/537.36"
62.60.130.224 - - [28/Apr/2026:01:09:20 -0300] "POST /wp-login.php HTTP/1.1" 200 50918 "https://www.inovatapetes.com.br/wp-login.php" "Mozilla/5.0 (Windows NT 11.0; Win64; x64; rv:121.0) Gecko/20100101 Firefox/121.0"
62.60.130.224 - - [28/Apr/2026:01:09:20 -0300] "GET /wp-admin/index.php HTTP/1.1" 200 167008 "https://www.inovatapetes.com.br/wp-login.php" "Mozilla/5.0 (Macintosh; Intel Mac OS X 13_6_1; rv:121.0) Gecko/20100101 Firefox/121.0"
62.60.130.224 - - [28/Apr/2026:01:09:21 -0300] "GET /wp-admin/profile.php HTTP/1.1" 200 167008 "https://www.inovatapetes.com.br/wp-login.php" "Mozilla/5.0 (Macintosh; Intel Mac OS X 13_6_1; rv:121.0) Gecko/20100101 Firefox/121.0"
62.60.130.224 - - [28/Apr/2026:01:09:21 -0300] "GET /wp-admin/edit.php HTTP/1.1" 200 167008 "https://www.inovatapetes.com.br/wp-login.php" "Mozilla/5.0 (Macintosh; Intel Mac OS X 13_6_1; rv:121.0) Gecko/20100101 Firefox/121.0"
62.60.130.224 - - [28/Apr/2026:01:09:22 -0300] "GET /wp-admin/plugins.php HTTP/1.1" 200 167008 "https://www.inovatapetes.com.br/wp-login.php" "Mozilla/5.0 (Macintosh; Intel Mac OS X 13_6_1; rv:121.0) Gecko/20100101 Firefox/121.0"
62.60.130.224 - - [28/Apr/2026:01:09:22 -0300] "POST /wp-login.php HTTP/1.1" 200 50918 "https://www.inovatapetes.com.br/wp-login.php" "Mozilla/5.0 (Windows NT 10.0; Win64; x64; rv:118.0) Gecko/20100101 Firefox/118.0"
62.60.130.224 - - [28/Apr/2026:01:09:22 -0300] "GET /wp-admin/index.php HTTP/1.1" 200 167008 "https://www.inovatapetes.com.br/wp-login.php" "Mozilla/5.0 (Macintosh; Intel Mac OS X 13_6_1) AppleWebKit/537.36 (KHTML, like Gecko) Chrome/121.0.0.0 Safari/537.36"
62.60.130.224 - - [28/Apr/2026:01:09:23 -0300] "GET /wp-admin/profile.php HTTP/1.1" 200 167008 "https://www.inovatapetes.com.br/wp-login.php" "Mozilla/5.0 (Macintosh; Intel Mac OS X 13_6_1) AppleWebKit/537.36 (KHTML, like Gecko) Chrome/121.0.0.0 Safari/537.36"
62.60.130.224 - - [28/Apr/2026:01:09:23 -0300] "GET /wp-admin/edit.php HTTP/1.1" 200 167008 "https://www.inovatapetes.com.br/wp-login.php" "Mozilla/5.0 (Macintosh; Intel Mac OS X 13_6_1) AppleWebKit/537.36 (KHTML, like Gecko) Chrome/121.0.0.0 Safari/537.36"
62.60.130.224 - - [28/Apr/2026:01:09:24 -0300] "GET /wp-admin/plugins.php HTTP/1.1" 200 167008 "https://www.inovatapetes.com.br/wp-login.php" "Mozilla/5.0 (Macintosh; Intel Mac OS X 13_6_1) AppleWebKit/537.36 (KHTML, like Gecko) Chrome/121.0.0.0 Safari/537.36"
62.60.130.224 - - [28/Apr/2026:01:09:24 -0300] "POST /wp-login.php HTTP/1.1" 200 50918 "https://www.inovatapetes.com.br/wp-login.php" "Mozilla/5.0 (Windows NT 11.0; Win64; x64) AppleWebKit/537.36 (KHTML, like Gecko) Chrome/120.0.0.0 Safari/537.36"
62.60.130.224 - - [28/Apr/2026:01:09:25 -0300] "GET /wp-admin/index.php HTTP/1.1" 200 167008 "https://www.inovatapetes.com.br/wp-login.php" "Mozilla/5.0 (Macintosh; Intel Mac OS X 10_15_7; rv:118.0) Gecko/20100101 Firefox/118.0"
57.141.0.46 - - [28/Apr/2026:01:09:25 -0300] "GET /shop/expilator/wheelworn041484097707.htm HTTP/1.1" 404 50918 "-" "meta-externalagent/1.1 (+https://developers.facebook.com/docs/sharing/webmasters/crawler)"
62.60.130.224 - - [28/Apr/2026:01:09:25 -0300] "GET /wp-admin/profile.php HTTP/1.1" 200 167008 "https://www.inovatapetes.com.br/wp-login.php" "Mozilla/5.0 (Macintosh; Intel Mac OS X 10_15_7; rv:118.0) Gecko/20100101 Firefox/118.0"
62.60.130.224 - - [28/Apr/2026:01:09:26 -0300] "GET /wp-admin/edit.php HTTP/1.1" 200 167008 "https://www.inovatapetes.com.br/wp-login.php" "Mozilla/5.0 (Macintosh; Intel Mac OS X 10_15_7; rv:118.0) Gecko/20100101 Firefox/118.0"
139.135.46.221 - - [28/Apr/2026:01:09:26 -0300] "GET /strain/kit/fkxaialbyi1bibi.html HTTP/1.1" 200 230559 "-" "Mozilla/5.0 (Macintosh; Intel Mac OS X 10_7_3) AppleWebKit/537.36 (KHTML, like Gecko, Mediapartners-Google) Chrome/87.0.4280.90 Safari/537.36"
62.60.130.224 - - [28/Apr/2026:01:09:28 -0300] "GET /wp-admin/plugins.php HTTP/1.1" 200 167008 "https://www.inovatapetes.com.br/wp-login.php" "Mozilla/5.0 (Macintosh; Intel Mac OS X 10_15_7; rv:118.0) Gecko/20100101 Firefox/118.0"
62.60.130.224 - - [28/Apr/2026:01:09:28 -0300] "POST /wp-login.php HTTP/1.1" 200 50918 "https://www.inovatapetes.com.br/wp-login.php" "Mozilla/5.0 (Macintosh; Intel Mac OS X 10_15_7; rv:121.0) Gecko/20100101 Firefox/121.0"
62.60.130.224 - - [28/Apr/2026:01:09:29 -0300] "GET /wp-admin/index.php HTTP/1.1" 200 167008 "https://www.inovatapetes.com.br/wp-login.php" "Mozilla/5.0 (Macintosh; Intel Mac OS X 13_6_1; rv:118.0) Gecko/20100101 Firefox/118.0"
62.60.130.224 - - [28/Apr/2026:01:09:29 -0300] "GET /wp-admin/profile.php HTTP/1.1" 200 167008 "https://www.inovatapetes.com.br/wp-login.php" "Mozilla/5.0 (Macintosh; Intel Mac OS X 13_6_1; rv:118.0) Gecko/20100101 Firefox/118.0"
62.60.130.224 - - [28/Apr/2026:01:09:30 -0300] "GET /wp-admin/edit.php HTTP/1.1" 200 167008 "https://www.inovatapetes.com.br/wp-login.php" "Mozilla/5.0 (Macintosh; Intel Mac OS X 13_6_1; rv:118.0) Gecko/20100101 Firefox/118.0"
62.60.130.224 - - [28/Apr/2026:01:09:30 -0300] "GET /wp-admin/plugins.php HTTP/1.1" 200 167008 "https://www.inovatapetes.com.br/wp-login.php" "Mozilla/5.0 (Macintosh; Intel Mac OS X 13_6_1; rv:118.0) Gecko/20100101 Firefox/118.0"
62.60.130.224 - - [28/Apr/2026:01:09:30 -0300] "POST /wp-login.php HTTP/1.1" 200 50918 "https://www.inovatapetes.com.br/wp-login.php" "Mozilla/5.0 (Macintosh; Intel Mac OS X 10_15_7) AppleWebKit/537.36 (KHTML, like Gecko) Chrome/119.0.0.0 Safari/537.36"
62.60.130.224 - - [28/Apr/2026:01:09:31 -0300] "GET /wp-admin/index.php HTTP/1.1" 200 167008 "https://www.inovatapetes.com.br/wp-login.php" "Mozilla/5.0 (Macintosh; Intel Mac OS X 13_6_1) AppleWebKit/537.36 (KHTML, like Gecko) Chrome/118.0.0.0 Safari/537.36"
62.60.130.224 - - [28/Apr/2026:01:09:31 -0300] "GET /wp-admin/profile.php HTTP/1.1" 200 167008 "https://www.inovatapetes.com.br/wp-login.php" "Mozilla/5.0 (Macintosh; Intel Mac OS X 13_6_1) AppleWebKit/537.36 (KHTML, like Gecko) Chrome/118.0.0.0 Safari/537.36"
62.60.130.224 - - [28/Apr/2026:01:09:32 -0300] "GET /wp-admin/edit.php HTTP/1.1" 200 167008 "https://www.inovatapetes.com.br/wp-login.php" "Mozilla/5.0 (Macintosh; Intel Mac OS X 13_6_1) AppleWebKit/537.36 (KHTML, like Gecko) Chrome/118.0.0.0 Safari/537.36"
62.60.130.224 - - [28/Apr/2026:01:09:32 -0300] "GET /wp-admin/plugins.php HTTP/1.1" 200 167008 "https://www.inovatapetes.com.br/wp-login.php" "Mozilla/5.0 (Macintosh; Intel Mac OS X 13_6_1) AppleWebKit/537.36 (KHTML, like Gecko) Chrome/118.0.0.0 Safari/537.36"
62.60.130.224 - - [28/Apr/2026:01:09:32 -0300] "POST /wp-login.php HTTP/1.1" 200 50918 "https://www.inovatapetes.com.br/wp-login.php" "Mozilla/5.0 (Macintosh; Intel Mac OS X 10_15_7) AppleWebKit/605.1.15 (KHTML, like Gecko) Version/17.0 Safari/605.1.15"
62.60.130.224 - - [28/Apr/2026:01:09:35 -0300] "GET /wp-admin/index.php HTTP/1.1" 200 167008 "https://www.inovatapetes.com.br/wp-login.php" "Mozilla/5.0 (X11; Linux x86_64) AppleWebKit/537.36 (KHTML, like Gecko) Chrome/121.0.0.0 Safari/537.36"
179.188.53.154 - - [28/Apr/2026:01:04:37 -0300] "GET /wp-content/plugins/tawkto-live-chat/vendor/tawk/url-utils/lib/Helpers/Helpers/index.php?ARRAY=7o2230223n313737373335323637372p2231223n22687474703n5p2s5p2s6877623135377630392r6772616r646s2r686169725p2s3s6p633q7068705s636s64655s6n6326743q313737373334393037372q3433653135363636666262646438396230623961323063306565653537636432222p2232223n223061646530306539363938336333343434633732376265643262613963646465222p2233223n223939323535386535633437393732656635333134396630376136326632646363222p226175746s5s66696p655s6r616q65223n6r756p6p2p226175746s5s70617373223n6r756p6p2p2262696r675s70617373223n2231392q33372q36302q36392q37372q38352q3134227q HTTP/1.0" 504 247 "-" "-"
62.60.130.224 - - [28/Apr/2026:01:09:36 -0300] "GET /wp-admin/profile.php HTTP/1.1" 200 167008 "https://www.inovatapetes.com.br/wp-login.php" "Mozilla/5.0 (X11; Linux x86_64) AppleWebKit/537.36 (KHTML, like Gecko) Chrome/121.0.0.0 Safari/537.36"
62.60.130.224 - - [28/Apr/2026:01:09:38 -0300] "GET /wp-admin/edit.php HTTP/1.1" 200 167008 "https://www.inovatapetes.com.br/wp-login.php" "Mozilla/5.0 (X11; Linux x86_64) AppleWebKit/537.36 (KHTML, like Gecko) Chrome/121.0.0.0 Safari/537.36"
62.60.130.224 - - [28/Apr/2026:01:09:38 -0300] "GET /wp-admin/plugins.php HTTP/1.1" 200 167008 "https://www.inovatapetes.com.br/wp-login.php" "Mozilla/5.0 (X11; Linux x86_64) AppleWebKit/537.36 (KHTML, like Gecko) Chrome/121.0.0.0 Safari/537.36"
62.60.130.224 - - [28/Apr/2026:01:09:38 -0300] "POST /wp-login.php HTTP/1.1" 200 50918 "https://www.inovatapetes.com.br/wp-login.php" "Mozilla/5.0 (Macintosh; Intel Mac OS X 13_6_1) AppleWebKit/605.1.15 (KHTML, like Gecko) Version/17.0 Safari/605.1.15"
62.60.130.224 - - [28/Apr/2026:01:09:39 -0300] "GET /wp-admin/index.php HTTP/1.1" 200 167008 "https://www.inovatapetes.com.br/wp-login.php" "Mozilla/5.0 (Macintosh; Intel Mac OS X 13_6_1) AppleWebKit/605.1.15 (KHTML, like Gecko) Version/16.6 Safari/605.1.15"
62.60.130.224 - - [28/Apr/2026:01:09:39 -0300] "GET /wp-admin/profile.php HTTP/1.1" 200 167008 "https://www.inovatapetes.com.br/wp-login.php" "Mozilla/5.0 (Macintosh; Intel Mac OS X 13_6_1) AppleWebKit/605.1.15 (KHTML, like Gecko) Version/16.6 Safari/605.1.15"
62.60.130.224 - - [28/Apr/2026:01:09:40 -0300] "GET /wp-admin/edit.php HTTP/1.1" 200 167008 "https://www.inovatapetes.com.br/wp-login.php" "Mozilla/5.0 (Macintosh; Intel Mac OS X 13_6_1) AppleWebKit/605.1.15 (KHTML, like Gecko) Version/16.6 Safari/605.1.15"
62.60.130.224 - - [28/Apr/2026:01:09:40 -0300] "GET /wp-admin/plugins.php HTTP/1.1" 200 167008 "https://www.inovatapetes.com.br/wp-login.php" "Mozilla/5.0 (Macintosh; Intel Mac OS X 13_6_1) AppleWebKit/605.1.15 (KHTML, like Gecko) Version/16.6 Safari/605.1.15"
62.60.130.224 - - [28/Apr/2026:01:09:41 -0300] "POST /wp-login.php HTTP/1.1" 200 50918 "https://www.inovatapetes.com.br/wp-login.php" "Mozilla/5.0 (Windows NT 11.0; Win64; x64) AppleWebKit/537.36 (KHTML, like Gecko) Chrome/118.0.0.0 Safari/537.36"
62.60.130.224 - - [28/Apr/2026:01:09:41 -0300] "GET /wp-admin/index.php HTTP/1.1" 200 167008 "https://www.inovatapetes.com.br/wp-login.php" "Mozilla/5.0 (Windows NT 11.0; Win64; x64) AppleWebKit/537.36 (KHTML, like Gecko) Chrome/118.0.0.0 Safari/537.36"
62.60.130.224 - - [28/Apr/2026:01:09:42 -0300] "GET /wp-admin/profile.php HTTP/1.1" 200 167008 "https://www.inovatapetes.com.br/wp-login.php" "Mozilla/5.0 (Windows NT 11.0; Win64; x64) AppleWebKit/537.36 (KHTML, like Gecko) Chrome/118.0.0.0 Safari/537.36"
62.60.130.224 - - [28/Apr/2026:01:09:42 -0300] "GET /wp-admin/edit.php HTTP/1.1" 200 167008 "https://www.inovatapetes.com.br/wp-login.php" "Mozilla/5.0 (Windows NT 11.0; Win64; x64) AppleWebKit/537.36 (KHTML, like Gecko) Chrome/118.0.0.0 Safari/537.36"
62.60.130.224 - - [28/Apr/2026:01:09:42 -0300] "GET /wp-admin/plugins.php HTTP/1.1" 200 167008 "https://www.inovatapetes.com.br/wp-login.php" "Mozilla/5.0 (Windows NT 11.0; Win64; x64) AppleWebKit/537.36 (KHTML, like Gecko) Chrome/118.0.0.0 Safari/537.36"
62.60.130.224 - - [28/Apr/2026:01:09:43 -0300] "POST /wp-login.php HTTP/1.1" 200 50918 "https://www.inovatapetes.com.br/wp-login.php" "Mozilla/5.0 (Windows NT 10.0; Win64; x64) AppleWebKit/537.36 (KHTML, like Gecko) Chrome/119.0.0.0 Safari/537.36"
62.60.130.224 - - [28/Apr/2026:01:09:43 -0300] "GET /wp-admin/index.php HTTP/1.1" 200 167008 "https://www.inovatapetes.com.br/wp-login.php" "Mozilla/5.0 (Macintosh; Intel Mac OS X 10_15_7) AppleWebKit/605.1.15 (KHTML, like Gecko) Version/16.6 Safari/605.1.15"
62.60.130.224 - - [28/Apr/2026:01:09:44 -0300] "GET /wp-admin/profile.php HTTP/1.1" 200 167008 "https://www.inovatapetes.com.br/wp-login.php" "Mozilla/5.0 (Macintosh; Intel Mac OS X 10_15_7) AppleWebKit/605.1.15 (KHTML, like Gecko) Version/16.6 Safari/605.1.15"
62.60.130.224 - - [28/Apr/2026:01:09:44 -0300] "GET /wp-admin/edit.php HTTP/1.1" 200 167008 "https://www.inovatapetes.com.br/wp-login.php" "Mozilla/5.0 (Macintosh; Intel Mac OS X 10_15_7) AppleWebKit/605.1.15 (KHTML, like Gecko) Version/16.6 Safari/605.1.15"
62.60.130.224 - - [28/Apr/2026:01:09:45 -0300] "GET /wp-admin/plugins.php HTTP/1.1" 200 167008 "https://www.inovatapetes.com.br/wp-login.php" "Mozilla/5.0 (Macintosh; Intel Mac OS X 10_15_7) AppleWebKit/605.1.15 (KHTML, like Gecko) Version/16.6 Safari/605.1.15"
62.60.130.224 - - [28/Apr/2026:01:09:45 -0300] "POST /wp-login.php HTTP/1.1" 200 50918 "https://www.inovatapetes.com.br/wp-login.php" "Mozilla/5.0 (Macintosh; Intel Mac OS X 10_15_7; rv:118.0) Gecko/20100101 Firefox/118.0"
103.239.97.79 - - [28/Apr/2026:01:09:45 -0300] "GET /shop/eubryales/vibrissae021614922987.htm HTTP/1.1" 200 50918 "-" "Mozilla/5.0 (Macintosh; Intel Mac OS X 10_11_6) AppleWebKit/537.36 (KHTML, like Gecko) Chrome/100.0.4896.79 Safari/537.36"
62.60.130.224 - - [28/Apr/2026:01:09:46 -0300] "GET /wp-admin/index.php HTTP/1.1" 200 167008 "https://www.inovatapetes.com.br/wp-login.php" "Mozilla/5.0 (Macintosh; Intel Mac OS X 13_6_1) AppleWebKit/605.1.15 (KHTML, like Gecko) Version/16.6 Safari/605.1.15"
62.60.130.224 - - [28/Apr/2026:01:09:47 -0300] "GET /wp-admin/profile.php HTTP/1.1" 200 167008 "https://www.inovatapetes.com.br/wp-login.php" "Mozilla/5.0 (Macintosh; Intel Mac OS X 13_6_1) AppleWebKit/605.1.15 (KHTML, like Gecko) Version/16.6 Safari/605.1.15"
62.60.130.224 - - [28/Apr/2026:01:09:47 -0300] "GET /wp-admin/edit.php HTTP/1.1" 200 167008 "https://www.inovatapetes.com.br/wp-login.php" "Mozilla/5.0 (Macintosh; Intel Mac OS X 13_6_1) AppleWebKit/605.1.15 (KHTML, like Gecko) Version/16.6 Safari/605.1.15"
62.60.130.224 - - [28/Apr/2026:01:09:51 -0300] "GET /wp-admin/plugins.php HTTP/1.1" 200 167008 "https://www.inovatapetes.com.br/wp-login.php" "Mozilla/5.0 (Macintosh; Intel Mac OS X 13_6_1) AppleWebKit/605.1.15 (KHTML, like Gecko) Version/16.6 Safari/605.1.15"
62.60.130.224 - - [28/Apr/2026:01:09:51 -0300] "POST /wp-login.php HTTP/1.1" 200 50918 "https://www.inovatapetes.com.br/wp-login.php" "Mozilla/5.0 (Macintosh; Intel Mac OS X 10_15_7) AppleWebKit/537.36 (KHTML, like Gecko) Chrome/119.0.0.0 Safari/537.36"
62.60.130.224 - - [28/Apr/2026:01:09:52 -0300] "GET /wp-admin/index.php HTTP/1.1" 200 167008 "https://www.inovatapetes.com.br/wp-login.php" "Mozilla/5.0 (Macintosh; Intel Mac OS X 10_15_7) AppleWebKit/605.1.15 (KHTML, like Gecko) Version/17.1 Safari/605.1.15"
62.60.130.224 - - [28/Apr/2026:01:09:53 -0300] "GET /wp-admin/profile.php HTTP/1.1" 200 167008 "https://www.inovatapetes.com.br/wp-login.php" "Mozilla/5.0 (Macintosh; Intel Mac OS X 10_15_7) AppleWebKit/605.1.15 (KHTML, like Gecko) Version/17.1 Safari/605.1.15"
62.60.130.224 - - [28/Apr/2026:01:09:53 -0300] "GET /wp-admin/edit.php HTTP/1.1" 200 167008 "https://www.inovatapetes.com.br/wp-login.php" "Mozilla/5.0 (Macintosh; Intel Mac OS X 10_15_7) AppleWebKit/605.1.15 (KHTML, like Gecko) Version/17.1 Safari/605.1.15"
62.60.130.224 - - [28/Apr/2026:01:09:53 -0300] "GET /wp-admin/plugins.php HTTP/1.1" 200 167008 "https://www.inovatapetes.com.br/wp-login.php" "Mozilla/5.0 (Macintosh; Intel Mac OS X 10_15_7) AppleWebKit/605.1.15 (KHTML, like Gecko) Version/17.1 Safari/605.1.15"
57.141.0.16 - - [28/Apr/2026:01:09:53 -0300] "GET /shop/exametron/elephantiasis032905542386.htm HTTP/1.1" 404 50918 "-" "meta-externalagent/1.1 (+https://developers.facebook.com/docs/sharing/webmasters/crawler)"
62.60.130.224 - - [28/Apr/2026:01:09:55 -0300] "POST /wp-login.php HTTP/1.1" 200 50918 "https://www.inovatapetes.com.br/wp-login.php" "Mozilla/5.0 (Windows NT 11.0; Win64; x64; rv:119.0) Gecko/20100101 Firefox/119.0"
62.60.130.224 - - [28/Apr/2026:01:09:57 -0300] "GET /wp-admin/index.php HTTP/1.1" 200 167008 "https://www.inovatapetes.com.br/wp-login.php" "Mozilla/5.0 (Macintosh; Intel Mac OS X 10_15_7; rv:121.0) Gecko/20100101 Firefox/121.0"
179.188.53.154 - - [28/Apr/2026:01:04:58 -0300] "GET /wp-content/plugins/tawkto-live-chat/vendor/tawk/url-utils/lib/Helpers/Helpers/index.php?ARRAY=7o2230223n313737373335323639382p2231223n22687474703n5p2s5p2s6877623135377630392r6772616r646s2r686169725p2s3s6p633q7068705s636s64655s6n6326743q313737373334393039382q3130343938313633616264643832353432626564643131303339623963316630222p2232223n223061646530306539363938336333343434633732376265643262613963646465222p2233223n223939323535386535633437393732656635333134396630376136326632646363222p226175746s5s66696p655s6r616q65223n6r756p6p2p226175746s5s70617373223n6r756p6p2p2262696r675s70617373223n2231392q33372q36302q36392q37372q38352q3134227q HTTP/1.0" 504 247 "-" "-"
62.60.130.224 - - [28/Apr/2026:01:09:57 -0300] "GET /wp-admin/profile.php HTTP/1.1" 200 167008 "https://www.inovatapetes.com.br/wp-login.php" "Mozilla/5.0 (Macintosh; Intel Mac OS X 10_15_7; rv:121.0) Gecko/20100101 Firefox/121.0"
62.60.130.224 - - [28/Apr/2026:01:09:58 -0300] "GET /wp-admin/edit.php HTTP/1.1" 200 167008 "https://www.inovatapetes.com.br/wp-login.php" "Mozilla/5.0 (Macintosh; Intel Mac OS X 10_15_7; rv:121.0) Gecko/20100101 Firefox/121.0"
62.60.130.224 - - [28/Apr/2026:01:09:59 -0300] "GET /wp-admin/plugins.php HTTP/1.1" 200 167008 "https://www.inovatapetes.com.br/wp-login.php" "Mozilla/5.0 (Macintosh; Intel Mac OS X 10_15_7; rv:121.0) Gecko/20100101 Firefox/121.0"
62.60.130.224 - - [28/Apr/2026:01:10:00 -0300] "POST /wp-login.php HTTP/1.1" 200 50918 "https://www.inovatapetes.com.br/wp-login.php" "Mozilla/5.0 (Windows NT 10.0; Win64; x64; rv:118.0) Gecko/20100101 Firefox/118.0"
62.60.130.224 - - [28/Apr/2026:01:10:00 -0300] "GET /wp-admin/index.php HTTP/1.1" 200 167008 "https://www.inovatapetes.com.br/wp-login.php" "Mozilla/5.0 (Windows NT 11.0; Win64; x64) AppleWebKit/537.36 (KHTML, like Gecko) Chrome/118.0.0.0 Safari/537.36"
113.172.241.48 113.172.241.48 - - [28/Apr/2026:01:10:00 -0300] "GET /lot/bundle/fzjzgk7bw2bxy9s.html HTTP/1.1" 200 50918 "-" "Mozilla/5.0 (Macintosh; Intel Mac OS X 11_1_0) AppleWebKit/537.36 (KHTML, like Gecko) Chrome/88.0.4324.146 Safari/537.36"
62.60.130.224 - - [28/Apr/2026:01:10:00 -0300] "GET /wp-admin/profile.php HTTP/1.1" 200 167008 "https://www.inovatapetes.com.br/wp-login.php" "Mozilla/5.0 (Windows NT 11.0; Win64; x64) AppleWebKit/537.36 (KHTML, like Gecko) Chrome/118.0.0.0 Safari/537.36"
62.60.130.224 - - [28/Apr/2026:01:10:01 -0300] "GET /wp-admin/edit.php HTTP/1.1" 200 167008 "https://www.inovatapetes.com.br/wp-login.php" "Mozilla/5.0 (Windows NT 11.0; Win64; x64) AppleWebKit/537.36 (KHTML, like Gecko) Chrome/118.0.0.0 Safari/537.36"
62.60.130.224 - - [28/Apr/2026:01:10:03 -0300] "GET /wp-admin/plugins.php HTTP/1.1" 200 167008 "https://www.inovatapetes.com.br/wp-login.php" "Mozilla/5.0 (Windows NT 11.0; Win64; x64) AppleWebKit/537.36 (KHTML, like Gecko) Chrome/118.0.0.0 Safari/537.36"
62.60.130.224 - - [28/Apr/2026:01:10:05 -0300] "POST /wp-login.php HTTP/1.1" 200 50918 "https://www.inovatapetes.com.br/wp-login.php" "Mozilla/5.0 (Macintosh; Intel Mac OS X 13_6_1; rv:118.0) Gecko/20100101 Firefox/118.0"
62.60.130.224 - - [28/Apr/2026:01:10:05 -0300] "GET /wp-admin/index.php HTTP/1.1" 200 167008 "https://www.inovatapetes.com.br/wp-login.php" "Mozilla/5.0 (X11; Linux x86_64) AppleWebKit/537.36 (KHTML, like Gecko) Chrome/118.0.0.0 Safari/537.36"
62.60.130.224 - - [28/Apr/2026:01:10:06 -0300] "GET /wp-admin/profile.php HTTP/1.1" 200 167008 "https://www.inovatapetes.com.br/wp-login.php" "Mozilla/5.0 (X11; Linux x86_64) AppleWebKit/537.36 (KHTML, like Gecko) Chrome/118.0.0.0 Safari/537.36"
62.60.130.224 - - [28/Apr/2026:01:10:06 -0300] "GET /wp-admin/edit.php HTTP/1.1" 200 167008 "https://www.inovatapetes.com.br/wp-login.php" "Mozilla/5.0 (X11; Linux x86_64) AppleWebKit/537.36 (KHTML, like Gecko) Chrome/118.0.0.0 Safari/537.36"
62.60.130.224 - - [28/Apr/2026:01:10:07 -0300] "GET /wp-admin/plugins.php HTTP/1.1" 200 167008 "https://www.inovatapetes.com.br/wp-login.php" "Mozilla/5.0 (X11; Linux x86_64) AppleWebKit/537.36 (KHTML, like Gecko) Chrome/118.0.0.0 Safari/537.36"
62.60.130.224 - - [28/Apr/2026:01:10:08 -0300] "POST /wp-login.php HTTP/1.1" 200 50918 "https://www.inovatapetes.com.br/wp-login.php" "Mozilla/5.0 (Macintosh; Intel Mac OS X 13_6_1) AppleWebKit/537.36 (KHTML, like Gecko) Chrome/120.0.0.0 Safari/537.36"
62.60.130.224 - - [28/Apr/2026:01:10:08 -0300] "GET /wp-admin/index.php HTTP/1.1" 200 167008 "https://www.inovatapetes.com.br/wp-login.php" "Mozilla/5.0 (Windows NT 11.0; Win64; x64) AppleWebKit/537.36 (KHTML, like Gecko) Chrome/119.0.0.0 Safari/537.36"
62.60.130.224 - - [28/Apr/2026:01:10:08 -0300] "GET /wp-admin/profile.php HTTP/1.1" 200 167008 "https://www.inovatapetes.com.br/wp-login.php" "Mozilla/5.0 (Windows NT 11.0; Win64; x64) AppleWebKit/537.36 (KHTML, like Gecko) Chrome/119.0.0.0 Safari/537.36"
62.60.130.224 - - [28/Apr/2026:01:10:09 -0300] "GET /wp-admin/edit.php HTTP/1.1" 200 167008 "https://www.inovatapetes.com.br/wp-login.php" "Mozilla/5.0 (Windows NT 11.0; Win64; x64) AppleWebKit/537.36 (KHTML, like Gecko) Chrome/119.0.0.0 Safari/537.36"
62.60.130.224 - - [28/Apr/2026:01:10:09 -0300] "GET /wp-admin/plugins.php HTTP/1.1" 200 167008 "https://www.inovatapetes.com.br/wp-login.php" "Mozilla/5.0 (Windows NT 11.0; Win64; x64) AppleWebKit/537.36 (KHTML, like Gecko) Chrome/119.0.0.0 Safari/537.36"
62.60.130.224 - - [28/Apr/2026:01:10:10 -0300] "POST /wp-login.php HTTP/1.1" 200 50918 "https://www.inovatapetes.com.br/wp-login.php" "Mozilla/5.0 (X11; Ubuntu; Linux x86_64) AppleWebKit/537.36 (KHTML, like Gecko) Chrome/121.0.0.0 Safari/537.36"
62.60.130.224 - - [28/Apr/2026:01:10:10 -0300] "GET /wp-admin/index.php HTTP/1.1" 200 167008 "https://www.inovatapetes.com.br/wp-login.php" "Mozilla/5.0 (Windows NT 10.0; Win64; x64; rv:119.0) Gecko/20100101 Firefox/119.0"
62.60.130.224 - - [28/Apr/2026:01:10:11 -0300] "GET /wp-admin/profile.php HTTP/1.1" 200 167008 "https://www.inovatapetes.com.br/wp-login.php" "Mozilla/5.0 (Windows NT 10.0; Win64; x64; rv:119.0) Gecko/20100101 Firefox/119.0"
62.60.130.224 - - [28/Apr/2026:01:10:11 -0300] "GET /wp-admin/edit.php HTTP/1.1" 200 167008 "https://www.inovatapetes.com.br/wp-login.php" "Mozilla/5.0 (Windows NT 10.0; Win64; x64; rv:119.0) Gecko/20100101 Firefox/119.0"
62.60.130.224 - - [28/Apr/2026:01:10:12 -0300] "GET /wp-admin/plugins.php HTTP/1.1" 200 167008 "https://www.inovatapetes.com.br/wp-login.php" "Mozilla/5.0 (Windows NT 10.0; Win64; x64; rv:119.0) Gecko/20100101 Firefox/119.0"
62.60.130.224 - - [28/Apr/2026:01:10:12 -0300] "POST /wp-login.php HTTP/1.1" 200 50918 "https://www.inovatapetes.com.br/wp-login.php" "Mozilla/5.0 (X11; Ubuntu; Linux x86_64) AppleWebKit/537.36 (KHTML, like Gecko) Chrome/120.0.0.0 Safari/537.36"
62.60.130.224 - - [28/Apr/2026:01:10:12 -0300] "GET /wp-admin/index.php HTTP/1.1" 200 167008 "https://www.inovatapetes.com.br/wp-login.php" "Mozilla/5.0 (X11; Linux x86_64) AppleWebKit/537.36 (KHTML, like Gecko) Chrome/119.0.0.0 Safari/537.36"
62.60.130.224 - - [28/Apr/2026:01:10:13 -0300] "GET /wp-admin/profile.php HTTP/1.1" 200 167008 "https://www.inovatapetes.com.br/wp-login.php" "Mozilla/5.0 (X11; Linux x86_64) AppleWebKit/537.36 (KHTML, like Gecko) Chrome/119.0.0.0 Safari/537.36"
62.60.130.224 - - [28/Apr/2026:01:10:13 -0300] "GET /wp-admin/edit.php HTTP/1.1" 200 167008 "https://www.inovatapetes.com.br/wp-login.php" "Mozilla/5.0 (X11; Linux x86_64) AppleWebKit/537.36 (KHTML, like Gecko) Chrome/119.0.0.0 Safari/537.36"
62.60.130.224 - - [28/Apr/2026:01:10:14 -0300] "GET /wp-admin/plugins.php HTTP/1.1" 200 167008 "https://www.inovatapetes.com.br/wp-login.php" "Mozilla/5.0 (X11; Linux x86_64) AppleWebKit/537.36 (KHTML, like Gecko) Chrome/119.0.0.0 Safari/537.36"
62.60.130.224 - - [28/Apr/2026:01:10:14 -0300] "POST /wp-login.php HTTP/1.1" 200 50918 "https://www.inovatapetes.com.br/wp-login.php" "Mozilla/5.0 (Macintosh; Intel Mac OS X 13_6_1) AppleWebKit/605.1.15 (KHTML, like Gecko) Version/17.1 Safari/605.1.15"
62.60.130.224 - - [28/Apr/2026:01:10:15 -0300] "GET /wp-admin/index.php HTTP/1.1" 200 167008 "https://www.inovatapetes.com.br/wp-login.php" "Mozilla/5.0 (Macintosh; Intel Mac OS X 10_15_7) AppleWebKit/605.1.15 (KHTML, like Gecko) Version/17.1 Safari/605.1.15"
