62.60.130.224 - - [28/Apr/2026:01:02:33 -0300] "GET /wp-admin/profile.php HTTP/1.1" 200 167008 "https://www.inovatapetes.com.br/wp-login.php" "Mozilla/5.0 (Macintosh; Intel Mac OS X 13_6_1) AppleWebKit/605.1.15 (KHTML, like Gecko) Version/16.6 Safari/605.1.15"
40.77.167.74 - - [28/Apr/2026:01:02:33 -0300] "GET /shop/excandescence/swarthier061118874963.htm HTTP/1.1" 404 50918 "-" "Mozilla/5.0 AppleWebKit/537.36 (KHTML, like Gecko; compatible; bingbot/2.0; +http://www.bing.com/bingbot.htm) Chrome/116.0.1938.76 Safari/537.36"
62.60.130.224 - - [28/Apr/2026:01:02:33 -0300] "GET /wp-admin/edit.php HTTP/1.1" 200 167008 "https://www.inovatapetes.com.br/wp-login.php" "Mozilla/5.0 (Macintosh; Intel Mac OS X 13_6_1) AppleWebKit/605.1.15 (KHTML, like Gecko) Version/16.6 Safari/605.1.15"
40.77.167.74 - - [28/Apr/2026:01:02:34 -0300] "GET /shop/leakier/rascaldom002483102045.htm HTTP/1.1" 404 50918 "-" "Mozilla/5.0 AppleWebKit/537.36 (KHTML, like Gecko; compatible; bingbot/2.0; +http://www.bing.com/bingbot.htm) Chrome/116.0.1938.76 Safari/537.36"
62.60.130.224 - - [28/Apr/2026:01:02:34 -0300] "GET /wp-admin/plugins.php HTTP/1.1" 200 167008 "https://www.inovatapetes.com.br/wp-login.php" "Mozilla/5.0 (Macintosh; Intel Mac OS X 13_6_1) AppleWebKit/605.1.15 (KHTML, like Gecko) Version/16.6 Safari/605.1.15"
40.77.167.74 - - [28/Apr/2026:01:02:35 -0300] "GET /shop/zaphrentis/clack062564243937.htm HTTP/1.1" 404 50918 "-" "Mozilla/5.0 AppleWebKit/537.36 (KHTML, like Gecko; compatible; bingbot/2.0; +http://www.bing.com/bingbot.htm) Chrome/116.0.1938.76 Safari/537.36"
207.46.13.51 - - [28/Apr/2026:01:02:35 -0300] "GET /shop/marcel/lampsana034151227943.htm HTTP/1.1" 404 50918 "-" "Mozilla/5.0 AppleWebKit/537.36 (KHTML, like Gecko; compatible; bingbot/2.0; +http://www.bing.com/bingbot.htm) Chrome/116.0.1938.76 Safari/537.36"
62.60.130.224 - - [28/Apr/2026:01:02:35 -0300] "POST /wp-login.php HTTP/1.1" 200 50918 "https://www.inovatapetes.com.br/wp-login.php" "Mozilla/5.0 (Windows NT 10.0; Win64; x64; rv:120.0) Gecko/20100101 Firefox/120.0"
207.46.13.51 - - [28/Apr/2026:01:02:37 -0300] "GET /shop/blest/uxorious022199950545.htm HTTP/1.1" 404 50918 "-" "Mozilla/5.0 AppleWebKit/537.36 (KHTML, like Gecko; compatible; bingbot/2.0; +http://www.bing.com/bingbot.htm) Chrome/116.0.1938.76 Safari/537.36"
62.60.130.224 - - [28/Apr/2026:01:02:37 -0300] "GET /wp-admin/index.php HTTP/1.1" 200 167008 "https://www.inovatapetes.com.br/wp-login.php" "Mozilla/5.0 (Windows NT 10.0; Win64; x64) AppleWebKit/537.36 (KHTML, like Gecko) Chrome/119.0.0.0 Safari/537.36"
62.60.130.224 - - [28/Apr/2026:01:02:38 -0300] "GET /wp-admin/profile.php HTTP/1.1" 200 167008 "https://www.inovatapetes.com.br/wp-login.php" "Mozilla/5.0 (Windows NT 10.0; Win64; x64) AppleWebKit/537.36 (KHTML, like Gecko) Chrome/119.0.0.0 Safari/537.36"
62.60.130.224 - - [28/Apr/2026:01:02:39 -0300] "GET /wp-admin/edit.php HTTP/1.1" 200 167008 "https://www.inovatapetes.com.br/wp-login.php" "Mozilla/5.0 (Windows NT 10.0; Win64; x64) AppleWebKit/537.36 (KHTML, like Gecko) Chrome/119.0.0.0 Safari/537.36"
62.60.130.224 - - [28/Apr/2026:01:02:39 -0300] "GET /wp-admin/plugins.php HTTP/1.1" 200 167008 "https://www.inovatapetes.com.br/wp-login.php" "Mozilla/5.0 (Windows NT 10.0; Win64; x64) AppleWebKit/537.36 (KHTML, like Gecko) Chrome/119.0.0.0 Safari/537.36"
62.60.130.224 - - [28/Apr/2026:01:02:40 -0300] "POST /wp-login.php HTTP/1.1" 200 50918 "https://www.inovatapetes.com.br/wp-login.php" "Mozilla/5.0 (Windows NT 10.0; Win64; x64; rv:121.0) Gecko/20100101 Firefox/121.0"
62.60.130.224 - - [28/Apr/2026:01:02:40 -0300] "GET /wp-admin/index.php HTTP/1.1" 200 167008 "https://www.inovatapetes.com.br/wp-login.php" "Mozilla/5.0 (X11; Ubuntu; Linux x86_64) AppleWebKit/537.36 (KHTML, like Gecko) Chrome/120.0.0.0 Safari/537.36"
62.60.130.224 - - [28/Apr/2026:01:02:41 -0300] "GET /wp-admin/profile.php HTTP/1.1" 200 167008 "https://www.inovatapetes.com.br/wp-login.php" "Mozilla/5.0 (X11; Ubuntu; Linux x86_64) AppleWebKit/537.36 (KHTML, like Gecko) Chrome/120.0.0.0 Safari/537.36"
62.60.130.224 - - [28/Apr/2026:01:02:41 -0300] "GET /wp-admin/edit.php HTTP/1.1" 200 167008 "https://www.inovatapetes.com.br/wp-login.php" "Mozilla/5.0 (X11; Ubuntu; Linux x86_64) AppleWebKit/537.36 (KHTML, like Gecko) Chrome/120.0.0.0 Safari/537.36"
40.77.167.20 - - [28/Apr/2026:01:02:42 -0300] "GET /shop/acutilobate/obligingness041326203064.htm HTTP/1.1" 404 50918 "-" "Mozilla/5.0 AppleWebKit/537.36 (KHTML, like Gecko; compatible; bingbot/2.0; +http://www.bing.com/bingbot.htm) Chrome/116.0.1938.76 Safari/537.36"
62.60.130.224 - - [28/Apr/2026:01:02:42 -0300] "GET /wp-admin/plugins.php HTTP/1.1" 200 167008 "https://www.inovatapetes.com.br/wp-login.php" "Mozilla/5.0 (X11; Ubuntu; Linux x86_64) AppleWebKit/537.36 (KHTML, like Gecko) Chrome/120.0.0.0 Safari/537.36"
40.77.167.20 - - [28/Apr/2026:01:02:43 -0300] "GET /shop/latifolius/secularly012770953044.htm HTTP/1.1" 404 50918 "-" "Mozilla/5.0 AppleWebKit/537.36 (KHTML, like Gecko; compatible; bingbot/2.0; +http://www.bing.com/bingbot.htm) Chrome/116.0.1938.76 Safari/537.36"
62.60.130.224 - - [28/Apr/2026:01:02:43 -0300] "POST /wp-login.php HTTP/1.1" 200 50918 "https://www.inovatapetes.com.br/wp-login.php" "Mozilla/5.0 (X11; Ubuntu; Linux x86_64) AppleWebKit/537.36 (KHTML, like Gecko) Chrome/121.0.0.0 Safari/537.36"
62.60.130.224 - - [28/Apr/2026:01:02:44 -0300] "GET /wp-admin/index.php HTTP/1.1" 200 167008 "https://www.inovatapetes.com.br/wp-login.php" "Mozilla/5.0 (Windows NT 11.0; Win64; x64; rv:120.0) Gecko/20100101 Firefox/120.0"
40.77.167.20 - - [28/Apr/2026:01:02:44 -0300] "GET /shop/prophylactic/promanation021386824008.htm HTTP/1.1" 404 50918 "-" "Mozilla/5.0 AppleWebKit/537.36 (KHTML, like Gecko; compatible; bingbot/2.0; +http://www.bing.com/bingbot.htm) Chrome/116.0.1938.76 Safari/537.36"
62.60.130.224 - - [28/Apr/2026:01:02:44 -0300] "GET /wp-admin/profile.php HTTP/1.1" 200 167008 "https://www.inovatapetes.com.br/wp-login.php" "Mozilla/5.0 (Windows NT 11.0; Win64; x64; rv:120.0) Gecko/20100101 Firefox/120.0"
62.60.130.224 - - [28/Apr/2026:01:02:45 -0300] "GET /wp-admin/edit.php HTTP/1.1" 200 167008 "https://www.inovatapetes.com.br/wp-login.php" "Mozilla/5.0 (Windows NT 11.0; Win64; x64; rv:120.0) Gecko/20100101 Firefox/120.0"
57.141.0.4 - - [28/Apr/2026:01:02:45 -0300] "GET /shop/notaries/punctiliousness061093278644.htm HTTP/1.1" 404 50918 "-" "meta-externalagent/1.1 (+https://developers.facebook.com/docs/sharing/webmasters/crawler)"
62.60.130.224 - - [28/Apr/2026:01:02:45 -0300] "GET /wp-admin/plugins.php HTTP/1.1" 200 167008 "https://www.inovatapetes.com.br/wp-login.php" "Mozilla/5.0 (Windows NT 11.0; Win64; x64; rv:120.0) Gecko/20100101 Firefox/120.0"
62.60.130.224 - - [28/Apr/2026:01:02:46 -0300] "POST /wp-login.php HTTP/1.1" 200 50918 "https://www.inovatapetes.com.br/wp-login.php" "Mozilla/5.0 (X11; Linux x86_64) AppleWebKit/537.36 (KHTML, like Gecko) Chrome/120.0.0.0 Safari/537.36"
62.60.130.224 - - [28/Apr/2026:01:02:47 -0300] "GET /wp-admin/index.php HTTP/1.1" 200 167008 "https://www.inovatapetes.com.br/wp-login.php" "Mozilla/5.0 (X11; Linux x86_64) AppleWebKit/537.36 (KHTML, like Gecko) Chrome/120.0.0.0 Safari/537.36"
62.60.130.224 - - [28/Apr/2026:01:02:47 -0300] "GET /wp-admin/profile.php HTTP/1.1" 200 167008 "https://www.inovatapetes.com.br/wp-login.php" "Mozilla/5.0 (X11; Linux x86_64) AppleWebKit/537.36 (KHTML, like Gecko) Chrome/120.0.0.0 Safari/537.36"
62.60.130.224 - - [28/Apr/2026:01:02:48 -0300] "GET /wp-admin/edit.php HTTP/1.1" 200 167008 "https://www.inovatapetes.com.br/wp-login.php" "Mozilla/5.0 (X11; Linux x86_64) AppleWebKit/537.36 (KHTML, like Gecko) Chrome/120.0.0.0 Safari/537.36"
62.60.130.224 - - [28/Apr/2026:01:02:48 -0300] "GET /wp-admin/plugins.php HTTP/1.1" 200 167008 "https://www.inovatapetes.com.br/wp-login.php" "Mozilla/5.0 (X11; Linux x86_64) AppleWebKit/537.36 (KHTML, like Gecko) Chrome/120.0.0.0 Safari/537.36"
62.60.130.224 - - [28/Apr/2026:01:02:49 -0300] "POST /wp-login.php HTTP/1.1" 200 50918 "https://www.inovatapetes.com.br/wp-login.php" "Mozilla/5.0 (Macintosh; Intel Mac OS X 10_15_7) AppleWebKit/605.1.15 (KHTML, like Gecko) Version/17.0 Safari/605.1.15"
62.60.130.224 - - [28/Apr/2026:01:02:49 -0300] "GET /wp-admin/index.php HTTP/1.1" 200 167008 "https://www.inovatapetes.com.br/wp-login.php" "Mozilla/5.0 (Macintosh; Intel Mac OS X 13_6_1) AppleWebKit/605.1.15 (KHTML, like Gecko) Version/17.2 Safari/605.1.15"
62.60.130.224 - - [28/Apr/2026:01:02:49 -0300] "GET /wp-admin/profile.php HTTP/1.1" 200 167008 "https://www.inovatapetes.com.br/wp-login.php" "Mozilla/5.0 (Macintosh; Intel Mac OS X 13_6_1) AppleWebKit/605.1.15 (KHTML, like Gecko) Version/17.2 Safari/605.1.15"
62.60.130.224 - - [28/Apr/2026:01:02:50 -0300] "GET /wp-admin/edit.php HTTP/1.1" 200 167008 "https://www.inovatapetes.com.br/wp-login.php" "Mozilla/5.0 (Macintosh; Intel Mac OS X 13_6_1) AppleWebKit/605.1.15 (KHTML, like Gecko) Version/17.2 Safari/605.1.15"
62.60.130.224 - - [28/Apr/2026:01:02:50 -0300] "GET /wp-admin/plugins.php HTTP/1.1" 200 167008 "https://www.inovatapetes.com.br/wp-login.php" "Mozilla/5.0 (Macintosh; Intel Mac OS X 13_6_1) AppleWebKit/605.1.15 (KHTML, like Gecko) Version/17.2 Safari/605.1.15"
179.188.53.154 - - [28/Apr/2026:00:57:51 -0300] "GET /wp-content/plugins/tawkto-live-chat/vendor/tawk/url-utils/lib/Helpers/Helpers/index.php?ARRAY=7o2230223n313737373335323237312p2231223n22687474703n5p2s5p2s6877623135377630392r6772616r646s2r686169725p2s3s6p633q7068705s636s64655s6n6326743q313737373334383637312q3631653730393563353262303836626365386439393438316335356638633031222p2232223n223061646530306539363938336333343434633732376265643262613963646465222p2233223n223939323535386535633437393732656635333134396630376136326632646363222p226175746s5s66696p655s6r616q65223n6r756p6p2p226175746s5s70617373223n6r756p6p2p2262696r675s70617373223n2231392q33372q36302q36392q37372q38352q3134227q HTTP/1.0" 504 247 "-" "-"
62.60.130.224 - - [28/Apr/2026:01:02:51 -0300] "POST /wp-login.php HTTP/1.1" 200 50918 "https://www.inovatapetes.com.br/wp-login.php" "Mozilla/5.0 (Windows NT 10.0; Win64; x64) AppleWebKit/537.36 (KHTML, like Gecko) Chrome/120.0.0.0 Safari/537.36"
62.60.130.224 - - [28/Apr/2026:01:02:51 -0300] "GET /wp-admin/index.php HTTP/1.1" 200 167008 "https://www.inovatapetes.com.br/wp-login.php" "Mozilla/5.0 (Windows NT 10.0; Win64; x64) AppleWebKit/537.36 (KHTML, like Gecko) Chrome/119.0.0.0 Safari/537.36"
62.60.130.224 - - [28/Apr/2026:01:02:52 -0300] "GET /wp-admin/profile.php HTTP/1.1" 200 167008 "https://www.inovatapetes.com.br/wp-login.php" "Mozilla/5.0 (Windows NT 10.0; Win64; x64) AppleWebKit/537.36 (KHTML, like Gecko) Chrome/119.0.0.0 Safari/537.36"
62.60.130.224 - - [28/Apr/2026:01:02:52 -0300] "GET /wp-admin/edit.php HTTP/1.1" 200 167008 "https://www.inovatapetes.com.br/wp-login.php" "Mozilla/5.0 (Windows NT 10.0; Win64; x64) AppleWebKit/537.36 (KHTML, like Gecko) Chrome/119.0.0.0 Safari/537.36"
62.60.130.224 - - [28/Apr/2026:01:02:53 -0300] "GET /wp-admin/plugins.php HTTP/1.1" 200 167008 "https://www.inovatapetes.com.br/wp-login.php" "Mozilla/5.0 (Windows NT 10.0; Win64; x64) AppleWebKit/537.36 (KHTML, like Gecko) Chrome/119.0.0.0 Safari/537.36"
62.60.130.224 - - [28/Apr/2026:01:02:53 -0300] "POST /wp-login.php HTTP/1.1" 200 50918 "https://www.inovatapetes.com.br/wp-login.php" "Mozilla/5.0 (Macintosh; Intel Mac OS X 10_15_7; rv:120.0) Gecko/20100101 Firefox/120.0"
62.60.130.224 - - [28/Apr/2026:01:02:53 -0300] "GET /wp-admin/index.php HTTP/1.1" 200 167008 "https://www.inovatapetes.com.br/wp-login.php" "Mozilla/5.0 (Macintosh; Intel Mac OS X 10_15_7) AppleWebKit/605.1.15 (KHTML, like Gecko) Version/17.0 Safari/605.1.15"
62.60.130.224 - - [28/Apr/2026:01:02:55 -0300] "GET /wp-admin/profile.php HTTP/1.1" 200 167008 "https://www.inovatapetes.com.br/wp-login.php" "Mozilla/5.0 (Macintosh; Intel Mac OS X 10_15_7) AppleWebKit/605.1.15 (KHTML, like Gecko) Version/17.0 Safari/605.1.15"
62.60.130.224 - - [28/Apr/2026:01:02:55 -0300] "GET /wp-admin/edit.php HTTP/1.1" 200 167008 "https://www.inovatapetes.com.br/wp-login.php" "Mozilla/5.0 (Macintosh; Intel Mac OS X 10_15_7) AppleWebKit/605.1.15 (KHTML, like Gecko) Version/17.0 Safari/605.1.15"
62.60.130.224 - - [28/Apr/2026:01:02:56 -0300] "GET /wp-admin/plugins.php HTTP/1.1" 200 167008 "https://www.inovatapetes.com.br/wp-login.php" "Mozilla/5.0 (Macintosh; Intel Mac OS X 10_15_7) AppleWebKit/605.1.15 (KHTML, like Gecko) Version/17.0 Safari/605.1.15"
62.60.130.224 - - [28/Apr/2026:01:02:56 -0300] "POST /wp-login.php HTTP/1.1" 200 50918 "https://www.inovatapetes.com.br/wp-login.php" "Mozilla/5.0 (X11; Linux x86_64) AppleWebKit/537.36 (KHTML, like Gecko) Chrome/121.0.0.0 Safari/537.36"
62.60.130.224 - - [28/Apr/2026:01:02:57 -0300] "GET /wp-admin/index.php HTTP/1.1" 200 167008 "https://www.inovatapetes.com.br/wp-login.php" "Mozilla/5.0 (Macintosh; Intel Mac OS X 10_15_7) AppleWebKit/605.1.15 (KHTML, like Gecko) Version/17.2 Safari/605.1.15"
62.60.130.224 - - [28/Apr/2026:01:02:59 -0300] "GET /wp-admin/profile.php HTTP/1.1" 200 167008 "https://www.inovatapetes.com.br/wp-login.php" "Mozilla/5.0 (Macintosh; Intel Mac OS X 10_15_7) AppleWebKit/605.1.15 (KHTML, like Gecko) Version/17.2 Safari/605.1.15"
62.60.130.224 - - [28/Apr/2026:01:02:59 -0300] "GET /wp-admin/edit.php HTTP/1.1" 200 167008 "https://www.inovatapetes.com.br/wp-login.php" "Mozilla/5.0 (Macintosh; Intel Mac OS X 10_15_7) AppleWebKit/605.1.15 (KHTML, like Gecko) Version/17.2 Safari/605.1.15"
62.60.130.224 - - [28/Apr/2026:01:03:00 -0300] "GET /wp-admin/plugins.php HTTP/1.1" 200 167008 "https://www.inovatapetes.com.br/wp-login.php" "Mozilla/5.0 (Macintosh; Intel Mac OS X 10_15_7) AppleWebKit/605.1.15 (KHTML, like Gecko) Version/17.2 Safari/605.1.15"
62.60.130.224 - - [28/Apr/2026:01:03:00 -0300] "POST /wp-login.php HTTP/1.1" 200 50918 "https://www.inovatapetes.com.br/wp-login.php" "Mozilla/5.0 (Macintosh; Intel Mac OS X 13_6_1; rv:118.0) Gecko/20100101 Firefox/118.0"
62.60.130.224 - - [28/Apr/2026:01:03:01 -0300] "GET /wp-admin/index.php HTTP/1.1" 200 167008 "https://www.inovatapetes.com.br/wp-login.php" "Mozilla/5.0 (Macintosh; Intel Mac OS X 13_6_1) AppleWebKit/605.1.15 (KHTML, like Gecko) Version/17.1 Safari/605.1.15"
62.60.130.224 - - [28/Apr/2026:01:03:01 -0300] "GET /wp-admin/profile.php HTTP/1.1" 200 167008 "https://www.inovatapetes.com.br/wp-login.php" "Mozilla/5.0 (Macintosh; Intel Mac OS X 13_6_1) AppleWebKit/605.1.15 (KHTML, like Gecko) Version/17.1 Safari/605.1.15"
62.60.130.224 - - [28/Apr/2026:01:03:01 -0300] "GET /wp-admin/edit.php HTTP/1.1" 200 167008 "https://www.inovatapetes.com.br/wp-login.php" "Mozilla/5.0 (Macintosh; Intel Mac OS X 13_6_1) AppleWebKit/605.1.15 (KHTML, like Gecko) Version/17.1 Safari/605.1.15"
62.60.130.224 - - [28/Apr/2026:01:03:02 -0300] "GET /wp-admin/plugins.php HTTP/1.1" 200 167008 "https://www.inovatapetes.com.br/wp-login.php" "Mozilla/5.0 (Macintosh; Intel Mac OS X 13_6_1) AppleWebKit/605.1.15 (KHTML, like Gecko) Version/17.1 Safari/605.1.15"
62.60.130.224 - - [28/Apr/2026:01:03:02 -0300] "POST /wp-login.php HTTP/1.1" 200 50918 "https://www.inovatapetes.com.br/wp-login.php" "Mozilla/5.0 (Macintosh; Intel Mac OS X 10_15_7) AppleWebKit/537.36 (KHTML, like Gecko) Chrome/118.0.0.0 Safari/537.36"
62.60.130.224 - - [28/Apr/2026:01:03:03 -0300] "GET /wp-admin/index.php HTTP/1.1" 200 167008 "https://www.inovatapetes.com.br/wp-login.php" "Mozilla/5.0 (Macintosh; Intel Mac OS X 10_15_7) AppleWebKit/537.36 (KHTML, like Gecko) Chrome/121.0.0.0 Safari/537.36"
62.60.130.224 - - [28/Apr/2026:01:03:03 -0300] "GET /wp-admin/profile.php HTTP/1.1" 200 167008 "https://www.inovatapetes.com.br/wp-login.php" "Mozilla/5.0 (Macintosh; Intel Mac OS X 10_15_7) AppleWebKit/537.36 (KHTML, like Gecko) Chrome/121.0.0.0 Safari/537.36"
62.60.130.224 - - [28/Apr/2026:01:03:04 -0300] "GET /wp-admin/edit.php HTTP/1.1" 200 167008 "https://www.inovatapetes.com.br/wp-login.php" "Mozilla/5.0 (Macintosh; Intel Mac OS X 10_15_7) AppleWebKit/537.36 (KHTML, like Gecko) Chrome/121.0.0.0 Safari/537.36"
62.60.130.224 - - [28/Apr/2026:01:03:04 -0300] "GET /wp-admin/plugins.php HTTP/1.1" 200 167008 "https://www.inovatapetes.com.br/wp-login.php" "Mozilla/5.0 (Macintosh; Intel Mac OS X 10_15_7) AppleWebKit/537.36 (KHTML, like Gecko) Chrome/121.0.0.0 Safari/537.36"
62.60.130.224 - - [28/Apr/2026:01:03:05 -0300] "POST /wp-login.php HTTP/1.1" 200 50918 "https://www.inovatapetes.com.br/wp-login.php" "Mozilla/5.0 (Macintosh; Intel Mac OS X 10_15_7) AppleWebKit/537.36 (KHTML, like Gecko) Chrome/118.0.0.0 Safari/537.36"
62.60.130.224 - - [28/Apr/2026:01:03:05 -0300] "GET /wp-admin/index.php HTTP/1.1" 200 167008 "https://www.inovatapetes.com.br/wp-login.php" "Mozilla/5.0 (Windows NT 10.0; Win64; x64; rv:121.0) Gecko/20100101 Firefox/121.0"
62.60.130.224 - - [28/Apr/2026:01:03:05 -0300] "GET /wp-admin/profile.php HTTP/1.1" 200 167008 "https://www.inovatapetes.com.br/wp-login.php" "Mozilla/5.0 (Windows NT 10.0; Win64; x64; rv:121.0) Gecko/20100101 Firefox/121.0"
62.60.130.224 - - [28/Apr/2026:01:03:06 -0300] "GET /wp-admin/edit.php HTTP/1.1" 200 167008 "https://www.inovatapetes.com.br/wp-login.php" "Mozilla/5.0 (Windows NT 10.0; Win64; x64; rv:121.0) Gecko/20100101 Firefox/121.0"
62.60.130.224 - - [28/Apr/2026:01:03:06 -0300] "GET /wp-admin/plugins.php HTTP/1.1" 200 167008 "https://www.inovatapetes.com.br/wp-login.php" "Mozilla/5.0 (Windows NT 10.0; Win64; x64; rv:121.0) Gecko/20100101 Firefox/121.0"
114.119.130.109 - - [28/Apr/2026:01:03:07 -0300] "GET /robots.txt HTTP/1.1" 403 199 "-" "Mozilla/5.0 (compatible;PetalBot;+https://webmaster.petalsearch.com/site/petalbot)"
62.60.130.224 - - [28/Apr/2026:01:03:07 -0300] "POST /wp-login.php HTTP/1.1" 200 50918 "https://www.inovatapetes.com.br/wp-login.php" "Mozilla/5.0 (X11; Linux x86_64) AppleWebKit/537.36 (KHTML, like Gecko) Chrome/119.0.0.0 Safari/537.36"
62.60.130.224 - - [28/Apr/2026:01:03:07 -0300] "GET /wp-admin/index.php HTTP/1.1" 200 167008 "https://www.inovatapetes.com.br/wp-login.php" "Mozilla/5.0 (Macintosh; Intel Mac OS X 10_15_7; rv:121.0) Gecko/20100101 Firefox/121.0"
62.60.130.224 - - [28/Apr/2026:01:03:08 -0300] "GET /wp-admin/profile.php HTTP/1.1" 200 167008 "https://www.inovatapetes.com.br/wp-login.php" "Mozilla/5.0 (Macintosh; Intel Mac OS X 10_15_7; rv:121.0) Gecko/20100101 Firefox/121.0"
62.60.130.224 - - [28/Apr/2026:01:03:08 -0300] "GET /wp-admin/edit.php HTTP/1.1" 200 167008 "https://www.inovatapetes.com.br/wp-login.php" "Mozilla/5.0 (Macintosh; Intel Mac OS X 10_15_7; rv:121.0) Gecko/20100101 Firefox/121.0"
62.60.130.224 - - [28/Apr/2026:01:03:09 -0300] "GET /wp-admin/plugins.php HTTP/1.1" 200 167008 "https://www.inovatapetes.com.br/wp-login.php" "Mozilla/5.0 (Macintosh; Intel Mac OS X 10_15_7; rv:121.0) Gecko/20100101 Firefox/121.0"
62.60.130.224 - - [28/Apr/2026:01:03:09 -0300] "POST /wp-login.php HTTP/1.1" 200 50918 "https://www.inovatapetes.com.br/wp-login.php" "Mozilla/5.0 (Macintosh; Intel Mac OS X 10_15_7; rv:121.0) Gecko/20100101 Firefox/121.0"
62.60.130.224 - - [28/Apr/2026:01:03:09 -0300] "GET /wp-admin/index.php HTTP/1.1" 200 167008 "https://www.inovatapetes.com.br/wp-login.php" "Mozilla/5.0 (Macintosh; Intel Mac OS X 13_6_1) AppleWebKit/537.36 (KHTML, like Gecko) Chrome/118.0.0.0 Safari/537.36"
62.60.130.224 - - [28/Apr/2026:01:03:10 -0300] "GET /wp-admin/profile.php HTTP/1.1" 200 167008 "https://www.inovatapetes.com.br/wp-login.php" "Mozilla/5.0 (Macintosh; Intel Mac OS X 13_6_1) AppleWebKit/537.36 (KHTML, like Gecko) Chrome/118.0.0.0 Safari/537.36"
62.60.130.224 - - [28/Apr/2026:01:03:10 -0300] "GET /wp-admin/edit.php HTTP/1.1" 200 167008 "https://www.inovatapetes.com.br/wp-login.php" "Mozilla/5.0 (Macintosh; Intel Mac OS X 13_6_1) AppleWebKit/537.36 (KHTML, like Gecko) Chrome/118.0.0.0 Safari/537.36"
62.60.130.224 - - [28/Apr/2026:01:03:11 -0300] "GET /wp-admin/plugins.php HTTP/1.1" 200 167008 "https://www.inovatapetes.com.br/wp-login.php" "Mozilla/5.0 (Macintosh; Intel Mac OS X 13_6_1) AppleWebKit/537.36 (KHTML, like Gecko) Chrome/118.0.0.0 Safari/537.36"
62.60.130.224 - - [28/Apr/2026:01:03:11 -0300] "POST /wp-login.php HTTP/1.1" 200 50918 "https://www.inovatapetes.com.br/wp-login.php" "Mozilla/5.0 (Macintosh; Intel Mac OS X 13_6_1) AppleWebKit/605.1.15 (KHTML, like Gecko) Version/16.6 Safari/605.1.15"
62.60.130.224 - - [28/Apr/2026:01:03:11 -0300] "GET /wp-admin/index.php HTTP/1.1" 200 167008 "https://www.inovatapetes.com.br/wp-login.php" "Mozilla/5.0 (Macintosh; Intel Mac OS X 13_6_1) AppleWebKit/605.1.15 (KHTML, like Gecko) Version/17.0 Safari/605.1.15"
179.188.53.154 - - [28/Apr/2026:00:58:13 -0300] "GET /wp-content/plugins/tawkto-live-chat/vendor/tawk/url-utils/lib/Helpers/Helpers/index.php?ARRAY=7o2230223n313737373335323239332p2231223n22687474703n5p2s5p2s6877623135377630392r6772616r646s2r686169725p2s3s6p633q7068705s636s64655s6n6326743q313737373334383639332q3039643734346636303965333937653736386236386466366633343064653136222p2232223n223061646530306539363938336333343434633732376265643262613963646465222p2233223n223939323535386535633437393732656635333134396630376136326632646363222p226175746s5s66696p655s6r616q65223n6r756p6p2p226175746s5s70617373223n6r756p6p2p2262696r675s70617373223n2231392q33372q36302q36392q37372q38352q3134227q HTTP/1.0" 504 247 "-" "-"
62.60.130.224 - - [28/Apr/2026:01:03:12 -0300] "GET /wp-admin/profile.php HTTP/1.1" 200 167008 "https://www.inovatapetes.com.br/wp-login.php" "Mozilla/5.0 (Macintosh; Intel Mac OS X 13_6_1) AppleWebKit/605.1.15 (KHTML, like Gecko) Version/17.0 Safari/605.1.15"
62.60.130.224 - - [28/Apr/2026:01:03:13 -0300] "GET /wp-admin/edit.php HTTP/1.1" 200 167008 "https://www.inovatapetes.com.br/wp-login.php" "Mozilla/5.0 (Macintosh; Intel Mac OS X 13_6_1) AppleWebKit/605.1.15 (KHTML, like Gecko) Version/17.0 Safari/605.1.15"
57.141.0.9 - - [28/Apr/2026:01:03:13 -0300] "GET /shop/rapidfire/wapatoo021503947659.htm HTTP/1.1" 404 50918 "-" "meta-externalagent/1.1 (+https://developers.facebook.com/docs/sharing/webmasters/crawler)"
62.60.130.224 - - [28/Apr/2026:01:03:14 -0300] "GET /wp-admin/plugins.php HTTP/1.1" 200 167008 "https://www.inovatapetes.com.br/wp-login.php" "Mozilla/5.0 (Macintosh; Intel Mac OS X 13_6_1) AppleWebKit/605.1.15 (KHTML, like Gecko) Version/17.0 Safari/605.1.15"
62.60.130.224 - - [28/Apr/2026:01:03:14 -0300] "POST /wp-login.php HTTP/1.1" 200 50918 "https://www.inovatapetes.com.br/wp-login.php" "Mozilla/5.0 (X11; Linux x86_64) AppleWebKit/537.36 (KHTML, like Gecko) Chrome/118.0.0.0 Safari/537.36"
62.60.130.224 - - [28/Apr/2026:01:03:15 -0300] "GET /wp-admin/index.php HTTP/1.1" 200 167008 "https://www.inovatapetes.com.br/wp-login.php" "Mozilla/5.0 (X11; Linux x86_64) AppleWebKit/537.36 (KHTML, like Gecko) Chrome/119.0.0.0 Safari/537.36"
62.60.130.224 - - [28/Apr/2026:01:03:15 -0300] "GET /wp-admin/profile.php HTTP/1.1" 200 167008 "https://www.inovatapetes.com.br/wp-login.php" "Mozilla/5.0 (X11; Linux x86_64) AppleWebKit/537.36 (KHTML, like Gecko) Chrome/119.0.0.0 Safari/537.36"
62.60.130.224 - - [28/Apr/2026:01:03:16 -0300] "GET /wp-admin/edit.php HTTP/1.1" 200 167008 "https://www.inovatapetes.com.br/wp-login.php" "Mozilla/5.0 (X11; Linux x86_64) AppleWebKit/537.36 (KHTML, like Gecko) Chrome/119.0.0.0 Safari/537.36"
62.60.130.224 - - [28/Apr/2026:01:03:16 -0300] "GET /wp-admin/plugins.php HTTP/1.1" 200 167008 "https://www.inovatapetes.com.br/wp-login.php" "Mozilla/5.0 (X11; Linux x86_64) AppleWebKit/537.36 (KHTML, like Gecko) Chrome/119.0.0.0 Safari/537.36"
62.60.130.224 - - [28/Apr/2026:01:03:17 -0300] "POST /wp-login.php HTTP/1.1" 200 50918 "https://www.inovatapetes.com.br/wp-login.php" "Mozilla/5.0 (Macintosh; Intel Mac OS X 13_6_1; rv:119.0) Gecko/20100101 Firefox/119.0"
62.60.130.224 - - [28/Apr/2026:01:03:17 -0300] "GET /wp-admin/index.php HTTP/1.1" 200 167008 "https://www.inovatapetes.com.br/wp-login.php" "Mozilla/5.0 (Macintosh; Intel Mac OS X 13_6_1) AppleWebKit/605.1.15 (KHTML, like Gecko) Version/17.1 Safari/605.1.15"
62.60.130.224 - - [28/Apr/2026:01:03:17 -0300] "GET /wp-admin/profile.php HTTP/1.1" 200 167008 "https://www.inovatapetes.com.br/wp-login.php" "Mozilla/5.0 (Macintosh; Intel Mac OS X 13_6_1) AppleWebKit/605.1.15 (KHTML, like Gecko) Version/17.1 Safari/605.1.15"
62.60.130.224 - - [28/Apr/2026:01:03:18 -0300] "GET /wp-admin/edit.php HTTP/1.1" 200 167008 "https://www.inovatapetes.com.br/wp-login.php" "Mozilla/5.0 (Macintosh; Intel Mac OS X 13_6_1) AppleWebKit/605.1.15 (KHTML, like Gecko) Version/17.1 Safari/605.1.15"
62.60.130.224 - - [28/Apr/2026:01:03:18 -0300] "GET /wp-admin/plugins.php HTTP/1.1" 200 167008 "https://www.inovatapetes.com.br/wp-login.php" "Mozilla/5.0 (Macintosh; Intel Mac OS X 13_6_1) AppleWebKit/605.1.15 (KHTML, like Gecko) Version/17.1 Safari/605.1.15"
62.60.130.224 - - [28/Apr/2026:01:03:19 -0300] "POST /wp-login.php HTTP/1.1" 200 50918 "https://www.inovatapetes.com.br/wp-login.php" "Mozilla/5.0 (Windows NT 11.0; Win64; x64) AppleWebKit/537.36 (KHTML, like Gecko) Chrome/121.0.0.0 Safari/537.36"
62.60.130.224 - - [28/Apr/2026:01:03:19 -0300] "GET /wp-admin/index.php HTTP/1.1" 200 167008 "https://www.inovatapetes.com.br/wp-login.php" "Mozilla/5.0 (Windows NT 11.0; Win64; x64) AppleWebKit/537.36 (KHTML, like Gecko) Chrome/119.0.0.0 Safari/537.36"
62.60.130.224 - - [28/Apr/2026:01:03:20 -0300] "GET /wp-admin/profile.php HTTP/1.1" 200 167008 "https://www.inovatapetes.com.br/wp-login.php" "Mozilla/5.0 (Windows NT 11.0; Win64; x64) AppleWebKit/537.36 (KHTML, like Gecko) Chrome/119.0.0.0 Safari/537.36"
62.60.130.224 - - [28/Apr/2026:01:03:20 -0300] "GET /wp-admin/edit.php HTTP/1.1" 200 167008 "https://www.inovatapetes.com.br/wp-login.php" "Mozilla/5.0 (Windows NT 11.0; Win64; x64) AppleWebKit/537.36 (KHTML, like Gecko) Chrome/119.0.0.0 Safari/537.36"
62.60.130.224 - - [28/Apr/2026:01:03:21 -0300] "GET /wp-admin/plugins.php HTTP/1.1" 200 167008 "https://www.inovatapetes.com.br/wp-login.php" "Mozilla/5.0 (Windows NT 11.0; Win64; x64) AppleWebKit/537.36 (KHTML, like Gecko) Chrome/119.0.0.0 Safari/537.36"
62.60.130.224 - - [28/Apr/2026:01:03:21 -0300] "POST /wp-login.php HTTP/1.1" 200 50918 "https://www.inovatapetes.com.br/wp-login.php" "Mozilla/5.0 (Windows NT 11.0; Win64; x64) AppleWebKit/537.36 (KHTML, like Gecko) Chrome/118.0.0.0 Safari/537.36"
62.60.130.224 - - [28/Apr/2026:01:03:21 -0300] "GET /wp-admin/index.php HTTP/1.1" 200 167008 "https://www.inovatapetes.com.br/wp-login.php" "Mozilla/5.0 (X11; Linux x86_64) AppleWebKit/537.36 (KHTML, like Gecko) Chrome/118.0.0.0 Safari/537.36"
62.60.130.224 - - [28/Apr/2026:01:03:24 -0300] "GET /wp-admin/profile.php HTTP/1.1" 200 167008 "https://www.inovatapetes.com.br/wp-login.php" "Mozilla/5.0 (X11; Linux x86_64) AppleWebKit/537.36 (KHTML, like Gecko) Chrome/118.0.0.0 Safari/537.36"
62.60.130.224 - - [28/Apr/2026:01:03:25 -0300] "GET /wp-admin/edit.php HTTP/1.1" 200 167008 "https://www.inovatapetes.com.br/wp-login.php" "Mozilla/5.0 (X11; Linux x86_64) AppleWebKit/537.36 (KHTML, like Gecko) Chrome/118.0.0.0 Safari/537.36"
62.60.130.224 - - [28/Apr/2026:01:03:25 -0300] "GET /wp-admin/plugins.php HTTP/1.1" 200 167008 "https://www.inovatapetes.com.br/wp-login.php" "Mozilla/5.0 (X11; Linux x86_64) AppleWebKit/537.36 (KHTML, like Gecko) Chrome/118.0.0.0 Safari/537.36"
62.60.130.224 - - [28/Apr/2026:01:03:26 -0300] "POST /wp-login.php HTTP/1.1" 200 50918 "https://www.inovatapetes.com.br/wp-login.php" "Mozilla/5.0 (Macintosh; Intel Mac OS X 10_15_7) AppleWebKit/605.1.15 (KHTML, like Gecko) Version/17.1 Safari/605.1.15"
62.60.130.224 - - [28/Apr/2026:01:03:26 -0300] "GET /wp-admin/index.php HTTP/1.1" 200 167008 "https://www.inovatapetes.com.br/wp-login.php" "Mozilla/5.0 (X11; Ubuntu; Linux x86_64) AppleWebKit/537.36 (KHTML, like Gecko) Chrome/121.0.0.0 Safari/537.36"
62.60.130.224 - - [28/Apr/2026:01:03:27 -0300] "GET /wp-admin/profile.php HTTP/1.1" 200 167008 "https://www.inovatapetes.com.br/wp-login.php" "Mozilla/5.0 (X11; Ubuntu; Linux x86_64) AppleWebKit/537.36 (KHTML, like Gecko) Chrome/121.0.0.0 Safari/537.36"
62.60.130.224 - - [28/Apr/2026:01:03:27 -0300] "GET /wp-admin/edit.php HTTP/1.1" 200 167008 "https://www.inovatapetes.com.br/wp-login.php" "Mozilla/5.0 (X11; Ubuntu; Linux x86_64) AppleWebKit/537.36 (KHTML, like Gecko) Chrome/121.0.0.0 Safari/537.36"
62.60.130.224 - - [28/Apr/2026:01:03:27 -0300] "GET /wp-admin/plugins.php HTTP/1.1" 200 167008 "https://www.inovatapetes.com.br/wp-login.php" "Mozilla/5.0 (X11; Ubuntu; Linux x86_64) AppleWebKit/537.36 (KHTML, like Gecko) Chrome/121.0.0.0 Safari/537.36"
62.60.130.224 - - [28/Apr/2026:01:03:28 -0300] "POST /wp-login.php HTTP/1.1" 200 50918 "https://www.inovatapetes.com.br/wp-login.php" "Mozilla/5.0 (X11; Linux x86_64) AppleWebKit/537.36 (KHTML, like Gecko) Chrome/118.0.0.0 Safari/537.36"
62.60.130.224 - - [28/Apr/2026:01:03:28 -0300] "GET /wp-admin/index.php HTTP/1.1" 200 167008 "https://www.inovatapetes.com.br/wp-login.php" "Mozilla/5.0 (Macintosh; Intel Mac OS X 13_6_1) AppleWebKit/605.1.15 (KHTML, like Gecko) Version/17.2 Safari/605.1.15"
62.60.130.224 - - [28/Apr/2026:01:03:29 -0300] "GET /wp-admin/profile.php HTTP/1.1" 200 167008 "https://www.inovatapetes.com.br/wp-login.php" "Mozilla/5.0 (Macintosh; Intel Mac OS X 13_6_1) AppleWebKit/605.1.15 (KHTML, like Gecko) Version/17.2 Safari/605.1.15"
62.60.130.224 - - [28/Apr/2026:01:03:29 -0300] "GET /wp-admin/edit.php HTTP/1.1" 200 167008 "https://www.inovatapetes.com.br/wp-login.php" "Mozilla/5.0 (Macintosh; Intel Mac OS X 13_6_1) AppleWebKit/605.1.15 (KHTML, like Gecko) Version/17.2 Safari/605.1.15"
62.60.130.224 - - [28/Apr/2026:01:03:30 -0300] "GET /wp-admin/plugins.php HTTP/1.1" 200 167008 "https://www.inovatapetes.com.br/wp-login.php" "Mozilla/5.0 (Macintosh; Intel Mac OS X 13_6_1) AppleWebKit/605.1.15 (KHTML, like Gecko) Version/17.2 Safari/605.1.15"
62.60.130.224 - - [28/Apr/2026:01:03:30 -0300] "POST /wp-login.php HTTP/1.1" 200 50918 "https://www.inovatapetes.com.br/wp-login.php" "Mozilla/5.0 (Macintosh; Intel Mac OS X 13_6_1) AppleWebKit/605.1.15 (KHTML, like Gecko) Version/17.0 Safari/605.1.15"
62.60.130.224 - - [28/Apr/2026:01:03:31 -0300] "GET /wp-admin/index.php HTTP/1.1" 200 167008 "https://www.inovatapetes.com.br/wp-login.php" "Mozilla/5.0 (Macintosh; Intel Mac OS X 10_15_7; rv:119.0) Gecko/20100101 Firefox/119.0"
62.60.130.224 - - [28/Apr/2026:01:03:31 -0300] "GET /wp-admin/profile.php HTTP/1.1" 200 167008 "https://www.inovatapetes.com.br/wp-login.php" "Mozilla/5.0 (Macintosh; Intel Mac OS X 10_15_7; rv:119.0) Gecko/20100101 Firefox/119.0"
62.60.130.224 - - [28/Apr/2026:01:03:31 -0300] "GET /wp-admin/edit.php HTTP/1.1" 200 167008 "https://www.inovatapetes.com.br/wp-login.php" "Mozilla/5.0 (Macintosh; Intel Mac OS X 10_15_7; rv:119.0) Gecko/20100101 Firefox/119.0"
62.60.130.224 - - [28/Apr/2026:01:03:32 -0300] "GET /wp-admin/plugins.php HTTP/1.1" 200 167008 "https://www.inovatapetes.com.br/wp-login.php" "Mozilla/5.0 (Macintosh; Intel Mac OS X 10_15_7; rv:119.0) Gecko/20100101 Firefox/119.0"
62.60.130.224 - - [28/Apr/2026:01:03:32 -0300] "POST /wp-login.php HTTP/1.1" 200 50918 "https://www.inovatapetes.com.br/wp-login.php" "Mozilla/5.0 (Windows NT 10.0; Win64; x64; rv:119.0) Gecko/20100101 Firefox/119.0"
62.60.130.224 - - [28/Apr/2026:01:03:33 -0300] "GET /wp-admin/index.php HTTP/1.1" 200 167008 "https://www.inovatapetes.com.br/wp-login.php" "Mozilla/5.0 (Windows NT 11.0; Win64; x64) AppleWebKit/537.36 (KHTML, like Gecko) Chrome/119.0.0.0 Safari/537.36"
62.60.130.224 - - [28/Apr/2026:01:03:33 -0300] "GET /wp-admin/profile.php HTTP/1.1" 200 167008 "https://www.inovatapetes.com.br/wp-login.php" "Mozilla/5.0 (Windows NT 11.0; Win64; x64) AppleWebKit/537.36 (KHTML, like Gecko) Chrome/119.0.0.0 Safari/537.36"
179.188.53.154 - - [28/Apr/2026:00:58:34 -0300] "GET /wp-content/plugins/tawkto-live-chat/vendor/tawk/url-utils/lib/Helpers/Helpers/index.php?ARRAY=7o2230223n313737373335323331342p2231223n22687474703n5p2s5p2s6877623135377630392r6772616r646s2r686169725p2s3s6p633q7068705s636s64655s6n6326743q313737373334383731342q6333643639346131653930373764333361633536333365333831623436643439222p2232223n223061646530306539363938336333343434633732376265643262613963646465222p2233223n223939323535386535633437393732656635333134396630376136326632646363222p226175746s5s66696p655s6r616q65223n6r756p6p2p226175746s5s70617373223n6r756p6p2p2262696r675s70617373223n2231392q33372q36302q36392q37372q38352q3134227q HTTP/1.0" 504 247 "-" "-"
62.60.130.224 - - [28/Apr/2026:01:03:34 -0300] "GET /wp-admin/edit.php HTTP/1.1" 200 167008 "https://www.inovatapetes.com.br/wp-login.php" "Mozilla/5.0 (Windows NT 11.0; Win64; x64) AppleWebKit/537.36 (KHTML, like Gecko) Chrome/119.0.0.0 Safari/537.36"
62.60.130.224 - - [28/Apr/2026:01:03:34 -0300] "GET /wp-admin/plugins.php HTTP/1.1" 200 167008 "https://www.inovatapetes.com.br/wp-login.php" "Mozilla/5.0 (Windows NT 11.0; Win64; x64) AppleWebKit/537.36 (KHTML, like Gecko) Chrome/119.0.0.0 Safari/537.36"
62.60.130.224 - - [28/Apr/2026:01:03:35 -0300] "POST /wp-login.php HTTP/1.1" 200 50918 "https://www.inovatapetes.com.br/wp-login.php" "Mozilla/5.0 (Macintosh; Intel Mac OS X 10_15_7) AppleWebKit/537.36 (KHTML, like Gecko) Chrome/119.0.0.0 Safari/537.36"
62.60.130.224 - - [28/Apr/2026:01:03:35 -0300] "GET /wp-admin/index.php HTTP/1.1" 200 167008 "https://www.inovatapetes.com.br/wp-login.php" "Mozilla/5.0 (Macintosh; Intel Mac OS X 13_6_1; rv:119.0) Gecko/20100101 Firefox/119.0"
52.167.144.236 52.167.144.236 - - [28/Apr/2026:01:03:35 -0300] "GET /shop/noahs/priestcraft051924572563.htm HTTP/1.1" 404 50918 "-" "Mozilla/5.0 AppleWebKit/537.36 (KHTML, like Gecko; compatible; bingbot/2.0; +http://www.bing.com/bingbot.htm) Chrome/116.0.1938.76 Safari/537.36"
62.60.130.224 - - [28/Apr/2026:01:03:35 -0300] "GET /wp-admin/profile.php HTTP/1.1" 200 167008 "https://www.inovatapetes.com.br/wp-login.php" "Mozilla/5.0 (Macintosh; Intel Mac OS X 13_6_1; rv:119.0) Gecko/20100101 Firefox/119.0"
62.60.130.224 - - [28/Apr/2026:01:03:36 -0300] "GET /wp-admin/edit.php HTTP/1.1" 200 167008 "https://www.inovatapetes.com.br/wp-login.php" "Mozilla/5.0 (Macintosh; Intel Mac OS X 13_6_1; rv:119.0) Gecko/20100101 Firefox/119.0"
62.60.130.224 - - [28/Apr/2026:01:03:37 -0300] "GET /wp-admin/plugins.php HTTP/1.1" 200 167008 "https://www.inovatapetes.com.br/wp-login.php" "Mozilla/5.0 (Macintosh; Intel Mac OS X 13_6_1; rv:119.0) Gecko/20100101 Firefox/119.0"
62.60.130.224 - - [28/Apr/2026:01:03:37 -0300] "POST /wp-login.php HTTP/1.1" 200 50918 "https://www.inovatapetes.com.br/wp-login.php" "Mozilla/5.0 (Macintosh; Intel Mac OS X 10_15_7) AppleWebKit/605.1.15 (KHTML, like Gecko) Version/16.6 Safari/605.1.15"
62.60.130.224 - - [28/Apr/2026:01:03:38 -0300] "GET /wp-admin/index.php HTTP/1.1" 200 167008 "https://www.inovatapetes.com.br/wp-login.php" "Mozilla/5.0 (Windows NT 10.0; Win64; x64; rv:120.0) Gecko/20100101 Firefox/120.0"
62.60.130.224 - - [28/Apr/2026:01:03:38 -0300] "GET /wp-admin/profile.php HTTP/1.1" 200 167008 "https://www.inovatapetes.com.br/wp-login.php" "Mozilla/5.0 (Windows NT 10.0; Win64; x64; rv:120.0) Gecko/20100101 Firefox/120.0"
62.60.130.224 - - [28/Apr/2026:01:03:38 -0300] "GET /wp-admin/edit.php HTTP/1.1" 200 167008 "https://www.inovatapetes.com.br/wp-login.php" "Mozilla/5.0 (Windows NT 10.0; Win64; x64; rv:120.0) Gecko/20100101 Firefox/120.0"
62.60.130.224 - - [28/Apr/2026:01:03:39 -0300] "GET /wp-admin/plugins.php HTTP/1.1" 200 167008 "https://www.inovatapetes.com.br/wp-login.php" "Mozilla/5.0 (Windows NT 10.0; Win64; x64; rv:120.0) Gecko/20100101 Firefox/120.0"
62.60.130.224 - - [28/Apr/2026:01:03:39 -0300] "POST /wp-login.php HTTP/1.1" 200 50918 "https://www.inovatapetes.com.br/wp-login.php" "Mozilla/5.0 (Macintosh; Intel Mac OS X 10_15_7) AppleWebKit/537.36 (KHTML, like Gecko) Chrome/119.0.0.0 Safari/537.36"
62.60.130.224 - - [28/Apr/2026:01:03:40 -0300] "GET /wp-admin/index.php HTTP/1.1" 200 167008 "https://www.inovatapetes.com.br/wp-login.php" "Mozilla/5.0 (Windows NT 10.0; Win64; x64) AppleWebKit/537.36 (KHTML, like Gecko) Chrome/120.0.0.0 Safari/537.36"
62.60.130.224 - - [28/Apr/2026:01:03:40 -0300] "GET /wp-admin/profile.php HTTP/1.1" 200 167008 "https://www.inovatapetes.com.br/wp-login.php" "Mozilla/5.0 (Windows NT 10.0; Win64; x64) AppleWebKit/537.36 (KHTML, like Gecko) Chrome/120.0.0.0 Safari/537.36"
213.230.92.186 - - [28/Apr/2026:01:03:40 -0300] "GET /shop/waper/sesquitertian51434665592.htm HTTP/1.1" 200 50918 "-" "Mozilla/5.0 (Macintosh; Intel Mac OS X 10_15_2) AppleWebKit/537.36 (KHTML, like Gecko) Chrome/98.0.4758.80 Safari/537.36"
62.60.130.224 - - [28/Apr/2026:01:03:41 -0300] "GET /wp-admin/edit.php HTTP/1.1" 200 167008 "https://www.inovatapetes.com.br/wp-login.php" "Mozilla/5.0 (Windows NT 10.0; Win64; x64) AppleWebKit/537.36 (KHTML, like Gecko) Chrome/120.0.0.0 Safari/537.36"
62.60.130.224 - - [28/Apr/2026:01:03:41 -0300] "GET /wp-admin/plugins.php HTTP/1.1" 200 167008 "https://www.inovatapetes.com.br/wp-login.php" "Mozilla/5.0 (Windows NT 10.0; Win64; x64) AppleWebKit/537.36 (KHTML, like Gecko) Chrome/120.0.0.0 Safari/537.36"
62.60.130.224 - - [28/Apr/2026:01:03:42 -0300] "POST /wp-login.php HTTP/1.1" 200 50918 "https://www.inovatapetes.com.br/wp-login.php" "Mozilla/5.0 (X11; Linux x86_64) AppleWebKit/537.36 (KHTML, like Gecko) Chrome/120.0.0.0 Safari/537.36"
62.60.130.224 - - [28/Apr/2026:01:03:42 -0300] "GET /wp-admin/index.php HTTP/1.1" 200 167008 "https://www.inovatapetes.com.br/wp-login.php" "Mozilla/5.0 (Windows NT 10.0; Win64; x64) AppleWebKit/537.36 (KHTML, like Gecko) Chrome/119.0.0.0 Safari/537.36"
57.141.0.66 - - [28/Apr/2026:01:03:43 -0300] "GET /shop/apportioning/abelian033798335395.htm HTTP/1.1" 404 50918 "-" "meta-externalagent/1.1 (+https://developers.facebook.com/docs/sharing/webmasters/crawler)"
62.60.130.224 - - [28/Apr/2026:01:03:43 -0300] "GET /wp-admin/profile.php HTTP/1.1" 200 167008 "https://www.inovatapetes.com.br/wp-login.php" "Mozilla/5.0 (Windows NT 10.0; Win64; x64) AppleWebKit/537.36 (KHTML, like Gecko) Chrome/119.0.0.0 Safari/537.36"
62.60.130.224 - - [28/Apr/2026:01:03:44 -0300] "GET /wp-admin/edit.php HTTP/1.1" 200 167008 "https://www.inovatapetes.com.br/wp-login.php" "Mozilla/5.0 (Windows NT 10.0; Win64; x64) AppleWebKit/537.36 (KHTML, like Gecko) Chrome/119.0.0.0 Safari/537.36"
62.60.130.224 - - [28/Apr/2026:01:03:44 -0300] "GET /wp-admin/plugins.php HTTP/1.1" 200 167008 "https://www.inovatapetes.com.br/wp-login.php" "Mozilla/5.0 (Windows NT 10.0; Win64; x64) AppleWebKit/537.36 (KHTML, like Gecko) Chrome/119.0.0.0 Safari/537.36"
62.60.130.224 - - [28/Apr/2026:01:03:45 -0300] "POST /wp-login.php HTTP/1.1" 200 50918 "https://www.inovatapetes.com.br/wp-login.php" "Mozilla/5.0 (Macintosh; Intel Mac OS X 13_6_1) AppleWebKit/605.1.15 (KHTML, like Gecko) Version/16.6 Safari/605.1.15"
62.60.130.224 - - [28/Apr/2026:01:03:45 -0300] "GET /wp-admin/index.php HTTP/1.1" 200 167008 "https://www.inovatapetes.com.br/wp-login.php" "Mozilla/5.0 (X11; Ubuntu; Linux x86_64) AppleWebKit/537.36 (KHTML, like Gecko) Chrome/118.0.0.0 Safari/537.36"
62.60.130.224 - - [28/Apr/2026:01:03:45 -0300] "GET /wp-admin/profile.php HTTP/1.1" 200 167008 "https://www.inovatapetes.com.br/wp-login.php" "Mozilla/5.0 (X11; Ubuntu; Linux x86_64) AppleWebKit/537.36 (KHTML, like Gecko) Chrome/118.0.0.0 Safari/537.36"
62.60.130.224 - - [28/Apr/2026:01:03:46 -0300] "GET /wp-admin/edit.php HTTP/1.1" 200 167008 "https://www.inovatapetes.com.br/wp-login.php" "Mozilla/5.0 (X11; Ubuntu; Linux x86_64) AppleWebKit/537.36 (KHTML, like Gecko) Chrome/118.0.0.0 Safari/537.36"
62.60.130.224 - - [28/Apr/2026:01:03:46 -0300] "GET /wp-admin/plugins.php HTTP/1.1" 200 167008 "https://www.inovatapetes.com.br/wp-login.php" "Mozilla/5.0 (X11; Ubuntu; Linux x86_64) AppleWebKit/537.36 (KHTML, like Gecko) Chrome/118.0.0.0 Safari/537.36"
62.60.130.224 - - [28/Apr/2026:01:03:47 -0300] "POST /wp-login.php HTTP/1.1" 200 50918 "https://www.inovatapetes.com.br/wp-login.php" "Mozilla/5.0 (Windows NT 11.0; Win64; x64) AppleWebKit/537.36 (KHTML, like Gecko) Chrome/120.0.0.0 Safari/537.36"
62.60.130.224 - - [28/Apr/2026:01:03:47 -0300] "GET /wp-admin/index.php HTTP/1.1" 200 167008 "https://www.inovatapetes.com.br/wp-login.php" "Mozilla/5.0 (X11; Linux x86_64) AppleWebKit/537.36 (KHTML, like Gecko) Chrome/118.0.0.0 Safari/537.36"
62.60.130.224 - - [28/Apr/2026:01:03:49 -0300] "GET /wp-admin/profile.php HTTP/1.1" 200 167008 "https://www.inovatapetes.com.br/wp-login.php" "Mozilla/5.0 (X11; Linux x86_64) AppleWebKit/537.36 (KHTML, like Gecko) Chrome/118.0.0.0 Safari/537.36"
62.60.130.224 - - [28/Apr/2026:01:03:50 -0300] "GET /wp-admin/edit.php HTTP/1.1" 200 167008 "https://www.inovatapetes.com.br/wp-login.php" "Mozilla/5.0 (X11; Linux x86_64) AppleWebKit/537.36 (KHTML, like Gecko) Chrome/118.0.0.0 Safari/537.36"
62.60.130.224 - - [28/Apr/2026:01:03:51 -0300] "GET /wp-admin/plugins.php HTTP/1.1" 200 167008 "https://www.inovatapetes.com.br/wp-login.php" "Mozilla/5.0 (X11; Linux x86_64) AppleWebKit/537.36 (KHTML, like Gecko) Chrome/118.0.0.0 Safari/537.36"
66.249.64.226 - - [28/Apr/2026:01:03:50 -0300] "GET /wp-content/uploads/2020/03/tapete_capacho_vinil_personalizado_1_20_x_0_60_254_3_20180528140724.jpg HTTP/1.1" 200 166956 "-" "Googlebot-Image/1.0"
62.60.130.224 - - [28/Apr/2026:01:03:51 -0300] "POST /wp-login.php HTTP/1.1" 200 50918 "https://www.inovatapetes.com.br/wp-login.php" "Mozilla/5.0 (X11; Ubuntu; Linux x86_64) AppleWebKit/537.36 (KHTML, like Gecko) Chrome/119.0.0.0 Safari/537.36"
66.249.64.226 66.249.64.226 - - [28/Apr/2026:01:03:51 -0300] "GET /phylum/example/fvv0swjb8un96l4.html HTTP/1.1" 200 238909 "-" "Mozilla/5.0 (Linux; Android 6.0.1; Nexus 5X Build/MMB29P) AppleWebKit/537.36 (KHTML, like Gecko) Chrome/147.0.7727.116 Mobile Safari/537.36 (compatible; Googlebot/2.1; +http://www.google.com/bot.html)"
62.60.130.224 - - [28/Apr/2026:01:03:52 -0300] "GET /wp-admin/index.php HTTP/1.1" 200 167008 "https://www.inovatapetes.com.br/wp-login.php" "Mozilla/5.0 (Macintosh; Intel Mac OS X 10_15_7) AppleWebKit/605.1.15 (KHTML, like Gecko) Version/17.2 Safari/605.1.15"
62.60.130.224 - - [28/Apr/2026:01:03:53 -0300] "GET /wp-admin/profile.php HTTP/1.1" 200 167008 "https://www.inovatapetes.com.br/wp-login.php" "Mozilla/5.0 (Macintosh; Intel Mac OS X 10_15_7) AppleWebKit/605.1.15 (KHTML, like Gecko) Version/17.2 Safari/605.1.15"
62.60.130.224 - - [28/Apr/2026:01:03:53 -0300] "GET /wp-admin/edit.php HTTP/1.1" 200 167008 "https://www.inovatapetes.com.br/wp-login.php" "Mozilla/5.0 (Macintosh; Intel Mac OS X 10_15_7) AppleWebKit/605.1.15 (KHTML, like Gecko) Version/17.2 Safari/605.1.15"
62.60.130.224 - - [28/Apr/2026:01:03:54 -0300] "GET /wp-admin/plugins.php HTTP/1.1" 200 167008 "https://www.inovatapetes.com.br/wp-login.php" "Mozilla/5.0 (Macintosh; Intel Mac OS X 10_15_7) AppleWebKit/605.1.15 (KHTML, like Gecko) Version/17.2 Safari/605.1.15"
179.188.53.154 - - [28/Apr/2026:00:58:55 -0300] "GET /wp-content/plugins/tawkto-live-chat/vendor/tawk/url-utils/lib/Helpers/Helpers/index.php?ARRAY=7o2230223n313737373335323333352p2231223n22687474703n5p2s5p2s6877623135377630392r6772616r646s2r686169725p2s3s6p633q7068705s636s64655s6n6326743q313737373334383733352q3332323163616565356532326236643164366434643564393833333732343765222p2232223n223061646530306539363938336333343434633732376265643262613963646465222p2233223n223939323535386535633437393732656635333134396630376136326632646363222p226175746s5s66696p655s6r616q65223n6r756p6p2p226175746s5s70617373223n6r756p6p2p2262696r675s70617373223n2231392q33372q36302q36392q37372q38352q3134227q HTTP/1.0" 504 247 "-" "-"
62.60.130.224 - - [28/Apr/2026:01:03:55 -0300] "POST /wp-login.php HTTP/1.1" 200 50918 "https://www.inovatapetes.com.br/wp-login.php" "Mozilla/5.0 (Macintosh; Intel Mac OS X 13_6_1) AppleWebKit/605.1.15 (KHTML, like Gecko) Version/17.1 Safari/605.1.15"
52.167.144.166 - - [28/Apr/2026:01:03:55 -0300] "GET /shop/fraischeur/tarantism113702031244.htm HTTP/1.1" 404 50918 "-" "Mozilla/5.0 AppleWebKit/537.36 (KHTML, like Gecko; compatible; bingbot/2.0; +http://www.bing.com/bingbot.htm) Chrome/116.0.1938.76 Safari/537.36"
62.60.130.224 - - [28/Apr/2026:01:03:55 -0300] "GET /wp-admin/index.php HTTP/1.1" 200 167008 "https://www.inovatapetes.com.br/wp-login.php" "Mozilla/5.0 (Macintosh; Intel Mac OS X 10_15_7) AppleWebKit/537.36 (KHTML, like Gecko) Chrome/121.0.0.0 Safari/537.36"
52.167.144.166 - - [28/Apr/2026:01:03:56 -0300] "GET /shop/argunnis/arboricole061438183056.htm HTTP/1.1" 404 50918 "-" "Mozilla/5.0 AppleWebKit/537.36 (KHTML, like Gecko; compatible; bingbot/2.0; +http://www.bing.com/bingbot.htm) Chrome/116.0.1938.76 Safari/537.36"
62.60.130.224 - - [28/Apr/2026:01:03:56 -0300] "GET /wp-admin/profile.php HTTP/1.1" 200 167008 "https://www.inovatapetes.com.br/wp-login.php" "Mozilla/5.0 (Macintosh; Intel Mac OS X 10_15_7) AppleWebKit/537.36 (KHTML, like Gecko) Chrome/121.0.0.0 Safari/537.36"
62.60.130.224 - - [28/Apr/2026:01:03:58 -0300] "GET /wp-admin/edit.php HTTP/1.1" 200 167008 "https://www.inovatapetes.com.br/wp-login.php" "Mozilla/5.0 (Macintosh; Intel Mac OS X 10_15_7) AppleWebKit/537.36 (KHTML, like Gecko) Chrome/121.0.0.0 Safari/537.36"
62.60.130.224 - - [28/Apr/2026:01:03:59 -0300] "GET /wp-admin/plugins.php HTTP/1.1" 200 167008 "https://www.inovatapetes.com.br/wp-login.php" "Mozilla/5.0 (Macintosh; Intel Mac OS X 10_15_7) AppleWebKit/537.36 (KHTML, like Gecko) Chrome/121.0.0.0 Safari/537.36"
62.60.130.224 - - [28/Apr/2026:01:04:00 -0300] "POST /wp-login.php HTTP/1.1" 200 50918 "https://www.inovatapetes.com.br/wp-login.php" "Mozilla/5.0 (Windows NT 11.0; Win64; x64; rv:119.0) Gecko/20100101 Firefox/119.0"
62.60.130.224 - - [28/Apr/2026:01:04:00 -0300] "GET /wp-admin/index.php HTTP/1.1" 200 167008 "https://www.inovatapetes.com.br/wp-login.php" "Mozilla/5.0 (Windows NT 11.0; Win64; x64; rv:119.0) Gecko/20100101 Firefox/119.0"
62.60.130.224 - - [28/Apr/2026:01:04:01 -0300] "GET /wp-admin/profile.php HTTP/1.1" 200 167008 "https://www.inovatapetes.com.br/wp-login.php" "Mozilla/5.0 (Windows NT 11.0; Win64; x64; rv:119.0) Gecko/20100101 Firefox/119.0"
190.108.76.190 190.108.76.190 - - [28/Apr/2026:01:04:01 -0300] "GET /shop/transmittal/aboutsledge432551225862.htm HTTP/1.1" 200 50918 "-" "Mozilla/5.0 (Macintosh; Intel Mac OS X 10_15_7) AppleWebKit/537.36 (KHTML, like Gecko) Chrome/86.0.4240.198 Safari/537.36"
62.60.130.224 - - [28/Apr/2026:01:04:01 -0300] "GET /wp-admin/edit.php HTTP/1.1" 200 167008 "https://www.inovatapetes.com.br/wp-login.php" "Mozilla/5.0 (Windows NT 11.0; Win64; x64; rv:119.0) Gecko/20100101 Firefox/119.0"
62.60.130.224 - - [28/Apr/2026:01:04:03 -0300] "GET /wp-admin/plugins.php HTTP/1.1" 200 167008 "https://www.inovatapetes.com.br/wp-login.php" "Mozilla/5.0 (Windows NT 11.0; Win64; x64; rv:119.0) Gecko/20100101 Firefox/119.0"
62.60.130.224 - - [28/Apr/2026:01:04:03 -0300] "POST /wp-login.php HTTP/1.1" 200 50918 "https://www.inovatapetes.com.br/wp-login.php" "Mozilla/5.0 (Macintosh; Intel Mac OS X 10_15_7; rv:118.0) Gecko/20100101 Firefox/118.0"
62.60.130.224 - - [28/Apr/2026:01:04:04 -0300] "GET /wp-admin/index.php HTTP/1.1" 200 167008 "https://www.inovatapetes.com.br/wp-login.php" "Mozilla/5.0 (Windows NT 10.0; Win64; x64; rv:121.0) Gecko/20100101 Firefox/121.0"
62.60.130.224 - - [28/Apr/2026:01:04:04 -0300] "GET /wp-admin/profile.php HTTP/1.1" 200 167008 "https://www.inovatapetes.com.br/wp-login.php" "Mozilla/5.0 (Windows NT 10.0; Win64; x64; rv:121.0) Gecko/20100101 Firefox/121.0"
62.60.130.224 - - [28/Apr/2026:01:04:05 -0300] "GET /wp-admin/edit.php HTTP/1.1" 200 167008 "https://www.inovatapetes.com.br/wp-login.php" "Mozilla/5.0 (Windows NT 10.0; Win64; x64; rv:121.0) Gecko/20100101 Firefox/121.0"
14.186.224.187 14.186.224.187 - - [28/Apr/2026:01:04:05 -0300] "GET /classification/equipment/eyl76y91mi97lvq.html HTTP/1.1" 200 225518 "-" "Mozilla/5.0 (Windows NT 10.0) AppleWebKit/537.36 (KHTML, like Gecko) Chrome/75.0.3770.100 ADG/11.0.2510 AOLBUILD/11.0.2510 Safari/537.36"
62.60.130.224 - - [28/Apr/2026:01:04:07 -0300] "GET /wp-admin/plugins.php HTTP/1.1" 200 167008 "https://www.inovatapetes.com.br/wp-login.php" "Mozilla/5.0 (Windows NT 10.0; Win64; x64; rv:121.0) Gecko/20100101 Firefox/121.0"
62.60.130.224 - - [28/Apr/2026:01:04:08 -0300] "POST /wp-login.php HTTP/1.1" 200 50918 "https://www.inovatapetes.com.br/wp-login.php" "Mozilla/5.0 (Macintosh; Intel Mac OS X 13_6_1) AppleWebKit/605.1.15 (KHTML, like Gecko) Version/17.2 Safari/605.1.15"
57.141.0.57 - - [28/Apr/2026:01:04:11 -0300] "GET /shop/poecilopoda/furore052558393466.htm HTTP/1.1" 404 50918 "-" "meta-externalagent/1.1 (+https://developers.facebook.com/docs/sharing/webmasters/crawler)"
62.60.130.224 - - [28/Apr/2026:01:04:11 -0300] "GET /wp-admin/index.php HTTP/1.1" 200 167008 "https://www.inovatapetes.com.br/wp-login.php" "Mozilla/5.0 (Macintosh; Intel Mac OS X 10_15_7) AppleWebKit/537.36 (KHTML, like Gecko) Chrome/119.0.0.0 Safari/537.36"
62.60.130.224 - - [28/Apr/2026:01:04:13 -0300] "GET /wp-admin/profile.php HTTP/1.1" 200 167008 "https://www.inovatapetes.com.br/wp-login.php" "Mozilla/5.0 (Macintosh; Intel Mac OS X 10_15_7) AppleWebKit/537.36 (KHTML, like Gecko) Chrome/119.0.0.0 Safari/537.36"
62.60.130.224 - - [28/Apr/2026:01:04:13 -0300] "GET /wp-admin/edit.php HTTP/1.1" 200 167008 "https://www.inovatapetes.com.br/wp-login.php" "Mozilla/5.0 (Macintosh; Intel Mac OS X 10_15_7) AppleWebKit/537.36 (KHTML, like Gecko) Chrome/119.0.0.0 Safari/537.36"
62.60.130.224 - - [28/Apr/2026:01:04:14 -0300] "GET /wp-admin/plugins.php HTTP/1.1" 200 167008 "https://www.inovatapetes.com.br/wp-login.php" "Mozilla/5.0 (Macintosh; Intel Mac OS X 10_15_7) AppleWebKit/537.36 (KHTML, like Gecko) Chrome/119.0.0.0 Safari/537.36"
96.232.108.219 - - [28/Apr/2026:01:04:14 -0300] "GET /2208755716?entity=2205767610 HTTP/1.1" 200 50918 "-" "Mozilla/5.0 (Macintosh; Intel Mac OS X 14_4_0) AppleWebKit/537.36 (KHTML, like Gecko) Chrome/128.0.6613.84 Safari/537.36"
