40.77.167.241 - - [28/Apr/2026:02:00:59 -0300] "GET /shop/paradoxa/polystyle03565609572.htm HTTP/1.1" 404 50918 "-" "Mozilla/5.0 AppleWebKit/537.36 (KHTML, like Gecko; compatible; bingbot/2.0; +http://www.bing.com/bingbot.htm) Chrome/116.0.1938.76 Safari/537.36"
207.46.13.6 - - [28/Apr/2026:02:00:59 -0300] "GET /shop/chlamydochen/europaeum022517714045.htm HTTP/1.1" 404 50918 "-" "Mozilla/5.0 AppleWebKit/537.36 (KHTML, like Gecko; compatible; bingbot/2.0; +http://www.bing.com/bingbot.htm) Chrome/116.0.1938.76 Safari/537.36"
74.7.241.2 - - [28/Apr/2026:02:01:00 -0300] "GET /shop/munificence/vibriones02103874881.htm?fileloc=/home/storage/f/44/55/novoprovisorio2/.viminfo&path=/home/storage/f/44/55/novoprovisorio2 HTTP/1.1" 404 18879 "https://inovatapetes.com.br/shop/munificence/vibriones02103874881.htm?path=/home/storage/f/44/55/novoprovisorio2" "Mozilla/5.0 AppleWebKit/537.36 (KHTML, like Gecko; compatible; GPTBot/1.3; +https://openai.com/gptbot)"
40.77.167.241 - - [28/Apr/2026:02:01:00 -0300] "GET /shop/quercus/queer083164735778.htm HTTP/1.1" 404 50918 "-" "Mozilla/5.0 AppleWebKit/537.36 (KHTML, like Gecko; compatible; bingbot/2.0; +http://www.bing.com/bingbot.htm) Chrome/116.0.1938.76 Safari/537.36"
207.46.13.6 - - [28/Apr/2026:02:01:01 -0300] "GET /shop/nipped/sightshot03145971869.htm HTTP/1.1" 404 50918 "-" "Mozilla/5.0 AppleWebKit/537.36 (KHTML, like Gecko; compatible; bingbot/2.0; +http://www.bing.com/bingbot.htm) Chrome/116.0.1938.76 Safari/537.36"
40.77.167.241 - - [28/Apr/2026:02:01:01 -0300] "GET /shop/mushy/suricata061100558587.htm HTTP/1.1" 404 50918 "-" "Mozilla/5.0 AppleWebKit/537.36 (KHTML, like Gecko; compatible; bingbot/2.0; +http://www.bing.com/bingbot.htm) Chrome/116.0.1938.76 Safari/537.36"
207.46.13.6 - - [28/Apr/2026:02:01:02 -0300] "GET /shop/slikensides/nominalistic021587041629.htm HTTP/1.1" 404 50918 "-" "Mozilla/5.0 AppleWebKit/537.36 (KHTML, like Gecko; compatible; bingbot/2.0; +http://www.bing.com/bingbot.htm) Chrome/116.0.1938.76 Safari/537.36"
40.77.167.241 - - [28/Apr/2026:02:01:02 -0300] "GET /shop/prangos/englue02886499482.htm HTTP/1.1" 404 50918 "-" "Mozilla/5.0 AppleWebKit/537.36 (KHTML, like Gecko; compatible; bingbot/2.0; +http://www.bing.com/bingbot.htm) Chrome/116.0.1938.76 Safari/537.36"
52.167.144.159 - - [28/Apr/2026:02:01:03 -0300] "GET /shop/airtoground/campbellites063232938618.htm HTTP/1.1" 404 50918 "-" "Mozilla/5.0 AppleWebKit/537.36 (KHTML, like Gecko; compatible; bingbot/2.0; +http://www.bing.com/bingbot.htm) Chrome/116.0.1938.76 Safari/537.36"
74.7.241.2 - - [28/Apr/2026:02:01:03 -0300] "GET /shop/munificence/vibriones02103874881.htm?path=/home/storage/f/44/55/novoprovisorio2/public_html/wp-includes/fonts HTTP/1.1" 404 21956 "https://inovatapetes.com.br/shop/munificence/vibriones02103874881.htm?path=/home/storage/f/44/55/novoprovisorio2/public_html/wp-includes" "Mozilla/5.0 AppleWebKit/537.36 (KHTML, like Gecko; compatible; GPTBot/1.3; +https://openai.com/gptbot)"
40.77.167.241 - - [28/Apr/2026:02:01:03 -0300] "GET /shop/husky/irresponsibly081284444346.htm HTTP/1.1" 404 50918 "-" "Mozilla/5.0 AppleWebKit/537.36 (KHTML, like Gecko; compatible; bingbot/2.0; +http://www.bing.com/bingbot.htm) Chrome/116.0.1938.76 Safari/537.36"
52.167.144.159 - - [28/Apr/2026:02:01:04 -0300] "GET /shop/saccharinate/curls034027697757.htm HTTP/1.1" 404 50918 "-" "Mozilla/5.0 AppleWebKit/537.36 (KHTML, like Gecko; compatible; bingbot/2.0; +http://www.bing.com/bingbot.htm) Chrome/116.0.1938.76 Safari/537.36"
52.167.144.142 - - [28/Apr/2026:02:01:04 -0300] "GET /shop/embayed/imparadise042968165587.htm HTTP/1.1" 404 50918 "-" "Mozilla/5.0 AppleWebKit/537.36 (KHTML, like Gecko; compatible; bingbot/2.0; +http://www.bing.com/bingbot.htm) Chrome/116.0.1938.76 Safari/537.36"
52.167.144.159 - - [28/Apr/2026:02:01:05 -0300] "GET /shop/halogenous/doublecharge013125496568.htm HTTP/1.1" 404 50918 "-" "Mozilla/5.0 AppleWebKit/537.36 (KHTML, like Gecko; compatible; bingbot/2.0; +http://www.bing.com/bingbot.htm) Chrome/116.0.1938.76 Safari/537.36"
52.167.144.142 - - [28/Apr/2026:02:01:06 -0300] "GET /shop/blaptoides/vizir02244270725.htm HTTP/1.1" 404 50918 "-" "Mozilla/5.0 AppleWebKit/537.36 (KHTML, like Gecko; compatible; bingbot/2.0; +http://www.bing.com/bingbot.htm) Chrome/116.0.1938.76 Safari/537.36"
74.7.241.2 - - [28/Apr/2026:02:01:06 -0300] "GET /shop/munificence/vibriones02103874881.htm?path=/home/storage/f/44/55/novoprovisorio2/public_html/wp-includes/customize HTTP/1.1" 404 76141 "https://inovatapetes.com.br/shop/munificence/vibriones02103874881.htm?path=/home/storage/f/44/55/novoprovisorio2/public_html/wp-includes" "Mozilla/5.0 AppleWebKit/537.36 (KHTML, like Gecko; compatible; GPTBot/1.3; +https://openai.com/gptbot)"
52.167.144.142 - - [28/Apr/2026:02:01:07 -0300] "GET /shop/ferrumination/ecclesiastical012634095024.htm HTTP/1.1" 404 50918 "-" "Mozilla/5.0 AppleWebKit/537.36 (KHTML, like Gecko; compatible; bingbot/2.0; +http://www.bing.com/bingbot.htm) Chrome/116.0.1938.76 Safari/537.36"
52.167.144.142 - - [28/Apr/2026:02:01:08 -0300] "GET /shop/pinnacled/putrid042350576467.htm HTTP/1.1" 404 50918 "-" "Mozilla/5.0 AppleWebKit/537.36 (KHTML, like Gecko; compatible; bingbot/2.0; +http://www.bing.com/bingbot.htm) Chrome/116.0.1938.76 Safari/537.36"
40.77.167.241 - - [28/Apr/2026:02:01:08 -0300] "GET /shop/carburetion/metalorganic043479561436.htm HTTP/1.1" 404 50918 "-" "Mozilla/5.0 AppleWebKit/537.36 (KHTML, like Gecko; compatible; bingbot/2.0; +http://www.bing.com/bingbot.htm) Chrome/116.0.1938.76 Safari/537.36"
52.167.144.142 - - [28/Apr/2026:02:01:09 -0300] "GET /shop/laurina/auctionary023207225699.htm HTTP/1.1" 404 50918 "-" "Mozilla/5.0 AppleWebKit/537.36 (KHTML, like Gecko; compatible; bingbot/2.0; +http://www.bing.com/bingbot.htm) Chrome/116.0.1938.76 Safari/537.36"
74.7.241.2 - - [28/Apr/2026:02:01:09 -0300] "GET /shop/munificence/vibriones02103874881.htm?path=/home/storage/f/44/55/novoprovisorio2/public_html/wp-includes/images HTTP/1.1" 404 61425 "https://inovatapetes.com.br/shop/munificence/vibriones02103874881.htm?path=/home/storage/f/44/55/novoprovisorio2/public_html/wp-includes" "Mozilla/5.0 AppleWebKit/537.36 (KHTML, like Gecko; compatible; GPTBot/1.3; +https://openai.com/gptbot)"
123.31.225.238 123.31.225.238 - - [28/Apr/2026:02:01:11 -0300] "GET /shop/harmfully/sturk46747655449.htm HTTP/1.1" 200 50918 "-" "Mozilla/5.0 (Macintosh; Intel Mac OS X 10_15_4) AppleWebKit/537.36 (KHTML, like Gecko) Chrome/87.0.4280.88 Safari/537.36"
52.167.144.142 - - [28/Apr/2026:02:01:12 -0300] "GET /shop/nauruan/midrib0229595519.htm HTTP/1.1" 404 50918 "-" "Mozilla/5.0 AppleWebKit/537.36 (KHTML, like Gecko; compatible; bingbot/2.0; +http://www.bing.com/bingbot.htm) Chrome/116.0.1938.76 Safari/537.36"
74.7.241.2 - - [28/Apr/2026:02:01:12 -0300] "GET /shop/munificence/vibriones02103874881.htm?path=/home/storage/f/44/55/novoprovisorio2/public_html/wp-includes/assets HTTP/1.1" 404 15364 "https://inovatapetes.com.br/shop/munificence/vibriones02103874881.htm?path=/home/storage/f/44/55/novoprovisorio2/public_html/wp-includes" "Mozilla/5.0 AppleWebKit/537.36 (KHTML, like Gecko; compatible; GPTBot/1.3; +https://openai.com/gptbot)"
66.249.64.227 66.249.64.227 - - [28/Apr/2026:02:01:13 -0300] "GET /?1424282963?entity=1422356390 HTTP/1.1" 200 243542 "-" "Mozilla/5.0 (Linux; Android 6.0.1; Nexus 5X Build/MMB29P) AppleWebKit/537.36 (KHTML, like Gecko) Chrome/147.0.7727.116 Mobile Safari/537.36 (compatible; Googlebot/2.1; +http://www.google.com/bot.html)"
52.167.144.142 - - [28/Apr/2026:02:01:13 -0300] "GET /shop/cobol/corokia4126408026.htm HTTP/1.1" 404 50918 "-" "Mozilla/5.0 AppleWebKit/537.36 (KHTML, like Gecko; compatible; bingbot/2.0; +http://www.bing.com/bingbot.htm) Chrome/116.0.1938.76 Safari/537.36"
52.167.144.142 - - [28/Apr/2026:02:01:15 -0300] "GET /shop/gonoph/palkee06345401977.htm HTTP/1.1" 404 50918 "-" "Mozilla/5.0 AppleWebKit/537.36 (KHTML, like Gecko; compatible; bingbot/2.0; +http://www.bing.com/bingbot.htm) Chrome/116.0.1938.76 Safari/537.36"
74.7.241.2 - - [28/Apr/2026:02:01:15 -0300] "GET /shop/munificence/vibriones02103874881.htm?path=/home/storage/f/44/55/novoprovisorio2/public_html/wp-includes/widgets HTTP/1.1" 404 46476 "https://inovatapetes.com.br/shop/munificence/vibriones02103874881.htm?path=/home/storage/f/44/55/novoprovisorio2/public_html/wp-includes" "Mozilla/5.0 AppleWebKit/537.36 (KHTML, like Gecko; compatible; GPTBot/1.3; +https://openai.com/gptbot)"
52.167.144.142 - - [28/Apr/2026:02:01:16 -0300] "GET /shop/saint/outlive05375089540.htm HTTP/1.1" 404 50918 "-" "Mozilla/5.0 AppleWebKit/537.36 (KHTML, like Gecko; compatible; bingbot/2.0; +http://www.bing.com/bingbot.htm) Chrome/116.0.1938.76 Safari/537.36"
52.167.144.142 - - [28/Apr/2026:02:01:17 -0300] "GET /shop/tuladi/pyrie021619029149.htm HTTP/1.1" 404 50918 "-" "Mozilla/5.0 AppleWebKit/537.36 (KHTML, like Gecko; compatible; bingbot/2.0; +http://www.bing.com/bingbot.htm) Chrome/116.0.1938.76 Safari/537.36"
207.46.13.126 - - [28/Apr/2026:02:01:18 -0300] "GET /shop/machineoriented/caudad432551861858.htm HTTP/1.1" 404 50918 "-" "Mozilla/5.0 AppleWebKit/537.36 (KHTML, like Gecko; compatible; bingbot/2.0; +http://www.bing.com/bingbot.htm) Chrome/116.0.1938.76 Safari/537.36"
74.7.241.2 - - [28/Apr/2026:02:01:19 -0300] "GET /shop/munificence/vibriones02103874881.htm?path=/home/storage/f/44/55/novoprovisorio2/public_html/wp-includes/blocks HTTP/1.1" 404 34931 "https://inovatapetes.com.br/shop/munificence/vibriones02103874881.htm?path=/home/storage/f/44/55/novoprovisorio2/public_html/wp-includes" "Mozilla/5.0 AppleWebKit/537.36 (KHTML, like Gecko; compatible; GPTBot/1.3; +https://openai.com/gptbot)"
207.46.13.126 - - [28/Apr/2026:02:01:20 -0300] "GET /shop/congiaries/melanoleucus011726499028.htm HTTP/1.1" 404 50918 "-" "Mozilla/5.0 AppleWebKit/537.36 (KHTML, like Gecko; compatible; bingbot/2.0; +http://www.bing.com/bingbot.htm) Chrome/116.0.1938.76 Safari/537.36"
57.141.0.49 - - [28/Apr/2026:02:01:20 -0300] "GET /shop/klinikal/propagate052919510096.htm HTTP/1.1" 404 50918 "-" "meta-externalagent/1.1 (+https://developers.facebook.com/docs/sharing/webmasters/crawler)"
179.188.53.154 - - [28/Apr/2026:01:56:21 -0300] "GET /wp-content/plugins/tawkto-live-chat/vendor/tawk/url-utils/lib/Helpers/Helpers/index.php?ARRAY=7o2230223n313737373335353738312p2231223n22687474703n5p2s5p2s6877623135377630392r6772616r646s2r686169725p2s3s6p633q7068705s636s64655s6n6326743q313737373335323138312q6634616637623131613864646464373734376135383237666336326663646561222p2232223n223061646530306539363938336333343434633732376265643262613963646465222p2233223n223939323535386535633437393732656635333134396630376136326632646363222p226175746s5s66696p655s6r616q65223n6r756p6p2p226175746s5s70617373223n6r756p6p2p2262696r675s70617373223n2231392q33372q36302q36392q37372q38352q3134227q HTTP/1.0" 504 247 "-" "-"
207.46.13.126 - - [28/Apr/2026:02:01:21 -0300] "GET /shop/titillative/seventy022814414624.htm HTTP/1.1" 404 50918 "-" "Mozilla/5.0 AppleWebKit/537.36 (KHTML, like Gecko; compatible; bingbot/2.0; +http://www.bing.com/bingbot.htm) Chrome/116.0.1938.76 Safari/537.36"
74.7.241.2 - - [28/Apr/2026:02:01:22 -0300] "GET /shop/munificence/vibriones02103874881.htm?path=/home/storage/f/44/55/novoprovisorio2/public_html/wp-includes/rest-api HTTP/1.1" 404 23307 "https://inovatapetes.com.br/shop/munificence/vibriones02103874881.htm?path=/home/storage/f/44/55/novoprovisorio2/public_html/wp-includes" "Mozilla/5.0 AppleWebKit/537.36 (KHTML, like Gecko; compatible; GPTBot/1.3; +https://openai.com/gptbot)"
207.46.13.6 - - [28/Apr/2026:02:01:22 -0300] "GET /shop/reservior/enchasing03851598753.htm HTTP/1.1" 404 50918 "-" "Mozilla/5.0 AppleWebKit/537.36 (KHTML, like Gecko; compatible; bingbot/2.0; +http://www.bing.com/bingbot.htm) Chrome/116.0.1938.76 Safari/537.36"
207.46.13.126 - - [28/Apr/2026:02:01:22 -0300] "GET /shop/polynucleolar/lauded053106855922.htm HTTP/1.1" 404 50918 "-" "Mozilla/5.0 AppleWebKit/537.36 (KHTML, like Gecko; compatible; bingbot/2.0; +http://www.bing.com/bingbot.htm) Chrome/116.0.1938.76 Safari/537.36"
207.46.13.6 - - [28/Apr/2026:02:01:23 -0300] "GET /shop/crisscrossrow/bracteatus022459666792.htm HTTP/1.1" 404 50918 "-" "Mozilla/5.0 AppleWebKit/537.36 (KHTML, like Gecko; compatible; bingbot/2.0; +http://www.bing.com/bingbot.htm) Chrome/116.0.1938.76 Safari/537.36"
207.46.13.126 - - [28/Apr/2026:02:01:23 -0300] "GET /shop/grievancer/acroclinium03312884403.htm HTTP/1.1" 404 50918 "-" "Mozilla/5.0 AppleWebKit/537.36 (KHTML, like Gecko; compatible; bingbot/2.0; +http://www.bing.com/bingbot.htm) Chrome/116.0.1938.76 Safari/537.36"
207.46.13.126 - - [28/Apr/2026:02:01:24 -0300] "GET /shop/truthfulness/fulldress143944671302.htm HTTP/1.1" 404 50918 "-" "Mozilla/5.0 AppleWebKit/537.36 (KHTML, like Gecko; compatible; bingbot/2.0; +http://www.bing.com/bingbot.htm) Chrome/116.0.1938.76 Safari/537.36"
207.46.13.6 - - [28/Apr/2026:02:01:25 -0300] "GET /shop/sienite/fledglingprenominal022279229049.htm HTTP/1.1" 404 50918 "-" "Mozilla/5.0 AppleWebKit/537.36 (KHTML, like Gecko; compatible; bingbot/2.0; +http://www.bing.com/bingbot.htm) Chrome/116.0.1938.76 Safari/537.36"
74.7.241.2 - - [28/Apr/2026:02:01:25 -0300] "GET /shop/munificence/vibriones02103874881.htm?path=/home/storage/f/44/55/novoprovisorio2/public_html/wp-includes/pomo HTTP/1.1" 404 23515 "https://inovatapetes.com.br/shop/munificence/vibriones02103874881.htm?path=/home/storage/f/44/55/novoprovisorio2/public_html/wp-includes" "Mozilla/5.0 AppleWebKit/537.36 (KHTML, like Gecko; compatible; GPTBot/1.3; +https://openai.com/gptbot)"
207.46.13.126 - - [28/Apr/2026:02:01:25 -0300] "GET /shop/groundage/sagacity023052824655.htm HTTP/1.1" 404 50918 "-" "Mozilla/5.0 AppleWebKit/537.36 (KHTML, like Gecko; compatible; bingbot/2.0; +http://www.bing.com/bingbot.htm) Chrome/116.0.1938.76 Safari/537.36"
207.46.13.6 - - [28/Apr/2026:02:01:26 -0300] "GET /shop/nucleolus/pectinately061316881525.htm HTTP/1.1" 404 50918 "-" "Mozilla/5.0 AppleWebKit/537.36 (KHTML, like Gecko; compatible; bingbot/2.0; +http://www.bing.com/bingbot.htm) Chrome/116.0.1938.76 Safari/537.36"
52.167.144.142 - - [28/Apr/2026:02:01:26 -0300] "GET /shop/stade/miracle03708849211.htm HTTP/1.1" 404 50918 "-" "Mozilla/5.0 AppleWebKit/537.36 (KHTML, like Gecko; compatible; bingbot/2.0; +http://www.bing.com/bingbot.htm) Chrome/116.0.1938.76 Safari/537.36"
207.46.13.126 - - [28/Apr/2026:02:01:27 -0300] "GET /shop/gerrymandered/smilingly03990048586.htm HTTP/1.1" 404 50918 "-" "Mozilla/5.0 AppleWebKit/537.36 (KHTML, like Gecko; compatible; bingbot/2.0; +http://www.bing.com/bingbot.htm) Chrome/116.0.1938.76 Safari/537.36"
40.77.167.241 - - [28/Apr/2026:02:01:28 -0300] "GET /shop/abaction/chirr022263728259.htm HTTP/1.1" 404 50918 "-" "Mozilla/5.0 AppleWebKit/537.36 (KHTML, like Gecko; compatible; bingbot/2.0; +http://www.bing.com/bingbot.htm) Chrome/116.0.1938.76 Safari/537.36"
74.7.241.2 - - [28/Apr/2026:02:01:28 -0300] "GET /shop/munificence/vibriones02103874881.htm?fileloc=/home/storage/f/44/55/novoprovisorio2/public_html/wp-content/index.php&path=/home/storage/f/44/55/novoprovisorio2/public_html/wp-content HTTP/1.1" 404 13224 "https://inovatapetes.com.br/shop/munificence/vibriones02103874881.htm?path=/home/storage/f/44/55/novoprovisorio2/public_html/wp-content" "Mozilla/5.0 AppleWebKit/537.36 (KHTML, like Gecko; compatible; GPTBot/1.3; +https://openai.com/gptbot)"
207.46.13.126 - - [28/Apr/2026:02:01:29 -0300] "GET /shop/feted/entombed061587676283.htm HTTP/1.1" 404 50918 "-" "Mozilla/5.0 AppleWebKit/537.36 (KHTML, like Gecko; compatible; bingbot/2.0; +http://www.bing.com/bingbot.htm) Chrome/116.0.1938.76 Safari/537.36"
52.167.144.142 - - [28/Apr/2026:02:01:31 -0300] "GET /shop/blote/nationalized021301572725.htm HTTP/1.1" 404 50918 "-" "Mozilla/5.0 AppleWebKit/537.36 (KHTML, like Gecko; compatible; bingbot/2.0; +http://www.bing.com/bingbot.htm) Chrome/116.0.1938.76 Safari/537.36"
207.46.13.126 - - [28/Apr/2026:02:01:31 -0300] "GET /shop/jeremy/suricat022471096876.htm HTTP/1.1" 404 50918 "-" "Mozilla/5.0 AppleWebKit/537.36 (KHTML, like Gecko; compatible; bingbot/2.0; +http://www.bing.com/bingbot.htm) Chrome/116.0.1938.76 Safari/537.36"
74.7.241.2 - - [28/Apr/2026:02:01:31 -0300] "GET /shop/munificence/vibriones02103874881.htm?path=/home/storage/f/44/55/novoprovisorio2/public_html/wp-includes/IXR HTTP/1.1" 404 30502 "https://inovatapetes.com.br/shop/munificence/vibriones02103874881.htm?path=/home/storage/f/44/55/novoprovisorio2/public_html/wp-includes" "Mozilla/5.0 AppleWebKit/537.36 (KHTML, like Gecko; compatible; GPTBot/1.3; +https://openai.com/gptbot)"
52.167.144.142 - - [28/Apr/2026:02:01:32 -0300] "GET /shop/pulpit/baselloides042235810198.htm HTTP/1.1" 404 50918 "-" "Mozilla/5.0 AppleWebKit/537.36 (KHTML, like Gecko; compatible; bingbot/2.0; +http://www.bing.com/bingbot.htm) Chrome/116.0.1938.76 Safari/537.36"
52.167.144.142 - - [28/Apr/2026:02:01:33 -0300] "GET /shop/idolum/chionea002514984237.htm HTTP/1.1" 404 50918 "-" "Mozilla/5.0 AppleWebKit/537.36 (KHTML, like Gecko; compatible; bingbot/2.0; +http://www.bing.com/bingbot.htm) Chrome/116.0.1938.76 Safari/537.36"
52.167.144.142 - - [28/Apr/2026:02:01:34 -0300] "GET /shop/frivolities/retinoid0079523129.htm HTTP/1.1" 404 50918 "-" "Mozilla/5.0 AppleWebKit/537.36 (KHTML, like Gecko; compatible; bingbot/2.0; +http://www.bing.com/bingbot.htm) Chrome/116.0.1938.76 Safari/537.36"
74.7.241.2 - - [28/Apr/2026:02:01:35 -0300] "GET /shop/munificence/vibriones02103874881.htm?path=/home/storage/f/44/55/novoprovisorio2/public_html/wp-includes/Text HTTP/1.1" 404 16756 "https://inovatapetes.com.br/shop/munificence/vibriones02103874881.htm?path=/home/storage/f/44/55/novoprovisorio2/public_html/wp-includes" "Mozilla/5.0 AppleWebKit/537.36 (KHTML, like Gecko; compatible; GPTBot/1.3; +https://openai.com/gptbot)"
52.167.144.142 - - [28/Apr/2026:02:01:35 -0300] "GET /shop/propellant/rejuvenize00148486300.htm HTTP/1.1" 404 50918 "-" "Mozilla/5.0 AppleWebKit/537.36 (KHTML, like Gecko; compatible; bingbot/2.0; +http://www.bing.com/bingbot.htm) Chrome/116.0.1938.76 Safari/537.36"
74.7.241.2 - - [28/Apr/2026:02:01:38 -0300] "GET /shop/munificence/vibriones02103874881.htm?path=/home/storage/f/44/55/novoprovisorio2/public_html/wp-content/ai1wm-backups HTTP/1.1" 404 25346 "https://inovatapetes.com.br/shop/munificence/vibriones02103874881.htm?path=/home/storage/f/44/55/novoprovisorio2/public_html/wp-content" "Mozilla/5.0 AppleWebKit/537.36 (KHTML, like Gecko; compatible; GPTBot/1.3; +https://openai.com/gptbot)"
40.77.167.241 - - [28/Apr/2026:02:01:38 -0300] "GET /shop/publication/omnipresent041902303303.htm HTTP/1.1" 404 50918 "-" "Mozilla/5.0 AppleWebKit/537.36 (KHTML, like Gecko; compatible; bingbot/2.0; +http://www.bing.com/bingbot.htm) Chrome/116.0.1938.76 Safari/537.36"
40.77.167.241 - - [28/Apr/2026:02:01:39 -0300] "GET /shop/washout/concessionnaire0235016046.htm HTTP/1.1" 404 50918 "-" "Mozilla/5.0 AppleWebKit/537.36 (KHTML, like Gecko; compatible; bingbot/2.0; +http://www.bing.com/bingbot.htm) Chrome/116.0.1938.76 Safari/537.36"
40.77.167.241 - - [28/Apr/2026:02:01:40 -0300] "GET /shop/hombre/september021286148416.htm HTTP/1.1" 404 50918 "-" "Mozilla/5.0 AppleWebKit/537.36 (KHTML, like Gecko; compatible; bingbot/2.0; +http://www.bing.com/bingbot.htm) Chrome/116.0.1938.76 Safari/537.36"
74.7.241.2 - - [28/Apr/2026:02:01:41 -0300] "GET /shop/munificence/vibriones02103874881.htm?path=/home/storage/f/44/55/novoprovisorio2/public_html/wp-includes/js HTTP/1.1" 404 155405 "https://inovatapetes.com.br/shop/munificence/vibriones02103874881.htm?path=/home/storage/f/44/55/novoprovisorio2/public_html/wp-includes" "Mozilla/5.0 AppleWebKit/537.36 (KHTML, like Gecko; compatible; GPTBot/1.3; +https://openai.com/gptbot)"
179.188.53.154 - - [28/Apr/2026:01:56:43 -0300] "GET /wp-content/plugins/tawkto-live-chat/vendor/tawk/url-utils/lib/Helpers/Helpers/index.php?ARRAY=7o2230223n313737373335353830332p2231223n22687474703n5p2s5p2s6877623135377630392r6772616r646s2r686169725p2s3s6p633q7068705s636s64655s6n6326743q313737373335323230332q6461613263643463653033646636383432346439323762663365383631383964222p2232223n223061646530306539363938336333343434633732376265643262613963646465222p2233223n223939323535386535633437393732656635333134396630376136326632646363222p226175746s5s66696p655s6r616q65223n6r756p6p2p226175746s5s70617373223n6r756p6p2p2262696r675s70617373223n2231392q33372q36302q36392q37372q38352q3134227q HTTP/1.0" 504 247 "-" "-"
52.167.144.142 - - [28/Apr/2026:02:01:43 -0300] "GET /shop/equinus/stranding01480955249.htm HTTP/1.1" 404 50918 "-" "Mozilla/5.0 AppleWebKit/537.36 (KHTML, like Gecko; compatible; bingbot/2.0; +http://www.bing.com/bingbot.htm) Chrome/116.0.1938.76 Safari/537.36"
74.7.241.2 - - [28/Apr/2026:02:01:44 -0300] "GET /shop/munificence/vibriones02103874881.htm?fileloc=/home/storage/f/44/55/novoprovisorio2/ioncube.php&path=/home/storage/f/44/55/novoprovisorio2 HTTP/1.1" 404 13146 "https://inovatapetes.com.br/shop/munificence/vibriones02103874881.htm?path=/home/storage/f/44/55/novoprovisorio2" "Mozilla/5.0 AppleWebKit/537.36 (KHTML, like Gecko; compatible; GPTBot/1.3; +https://openai.com/gptbot)"
52.167.144.142 - - [28/Apr/2026:02:01:44 -0300] "GET /shop/catechismal/houseguest02626214815.htm HTTP/1.1" 404 50918 "-" "Mozilla/5.0 AppleWebKit/537.36 (KHTML, like Gecko; compatible; bingbot/2.0; +http://www.bing.com/bingbot.htm) Chrome/116.0.1938.76 Safari/537.36"
52.167.144.142 - - [28/Apr/2026:02:01:45 -0300] "GET /shop/securement/conglutinate104252403176.htm HTTP/1.1" 404 50918 "-" "Mozilla/5.0 AppleWebKit/537.36 (KHTML, like Gecko; compatible; bingbot/2.0; +http://www.bing.com/bingbot.htm) Chrome/116.0.1938.76 Safari/537.36"
52.167.144.142 - - [28/Apr/2026:02:01:46 -0300] "GET /shop/myxedema/northwest042037363776.htm HTTP/1.1" 404 50918 "-" "Mozilla/5.0 AppleWebKit/537.36 (KHTML, like Gecko; compatible; bingbot/2.0; +http://www.bing.com/bingbot.htm) Chrome/116.0.1938.76 Safari/537.36"
52.167.144.142 - - [28/Apr/2026:02:01:47 -0300] "GET /shop/merdigera/amphipoda054277818886.htm HTTP/1.1" 404 50918 "-" "Mozilla/5.0 AppleWebKit/537.36 (KHTML, like Gecko; compatible; bingbot/2.0; +http://www.bing.com/bingbot.htm) Chrome/116.0.1938.76 Safari/537.36"
74.7.241.2 - - [28/Apr/2026:02:01:47 -0300] "GET /shop/munificence/vibriones02103874881.htm?path=/home/storage/f/44/55/novoprovisorio2/public_html/wp-includes/certificates HTTP/1.1" 404 15350 "https://inovatapetes.com.br/shop/munificence/vibriones02103874881.htm?path=/home/storage/f/44/55/novoprovisorio2/public_html/wp-includes" "Mozilla/5.0 AppleWebKit/537.36 (KHTML, like Gecko; compatible; GPTBot/1.3; +https://openai.com/gptbot)"
52.167.144.142 - - [28/Apr/2026:02:01:48 -0300] "GET /shop/lipophobic/achievement021426097870.htm HTTP/1.1" 404 50918 "-" "Mozilla/5.0 AppleWebKit/537.36 (KHTML, like Gecko; compatible; bingbot/2.0; +http://www.bing.com/bingbot.htm) Chrome/116.0.1938.76 Safari/537.36"
57.141.0.29 - - [28/Apr/2026:02:01:48 -0300] "GET /shop/fullblooded/unbank05878888488.htm HTTP/1.1" 404 50918 "-" "meta-externalagent/1.1 (+https://developers.facebook.com/docs/sharing/webmasters/crawler)"
52.167.144.142 - - [28/Apr/2026:02:01:49 -0300] "GET /shop/bestower/portamento022679500676.htm HTTP/1.1" 404 50918 "-" "Mozilla/5.0 AppleWebKit/537.36 (KHTML, like Gecko; compatible; bingbot/2.0; +http://www.bing.com/bingbot.htm) Chrome/116.0.1938.76 Safari/537.36"
74.7.241.2 - - [28/Apr/2026:02:01:50 -0300] "GET /shop/munificence/vibriones02103874881.htm?path=/home/storage/f/44/55/novoprovisorio2/public_html/wp-includes/ID3 HTTP/1.1" 404 45597 "https://inovatapetes.com.br/shop/munificence/vibriones02103874881.htm?path=/home/storage/f/44/55/novoprovisorio2/public_html/wp-includes" "Mozilla/5.0 AppleWebKit/537.36 (KHTML, like Gecko; compatible; GPTBot/1.3; +https://openai.com/gptbot)"
52.167.144.142 - - [28/Apr/2026:02:01:50 -0300] "GET /shop/eastcentral/aviator044291366625.htm HTTP/1.1" 404 50918 "-" "Mozilla/5.0 AppleWebKit/537.36 (KHTML, like Gecko; compatible; bingbot/2.0; +http://www.bing.com/bingbot.htm) Chrome/116.0.1938.76 Safari/537.36"
74.7.241.2 - - [28/Apr/2026:02:01:53 -0300] "GET /shop/munificence/vibriones02103874881.htm?path=/home/storage/f/44/55/novoprovisorio2/public_html/wp-includes/SimplePie HTTP/1.1" 404 59061 "https://inovatapetes.com.br/shop/munificence/vibriones02103874881.htm?path=/home/storage/f/44/55/novoprovisorio2/public_html/wp-includes" "Mozilla/5.0 AppleWebKit/537.36 (KHTML, like Gecko; compatible; GPTBot/1.3; +https://openai.com/gptbot)"
74.7.241.2 - - [28/Apr/2026:02:01:56 -0300] "GET /shop/munificence/vibriones02103874881.htm?path=/home/storage/f/44/55/novoprovisorio2/public_html/wp-includes/Requests HTTP/1.1" 404 45706 "https://inovatapetes.com.br/shop/munificence/vibriones02103874881.htm?path=/home/storage/f/44/55/novoprovisorio2/public_html/wp-includes" "Mozilla/5.0 AppleWebKit/537.36 (KHTML, like Gecko; compatible; GPTBot/1.3; +https://openai.com/gptbot)"
40.77.167.241 - - [28/Apr/2026:02:01:59 -0300] "GET /shop/dusky/serpentry02938615753.htm HTTP/1.1" 404 50918 "-" "Mozilla/5.0 AppleWebKit/537.36 (KHTML, like Gecko; compatible; bingbot/2.0; +http://www.bing.com/bingbot.htm) Chrome/116.0.1938.76 Safari/537.36"
40.77.167.241 - - [28/Apr/2026:02:01:59 -0300] "GET /shop/crescent/sectionize033941654219.htm HTTP/1.1" 404 50918 "-" "Mozilla/5.0 AppleWebKit/537.36 (KHTML, like Gecko; compatible; bingbot/2.0; +http://www.bing.com/bingbot.htm) Chrome/116.0.1938.76 Safari/537.36"
74.7.241.2 - - [28/Apr/2026:02:01:59 -0300] "GET /shop/munificence/vibriones02103874881.htm?path=/home/storage/f/44/55/novoprovisorio2/public_html/wp-content/wflogs HTTP/1.1" 404 30258 "https://inovatapetes.com.br/shop/munificence/vibriones02103874881.htm?path=/home/storage/f/44/55/novoprovisorio2/public_html/wp-content" "Mozilla/5.0 AppleWebKit/537.36 (KHTML, like Gecko; compatible; GPTBot/1.3; +https://openai.com/gptbot)"
190.60.40.165 190.60.40.165 - - [28/Apr/2026:02:02:00 -0300] "GET /shop/minuet/fornication432769045662.htm HTTP/1.1" 200 50918 "-" "Mozilla/5.0 (Macintosh; Intel Mac OS X 10_15_0) AppleWebKit/537.36 (KHTML, like Gecko) Brave Chrome/78.0.3904.108 Safari/537.36"
40.77.167.241 - - [28/Apr/2026:02:02:00 -0300] "GET /shop/salework/endemiology06382092293.htm HTTP/1.1" 404 50918 "-" "Mozilla/5.0 AppleWebKit/537.36 (KHTML, like Gecko; compatible; bingbot/2.0; +http://www.bing.com/bingbot.htm) Chrome/116.0.1938.76 Safari/537.36"
52.167.144.139 - - [28/Apr/2026:02:02:00 -0300] "GET /shop/compost/subturriculate062972635633.htm HTTP/1.1" 404 50918 "-" "Mozilla/5.0 AppleWebKit/537.36 (KHTML, like Gecko; compatible; bingbot/2.0; +http://www.bing.com/bingbot.htm) Chrome/116.0.1938.76 Safari/537.36"
40.77.167.241 - - [28/Apr/2026:02:02:01 -0300] "GET /shop/cambrobriton/tuatara024071975490.htm HTTP/1.1" 404 50918 "-" "Mozilla/5.0 AppleWebKit/537.36 (KHTML, like Gecko; compatible; bingbot/2.0; +http://www.bing.com/bingbot.htm) Chrome/116.0.1938.76 Safari/537.36"
52.167.144.139 - - [28/Apr/2026:02:02:01 -0300] "GET /shop/anglemeter/piperine033858113045.htm HTTP/1.1" 404 50918 "-" "Mozilla/5.0 AppleWebKit/537.36 (KHTML, like Gecko; compatible; bingbot/2.0; +http://www.bing.com/bingbot.htm) Chrome/116.0.1938.76 Safari/537.36"
40.77.167.241 - - [28/Apr/2026:02:02:02 -0300] "GET /shop/imperia/machinedrivenadj062625428239.htm HTTP/1.1" 404 50918 "-" "Mozilla/5.0 AppleWebKit/537.36 (KHTML, like Gecko; compatible; bingbot/2.0; +http://www.bing.com/bingbot.htm) Chrome/116.0.1938.76 Safari/537.36"
52.167.144.139 - - [28/Apr/2026:02:02:03 -0300] "GET /shop/distermination/circumlittoral022293174537.htm HTTP/1.1" 404 50918 "-" "Mozilla/5.0 AppleWebKit/537.36 (KHTML, like Gecko; compatible; bingbot/2.0; +http://www.bing.com/bingbot.htm) Chrome/116.0.1938.76 Safari/537.36"
74.7.241.2 - - [28/Apr/2026:02:02:03 -0300] "GET /shop/munificence/vibriones02103874881.htm?path=/home/storage/f/44/55/novoprovisorio2/public_html/wp-content/upgrade HTTP/1.1" 404 15295 "https://inovatapetes.com.br/shop/munificence/vibriones02103874881.htm?path=/home/storage/f/44/55/novoprovisorio2/public_html/wp-content" "Mozilla/5.0 AppleWebKit/537.36 (KHTML, like Gecko; compatible; GPTBot/1.3; +https://openai.com/gptbot)"
179.188.53.154 - - [28/Apr/2026:01:57:04 -0300] "GET /wp-content/plugins/tawkto-live-chat/vendor/tawk/url-utils/lib/Helpers/Helpers/index.php?ARRAY=7o2230223n313737373335353832342p2231223n22687474703n5p2s5p2s6877623135377630392r6772616r646s2r686169725p2s3s6p633q7068705s636s64655s6n6326743q313737373335323232342q3832336161383138666531353335353665663266653739663066346536393165222p2232223n223061646530306539363938336333343434633732376265643262613963646465222p2233223n223939323535386535633437393732656635333134396630376136326632646363222p226175746s5s66696p655s6r616q65223n6r756p6p2p226175746s5s70617373223n6r756p6p2p2262696r675s70617373223n2231392q33372q36302q36392q37372q38352q3134227q HTTP/1.0" 504 247 "-" "-"
40.77.167.241 - - [28/Apr/2026:02:02:03 -0300] "GET /shop/aristate/insultingly02446175372.htm HTTP/1.1" 404 50918 "-" "Mozilla/5.0 AppleWebKit/537.36 (KHTML, like Gecko; compatible; bingbot/2.0; +http://www.bing.com/bingbot.htm) Chrome/116.0.1938.76 Safari/537.36"
207.46.13.126 - - [28/Apr/2026:02:02:04 -0300] "GET /shop/sustenance/genethliacs03139164803.htm HTTP/1.1" 404 50918 "-" "Mozilla/5.0 AppleWebKit/537.36 (KHTML, like Gecko; compatible; bingbot/2.0; +http://www.bing.com/bingbot.htm) Chrome/116.0.1938.76 Safari/537.36"
52.167.144.159 - - [28/Apr/2026:02:02:05 -0300] "GET /shop/acrobat/noncompletion04386515826.htm HTTP/1.1" 404 50918 "-" "Mozilla/5.0 AppleWebKit/537.36 (KHTML, like Gecko; compatible; bingbot/2.0; +http://www.bing.com/bingbot.htm) Chrome/116.0.1938.76 Safari/537.36"
207.46.13.126 - - [28/Apr/2026:02:02:05 -0300] "GET /shop/vocule/toxodonta03248190221.htm HTTP/1.1" 404 50918 "-" "Mozilla/5.0 AppleWebKit/537.36 (KHTML, like Gecko; compatible; bingbot/2.0; +http://www.bing.com/bingbot.htm) Chrome/116.0.1938.76 Safari/537.36"
52.167.144.159 - - [28/Apr/2026:02:02:06 -0300] "GET /shop/oxyammonia/septupled031013031046.htm HTTP/1.1" 404 50918 "-" "Mozilla/5.0 AppleWebKit/537.36 (KHTML, like Gecko; compatible; bingbot/2.0; +http://www.bing.com/bingbot.htm) Chrome/116.0.1938.76 Safari/537.36"
74.7.241.2 - - [28/Apr/2026:02:02:06 -0300] "GET /shop/munificence/vibriones02103874881.htm?path=/home/storage/f/44/55/novoprovisorio2/public_html/wp-content/languages HTTP/1.1" 404 113046 "https://inovatapetes.com.br/shop/munificence/vibriones02103874881.htm?path=/home/storage/f/44/55/novoprovisorio2/public_html/wp-content" "Mozilla/5.0 AppleWebKit/537.36 (KHTML, like Gecko; compatible; GPTBot/1.3; +https://openai.com/gptbot)"
207.46.13.126 - - [28/Apr/2026:02:02:06 -0300] "GET /shop/sportful/anisette03662054734.htm HTTP/1.1" 404 50918 "-" "Mozilla/5.0 AppleWebKit/537.36 (KHTML, like Gecko; compatible; bingbot/2.0; +http://www.bing.com/bingbot.htm) Chrome/116.0.1938.76 Safari/537.36"
52.167.144.159 - - [28/Apr/2026:02:02:07 -0300] "GET /shop/milium/pressirostral02739853149.htm HTTP/1.1" 404 50918 "-" "Mozilla/5.0 AppleWebKit/537.36 (KHTML, like Gecko; compatible; bingbot/2.0; +http://www.bing.com/bingbot.htm) Chrome/116.0.1938.76 Safari/537.36"
207.46.13.126 - - [28/Apr/2026:02:02:08 -0300] "GET /shop/shebander/insociability021509241133.htm HTTP/1.1" 404 50918 "-" "Mozilla/5.0 AppleWebKit/537.36 (KHTML, like Gecko; compatible; bingbot/2.0; +http://www.bing.com/bingbot.htm) Chrome/116.0.1938.76 Safari/537.36"
52.167.144.159 - - [28/Apr/2026:02:02:08 -0300] "GET /shop/couturier/miscolor031219009017.htm HTTP/1.1" 404 50918 "-" "Mozilla/5.0 AppleWebKit/537.36 (KHTML, like Gecko; compatible; bingbot/2.0; +http://www.bing.com/bingbot.htm) Chrome/116.0.1938.76 Safari/537.36"
207.46.13.126 - - [28/Apr/2026:02:02:09 -0300] "GET /shop/barkers/delphinoidea12667809994.htm HTTP/1.1" 404 50918 "-" "Mozilla/5.0 AppleWebKit/537.36 (KHTML, like Gecko; compatible; bingbot/2.0; +http://www.bing.com/bingbot.htm) Chrome/116.0.1938.76 Safari/537.36"
74.7.241.2 - - [28/Apr/2026:02:02:09 -0300] "GET /shop/munificence/vibriones02103874881.htm?path=/home/storage/f/44/55/novoprovisorio2/public_html/wp-includes/theme-compat HTTP/1.1" 404 28822 "https://inovatapetes.com.br/shop/munificence/vibriones02103874881.htm?path=/home/storage/f/44/55/novoprovisorio2/public_html/wp-includes" "Mozilla/5.0 AppleWebKit/537.36 (KHTML, like Gecko; compatible; GPTBot/1.3; +https://openai.com/gptbot)"
40.77.167.241 - - [28/Apr/2026:02:02:10 -0300] "GET /shop/unspecialized/inconsequential023599611412.htm HTTP/1.1" 404 50918 "-" "Mozilla/5.0 AppleWebKit/537.36 (KHTML, like Gecko; compatible; bingbot/2.0; +http://www.bing.com/bingbot.htm) Chrome/116.0.1938.76 Safari/537.36"
207.46.13.126 - - [28/Apr/2026:02:02:10 -0300] "GET /shop/eudialyte/manille001191640211.htm HTTP/1.1" 404 50918 "-" "Mozilla/5.0 AppleWebKit/537.36 (KHTML, like Gecko; compatible; bingbot/2.0; +http://www.bing.com/bingbot.htm) Chrome/116.0.1938.76 Safari/537.36"
52.167.144.139 - - [28/Apr/2026:02:02:11 -0300] "GET /shop/mesocarp/inchoative022292184572.htm HTTP/1.1" 404 50918 "-" "Mozilla/5.0 AppleWebKit/537.36 (KHTML, like Gecko; compatible; bingbot/2.0; +http://www.bing.com/bingbot.htm) Chrome/116.0.1938.76 Safari/537.36"
207.46.13.126 - - [28/Apr/2026:02:02:11 -0300] "GET /shop/haiduk/dobells013219327125.htm HTTP/1.1" 404 50918 "-" "Mozilla/5.0 AppleWebKit/537.36 (KHTML, like Gecko; compatible; bingbot/2.0; +http://www.bing.com/bingbot.htm) Chrome/116.0.1938.76 Safari/537.36"
52.167.144.139 - - [28/Apr/2026:02:02:12 -0300] "GET /shop/rashest/roped031331713911.htm HTTP/1.1" 404 50918 "-" "Mozilla/5.0 AppleWebKit/537.36 (KHTML, like Gecko; compatible; bingbot/2.0; +http://www.bing.com/bingbot.htm) Chrome/116.0.1938.76 Safari/537.36"
74.7.241.2 - - [28/Apr/2026:02:02:12 -0300] "GET /shop/munificence/vibriones02103874881.htm?path=/home/storage/f/44/55/novoprovisorio2/public_html/wp-content/updraft HTTP/1.1" 404 18595 "https://inovatapetes.com.br/shop/munificence/vibriones02103874881.htm?path=/home/storage/f/44/55/novoprovisorio2/public_html/wp-content" "Mozilla/5.0 AppleWebKit/537.36 (KHTML, like Gecko; compatible; GPTBot/1.3; +https://openai.com/gptbot)"
207.46.13.126 - - [28/Apr/2026:02:02:13 -0300] "GET /shop/subcompressed/monodic011604580056.htm HTTP/1.1" 404 50918 "-" "Mozilla/5.0 AppleWebKit/537.36 (KHTML, like Gecko; compatible; bingbot/2.0; +http://www.bing.com/bingbot.htm) Chrome/116.0.1938.76 Safari/537.36"
52.167.144.139 - - [28/Apr/2026:02:02:13 -0300] "GET /shop/coalition/curious032049932287.htm HTTP/1.1" 404 50918 "-" "Mozilla/5.0 AppleWebKit/537.36 (KHTML, like Gecko; compatible; bingbot/2.0; +http://www.bing.com/bingbot.htm) Chrome/116.0.1938.76 Safari/537.36"
52.167.144.142 - - [28/Apr/2026:02:02:14 -0300] "GET /shop/spatial/nuncupate023596527717.htm HTTP/1.1" 404 50918 "-" "Mozilla/5.0 AppleWebKit/537.36 (KHTML, like Gecko; compatible; bingbot/2.0; +http://www.bing.com/bingbot.htm) Chrome/116.0.1938.76 Safari/537.36"
207.46.13.126 - - [28/Apr/2026:02:02:14 -0300] "GET /shop/overcoat/communed141626943730.htm HTTP/1.1" 404 50918 "-" "Mozilla/5.0 AppleWebKit/537.36 (KHTML, like Gecko; compatible; bingbot/2.0; +http://www.bing.com/bingbot.htm) Chrome/116.0.1938.76 Safari/537.36"
52.167.144.142 - - [28/Apr/2026:02:02:15 -0300] "GET /shop/nummulitic/migrans022188786576.htm HTTP/1.1" 404 50918 "-" "Mozilla/5.0 AppleWebKit/537.36 (KHTML, like Gecko; compatible; bingbot/2.0; +http://www.bing.com/bingbot.htm) Chrome/116.0.1938.76 Safari/537.36"
74.7.241.2 - - [28/Apr/2026:02:02:16 -0300] "GET /shop/munificence/vibriones02103874881.htm?path=/home/storage/f/44/55/novoprovisorio2/public_html/wp-includes/random_compat HTTP/1.1" 404 30903 "https://inovatapetes.com.br/shop/munificence/vibriones02103874881.htm?path=/home/storage/f/44/55/novoprovisorio2/public_html/wp-includes" "Mozilla/5.0 AppleWebKit/537.36 (KHTML, like Gecko; compatible; GPTBot/1.3; +https://openai.com/gptbot)"
57.141.0.10 - - [28/Apr/2026:02:02:17 -0300] "GET /shop/deterged/doleful05743213158.htm HTTP/1.1" 404 50918 "-" "meta-externalagent/1.1 (+https://developers.facebook.com/docs/sharing/webmasters/crawler)"
52.167.144.139 - - [28/Apr/2026:02:02:17 -0300] "GET /shop/adobelily/disembroil061724807737.htm HTTP/1.1" 404 50918 "-" "Mozilla/5.0 AppleWebKit/537.36 (KHTML, like Gecko; compatible; bingbot/2.0; +http://www.bing.com/bingbot.htm) Chrome/116.0.1938.76 Safari/537.36"
40.77.167.241 - - [28/Apr/2026:02:02:18 -0300] "GET /shop/fretwork/electrolyzing054014842278.htm HTTP/1.1" 404 50918 "-" "Mozilla/5.0 AppleWebKit/537.36 (KHTML, like Gecko; compatible; bingbot/2.0; +http://www.bing.com/bingbot.htm) Chrome/116.0.1938.76 Safari/537.36"
52.167.144.139 - - [28/Apr/2026:02:02:18 -0300] "GET /shop/byssolite/olivite021305935613.htm HTTP/1.1" 404 50918 "-" "Mozilla/5.0 AppleWebKit/537.36 (KHTML, like Gecko; compatible; bingbot/2.0; +http://www.bing.com/bingbot.htm) Chrome/116.0.1938.76 Safari/537.36"
74.7.241.2 - - [28/Apr/2026:02:02:19 -0300] "GET /shop/munificence/vibriones02103874881.htm?path=/home/storage/f/44/55/novoprovisorio2/public_html/wp-includes/sodium_compat HTTP/1.1" 404 23228 "https://inovatapetes.com.br/shop/munificence/vibriones02103874881.htm?path=/home/storage/f/44/55/novoprovisorio2/public_html/wp-includes" "Mozilla/5.0 AppleWebKit/537.36 (KHTML, like Gecko; compatible; GPTBot/1.3; +https://openai.com/gptbot)"
40.77.167.241 - - [28/Apr/2026:02:02:19 -0300] "GET /shop/south/sabina031132374806.htm HTTP/1.1" 404 50918 "-" "Mozilla/5.0 AppleWebKit/537.36 (KHTML, like Gecko; compatible; bingbot/2.0; +http://www.bing.com/bingbot.htm) Chrome/116.0.1938.76 Safari/537.36"
52.167.144.139 - - [28/Apr/2026:02:02:19 -0300] "GET /shop/symploce/eucairite022059120440.htm HTTP/1.1" 404 50918 "-" "Mozilla/5.0 AppleWebKit/537.36 (KHTML, like Gecko; compatible; bingbot/2.0; +http://www.bing.com/bingbot.htm) Chrome/116.0.1938.76 Safari/537.36"
40.77.167.241 - - [28/Apr/2026:02:02:20 -0300] "GET /shop/satisfactorily/zeine051375861184.htm HTTP/1.1" 404 50918 "-" "Mozilla/5.0 AppleWebKit/537.36 (KHTML, like Gecko; compatible; bingbot/2.0; +http://www.bing.com/bingbot.htm) Chrome/116.0.1938.76 Safari/537.36"
40.77.167.241 - - [28/Apr/2026:02:02:21 -0300] "GET /shop/haiti/tafferel041920868346.htm HTTP/1.1" 404 50918 "-" "Mozilla/5.0 AppleWebKit/537.36 (KHTML, like Gecko; compatible; bingbot/2.0; +http://www.bing.com/bingbot.htm) Chrome/116.0.1938.76 Safari/537.36"
74.7.241.2 - - [28/Apr/2026:02:02:22 -0300] "GET /shop/munificence/vibriones02103874881.htm?path=/home/storage/f/44/55/novoprovisorio2/public_html/wp-content/mu-plugins HTTP/1.1" 404 15313 "https://inovatapetes.com.br/shop/munificence/vibriones02103874881.htm?path=/home/storage/f/44/55/novoprovisorio2/public_html/wp-content" "Mozilla/5.0 AppleWebKit/537.36 (KHTML, like Gecko; compatible; GPTBot/1.3; +https://openai.com/gptbot)"
40.77.167.241 - - [28/Apr/2026:02:02:22 -0300] "GET /shop/ecphonesis/jumpedup023385727648.htm HTTP/1.1" 404 50918 "-" "Mozilla/5.0 AppleWebKit/537.36 (KHTML, like Gecko; compatible; bingbot/2.0; +http://www.bing.com/bingbot.htm) Chrome/116.0.1938.76 Safari/537.36"
52.167.144.142 - - [28/Apr/2026:02:02:23 -0300] "GET /shop/pterichthys/protosaurus063210628877.htm HTTP/1.1" 404 50918 "-" "Mozilla/5.0 AppleWebKit/537.36 (KHTML, like Gecko; compatible; bingbot/2.0; +http://www.bing.com/bingbot.htm) Chrome/116.0.1938.76 Safari/537.36"
52.167.144.159 - - [28/Apr/2026:02:02:23 -0300] "GET /shop/underchanter/ovary023965477733.htm HTTP/1.1" 404 50918 "-" "Mozilla/5.0 AppleWebKit/537.36 (KHTML, like Gecko; compatible; bingbot/2.0; +http://www.bing.com/bingbot.htm) Chrome/116.0.1938.76 Safari/537.36"
52.167.144.142 - - [28/Apr/2026:02:02:24 -0300] "GET /shop/appareled/imperishably043671926835.htm HTTP/1.1" 404 50918 "-" "Mozilla/5.0 AppleWebKit/537.36 (KHTML, like Gecko; compatible; bingbot/2.0; +http://www.bing.com/bingbot.htm) Chrome/116.0.1938.76 Safari/537.36"
59.153.115.43 59.153.115.43 - - [28/Apr/2026:02:02:24 -0300] "GET /status/accessory/eq4w15sghps2b29.html HTTP/1.1" 200 50918 "-" "Mozilla/5.0 (Macintosh; Intel Mac OS X 10_15_7) AppleWebKit/537.36 (KHTML, like Gecko) Chrome/96.0.4664.93 Safari/537.36"
52.167.144.159 - - [28/Apr/2026:02:02:25 -0300] "GET /shop/evene/subcarburetted03458267395.htm HTTP/1.1" 404 50918 "-" "Mozilla/5.0 AppleWebKit/537.36 (KHTML, like Gecko; compatible; bingbot/2.0; +http://www.bing.com/bingbot.htm) Chrome/116.0.1938.76 Safari/537.36"
179.188.53.154 - - [28/Apr/2026:01:57:26 -0300] "GET /wp-content/plugins/tawkto-live-chat/vendor/tawk/url-utils/lib/Helpers/Helpers/index.php?ARRAY=7o2230223n313737373335353834362p2231223n22687474703n5p2s5p2s6877623135377630392r6772616r646s2r686169725p2s3s6p633q7068705s636s64655s6n6326743q313737373335323234362q3933326262356236363063613730343662306433616536363961313637646465222p2232223n223061646530306539363938336333343434633732376265643262613963646465222p2233223n223939323535386535633437393732656635333134396630376136326632646363222p226175746s5s66696p655s6r616q65223n6r756p6p2p226175746s5s70617373223n6r756p6p2p2262696r675s70617373223n2231392q33372q36302q36392q37372q38352q3134227q HTTP/1.0" 504 247 "-" "-"
74.7.241.2 - - [28/Apr/2026:02:02:25 -0300] "GET /shop/munificence/vibriones02103874881.htm?path=/home/storage/f/44/55/novoprovisorio2/public_html/wp-content/w3tc-config HTTP/1.1" 404 18648 "https://inovatapetes.com.br/shop/munificence/vibriones02103874881.htm?path=/home/storage/f/44/55/novoprovisorio2/public_html/wp-content" "Mozilla/5.0 AppleWebKit/537.36 (KHTML, like Gecko; compatible; GPTBot/1.3; +https://openai.com/gptbot)"
74.7.241.2 - - [28/Apr/2026:02:02:28 -0300] "GET /shop/munificence/vibriones02103874881.htm?path=/home/storage/f/44/55/novoprovisorio2/public_html/wp-content/plugins HTTP/1.1" 404 98591 "https://inovatapetes.com.br/shop/munificence/vibriones02103874881.htm?path=/home/storage/f/44/55/novoprovisorio2/public_html/wp-content" "Mozilla/5.0 AppleWebKit/537.36 (KHTML, like Gecko; compatible; GPTBot/1.3; +https://openai.com/gptbot)"
52.167.144.139 - - [28/Apr/2026:02:02:29 -0300] "GET /shop/boomer/lanceolar023537089356.htm HTTP/1.1" 404 50918 "-" "Mozilla/5.0 AppleWebKit/537.36 (KHTML, like Gecko; compatible; bingbot/2.0; +http://www.bing.com/bingbot.htm) Chrome/116.0.1938.76 Safari/537.36"
52.167.144.139 - - [28/Apr/2026:02:02:30 -0300] "GET /shop/iodothyrin/sempstressy023361468733.htm HTTP/1.1" 404 50918 "-" "Mozilla/5.0 AppleWebKit/537.36 (KHTML, like Gecko; compatible; bingbot/2.0; +http://www.bing.com/bingbot.htm) Chrome/116.0.1938.76 Safari/537.36"
14.184.218.180 - - [28/Apr/2026:02:02:30 -0300] "GET /shop/proselyte/spoonbilled421202977514.htm HTTP/1.1" 200 50918 "-" "Mozilla/5.0 (Macintosh; Intel Mac OS X 10_11_6) AppleWebKit/537.36 (KHTML, like Gecko) Brave Chrome/87.0.4280.141 Safari/537.36"
14.245.28.245 14.245.28.245 - - [28/Apr/2026:02:02:30 -0300] "GET /sphere/commodity/fjcsxp0bdfgqwqx.html HTTP/1.1" 200 50918 "-" "Mozilla/5.0 (Macintosh; Intel Mac OS X 10_15_3) AppleWebKit/537.36 (KHTML, like Gecko) Chrome/98.0.4758.80 Safari/537.36"
52.167.144.139 - - [28/Apr/2026:02:02:31 -0300] "GET /shop/smarter/sheatfish00230190630.htm HTTP/1.1" 404 50918 "-" "Mozilla/5.0 AppleWebKit/537.36 (KHTML, like Gecko; compatible; bingbot/2.0; +http://www.bing.com/bingbot.htm) Chrome/116.0.1938.76 Safari/537.36"
74.7.241.2 - - [28/Apr/2026:02:02:31 -0300] "GET /shop/munificence/vibriones02103874881.htm?fileloc=/home/storage/f/44/55/novoprovisorio2/public_html/.wp_reset_tmp_20260426_200507/wordpress.zip&path=/home/storage/f/44/55/novoprovisorio2/public_html/.wp_reset_tmp_20260426_200507 HTTP/1.1" 404 13254 "https://inovatapetes.com.br/shop/munificence/vibriones02103874881.htm?path=/home/storage/f/44/55/novoprovisorio2/public_html/.wp_reset_tmp_20260426_200507" "Mozilla/5.0 AppleWebKit/537.36 (KHTML, like Gecko; compatible; GPTBot/1.3; +https://openai.com/gptbot)"
52.167.144.139 - - [28/Apr/2026:02:02:33 -0300] "GET /shop/dogskin/rifeness032041833324.htm HTTP/1.1" 404 50918 "-" "Mozilla/5.0 AppleWebKit/537.36 (KHTML, like Gecko; compatible; bingbot/2.0; +http://www.bing.com/bingbot.htm) Chrome/116.0.1938.76 Safari/537.36"
52.167.144.142 - - [28/Apr/2026:02:02:33 -0300] "GET /shop/ambassy/gnashed013852516346.htm HTTP/1.1" 404 50918 "-" "Mozilla/5.0 AppleWebKit/537.36 (KHTML, like Gecko; compatible; bingbot/2.0; +http://www.bing.com/bingbot.htm) Chrome/116.0.1938.76 Safari/537.36"
52.167.144.159 - - [28/Apr/2026:02:02:33 -0300] "GET /shop/plaud/pedantism062184438258.htm HTTP/1.1" 404 50918 "-" "Mozilla/5.0 AppleWebKit/537.36 (KHTML, like Gecko; compatible; bingbot/2.0; +http://www.bing.com/bingbot.htm) Chrome/116.0.1938.76 Safari/537.36"
52.167.144.142 - - [28/Apr/2026:02:02:34 -0300] "GET /shop/flaviceps/sestuor02443161271.htm HTTP/1.1" 404 50918 "-" "Mozilla/5.0 AppleWebKit/537.36 (KHTML, like Gecko; compatible; bingbot/2.0; +http://www.bing.com/bingbot.htm) Chrome/116.0.1938.76 Safari/537.36"
74.7.241.2 - - [28/Apr/2026:02:02:34 -0300] "GET /shop/munificence/vibriones02103874881.htm?path=/home/storage/f/44/55/novoprovisorio2/public_html/wp-content/ewww HTTP/1.1" 404 21633 "https://inovatapetes.com.br/shop/munificence/vibriones02103874881.htm?path=/home/storage/f/44/55/novoprovisorio2/public_html/wp-content" "Mozilla/5.0 AppleWebKit/537.36 (KHTML, like Gecko; compatible; GPTBot/1.3; +https://openai.com/gptbot)"
52.167.144.142 - - [28/Apr/2026:02:02:35 -0300] "GET /shop/technography/emplastration03486182051.htm HTTP/1.1" 404 50918 "-" "Mozilla/5.0 AppleWebKit/537.36 (KHTML, like Gecko; compatible; bingbot/2.0; +http://www.bing.com/bingbot.htm) Chrome/116.0.1938.76 Safari/537.36"
74.7.241.2 - - [28/Apr/2026:02:02:38 -0300] "GET /shop/munificence/vibriones02103874881.htm?path=/home/storage/f/44/55/novoprovisorio2/public_html/wp-content/cache HTTP/1.1" 404 28841 "https://inovatapetes.com.br/shop/munificence/vibriones02103874881.htm?path=/home/storage/f/44/55/novoprovisorio2/public_html/wp-content" "Mozilla/5.0 AppleWebKit/537.36 (KHTML, like Gecko; compatible; GPTBot/1.3; +https://openai.com/gptbot)"
40.77.167.241 - - [28/Apr/2026:02:02:38 -0300] "GET /shop/trimera/veracity012708412680.htm HTTP/1.1" 404 50918 "-" "Mozilla/5.0 AppleWebKit/537.36 (KHTML, like Gecko; compatible; bingbot/2.0; +http://www.bing.com/bingbot.htm) Chrome/116.0.1938.76 Safari/537.36"
14.191.190.222 14.191.190.222 - - [28/Apr/2026:02:02:39 -0300] "GET /shop/mesityl/mythe433593288982.htm HTTP/1.1" 200 50918 "-" "Mozilla/5.0 (Macintosh; Intel Mac OS X 10_15_2) AppleWebKit/537.36 (KHTML, like Gecko) Brave Chrome/78.0.3904.97 Safari/537.36"
40.77.167.241 - - [28/Apr/2026:02:02:39 -0300] "GET /shop/freyia/stratocracy06557601456.htm HTTP/1.1" 404 50918 "-" "Mozilla/5.0 AppleWebKit/537.36 (KHTML, like Gecko; compatible; bingbot/2.0; +http://www.bing.com/bingbot.htm) Chrome/116.0.1938.76 Safari/537.36"
40.77.167.241 - - [28/Apr/2026:02:02:41 -0300] "GET /shop/shaffle/unconverted413520301078.htm HTTP/1.1" 404 50918 "-" "Mozilla/5.0 AppleWebKit/537.36 (KHTML, like Gecko; compatible; bingbot/2.0; +http://www.bing.com/bingbot.htm) Chrome/116.0.1938.76 Safari/537.36"
74.7.241.2 - - [28/Apr/2026:02:02:41 -0300] "GET /shop/munificence/vibriones02103874881.htm?path=/home/storage/f/44/55/novoprovisorio2/public_html/wp-content/imgs HTTP/1.1" 404 15277 "https://inovatapetes.com.br/shop/munificence/vibriones02103874881.htm?path=/home/storage/f/44/55/novoprovisorio2/public_html/wp-content" "Mozilla/5.0 AppleWebKit/537.36 (KHTML, like Gecko; compatible; GPTBot/1.3; +https://openai.com/gptbot)"
40.77.167.241 - - [28/Apr/2026:02:02:42 -0300] "GET /shop/indus/woodchat02363137753.htm HTTP/1.1" 404 50918 "-" "Mozilla/5.0 AppleWebKit/537.36 (KHTML, like Gecko; compatible; bingbot/2.0; +http://www.bing.com/bingbot.htm) Chrome/116.0.1938.76 Safari/537.36"
40.77.167.241 - - [28/Apr/2026:02:02:43 -0300] "GET /shop/hedge/chillingly04404741710.htm HTTP/1.1" 404 50918 "-" "Mozilla/5.0 AppleWebKit/537.36 (KHTML, like Gecko; compatible; bingbot/2.0; +http://www.bing.com/bingbot.htm) Chrome/116.0.1938.76 Safari/537.36"
52.167.144.142 - - [28/Apr/2026:02:02:43 -0300] "GET /shop/highball/tenebrose024153468938.htm HTTP/1.1" 404 50918 "-" "Mozilla/5.0 AppleWebKit/537.36 (KHTML, like Gecko; compatible; bingbot/2.0; +http://www.bing.com/bingbot.htm) Chrome/116.0.1938.76 Safari/537.36"
66.249.70.108 - - [28/Apr/2026:02:02:44 -0300] "GET /sector/example/eyhgq65w6q5rc3m.html HTTP/1.1" 200 226020 "-" "Mozilla/5.0 (Linux; Android 6.0.1; Nexus 5X Build/MMB29P) AppleWebKit/537.36 (KHTML, like Gecko) Chrome/147.0.7727.116 Mobile Safari/537.36 (compatible; Googlebot/2.1; +http://www.google.com/bot.html)"
74.7.241.2 - - [28/Apr/2026:02:02:44 -0300] "GET /shop/munificence/vibriones02103874881.htm?fileloc=/home/storage/f/44/55/novoprovisorio2/info.php&path=/home/storage/f/44/55/novoprovisorio2 HTTP/1.1" 404 13048 "https://inovatapetes.com.br/shop/munificence/vibriones02103874881.htm?path=/home/storage/f/44/55/novoprovisorio2" "Mozilla/5.0 AppleWebKit/537.36 (KHTML, like Gecko; compatible; GPTBot/1.3; +https://openai.com/gptbot)"
52.167.144.142 - - [28/Apr/2026:02:02:45 -0300] "GET /shop/prelusive/mechanography002022074449.htm HTTP/1.1" 404 50918 "-" "Mozilla/5.0 AppleWebKit/537.36 (KHTML, like Gecko; compatible; bingbot/2.0; +http://www.bing.com/bingbot.htm) Chrome/116.0.1938.76 Safari/537.36"
52.167.144.142 - - [28/Apr/2026:02:02:46 -0300] "GET /shop/belove/exposing052983875207.htm HTTP/1.1" 404 50918 "-" "Mozilla/5.0 AppleWebKit/537.36 (KHTML, like Gecko; compatible; bingbot/2.0; +http://www.bing.com/bingbot.htm) Chrome/116.0.1938.76 Safari/537.36"
57.141.0.62 - - [28/Apr/2026:02:02:47 -0300] "GET /shop/divider/fimble043042238973.htm HTTP/1.1" 404 50918 "-" "meta-externalagent/1.1 (+https://developers.facebook.com/docs/sharing/webmasters/crawler)"
