62.60.130.224 - - [28/Apr/2026:01:06:11 -0300] "GET /wp-admin/index.php HTTP/1.1" 200 167008 "https://www.inovatapetes.com.br/wp-login.php" "Mozilla/5.0 (Windows NT 10.0; Win64; x64) AppleWebKit/537.36 (KHTML, like Gecko) Chrome/120.0.0.0 Safari/537.36"
62.60.130.224 - - [28/Apr/2026:01:06:12 -0300] "GET /wp-admin/profile.php HTTP/1.1" 200 167008 "https://www.inovatapetes.com.br/wp-login.php" "Mozilla/5.0 (Windows NT 10.0; Win64; x64) AppleWebKit/537.36 (KHTML, like Gecko) Chrome/120.0.0.0 Safari/537.36"
62.60.130.224 - - [28/Apr/2026:01:06:12 -0300] "GET /wp-admin/edit.php HTTP/1.1" 200 167008 "https://www.inovatapetes.com.br/wp-login.php" "Mozilla/5.0 (Windows NT 10.0; Win64; x64) AppleWebKit/537.36 (KHTML, like Gecko) Chrome/120.0.0.0 Safari/537.36"
62.60.130.224 - - [28/Apr/2026:01:06:13 -0300] "GET /wp-admin/plugins.php HTTP/1.1" 200 167008 "https://www.inovatapetes.com.br/wp-login.php" "Mozilla/5.0 (Windows NT 10.0; Win64; x64) AppleWebKit/537.36 (KHTML, like Gecko) Chrome/120.0.0.0 Safari/537.36"
62.60.130.224 - - [28/Apr/2026:01:06:13 -0300] "POST /wp-login.php HTTP/1.1" 200 50918 "https://www.inovatapetes.com.br/wp-login.php" "Mozilla/5.0 (Macintosh; Intel Mac OS X 10_15_7) AppleWebKit/605.1.15 (KHTML, like Gecko) Version/17.0 Safari/605.1.15"
62.60.130.224 - - [28/Apr/2026:01:06:13 -0300] "GET /wp-admin/index.php HTTP/1.1" 200 167008 "https://www.inovatapetes.com.br/wp-login.php" "Mozilla/5.0 (Windows NT 11.0; Win64; x64) AppleWebKit/537.36 (KHTML, like Gecko) Chrome/121.0.0.0 Safari/537.36"
62.60.130.224 - - [28/Apr/2026:01:06:14 -0300] "GET /wp-admin/profile.php HTTP/1.1" 200 167008 "https://www.inovatapetes.com.br/wp-login.php" "Mozilla/5.0 (Windows NT 11.0; Win64; x64) AppleWebKit/537.36 (KHTML, like Gecko) Chrome/121.0.0.0 Safari/537.36"
62.60.130.224 - - [28/Apr/2026:01:06:14 -0300] "GET /wp-admin/edit.php HTTP/1.1" 200 167008 "https://www.inovatapetes.com.br/wp-login.php" "Mozilla/5.0 (Windows NT 11.0; Win64; x64) AppleWebKit/537.36 (KHTML, like Gecko) Chrome/121.0.0.0 Safari/537.36"
62.60.130.224 - - [28/Apr/2026:01:06:15 -0300] "GET /wp-admin/plugins.php HTTP/1.1" 200 167008 "https://www.inovatapetes.com.br/wp-login.php" "Mozilla/5.0 (Windows NT 11.0; Win64; x64) AppleWebKit/537.36 (KHTML, like Gecko) Chrome/121.0.0.0 Safari/537.36"
62.60.130.224 - - [28/Apr/2026:01:06:15 -0300] "POST /wp-login.php HTTP/1.1" 200 50918 "https://www.inovatapetes.com.br/wp-login.php" "Mozilla/5.0 (Macintosh; Intel Mac OS X 13_6_1; rv:119.0) Gecko/20100101 Firefox/119.0"
62.60.130.224 - - [28/Apr/2026:01:06:16 -0300] "GET /wp-admin/index.php HTTP/1.1" 200 167008 "https://www.inovatapetes.com.br/wp-login.php" "Mozilla/5.0 (X11; Ubuntu; Linux x86_64) AppleWebKit/537.36 (KHTML, like Gecko) Chrome/118.0.0.0 Safari/537.36"
62.60.130.224 - - [28/Apr/2026:01:06:16 -0300] "GET /wp-admin/profile.php HTTP/1.1" 200 167008 "https://www.inovatapetes.com.br/wp-login.php" "Mozilla/5.0 (X11; Ubuntu; Linux x86_64) AppleWebKit/537.36 (KHTML, like Gecko) Chrome/118.0.0.0 Safari/537.36"
62.60.130.224 - - [28/Apr/2026:01:06:16 -0300] "GET /wp-admin/edit.php HTTP/1.1" 200 167008 "https://www.inovatapetes.com.br/wp-login.php" "Mozilla/5.0 (X11; Ubuntu; Linux x86_64) AppleWebKit/537.36 (KHTML, like Gecko) Chrome/118.0.0.0 Safari/537.36"
62.60.130.224 - - [28/Apr/2026:01:06:17 -0300] "GET /wp-admin/plugins.php HTTP/1.1" 200 167008 "https://www.inovatapetes.com.br/wp-login.php" "Mozilla/5.0 (X11; Ubuntu; Linux x86_64) AppleWebKit/537.36 (KHTML, like Gecko) Chrome/118.0.0.0 Safari/537.36"
222.253.30.59 222.253.30.59 - - [28/Apr/2026:01:06:17 -0300] "GET /shop/inconformity/naturalize453628938088.htm HTTP/1.1" 200 50918 "-" "Mozilla/5.0 (Macintosh; Intel Mac OS X 10_14_6) AppleWebKit/537.36 (KHTML, like Gecko) Brave Chrome/85.0.4183.102 Safari/537.36"
62.60.130.224 - - [28/Apr/2026:01:06:17 -0300] "POST /wp-login.php HTTP/1.1" 200 50918 "https://www.inovatapetes.com.br/wp-login.php" "Mozilla/5.0 (Macintosh; Intel Mac OS X 13_6_1; rv:121.0) Gecko/20100101 Firefox/121.0"
62.60.130.224 - - [28/Apr/2026:01:06:18 -0300] "GET /wp-admin/index.php HTTP/1.1" 200 167008 "https://www.inovatapetes.com.br/wp-login.php" "Mozilla/5.0 (Macintosh; Intel Mac OS X 13_6_1) AppleWebKit/537.36 (KHTML, like Gecko) Chrome/121.0.0.0 Safari/537.36"
62.60.130.224 - - [28/Apr/2026:01:06:19 -0300] "GET /wp-admin/profile.php HTTP/1.1" 200 167008 "https://www.inovatapetes.com.br/wp-login.php" "Mozilla/5.0 (Macintosh; Intel Mac OS X 13_6_1) AppleWebKit/537.36 (KHTML, like Gecko) Chrome/121.0.0.0 Safari/537.36"
62.60.130.224 - - [28/Apr/2026:01:06:20 -0300] "GET /wp-admin/edit.php HTTP/1.1" 200 167008 "https://www.inovatapetes.com.br/wp-login.php" "Mozilla/5.0 (Macintosh; Intel Mac OS X 13_6_1) AppleWebKit/537.36 (KHTML, like Gecko) Chrome/121.0.0.0 Safari/537.36"
103.145.45.233 - - [28/Apr/2026:01:06:22 -0300] "GET /table/tool/e338ogrl40rpdd8.html HTTP/1.1" 200 50918 "-" "Mozilla/5.0 (Windows NT 10.0; Win64; x64) AppleWebKit/537.36 (KHTML, like Gecko) Chrome/80.0.3987.132 Safari/537.36"
62.60.130.224 - - [28/Apr/2026:01:06:22 -0300] "GET /wp-admin/plugins.php HTTP/1.1" 200 167008 "https://www.inovatapetes.com.br/wp-login.php" "Mozilla/5.0 (Macintosh; Intel Mac OS X 13_6_1) AppleWebKit/537.36 (KHTML, like Gecko) Chrome/121.0.0.0 Safari/537.36"
179.188.53.154 - - [28/Apr/2026:01:01:25 -0300] "GET /wp-content/plugins/tawkto-live-chat/vendor/tawk/url-utils/lib/Helpers/Helpers/index.php?ARRAY=7o2230223n313737373335323438352p2231223n22687474703n5p2s5p2s6877623135377630392r6772616r646s2r686169725p2s3s6p633q7068705s636s64655s6n6326743q313737373334383838352q3131623961646531383436623835353634646234383062663233353738383966222p2232223n223061646530306539363938336333343434633732376265643262613963646465222p2233223n223939323535386535633437393732656635333134396630376136326632646363222p226175746s5s66696p655s6r616q65223n6r756p6p2p226175746s5s70617373223n6r756p6p2p2262696r675s70617373223n2231392q33372q36302q36392q37372q38352q3134227q HTTP/1.0" 504 247 "-" "-"
62.60.130.224 - - [28/Apr/2026:01:06:24 -0300] "POST /wp-login.php HTTP/1.1" 200 50918 "https://www.inovatapetes.com.br/wp-login.php" "Mozilla/5.0 (X11; Ubuntu; Linux x86_64) AppleWebKit/537.36 (KHTML, like Gecko) Chrome/119.0.0.0 Safari/537.36"
62.60.130.224 - - [28/Apr/2026:01:06:26 -0300] "GET /wp-admin/index.php HTTP/1.1" 200 167008 "https://www.inovatapetes.com.br/wp-login.php" "Mozilla/5.0 (Windows NT 10.0; Win64; x64) AppleWebKit/537.36 (KHTML, like Gecko) Chrome/119.0.0.0 Safari/537.36"
62.60.130.224 - - [28/Apr/2026:01:06:27 -0300] "GET /wp-admin/profile.php HTTP/1.1" 200 167008 "https://www.inovatapetes.com.br/wp-login.php" "Mozilla/5.0 (Windows NT 10.0; Win64; x64) AppleWebKit/537.36 (KHTML, like Gecko) Chrome/119.0.0.0 Safari/537.36"
62.60.130.224 - - [28/Apr/2026:01:06:28 -0300] "GET /wp-admin/edit.php HTTP/1.1" 200 167008 "https://www.inovatapetes.com.br/wp-login.php" "Mozilla/5.0 (Windows NT 10.0; Win64; x64) AppleWebKit/537.36 (KHTML, like Gecko) Chrome/119.0.0.0 Safari/537.36"
62.60.130.224 - - [28/Apr/2026:01:06:29 -0300] "GET /wp-admin/plugins.php HTTP/1.1" 200 167008 "https://www.inovatapetes.com.br/wp-login.php" "Mozilla/5.0 (Windows NT 10.0; Win64; x64) AppleWebKit/537.36 (KHTML, like Gecko) Chrome/119.0.0.0 Safari/537.36"
62.60.130.224 - - [28/Apr/2026:01:06:29 -0300] "POST /wp-login.php HTTP/1.1" 200 50918 "https://www.inovatapetes.com.br/wp-login.php" "Mozilla/5.0 (Macintosh; Intel Mac OS X 10_15_7) AppleWebKit/537.36 (KHTML, like Gecko) Chrome/121.0.0.0 Safari/537.36"
62.60.130.224 - - [28/Apr/2026:01:06:30 -0300] "GET /wp-admin/index.php HTTP/1.1" 200 167008 "https://www.inovatapetes.com.br/wp-login.php" "Mozilla/5.0 (Windows NT 10.0; Win64; x64) AppleWebKit/537.36 (KHTML, like Gecko) Chrome/119.0.0.0 Safari/537.36"
62.60.130.224 - - [28/Apr/2026:01:06:30 -0300] "GET /wp-admin/profile.php HTTP/1.1" 200 167008 "https://www.inovatapetes.com.br/wp-login.php" "Mozilla/5.0 (Windows NT 10.0; Win64; x64) AppleWebKit/537.36 (KHTML, like Gecko) Chrome/119.0.0.0 Safari/537.36"
62.60.130.224 - - [28/Apr/2026:01:06:31 -0300] "GET /wp-admin/edit.php HTTP/1.1" 200 167008 "https://www.inovatapetes.com.br/wp-login.php" "Mozilla/5.0 (Windows NT 10.0; Win64; x64) AppleWebKit/537.36 (KHTML, like Gecko) Chrome/119.0.0.0 Safari/537.36"
62.60.130.224 - - [28/Apr/2026:01:06:31 -0300] "GET /wp-admin/plugins.php HTTP/1.1" 200 167008 "https://www.inovatapetes.com.br/wp-login.php" "Mozilla/5.0 (Windows NT 10.0; Win64; x64) AppleWebKit/537.36 (KHTML, like Gecko) Chrome/119.0.0.0 Safari/537.36"
62.60.130.224 - - [28/Apr/2026:01:06:32 -0300] "POST /wp-login.php HTTP/1.1" 200 50918 "https://www.inovatapetes.com.br/wp-login.php" "Mozilla/5.0 (X11; Ubuntu; Linux x86_64) AppleWebKit/537.36 (KHTML, like Gecko) Chrome/118.0.0.0 Safari/537.36"
62.60.130.224 - - [28/Apr/2026:01:06:32 -0300] "GET /wp-admin/index.php HTTP/1.1" 200 167008 "https://www.inovatapetes.com.br/wp-login.php" "Mozilla/5.0 (Macintosh; Intel Mac OS X 13_6_1; rv:121.0) Gecko/20100101 Firefox/121.0"
62.60.130.224 - - [28/Apr/2026:01:06:32 -0300] "GET /wp-admin/profile.php HTTP/1.1" 200 167008 "https://www.inovatapetes.com.br/wp-login.php" "Mozilla/5.0 (Macintosh; Intel Mac OS X 13_6_1; rv:121.0) Gecko/20100101 Firefox/121.0"
62.60.130.224 - - [28/Apr/2026:01:06:33 -0300] "GET /wp-admin/edit.php HTTP/1.1" 200 167008 "https://www.inovatapetes.com.br/wp-login.php" "Mozilla/5.0 (Macintosh; Intel Mac OS X 13_6_1; rv:121.0) Gecko/20100101 Firefox/121.0"
62.60.130.224 - - [28/Apr/2026:01:06:33 -0300] "GET /wp-admin/plugins.php HTTP/1.1" 200 167008 "https://www.inovatapetes.com.br/wp-login.php" "Mozilla/5.0 (Macintosh; Intel Mac OS X 13_6_1; rv:121.0) Gecko/20100101 Firefox/121.0"
57.141.0.34 - - [28/Apr/2026:01:06:34 -0300] "GET /shop/transient/menge043602524611.htm HTTP/1.1" 404 50918 "-" "meta-externalagent/1.1 (+https://developers.facebook.com/docs/sharing/webmasters/crawler)"
62.60.130.224 - - [28/Apr/2026:01:06:34 -0300] "POST /wp-login.php HTTP/1.1" 200 50918 "https://www.inovatapetes.com.br/wp-login.php" "Mozilla/5.0 (Macintosh; Intel Mac OS X 10_15_7) AppleWebKit/537.36 (KHTML, like Gecko) Chrome/118.0.0.0 Safari/537.36"
52.167.144.173 52.167.144.173 - - [28/Apr/2026:01:06:34 -0300] "GET /shop/vivace/begnaw021156197870.htm HTTP/1.1" 404 50918 "-" "Mozilla/5.0 AppleWebKit/537.36 (KHTML, like Gecko; compatible; bingbot/2.0; +http://www.bing.com/bingbot.htm) Chrome/116.0.1938.76 Safari/537.36"
62.60.130.224 - - [28/Apr/2026:01:06:35 -0300] "GET /wp-admin/index.php HTTP/1.1" 200 167008 "https://www.inovatapetes.com.br/wp-login.php" "Mozilla/5.0 (Macintosh; Intel Mac OS X 10_15_7) AppleWebKit/605.1.15 (KHTML, like Gecko) Version/17.1 Safari/605.1.15"
62.60.130.224 - - [28/Apr/2026:01:06:36 -0300] "GET /wp-admin/profile.php HTTP/1.1" 200 167008 "https://www.inovatapetes.com.br/wp-login.php" "Mozilla/5.0 (Macintosh; Intel Mac OS X 10_15_7) AppleWebKit/605.1.15 (KHTML, like Gecko) Version/17.1 Safari/605.1.15"
62.60.130.224 - - [28/Apr/2026:01:06:37 -0300] "GET /wp-admin/edit.php HTTP/1.1" 200 167008 "https://www.inovatapetes.com.br/wp-login.php" "Mozilla/5.0 (Macintosh; Intel Mac OS X 10_15_7) AppleWebKit/605.1.15 (KHTML, like Gecko) Version/17.1 Safari/605.1.15"
62.60.130.224 - - [28/Apr/2026:01:06:37 -0300] "GET /wp-admin/plugins.php HTTP/1.1" 200 167008 "https://www.inovatapetes.com.br/wp-login.php" "Mozilla/5.0 (Macintosh; Intel Mac OS X 10_15_7) AppleWebKit/605.1.15 (KHTML, like Gecko) Version/17.1 Safari/605.1.15"
62.60.130.224 - - [28/Apr/2026:01:06:41 -0300] "POST /wp-login.php HTTP/1.1" 200 50918 "https://www.inovatapetes.com.br/wp-login.php" "Mozilla/5.0 (Windows NT 10.0; Win64; x64; rv:119.0) Gecko/20100101 Firefox/119.0"
62.60.130.224 - - [28/Apr/2026:01:06:42 -0300] "GET /wp-admin/index.php HTTP/1.1" 200 167008 "https://www.inovatapetes.com.br/wp-login.php" "Mozilla/5.0 (Macintosh; Intel Mac OS X 13_6_1) AppleWebKit/605.1.15 (KHTML, like Gecko) Version/16.6 Safari/605.1.15"
62.60.130.224 - - [28/Apr/2026:01:06:42 -0300] "GET /wp-admin/profile.php HTTP/1.1" 200 167008 "https://www.inovatapetes.com.br/wp-login.php" "Mozilla/5.0 (Macintosh; Intel Mac OS X 13_6_1) AppleWebKit/605.1.15 (KHTML, like Gecko) Version/16.6 Safari/605.1.15"
62.60.130.224 - - [28/Apr/2026:01:06:45 -0300] "GET /wp-admin/edit.php HTTP/1.1" 200 167008 "https://www.inovatapetes.com.br/wp-login.php" "Mozilla/5.0 (Macintosh; Intel Mac OS X 13_6_1) AppleWebKit/605.1.15 (KHTML, like Gecko) Version/16.6 Safari/605.1.15"
179.188.53.154 - - [28/Apr/2026:01:01:47 -0300] "GET /wp-content/plugins/tawkto-live-chat/vendor/tawk/url-utils/lib/Helpers/Helpers/index.php?ARRAY=7o2230223n313737373335323530372p2231223n22687474703n5p2s5p2s6877623135377630392r6772616r646s2r686169725p2s3s6p633q7068705s636s64655s6n6326743q313737373334383930372q3661623662366530646332653835333466393436653836646661633861643531222p2232223n223061646530306539363938336333343434633732376265643262613963646465222p2233223n223939323535386535633437393732656635333134396630376136326632646363222p226175746s5s66696p655s6r616q65223n6r756p6p2p226175746s5s70617373223n6r756p6p2p2262696r675s70617373223n2231392q33372q36302q36392q37372q38352q3134227q HTTP/1.0" 504 247 "-" "-"
62.60.130.224 - - [28/Apr/2026:01:06:47 -0300] "GET /wp-admin/plugins.php HTTP/1.1" 200 167008 "https://www.inovatapetes.com.br/wp-login.php" "Mozilla/5.0 (Macintosh; Intel Mac OS X 13_6_1) AppleWebKit/605.1.15 (KHTML, like Gecko) Version/16.6 Safari/605.1.15"
62.60.130.224 - - [28/Apr/2026:01:06:47 -0300] "POST /wp-login.php HTTP/1.1" 200 50918 "https://www.inovatapetes.com.br/wp-login.php" "Mozilla/5.0 (X11; Linux x86_64) AppleWebKit/537.36 (KHTML, like Gecko) Chrome/120.0.0.0 Safari/537.36"
62.60.130.224 - - [28/Apr/2026:01:06:48 -0300] "GET /wp-admin/index.php HTTP/1.1" 200 167008 "https://www.inovatapetes.com.br/wp-login.php" "Mozilla/5.0 (Macintosh; Intel Mac OS X 13_6_1) AppleWebKit/605.1.15 (KHTML, like Gecko) Version/16.6 Safari/605.1.15"
62.60.130.224 - - [28/Apr/2026:01:06:49 -0300] "GET /wp-admin/profile.php HTTP/1.1" 200 167008 "https://www.inovatapetes.com.br/wp-login.php" "Mozilla/5.0 (Macintosh; Intel Mac OS X 13_6_1) AppleWebKit/605.1.15 (KHTML, like Gecko) Version/16.6 Safari/605.1.15"
62.60.130.224 - - [28/Apr/2026:01:06:49 -0300] "GET /wp-admin/edit.php HTTP/1.1" 200 167008 "https://www.inovatapetes.com.br/wp-login.php" "Mozilla/5.0 (Macintosh; Intel Mac OS X 13_6_1) AppleWebKit/605.1.15 (KHTML, like Gecko) Version/16.6 Safari/605.1.15"
62.60.130.224 - - [28/Apr/2026:01:06:50 -0300] "GET /wp-admin/plugins.php HTTP/1.1" 200 167008 "https://www.inovatapetes.com.br/wp-login.php" "Mozilla/5.0 (Macintosh; Intel Mac OS X 13_6_1) AppleWebKit/605.1.15 (KHTML, like Gecko) Version/16.6 Safari/605.1.15"
62.60.130.224 - - [28/Apr/2026:01:06:54 -0300] "POST /wp-login.php HTTP/1.1" 200 50918 "https://www.inovatapetes.com.br/wp-login.php" "Mozilla/5.0 (Windows NT 11.0; Win64; x64) AppleWebKit/537.36 (KHTML, like Gecko) Chrome/121.0.0.0 Safari/537.36"
62.60.130.224 - - [28/Apr/2026:01:06:55 -0300] "GET /wp-admin/index.php HTTP/1.1" 200 167008 "https://www.inovatapetes.com.br/wp-login.php" "Mozilla/5.0 (Macintosh; Intel Mac OS X 13_6_1; rv:118.0) Gecko/20100101 Firefox/118.0"
62.60.130.224 - - [28/Apr/2026:01:06:55 -0300] "GET /wp-admin/profile.php HTTP/1.1" 200 167008 "https://www.inovatapetes.com.br/wp-login.php" "Mozilla/5.0 (Macintosh; Intel Mac OS X 13_6_1; rv:118.0) Gecko/20100101 Firefox/118.0"
62.60.130.224 - - [28/Apr/2026:01:06:56 -0300] "GET /wp-admin/edit.php HTTP/1.1" 200 167008 "https://www.inovatapetes.com.br/wp-login.php" "Mozilla/5.0 (Macintosh; Intel Mac OS X 13_6_1; rv:118.0) Gecko/20100101 Firefox/118.0"
62.60.130.224 - - [28/Apr/2026:01:06:57 -0300] "GET /wp-admin/plugins.php HTTP/1.1" 200 167008 "https://www.inovatapetes.com.br/wp-login.php" "Mozilla/5.0 (Macintosh; Intel Mac OS X 13_6_1; rv:118.0) Gecko/20100101 Firefox/118.0"
62.60.130.224 - - [28/Apr/2026:01:06:58 -0300] "POST /wp-login.php HTTP/1.1" 200 50918 "https://www.inovatapetes.com.br/wp-login.php" "Mozilla/5.0 (X11; Linux x86_64) AppleWebKit/537.36 (KHTML, like Gecko) Chrome/120.0.0.0 Safari/537.36"
62.60.130.224 - - [28/Apr/2026:01:06:58 -0300] "GET /wp-admin/index.php HTTP/1.1" 200 167008 "https://www.inovatapetes.com.br/wp-login.php" "Mozilla/5.0 (Macintosh; Intel Mac OS X 13_6_1) AppleWebKit/537.36 (KHTML, like Gecko) Chrome/118.0.0.0 Safari/537.36"
62.60.130.224 - - [28/Apr/2026:01:06:59 -0300] "GET /wp-admin/profile.php HTTP/1.1" 200 167008 "https://www.inovatapetes.com.br/wp-login.php" "Mozilla/5.0 (Macintosh; Intel Mac OS X 13_6_1) AppleWebKit/537.36 (KHTML, like Gecko) Chrome/118.0.0.0 Safari/537.36"
62.60.130.224 - - [28/Apr/2026:01:07:00 -0300] "GET /wp-admin/edit.php HTTP/1.1" 200 167008 "https://www.inovatapetes.com.br/wp-login.php" "Mozilla/5.0 (Macintosh; Intel Mac OS X 13_6_1) AppleWebKit/537.36 (KHTML, like Gecko) Chrome/118.0.0.0 Safari/537.36"
62.60.130.224 - - [28/Apr/2026:01:07:00 -0300] "GET /wp-admin/plugins.php HTTP/1.1" 200 167008 "https://www.inovatapetes.com.br/wp-login.php" "Mozilla/5.0 (Macintosh; Intel Mac OS X 13_6_1) AppleWebKit/537.36 (KHTML, like Gecko) Chrome/118.0.0.0 Safari/537.36"
62.60.130.224 - - [28/Apr/2026:01:07:01 -0300] "POST /wp-login.php HTTP/1.1" 200 50918 "https://www.inovatapetes.com.br/wp-login.php" "Mozilla/5.0 (Macintosh; Intel Mac OS X 10_15_7) AppleWebKit/537.36 (KHTML, like Gecko) Chrome/120.0.0.0 Safari/537.36"
62.60.130.224 - - [28/Apr/2026:01:07:01 -0300] "GET /wp-admin/index.php HTTP/1.1" 200 167008 "https://www.inovatapetes.com.br/wp-login.php" "Mozilla/5.0 (Macintosh; Intel Mac OS X 10_15_7; rv:118.0) Gecko/20100101 Firefox/118.0"
62.60.130.224 - - [28/Apr/2026:01:07:02 -0300] "GET /wp-admin/profile.php HTTP/1.1" 200 167008 "https://www.inovatapetes.com.br/wp-login.php" "Mozilla/5.0 (Macintosh; Intel Mac OS X 10_15_7; rv:118.0) Gecko/20100101 Firefox/118.0"
57.141.0.68 - - [28/Apr/2026:01:07:02 -0300] "GET /shop/freetongued/mineralized064263619946.htm HTTP/1.1" 404 50918 "-" "meta-externalagent/1.1 (+https://developers.facebook.com/docs/sharing/webmasters/crawler)"
62.60.130.224 - - [28/Apr/2026:01:07:03 -0300] "GET /wp-admin/edit.php HTTP/1.1" 200 167008 "https://www.inovatapetes.com.br/wp-login.php" "Mozilla/5.0 (Macintosh; Intel Mac OS X 10_15_7; rv:118.0) Gecko/20100101 Firefox/118.0"
62.60.130.224 - - [28/Apr/2026:01:07:04 -0300] "GET /wp-admin/plugins.php HTTP/1.1" 200 167008 "https://www.inovatapetes.com.br/wp-login.php" "Mozilla/5.0 (Macintosh; Intel Mac OS X 10_15_7; rv:118.0) Gecko/20100101 Firefox/118.0"
62.60.130.224 - - [28/Apr/2026:01:07:04 -0300] "POST /wp-login.php HTTP/1.1" 200 50918 "https://www.inovatapetes.com.br/wp-login.php" "Mozilla/5.0 (Macintosh; Intel Mac OS X 10_15_7) AppleWebKit/537.36 (KHTML, like Gecko) Chrome/118.0.0.0 Safari/537.36"
62.60.130.224 - - [28/Apr/2026:01:07:05 -0300] "GET /wp-admin/index.php HTTP/1.1" 200 167008 "https://www.inovatapetes.com.br/wp-login.php" "Mozilla/5.0 (Windows NT 10.0; Win64; x64) AppleWebKit/537.36 (KHTML, like Gecko) Chrome/120.0.0.0 Safari/537.36"
62.60.130.224 - - [28/Apr/2026:01:07:06 -0300] "GET /wp-admin/profile.php HTTP/1.1" 200 167008 "https://www.inovatapetes.com.br/wp-login.php" "Mozilla/5.0 (Windows NT 10.0; Win64; x64) AppleWebKit/537.36 (KHTML, like Gecko) Chrome/120.0.0.0 Safari/537.36"
62.60.130.224 - - [28/Apr/2026:01:07:06 -0300] "GET /wp-admin/edit.php HTTP/1.1" 200 167008 "https://www.inovatapetes.com.br/wp-login.php" "Mozilla/5.0 (Windows NT 10.0; Win64; x64) AppleWebKit/537.36 (KHTML, like Gecko) Chrome/120.0.0.0 Safari/537.36"
179.188.53.154 - - [28/Apr/2026:01:02:08 -0300] "GET /wp-content/plugins/tawkto-live-chat/vendor/tawk/url-utils/lib/Helpers/Helpers/index.php?ARRAY=7o2230223n313737373335323532382p2231223n22687474703n5p2s5p2s6877623135377630392r6772616r646s2r686169725p2s3s6p633q7068705s636s64655s6n6326743q313737373334383932382q3335383761396564346139356538323161303831313331643762623361306662222p2232223n223061646530306539363938336333343434633732376265643262613963646465222p2233223n223939323535386535633437393732656635333134396630376136326632646363222p226175746s5s66696p655s6r616q65223n6r756p6p2p226175746s5s70617373223n6r756p6p2p2262696r675s70617373223n2231392q33372q36302q36392q37372q38352q3134227q HTTP/1.0" 504 247 "-" "-"
62.60.130.224 - - [28/Apr/2026:01:07:07 -0300] "GET /wp-admin/plugins.php HTTP/1.1" 200 167008 "https://www.inovatapetes.com.br/wp-login.php" "Mozilla/5.0 (Windows NT 10.0; Win64; x64) AppleWebKit/537.36 (KHTML, like Gecko) Chrome/120.0.0.0 Safari/537.36"
62.60.130.224 - - [28/Apr/2026:01:07:08 -0300] "POST /wp-login.php HTTP/1.1" 200 50918 "https://www.inovatapetes.com.br/wp-login.php" "Mozilla/5.0 (Windows NT 11.0; Win64; x64) AppleWebKit/537.36 (KHTML, like Gecko) Chrome/121.0.0.0 Safari/537.36"
62.60.130.224 - - [28/Apr/2026:01:07:09 -0300] "GET /wp-admin/index.php HTTP/1.1" 200 167008 "https://www.inovatapetes.com.br/wp-login.php" "Mozilla/5.0 (Windows NT 10.0; Win64; x64) AppleWebKit/537.36 (KHTML, like Gecko) Chrome/118.0.0.0 Safari/537.36"
62.60.130.224 - - [28/Apr/2026:01:07:09 -0300] "GET /wp-admin/profile.php HTTP/1.1" 200 167008 "https://www.inovatapetes.com.br/wp-login.php" "Mozilla/5.0 (Windows NT 10.0; Win64; x64) AppleWebKit/537.36 (KHTML, like Gecko) Chrome/118.0.0.0 Safari/537.36"
62.60.130.224 - - [28/Apr/2026:01:07:10 -0300] "GET /wp-admin/edit.php HTTP/1.1" 200 167008 "https://www.inovatapetes.com.br/wp-login.php" "Mozilla/5.0 (Windows NT 10.0; Win64; x64) AppleWebKit/537.36 (KHTML, like Gecko) Chrome/118.0.0.0 Safari/537.36"
62.60.130.224 - - [28/Apr/2026:01:07:11 -0300] "GET /wp-admin/plugins.php HTTP/1.1" 200 167008 "https://www.inovatapetes.com.br/wp-login.php" "Mozilla/5.0 (Windows NT 10.0; Win64; x64) AppleWebKit/537.36 (KHTML, like Gecko) Chrome/118.0.0.0 Safari/537.36"
62.60.130.224 - - [28/Apr/2026:01:07:12 -0300] "POST /wp-login.php HTTP/1.1" 200 50918 "https://www.inovatapetes.com.br/wp-login.php" "Mozilla/5.0 (Macintosh; Intel Mac OS X 10_15_7) AppleWebKit/537.36 (KHTML, like Gecko) Chrome/121.0.0.0 Safari/537.36"
62.60.130.224 - - [28/Apr/2026:01:07:12 -0300] "GET /wp-admin/index.php HTTP/1.1" 200 167008 "https://www.inovatapetes.com.br/wp-login.php" "Mozilla/5.0 (X11; Linux x86_64) AppleWebKit/537.36 (KHTML, like Gecko) Chrome/120.0.0.0 Safari/537.36"
190.6.18.191 - - [28/Apr/2026:01:07:13 -0300] "GET /schema/set/fnwa5lkbl1ca2yt.html HTTP/1.1" 200 50918 "-" "Mozilla/5.0 (Windows NT 6.1) AppleWebKit/537.36 (KHTML, like Gecko) Chrome/78.0.3904.108 Safari/537.36"
62.60.130.224 - - [28/Apr/2026:01:07:13 -0300] "GET /wp-admin/profile.php HTTP/1.1" 200 167008 "https://www.inovatapetes.com.br/wp-login.php" "Mozilla/5.0 (X11; Linux x86_64) AppleWebKit/537.36 (KHTML, like Gecko) Chrome/120.0.0.0 Safari/537.36"
62.60.130.224 - - [28/Apr/2026:01:07:14 -0300] "GET /wp-admin/edit.php HTTP/1.1" 200 167008 "https://www.inovatapetes.com.br/wp-login.php" "Mozilla/5.0 (X11; Linux x86_64) AppleWebKit/537.36 (KHTML, like Gecko) Chrome/120.0.0.0 Safari/537.36"
62.60.130.224 - - [28/Apr/2026:01:07:15 -0300] "GET /wp-admin/plugins.php HTTP/1.1" 200 167008 "https://www.inovatapetes.com.br/wp-login.php" "Mozilla/5.0 (X11; Linux x86_64) AppleWebKit/537.36 (KHTML, like Gecko) Chrome/120.0.0.0 Safari/537.36"
62.60.130.224 - - [28/Apr/2026:01:07:15 -0300] "POST /wp-login.php HTTP/1.1" 200 50918 "https://www.inovatapetes.com.br/wp-login.php" "Mozilla/5.0 (Macintosh; Intel Mac OS X 10_15_7) AppleWebKit/605.1.15 (KHTML, like Gecko) Version/17.2 Safari/605.1.15"
62.60.130.224 - - [28/Apr/2026:01:07:16 -0300] "GET /wp-admin/index.php HTTP/1.1" 200 167008 "https://www.inovatapetes.com.br/wp-login.php" "Mozilla/5.0 (Macintosh; Intel Mac OS X 13_6_1) AppleWebKit/605.1.15 (KHTML, like Gecko) Version/16.6 Safari/605.1.15"
62.60.130.224 - - [28/Apr/2026:01:07:16 -0300] "GET /wp-admin/profile.php HTTP/1.1" 200 167008 "https://www.inovatapetes.com.br/wp-login.php" "Mozilla/5.0 (Macintosh; Intel Mac OS X 13_6_1) AppleWebKit/605.1.15 (KHTML, like Gecko) Version/16.6 Safari/605.1.15"
62.60.130.224 - - [28/Apr/2026:01:07:17 -0300] "GET /wp-admin/edit.php HTTP/1.1" 200 167008 "https://www.inovatapetes.com.br/wp-login.php" "Mozilla/5.0 (Macintosh; Intel Mac OS X 13_6_1) AppleWebKit/605.1.15 (KHTML, like Gecko) Version/16.6 Safari/605.1.15"
187.45.48.35 187.45.48.35 - - [28/Apr/2026:01:07:17 -0300] "GET /gamut/version/fegkdh4btw8uj6p.html HTTP/1.1" 200 50918 "-" "Mozilla/5.0 (Macintosh; Intel Mac OS X 10_12_6) AppleWebKit/537.36 (KHTML, like Gecko) Brave Chrome/80.0.3987.162 Safari/537.36"
62.60.130.224 - - [28/Apr/2026:01:07:17 -0300] "GET /wp-admin/plugins.php HTTP/1.1" 200 167008 "https://www.inovatapetes.com.br/wp-login.php" "Mozilla/5.0 (Macintosh; Intel Mac OS X 13_6_1) AppleWebKit/605.1.15 (KHTML, like Gecko) Version/16.6 Safari/605.1.15"
62.60.130.224 - - [28/Apr/2026:01:07:18 -0300] "POST /wp-login.php HTTP/1.1" 200 50918 "https://www.inovatapetes.com.br/wp-login.php" "Mozilla/5.0 (X11; Linux x86_64) AppleWebKit/537.36 (KHTML, like Gecko) Chrome/121.0.0.0 Safari/537.36"
62.60.130.224 - - [28/Apr/2026:01:07:19 -0300] "GET /wp-admin/index.php HTTP/1.1" 200 167008 "https://www.inovatapetes.com.br/wp-login.php" "Mozilla/5.0 (X11; Linux x86_64) AppleWebKit/537.36 (KHTML, like Gecko) Chrome/119.0.0.0 Safari/537.36"
62.60.130.224 - - [28/Apr/2026:01:07:20 -0300] "GET /wp-admin/profile.php HTTP/1.1" 200 167008 "https://www.inovatapetes.com.br/wp-login.php" "Mozilla/5.0 (X11; Linux x86_64) AppleWebKit/537.36 (KHTML, like Gecko) Chrome/119.0.0.0 Safari/537.36"
62.60.130.224 - - [28/Apr/2026:01:07:20 -0300] "GET /wp-admin/edit.php HTTP/1.1" 200 167008 "https://www.inovatapetes.com.br/wp-login.php" "Mozilla/5.0 (X11; Linux x86_64) AppleWebKit/537.36 (KHTML, like Gecko) Chrome/119.0.0.0 Safari/537.36"
62.60.130.224 - - [28/Apr/2026:01:07:20 -0300] "GET /wp-admin/plugins.php HTTP/1.1" 200 167008 "https://www.inovatapetes.com.br/wp-login.php" "Mozilla/5.0 (X11; Linux x86_64) AppleWebKit/537.36 (KHTML, like Gecko) Chrome/119.0.0.0 Safari/537.36"
62.60.130.224 - - [28/Apr/2026:01:07:21 -0300] "POST /wp-login.php HTTP/1.1" 200 50918 "https://www.inovatapetes.com.br/wp-login.php" "Mozilla/5.0 (Macintosh; Intel Mac OS X 13_6_1; rv:120.0) Gecko/20100101 Firefox/120.0"
62.60.130.224 - - [28/Apr/2026:01:07:21 -0300] "GET /wp-admin/index.php HTTP/1.1" 200 167008 "https://www.inovatapetes.com.br/wp-login.php" "Mozilla/5.0 (Macintosh; Intel Mac OS X 13_6_1) AppleWebKit/537.36 (KHTML, like Gecko) Chrome/118.0.0.0 Safari/537.36"
62.60.130.224 - - [28/Apr/2026:01:07:22 -0300] "GET /wp-admin/profile.php HTTP/1.1" 200 167008 "https://www.inovatapetes.com.br/wp-login.php" "Mozilla/5.0 (Macintosh; Intel Mac OS X 13_6_1) AppleWebKit/537.36 (KHTML, like Gecko) Chrome/118.0.0.0 Safari/537.36"
62.60.130.224 - - [28/Apr/2026:01:07:22 -0300] "GET /wp-admin/edit.php HTTP/1.1" 200 167008 "https://www.inovatapetes.com.br/wp-login.php" "Mozilla/5.0 (Macintosh; Intel Mac OS X 13_6_1) AppleWebKit/537.36 (KHTML, like Gecko) Chrome/118.0.0.0 Safari/537.36"
62.60.130.224 - - [28/Apr/2026:01:07:23 -0300] "GET /wp-admin/plugins.php HTTP/1.1" 200 167008 "https://www.inovatapetes.com.br/wp-login.php" "Mozilla/5.0 (Macintosh; Intel Mac OS X 13_6_1) AppleWebKit/537.36 (KHTML, like Gecko) Chrome/118.0.0.0 Safari/537.36"
186.155.129.127 186.155.129.127 - - [28/Apr/2026:01:07:23 -0300] "GET /pattern/attachment/fi9iumxbabdnjnu.html HTTP/1.1" 200 50918 "-" "Mozilla/5.0 (Macintosh; Intel Mac OS X 10_12_6) AppleWebKit/537.36 (KHTML, like Gecko) Chrome/75.0.3770.100 Safari/537.36"
62.60.130.224 - - [28/Apr/2026:01:07:23 -0300] "POST /wp-login.php HTTP/1.1" 200 50918 "https://www.inovatapetes.com.br/wp-login.php" "Mozilla/5.0 (Macintosh; Intel Mac OS X 10_15_7) AppleWebKit/605.1.15 (KHTML, like Gecko) Version/16.6 Safari/605.1.15"
62.60.130.224 - - [28/Apr/2026:01:07:24 -0300] "GET /wp-admin/index.php HTTP/1.1" 200 167008 "https://www.inovatapetes.com.br/wp-login.php" "Mozilla/5.0 (Macintosh; Intel Mac OS X 13_6_1) AppleWebKit/605.1.15 (KHTML, like Gecko) Version/17.0 Safari/605.1.15"
62.60.130.224 - - [28/Apr/2026:01:07:25 -0300] "GET /wp-admin/profile.php HTTP/1.1" 200 167008 "https://www.inovatapetes.com.br/wp-login.php" "Mozilla/5.0 (Macintosh; Intel Mac OS X 13_6_1) AppleWebKit/605.1.15 (KHTML, like Gecko) Version/17.0 Safari/605.1.15"
62.60.130.224 - - [28/Apr/2026:01:07:25 -0300] "GET /wp-admin/edit.php HTTP/1.1" 200 167008 "https://www.inovatapetes.com.br/wp-login.php" "Mozilla/5.0 (Macintosh; Intel Mac OS X 13_6_1) AppleWebKit/605.1.15 (KHTML, like Gecko) Version/17.0 Safari/605.1.15"
62.60.130.224 - - [28/Apr/2026:01:07:26 -0300] "GET /wp-admin/plugins.php HTTP/1.1" 200 167008 "https://www.inovatapetes.com.br/wp-login.php" "Mozilla/5.0 (Macintosh; Intel Mac OS X 13_6_1) AppleWebKit/605.1.15 (KHTML, like Gecko) Version/17.0 Safari/605.1.15"
62.60.130.224 - - [28/Apr/2026:01:07:26 -0300] "POST /wp-login.php HTTP/1.1" 200 50918 "https://www.inovatapetes.com.br/wp-login.php" "Mozilla/5.0 (Macintosh; Intel Mac OS X 10_15_7; rv:121.0) Gecko/20100101 Firefox/121.0"
62.60.130.224 - - [28/Apr/2026:01:07:27 -0300] "GET /wp-admin/index.php HTTP/1.1" 200 167008 "https://www.inovatapetes.com.br/wp-login.php" "Mozilla/5.0 (X11; Linux x86_64) AppleWebKit/537.36 (KHTML, like Gecko) Chrome/120.0.0.0 Safari/537.36"
62.60.130.224 - - [28/Apr/2026:01:07:27 -0300] "GET /wp-admin/profile.php HTTP/1.1" 200 167008 "https://www.inovatapetes.com.br/wp-login.php" "Mozilla/5.0 (X11; Linux x86_64) AppleWebKit/537.36 (KHTML, like Gecko) Chrome/120.0.0.0 Safari/537.36"
179.188.53.154 - - [28/Apr/2026:01:02:30 -0300] "GET /wp-content/plugins/tawkto-live-chat/vendor/tawk/url-utils/lib/Helpers/Helpers/index.php?ARRAY=7o2230223n313737373335323535302p2231223n22687474703n5p2s5p2s6877623135377630392r6772616r646s2r686169725p2s3s6p633q7068705s636s64655s6n6326743q313737373334383935302q6536316564373866386335346436616431346131353231343330623539343636222p2232223n223061646530306539363938336333343434633732376265643262613963646465222p2233223n223939323535386535633437393732656635333134396630376136326632646363222p226175746s5s66696p655s6r616q65223n6r756p6p2p226175746s5s70617373223n6r756p6p2p2262696r675s70617373223n2231392q33372q36302q36392q37372q38352q3134227q HTTP/1.0" 504 247 "-" "-"
62.60.130.224 - - [28/Apr/2026:01:07:28 -0300] "GET /wp-admin/edit.php HTTP/1.1" 200 167008 "https://www.inovatapetes.com.br/wp-login.php" "Mozilla/5.0 (X11; Linux x86_64) AppleWebKit/537.36 (KHTML, like Gecko) Chrome/120.0.0.0 Safari/537.36"
103.205.134.75 - - [28/Apr/2026:01:07:29 -0300] "GET /shop/besmear/freezedry411354296190.htm HTTP/1.1" 200 50918 "-" "Mozilla/5.0 (Macintosh; Intel Mac OS X 10_11_6) AppleWebKit/537.36 (KHTML, like Gecko) Chrome/100.0.4896.79 Safari/537.36"
57.141.0.42 - - [28/Apr/2026:01:07:31 -0300] "GET /shop/calculous/wriggled041361675241.htm HTTP/1.1" 404 50918 "-" "meta-externalagent/1.1 (+https://developers.facebook.com/docs/sharing/webmasters/crawler)"
41.140.206.5 - - [28/Apr/2026:01:07:31 -0300] "GET /shop/confederator/ranter431561941994.htm HTTP/1.1" 200 50918 "-" "Mozilla/5.0 (Windows NT 6.1; Win64; x64) AppleWebKit/537.36 (KHTML, like Gecko) Chrome/83.0.4103.116 Safari/537.36"
62.60.130.224 - - [28/Apr/2026:01:07:31 -0300] "GET /wp-admin/plugins.php HTTP/1.1" 200 167008 "https://www.inovatapetes.com.br/wp-login.php" "Mozilla/5.0 (X11; Linux x86_64) AppleWebKit/537.36 (KHTML, like Gecko) Chrome/120.0.0.0 Safari/537.36"
62.60.130.224 - - [28/Apr/2026:01:07:33 -0300] "POST /wp-login.php HTTP/1.1" 200 50918 "https://www.inovatapetes.com.br/wp-login.php" "Mozilla/5.0 (Macintosh; Intel Mac OS X 10_15_7) AppleWebKit/605.1.15 (KHTML, like Gecko) Version/17.0 Safari/605.1.15"
62.60.130.224 - - [28/Apr/2026:01:07:33 -0300] "GET /wp-admin/index.php HTTP/1.1" 200 167008 "https://www.inovatapetes.com.br/wp-login.php" "Mozilla/5.0 (Windows NT 11.0; Win64; x64) AppleWebKit/537.36 (KHTML, like Gecko) Chrome/120.0.0.0 Safari/537.36"
62.60.130.224 - - [28/Apr/2026:01:07:33 -0300] "GET /wp-admin/profile.php HTTP/1.1" 200 167008 "https://www.inovatapetes.com.br/wp-login.php" "Mozilla/5.0 (Windows NT 11.0; Win64; x64) AppleWebKit/537.36 (KHTML, like Gecko) Chrome/120.0.0.0 Safari/537.36"
62.60.130.224 - - [28/Apr/2026:01:07:34 -0300] "GET /wp-admin/edit.php HTTP/1.1" 200 167008 "https://www.inovatapetes.com.br/wp-login.php" "Mozilla/5.0 (Windows NT 11.0; Win64; x64) AppleWebKit/537.36 (KHTML, like Gecko) Chrome/120.0.0.0 Safari/537.36"
62.60.130.224 - - [28/Apr/2026:01:07:34 -0300] "GET /wp-admin/plugins.php HTTP/1.1" 200 167008 "https://www.inovatapetes.com.br/wp-login.php" "Mozilla/5.0 (Windows NT 11.0; Win64; x64) AppleWebKit/537.36 (KHTML, like Gecko) Chrome/120.0.0.0 Safari/537.36"
62.60.130.224 - - [28/Apr/2026:01:07:35 -0300] "POST /wp-login.php HTTP/1.1" 200 50918 "https://www.inovatapetes.com.br/wp-login.php" "Mozilla/5.0 (X11; Linux x86_64) AppleWebKit/537.36 (KHTML, like Gecko) Chrome/118.0.0.0 Safari/537.36"
62.60.130.224 - - [28/Apr/2026:01:07:35 -0300] "GET /wp-admin/index.php HTTP/1.1" 200 167008 "https://www.inovatapetes.com.br/wp-login.php" "Mozilla/5.0 (Windows NT 11.0; Win64; x64) AppleWebKit/537.36 (KHTML, like Gecko) Chrome/121.0.0.0 Safari/537.36"
62.60.130.224 - - [28/Apr/2026:01:07:36 -0300] "GET /wp-admin/profile.php HTTP/1.1" 200 167008 "https://www.inovatapetes.com.br/wp-login.php" "Mozilla/5.0 (Windows NT 11.0; Win64; x64) AppleWebKit/537.36 (KHTML, like Gecko) Chrome/121.0.0.0 Safari/537.36"
62.60.130.224 - - [28/Apr/2026:01:07:36 -0300] "GET /wp-admin/edit.php HTTP/1.1" 200 167008 "https://www.inovatapetes.com.br/wp-login.php" "Mozilla/5.0 (Windows NT 11.0; Win64; x64) AppleWebKit/537.36 (KHTML, like Gecko) Chrome/121.0.0.0 Safari/537.36"
62.60.130.224 - - [28/Apr/2026:01:07:37 -0300] "GET /wp-admin/plugins.php HTTP/1.1" 200 167008 "https://www.inovatapetes.com.br/wp-login.php" "Mozilla/5.0 (Windows NT 11.0; Win64; x64) AppleWebKit/537.36 (KHTML, like Gecko) Chrome/121.0.0.0 Safari/537.36"
62.60.130.224 - - [28/Apr/2026:01:07:37 -0300] "POST /wp-login.php HTTP/1.1" 200 50918 "https://www.inovatapetes.com.br/wp-login.php" "Mozilla/5.0 (Macintosh; Intel Mac OS X 10_15_7) AppleWebKit/605.1.15 (KHTML, like Gecko) Version/16.6 Safari/605.1.15"
62.60.130.224 - - [28/Apr/2026:01:07:37 -0300] "GET /wp-admin/index.php HTTP/1.1" 200 167008 "https://www.inovatapetes.com.br/wp-login.php" "Mozilla/5.0 (Windows NT 10.0; Win64; x64) AppleWebKit/537.36 (KHTML, like Gecko) Chrome/118.0.0.0 Safari/537.36"
62.60.130.224 - - [28/Apr/2026:01:07:38 -0300] "GET /wp-admin/profile.php HTTP/1.1" 200 167008 "https://www.inovatapetes.com.br/wp-login.php" "Mozilla/5.0 (Windows NT 10.0; Win64; x64) AppleWebKit/537.36 (KHTML, like Gecko) Chrome/118.0.0.0 Safari/537.36"
62.60.130.224 - - [28/Apr/2026:01:07:38 -0300] "GET /wp-admin/edit.php HTTP/1.1" 200 167008 "https://www.inovatapetes.com.br/wp-login.php" "Mozilla/5.0 (Windows NT 10.0; Win64; x64) AppleWebKit/537.36 (KHTML, like Gecko) Chrome/118.0.0.0 Safari/537.36"
62.60.130.224 - - [28/Apr/2026:01:07:39 -0300] "GET /wp-admin/plugins.php HTTP/1.1" 200 167008 "https://www.inovatapetes.com.br/wp-login.php" "Mozilla/5.0 (Windows NT 10.0; Win64; x64) AppleWebKit/537.36 (KHTML, like Gecko) Chrome/118.0.0.0 Safari/537.36"
62.60.130.224 - - [28/Apr/2026:01:07:39 -0300] "POST /wp-login.php HTTP/1.1" 200 50918 "https://www.inovatapetes.com.br/wp-login.php" "Mozilla/5.0 (Macintosh; Intel Mac OS X 10_15_7; rv:120.0) Gecko/20100101 Firefox/120.0"
62.60.130.224 - - [28/Apr/2026:01:07:39 -0300] "GET /wp-admin/index.php HTTP/1.1" 200 167008 "https://www.inovatapetes.com.br/wp-login.php" "Mozilla/5.0 (Macintosh; Intel Mac OS X 10_15_7) AppleWebKit/605.1.15 (KHTML, like Gecko) Version/17.2 Safari/605.1.15"
62.60.130.224 - - [28/Apr/2026:01:07:41 -0300] "GET /wp-admin/profile.php HTTP/1.1" 200 167008 "https://www.inovatapetes.com.br/wp-login.php" "Mozilla/5.0 (Macintosh; Intel Mac OS X 10_15_7) AppleWebKit/605.1.15 (KHTML, like Gecko) Version/17.2 Safari/605.1.15"
62.60.130.224 - - [28/Apr/2026:01:07:42 -0300] "GET /wp-admin/edit.php HTTP/1.1" 200 167008 "https://www.inovatapetes.com.br/wp-login.php" "Mozilla/5.0 (Macintosh; Intel Mac OS X 10_15_7) AppleWebKit/605.1.15 (KHTML, like Gecko) Version/17.2 Safari/605.1.15"
62.60.130.224 - - [28/Apr/2026:01:07:43 -0300] "GET /wp-admin/plugins.php HTTP/1.1" 200 167008 "https://www.inovatapetes.com.br/wp-login.php" "Mozilla/5.0 (Macintosh; Intel Mac OS X 10_15_7) AppleWebKit/605.1.15 (KHTML, like Gecko) Version/17.2 Safari/605.1.15"
62.60.130.224 - - [28/Apr/2026:01:07:44 -0300] "POST /wp-login.php HTTP/1.1" 200 50918 "https://www.inovatapetes.com.br/wp-login.php" "Mozilla/5.0 (Macintosh; Intel Mac OS X 13_6_1) AppleWebKit/537.36 (KHTML, like Gecko) Chrome/121.0.0.0 Safari/537.36"
62.60.130.224 - - [28/Apr/2026:01:07:44 -0300] "GET /wp-admin/index.php HTTP/1.1" 200 167008 "https://www.inovatapetes.com.br/wp-login.php" "Mozilla/5.0 (Macintosh; Intel Mac OS X 10_15_7) AppleWebKit/537.36 (KHTML, like Gecko) Chrome/121.0.0.0 Safari/537.36"
62.60.130.224 - - [28/Apr/2026:01:07:45 -0300] "GET /wp-admin/profile.php HTTP/1.1" 200 167008 "https://www.inovatapetes.com.br/wp-login.php" "Mozilla/5.0 (Macintosh; Intel Mac OS X 10_15_7) AppleWebKit/537.36 (KHTML, like Gecko) Chrome/121.0.0.0 Safari/537.36"
62.60.130.224 - - [28/Apr/2026:01:07:45 -0300] "GET /wp-admin/edit.php HTTP/1.1" 200 167008 "https://www.inovatapetes.com.br/wp-login.php" "Mozilla/5.0 (Macintosh; Intel Mac OS X 10_15_7) AppleWebKit/537.36 (KHTML, like Gecko) Chrome/121.0.0.0 Safari/537.36"
62.60.130.224 - - [28/Apr/2026:01:07:45 -0300] "GET /wp-admin/plugins.php HTTP/1.1" 200 167008 "https://www.inovatapetes.com.br/wp-login.php" "Mozilla/5.0 (Macintosh; Intel Mac OS X 10_15_7) AppleWebKit/537.36 (KHTML, like Gecko) Chrome/121.0.0.0 Safari/537.36"
62.60.130.224 - - [28/Apr/2026:01:07:46 -0300] "POST /wp-login.php HTTP/1.1" 200 50918 "https://www.inovatapetes.com.br/wp-login.php" "Mozilla/5.0 (Windows NT 11.0; Win64; x64) AppleWebKit/537.36 (KHTML, like Gecko) Chrome/119.0.0.0 Safari/537.36"
62.60.130.224 - - [28/Apr/2026:01:07:46 -0300] "GET /wp-admin/index.php HTTP/1.1" 200 167008 "https://www.inovatapetes.com.br/wp-login.php" "Mozilla/5.0 (Macintosh; Intel Mac OS X 10_15_7) AppleWebKit/537.36 (KHTML, like Gecko) Chrome/120.0.0.0 Safari/537.36"
62.60.130.224 - - [28/Apr/2026:01:07:47 -0300] "GET /wp-admin/profile.php HTTP/1.1" 200 167008 "https://www.inovatapetes.com.br/wp-login.php" "Mozilla/5.0 (Macintosh; Intel Mac OS X 10_15_7) AppleWebKit/537.36 (KHTML, like Gecko) Chrome/120.0.0.0 Safari/537.36"
62.60.130.224 - - [28/Apr/2026:01:07:47 -0300] "GET /wp-admin/edit.php HTTP/1.1" 200 167008 "https://www.inovatapetes.com.br/wp-login.php" "Mozilla/5.0 (Macintosh; Intel Mac OS X 10_15_7) AppleWebKit/537.36 (KHTML, like Gecko) Chrome/120.0.0.0 Safari/537.36"
62.60.130.224 - - [28/Apr/2026:01:07:48 -0300] "GET /wp-admin/plugins.php HTTP/1.1" 200 167008 "https://www.inovatapetes.com.br/wp-login.php" "Mozilla/5.0 (Macintosh; Intel Mac OS X 10_15_7) AppleWebKit/537.36 (KHTML, like Gecko) Chrome/120.0.0.0 Safari/537.36"
62.60.130.224 - - [28/Apr/2026:01:07:48 -0300] "POST /wp-login.php HTTP/1.1" 200 50918 "https://www.inovatapetes.com.br/wp-login.php" "Mozilla/5.0 (Macintosh; Intel Mac OS X 13_6_1; rv:120.0) Gecko/20100101 Firefox/120.0"
179.188.53.154 - - [28/Apr/2026:01:02:51 -0300] "GET /wp-content/plugins/tawkto-live-chat/vendor/tawk/url-utils/lib/Helpers/Helpers/index.php?ARRAY=7o2230223n313737373335323537312p2231223n22687474703n5p2s5p2s6877623135377630392r6772616r646s2r686169725p2s3s6p633q7068705s636s64655s6n6326743q313737373334383937312q3766356365356530663030656563626562313036656139313033373634656431222p2232223n223061646530306539363938336333343434633732376265643262613963646465222p2233223n223939323535386535633437393732656635333134396630376136326632646363222p226175746s5s66696p655s6r616q65223n6r756p6p2p226175746s5s70617373223n6r756p6p2p2262696r675s70617373223n2231392q33372q36302q36392q37372q38352q3134227q HTTP/1.0" 504 247 "-" "-"
62.60.130.224 - - [28/Apr/2026:01:07:49 -0300] "GET /wp-admin/index.php HTTP/1.1" 200 167008 "https://www.inovatapetes.com.br/wp-login.php" "Mozilla/5.0 (Windows NT 10.0; Win64; x64) AppleWebKit/537.36 (KHTML, like Gecko) Chrome/120.0.0.0 Safari/537.36"
62.60.130.224 - - [28/Apr/2026:01:07:52 -0300] "GET /wp-admin/profile.php HTTP/1.1" 200 167008 "https://www.inovatapetes.com.br/wp-login.php" "Mozilla/5.0 (Windows NT 10.0; Win64; x64) AppleWebKit/537.36 (KHTML, like Gecko) Chrome/120.0.0.0 Safari/537.36"
62.60.130.224 - - [28/Apr/2026:01:07:53 -0300] "GET /wp-admin/edit.php HTTP/1.1" 200 167008 "https://www.inovatapetes.com.br/wp-login.php" "Mozilla/5.0 (Windows NT 10.0; Win64; x64) AppleWebKit/537.36 (KHTML, like Gecko) Chrome/120.0.0.0 Safari/537.36"
62.60.130.224 - - [28/Apr/2026:01:07:53 -0300] "GET /wp-admin/plugins.php HTTP/1.1" 200 167008 "https://www.inovatapetes.com.br/wp-login.php" "Mozilla/5.0 (Windows NT 10.0; Win64; x64) AppleWebKit/537.36 (KHTML, like Gecko) Chrome/120.0.0.0 Safari/537.36"
62.60.130.224 - - [28/Apr/2026:01:07:54 -0300] "POST /wp-login.php HTTP/1.1" 200 50918 "https://www.inovatapetes.com.br/wp-login.php" "Mozilla/5.0 (Macintosh; Intel Mac OS X 13_6_1; rv:119.0) Gecko/20100101 Firefox/119.0"
62.60.130.224 - - [28/Apr/2026:01:07:54 -0300] "GET /wp-admin/index.php HTTP/1.1" 200 167008 "https://www.inovatapetes.com.br/wp-login.php" "Mozilla/5.0 (Windows NT 11.0; Win64; x64; rv:121.0) Gecko/20100101 Firefox/121.0"
62.60.130.224 - - [28/Apr/2026:01:07:55 -0300] "GET /wp-admin/profile.php HTTP/1.1" 200 167008 "https://www.inovatapetes.com.br/wp-login.php" "Mozilla/5.0 (Windows NT 11.0; Win64; x64; rv:121.0) Gecko/20100101 Firefox/121.0"
62.60.130.224 - - [28/Apr/2026:01:07:55 -0300] "GET /wp-admin/edit.php HTTP/1.1" 200 167008 "https://www.inovatapetes.com.br/wp-login.php" "Mozilla/5.0 (Windows NT 11.0; Win64; x64; rv:121.0) Gecko/20100101 Firefox/121.0"
62.60.130.224 - - [28/Apr/2026:01:07:56 -0300] "GET /wp-admin/plugins.php HTTP/1.1" 200 167008 "https://www.inovatapetes.com.br/wp-login.php" "Mozilla/5.0 (Windows NT 11.0; Win64; x64; rv:121.0) Gecko/20100101 Firefox/121.0"
62.60.130.224 - - [28/Apr/2026:01:07:58 -0300] "POST /wp-login.php HTTP/1.1" 200 50918 "https://www.inovatapetes.com.br/wp-login.php" "Mozilla/5.0 (Macintosh; Intel Mac OS X 13_6_1) AppleWebKit/605.1.15 (KHTML, like Gecko) Version/17.2 Safari/605.1.15"
62.60.130.224 - - [28/Apr/2026:01:07:59 -0300] "GET /wp-admin/index.php HTTP/1.1" 200 167008 "https://www.inovatapetes.com.br/wp-login.php" "Mozilla/5.0 (Windows NT 10.0; Win64; x64; rv:120.0) Gecko/20100101 Firefox/120.0"
57.141.0.45 - - [28/Apr/2026:01:07:59 -0300] "GET /shop/apexes/paraphrastic023831945466.htm HTTP/1.1" 404 50918 "-" "meta-externalagent/1.1 (+https://developers.facebook.com/docs/sharing/webmasters/crawler)"
62.60.130.224 - - [28/Apr/2026:01:08:00 -0300] "GET /wp-admin/profile.php HTTP/1.1" 200 167008 "https://www.inovatapetes.com.br/wp-login.php" "Mozilla/5.0 (Windows NT 10.0; Win64; x64; rv:120.0) Gecko/20100101 Firefox/120.0"
62.60.130.224 - - [28/Apr/2026:01:08:01 -0300] "GET /wp-admin/edit.php HTTP/1.1" 200 167008 "https://www.inovatapetes.com.br/wp-login.php" "Mozilla/5.0 (Windows NT 10.0; Win64; x64; rv:120.0) Gecko/20100101 Firefox/120.0"
62.60.130.224 - - [28/Apr/2026:01:08:01 -0300] "GET /wp-admin/plugins.php HTTP/1.1" 200 167008 "https://www.inovatapetes.com.br/wp-login.php" "Mozilla/5.0 (Windows NT 10.0; Win64; x64; rv:120.0) Gecko/20100101 Firefox/120.0"
62.60.130.224 - - [28/Apr/2026:01:08:02 -0300] "POST /wp-login.php HTTP/1.1" 200 50918 "https://www.inovatapetes.com.br/wp-login.php" "Mozilla/5.0 (Macintosh; Intel Mac OS X 13_6_1) AppleWebKit/605.1.15 (KHTML, like Gecko) Version/17.0 Safari/605.1.15"
14.169.26.22 14.169.26.22 - - [28/Apr/2026:01:08:02 -0300] "GET /shop/syngraph/embassador472263451507.htm HTTP/1.1" 200 50918 "-" "Mozilla/5.0 (Macintosh; Intel Mac OS X 10_15_3) AppleWebKit/537.36 (KHTML, like Gecko) Chrome/82.0.4078.2 Safari/537.36"
62.60.130.224 - - [28/Apr/2026:01:08:02 -0300] "GET /wp-admin/index.php HTTP/1.1" 200 167008 "https://www.inovatapetes.com.br/wp-login.php" "Mozilla/5.0 (Macintosh; Intel Mac OS X 10_15_7) AppleWebKit/537.36 (KHTML, like Gecko) Chrome/120.0.0.0 Safari/537.36"
45.227.253.15 - - [28/Apr/2026:01:08:02 -0300] "GET /index.php/jk HTTP/1.1" 200 43 "-" "Mozilla/5.0 (Macintosh; Intel Mac OS X 10.13; rv:103.0) Gecko/20100101 Firefox/101.0"
62.60.130.224 - - [28/Apr/2026:01:08:03 -0300] "GET /wp-admin/profile.php HTTP/1.1" 200 167008 "https://www.inovatapetes.com.br/wp-login.php" "Mozilla/5.0 (Macintosh; Intel Mac OS X 10_15_7) AppleWebKit/537.36 (KHTML, like Gecko) Chrome/120.0.0.0 Safari/537.36"
62.60.130.224 - - [28/Apr/2026:01:08:04 -0300] "GET /wp-admin/edit.php HTTP/1.1" 200 167008 "https://www.inovatapetes.com.br/wp-login.php" "Mozilla/5.0 (Macintosh; Intel Mac OS X 10_15_7) AppleWebKit/537.36 (KHTML, like Gecko) Chrome/120.0.0.0 Safari/537.36"
181.233.91.172 - - [28/Apr/2026:01:08:04 -0300] "GET /43641513?entity=0043583198 HTTP/1.1" 200 50918 "-" "Mozilla/5.0 (Windows NT 6.3) AppleWebKit/537.36 (KHTML, like Gecko) Chrome/107.0.0.0 Safari/537.36"
62.60.130.224 - - [28/Apr/2026:01:08:04 -0300] "GET /wp-admin/plugins.php HTTP/1.1" 200 167008 "https://www.inovatapetes.com.br/wp-login.php" "Mozilla/5.0 (Macintosh; Intel Mac OS X 10_15_7) AppleWebKit/537.36 (KHTML, like Gecko) Chrome/120.0.0.0 Safari/537.36"
62.60.130.224 - - [28/Apr/2026:01:08:05 -0300] "POST /wp-login.php HTTP/1.1" 200 50918 "https://www.inovatapetes.com.br/wp-login.php" "Mozilla/5.0 (Windows NT 11.0; Win64; x64) AppleWebKit/537.36 (KHTML, like Gecko) Chrome/121.0.0.0 Safari/537.36"
62.60.130.224 - - [28/Apr/2026:01:08:06 -0300] "GET /wp-admin/index.php HTTP/1.1" 200 167008 "https://www.inovatapetes.com.br/wp-login.php" "Mozilla/5.0 (Macintosh; Intel Mac OS X 10_15_7) AppleWebKit/605.1.15 (KHTML, like Gecko) Version/16.6 Safari/605.1.15"
62.60.130.224 - - [28/Apr/2026:01:08:06 -0300] "GET /wp-admin/profile.php HTTP/1.1" 200 167008 "https://www.inovatapetes.com.br/wp-login.php" "Mozilla/5.0 (Macintosh; Intel Mac OS X 10_15_7) AppleWebKit/605.1.15 (KHTML, like Gecko) Version/16.6 Safari/605.1.15"
62.60.130.224 - - [28/Apr/2026:01:08:06 -0300] "GET /wp-admin/edit.php HTTP/1.1" 200 167008 "https://www.inovatapetes.com.br/wp-login.php" "Mozilla/5.0 (Macintosh; Intel Mac OS X 10_15_7) AppleWebKit/605.1.15 (KHTML, like Gecko) Version/16.6 Safari/605.1.15"
62.60.130.224 - - [28/Apr/2026:01:08:07 -0300] "GET /wp-admin/plugins.php HTTP/1.1" 200 167008 "https://www.inovatapetes.com.br/wp-login.php" "Mozilla/5.0 (Macintosh; Intel Mac OS X 10_15_7) AppleWebKit/605.1.15 (KHTML, like Gecko) Version/16.6 Safari/605.1.15"
62.60.130.224 - - [28/Apr/2026:01:08:07 -0300] "POST /wp-login.php HTTP/1.1" 200 50918 "https://www.inovatapetes.com.br/wp-login.php" "Mozilla/5.0 (Macintosh; Intel Mac OS X 10_15_7) AppleWebKit/605.1.15 (KHTML, like Gecko) Version/16.6 Safari/605.1.15"
62.60.130.224 - - [28/Apr/2026:01:08:08 -0300] "GET /wp-admin/index.php HTTP/1.1" 200 167008 "https://www.inovatapetes.com.br/wp-login.php" "Mozilla/5.0 (X11; Linux x86_64) AppleWebKit/537.36 (KHTML, like Gecko) Chrome/121.0.0.0 Safari/537.36"
62.60.130.224 - - [28/Apr/2026:01:08:08 -0300] "GET /wp-admin/profile.php HTTP/1.1" 200 167008 "https://www.inovatapetes.com.br/wp-login.php" "Mozilla/5.0 (X11; Linux x86_64) AppleWebKit/537.36 (KHTML, like Gecko) Chrome/121.0.0.0 Safari/537.36"
62.60.130.224 - - [28/Apr/2026:01:08:09 -0300] "GET /wp-admin/edit.php HTTP/1.1" 200 167008 "https://www.inovatapetes.com.br/wp-login.php" "Mozilla/5.0 (X11; Linux x86_64) AppleWebKit/537.36 (KHTML, like Gecko) Chrome/121.0.0.0 Safari/537.36"
62.60.130.224 - - [28/Apr/2026:01:08:09 -0300] "GET /wp-admin/plugins.php HTTP/1.1" 200 167008 "https://www.inovatapetes.com.br/wp-login.php" "Mozilla/5.0 (X11; Linux x86_64) AppleWebKit/537.36 (KHTML, like Gecko) Chrome/121.0.0.0 Safari/537.36"
62.60.130.224 - - [28/Apr/2026:01:08:09 -0300] "POST /wp-login.php HTTP/1.1" 200 50918 "https://www.inovatapetes.com.br/wp-login.php" "Mozilla/5.0 (X11; Linux x86_64) AppleWebKit/537.36 (KHTML, like Gecko) Chrome/121.0.0.0 Safari/537.36"
179.188.53.154 - - [28/Apr/2026:01:03:12 -0300] "GET /wp-content/plugins/tawkto-live-chat/vendor/tawk/url-utils/lib/Helpers/Helpers/index.php?ARRAY=7o2230223n313737373335323539322p2231223n22687474703n5p2s5p2s6877623135377630392r6772616r646s2r686169725p2s3s6p633q7068705s636s64655s6n6326743q313737373334383939322q3962393862303938343536396665646333306631666637353364326363646637222p2232223n223061646530306539363938336333343434633732376265643262613963646465222p2233223n223939323535386535633437393732656635333134396630376136326632646363222p226175746s5s66696p655s6r616q65223n6r756p6p2p226175746s5s70617373223n6r756p6p2p2262696r675s70617373223n2231392q33372q36302q36392q37372q38352q3134227q HTTP/1.0" 504 247 "-" "-"
62.60.130.224 - - [28/Apr/2026:01:08:10 -0300] "GET /wp-admin/index.php HTTP/1.1" 200 167008 "https://www.inovatapetes.com.br/wp-login.php" "Mozilla/5.0 (Macintosh; Intel Mac OS X 13_6_1) AppleWebKit/605.1.15 (KHTML, like Gecko) Version/17.2 Safari/605.1.15"
62.60.130.224 - - [28/Apr/2026:01:08:13 -0300] "GET /wp-admin/profile.php HTTP/1.1" 200 167008 "https://www.inovatapetes.com.br/wp-login.php" "Mozilla/5.0 (Macintosh; Intel Mac OS X 13_6_1) AppleWebKit/605.1.15 (KHTML, like Gecko) Version/17.2 Safari/605.1.15"
62.60.130.224 - - [28/Apr/2026:01:08:14 -0300] "GET /wp-admin/edit.php HTTP/1.1" 200 167008 "https://www.inovatapetes.com.br/wp-login.php" "Mozilla/5.0 (Macintosh; Intel Mac OS X 13_6_1) AppleWebKit/605.1.15 (KHTML, like Gecko) Version/17.2 Safari/605.1.15"
62.60.130.224 - - [28/Apr/2026:01:08:14 -0300] "GET /wp-admin/plugins.php HTTP/1.1" 200 167008 "https://www.inovatapetes.com.br/wp-login.php" "Mozilla/5.0 (Macintosh; Intel Mac OS X 13_6_1) AppleWebKit/605.1.15 (KHTML, like Gecko) Version/17.2 Safari/605.1.15"
